[INFO] fetching crate meson-next 1.2.2...
[INFO] testing meson-next-1.2.2 against 1.75.0 for beta-1.76-1
[INFO] extracting crate meson-next 1.2.2 into /workspace/builds/worker-4-tc1/source
[INFO] validating manifest of crates.io crate meson-next 1.2.2 on toolchain 1.75.0
[INFO] running `Command { std: CARGO_HOME="/workspace/cargo-home" RUSTUP_HOME="/workspace/rustup-home" "/workspace/cargo-home/bin/cargo" "+1.75.0" "metadata" "--manifest-path" "Cargo.toml" "--no-deps", kill_on_drop: false }`
[INFO] started tweaking crates.io crate meson-next 1.2.2
[INFO] finished tweaking crates.io crate meson-next 1.2.2
[INFO] tweaked toml for crates.io crate meson-next 1.2.2 written to /workspace/builds/worker-4-tc1/source/Cargo.toml
[INFO] running `Command { std: CARGO_HOME="/workspace/cargo-home" RUSTUP_HOME="/workspace/rustup-home" "/workspace/cargo-home/bin/cargo" "+1.75.0" "generate-lockfile" "--manifest-path" "Cargo.toml", kill_on_drop: false }`
[INFO] running `Command { std: CARGO_HOME="/workspace/cargo-home" RUSTUP_HOME="/workspace/rustup-home" "/workspace/cargo-home/bin/cargo" "+1.75.0" "fetch" "--manifest-path" "Cargo.toml", kill_on_drop: false }`
[INFO] running `Command { std: "docker" "create" "-v" "/var/lib/crater-agent-workspace/builds/worker-4-tc1/target:/opt/rustwide/target:rw,Z" "-v" "/var/lib/crater-agent-workspace/builds/worker-4-tc1/source:/opt/rustwide/workdir:ro,Z" "-v" "/var/lib/crater-agent-workspace/cargo-home:/opt/rustwide/cargo-home:ro,Z" "-v" "/var/lib/crater-agent-workspace/rustup-home:/opt/rustwide/rustup-home:ro,Z" "-e" "SOURCE_DIR=/opt/rustwide/workdir" "-e" "CARGO_TARGET_DIR=/opt/rustwide/target" "-e" "CARGO_HOME=/opt/rustwide/cargo-home" "-e" "RUSTUP_HOME=/opt/rustwide/rustup-home" "-w" "/opt/rustwide/workdir" "-m" "1610612736" "--user" "0:0" "--network" "none" "ghcr.io/rust-lang/crates-build-env/linux@sha256:2788e3201cd34a07e3172128adcd8b3090168a8e3bcc40d7c032b9dda1df7d1c" "/opt/rustwide/cargo-home/bin/cargo" "+1.75.0" "metadata" "--no-deps" "--format-version=1", kill_on_drop: false }`
[INFO] [stdout] d0d9a6a409ea5630a5e8792530bbc9d6bafcdb3e0d3ca27da4ad7971a44025f3
[INFO] running `Command { std: "docker" "start" "-a" "d0d9a6a409ea5630a5e8792530bbc9d6bafcdb3e0d3ca27da4ad7971a44025f3", kill_on_drop: false }`
[INFO] running `Command { std: "docker" "inspect" "d0d9a6a409ea5630a5e8792530bbc9d6bafcdb3e0d3ca27da4ad7971a44025f3", kill_on_drop: false }`
[INFO] running `Command { std: "docker" "rm" "-f" "d0d9a6a409ea5630a5e8792530bbc9d6bafcdb3e0d3ca27da4ad7971a44025f3", kill_on_drop: false }`
[INFO] [stdout] d0d9a6a409ea5630a5e8792530bbc9d6bafcdb3e0d3ca27da4ad7971a44025f3
[INFO] running `Command { std: "docker" "create" "-v" "/var/lib/crater-agent-workspace/builds/worker-4-tc1/target:/opt/rustwide/target:rw,Z" "-v" "/var/lib/crater-agent-workspace/builds/worker-4-tc1/source:/opt/rustwide/workdir:ro,Z" "-v" "/var/lib/crater-agent-workspace/cargo-home:/opt/rustwide/cargo-home:ro,Z" "-v" "/var/lib/crater-agent-workspace/rustup-home:/opt/rustwide/rustup-home:ro,Z" "-e" "SOURCE_DIR=/opt/rustwide/workdir" "-e" "CARGO_TARGET_DIR=/opt/rustwide/target" "-e" "CARGO_INCREMENTAL=0" "-e" "RUST_BACKTRACE=full" "-e" "RUSTFLAGS=--cap-lints=warn" "-e" "RUSTDOCFLAGS=--cap-lints=warn" "-e" "CARGO_HOME=/opt/rustwide/cargo-home" "-e" "RUSTUP_HOME=/opt/rustwide/rustup-home" "-w" "/opt/rustwide/workdir" "-m" "1610612736" "--user" "0:0" "--network" "none" "ghcr.io/rust-lang/crates-build-env/linux@sha256:2788e3201cd34a07e3172128adcd8b3090168a8e3bcc40d7c032b9dda1df7d1c" "/opt/rustwide/cargo-home/bin/cargo" "+1.75.0" "build" "--frozen" "--message-format=json", kill_on_drop: false }`
[INFO] [stdout] 396e50879daa7252108ae4a6f1d5cfe3ec7ccccbbd6f1dc6646c7cb30a35205d
[INFO] running `Command { std: "docker" "start" "-a" "396e50879daa7252108ae4a6f1d5cfe3ec7ccccbbd6f1dc6646c7cb30a35205d", kill_on_drop: false }`
[INFO] [stderr]    Compiling meson-next v1.2.2 (/opt/rustwide/workdir)
[INFO] [stderr]     Finished dev [unoptimized + debuginfo] target(s) in 0.19s
[INFO] running `Command { std: "docker" "inspect" "396e50879daa7252108ae4a6f1d5cfe3ec7ccccbbd6f1dc6646c7cb30a35205d", kill_on_drop: false }`
[INFO] running `Command { std: "docker" "rm" "-f" "396e50879daa7252108ae4a6f1d5cfe3ec7ccccbbd6f1dc6646c7cb30a35205d", kill_on_drop: false }`
[INFO] [stdout] 396e50879daa7252108ae4a6f1d5cfe3ec7ccccbbd6f1dc6646c7cb30a35205d
[INFO] running `Command { std: "docker" "create" "-v" "/var/lib/crater-agent-workspace/builds/worker-4-tc1/target:/opt/rustwide/target:rw,Z" "-v" "/var/lib/crater-agent-workspace/builds/worker-4-tc1/source:/opt/rustwide/workdir:ro,Z" "-v" "/var/lib/crater-agent-workspace/cargo-home:/opt/rustwide/cargo-home:ro,Z" "-v" "/var/lib/crater-agent-workspace/rustup-home:/opt/rustwide/rustup-home:ro,Z" "-e" "SOURCE_DIR=/opt/rustwide/workdir" "-e" "CARGO_TARGET_DIR=/opt/rustwide/target" "-e" "CARGO_INCREMENTAL=0" "-e" "RUST_BACKTRACE=full" "-e" "RUSTFLAGS=--cap-lints=warn" "-e" "RUSTDOCFLAGS=--cap-lints=warn" "-e" "CARGO_HOME=/opt/rustwide/cargo-home" "-e" "RUSTUP_HOME=/opt/rustwide/rustup-home" "-w" "/opt/rustwide/workdir" "-m" "1610612736" "--user" "0:0" "--network" "none" "ghcr.io/rust-lang/crates-build-env/linux@sha256:2788e3201cd34a07e3172128adcd8b3090168a8e3bcc40d7c032b9dda1df7d1c" "/opt/rustwide/cargo-home/bin/cargo" "+1.75.0" "test" "--frozen" "--no-run" "--message-format=json", kill_on_drop: false }`
[INFO] [stdout] 688d07c55cfef47c0429a0f123c1ababc7370216a6e13f842491c66a456ae6d2
[INFO] running `Command { std: "docker" "start" "-a" "688d07c55cfef47c0429a0f123c1ababc7370216a6e13f842491c66a456ae6d2", kill_on_drop: false }`
[INFO] [stderr]    Compiling meson-next v1.2.2 (/opt/rustwide/workdir)
[INFO] [stderr]     Finished test [unoptimized + debuginfo] target(s) in 0.24s
[INFO] running `Command { std: "docker" "inspect" "688d07c55cfef47c0429a0f123c1ababc7370216a6e13f842491c66a456ae6d2", kill_on_drop: false }`
[INFO] running `Command { std: "docker" "rm" "-f" "688d07c55cfef47c0429a0f123c1ababc7370216a6e13f842491c66a456ae6d2", kill_on_drop: false }`
[INFO] [stdout] 688d07c55cfef47c0429a0f123c1ababc7370216a6e13f842491c66a456ae6d2
[INFO] running `Command { std: "docker" "create" "-v" "/var/lib/crater-agent-workspace/builds/worker-4-tc1/target:/opt/rustwide/target:rw,Z" "-v" "/var/lib/crater-agent-workspace/builds/worker-4-tc1/source:/opt/rustwide/workdir:ro,Z" "-v" "/var/lib/crater-agent-workspace/cargo-home:/opt/rustwide/cargo-home:ro,Z" "-v" "/var/lib/crater-agent-workspace/rustup-home:/opt/rustwide/rustup-home:ro,Z" "-e" "SOURCE_DIR=/opt/rustwide/workdir" "-e" "CARGO_TARGET_DIR=/opt/rustwide/target" "-e" "CARGO_INCREMENTAL=0" "-e" "RUST_BACKTRACE=full" "-e" "RUSTFLAGS=--cap-lints=warn" "-e" "RUSTDOCFLAGS=--cap-lints=warn" "-e" "CARGO_HOME=/opt/rustwide/cargo-home" "-e" "RUSTUP_HOME=/opt/rustwide/rustup-home" "-w" "/opt/rustwide/workdir" "-m" "1610612736" "--user" "0:0" "--network" "none" "ghcr.io/rust-lang/crates-build-env/linux@sha256:2788e3201cd34a07e3172128adcd8b3090168a8e3bcc40d7c032b9dda1df7d1c" "/opt/rustwide/cargo-home/bin/cargo" "+1.75.0" "test" "--frozen", kill_on_drop: false }`
[INFO] [stdout] dda15073702d8cb32dc29df43bb43bb3d62e157075570152620f1d9ee0d37c2a
[INFO] running `Command { std: "docker" "start" "-a" "dda15073702d8cb32dc29df43bb43bb3d62e157075570152620f1d9ee0d37c2a", kill_on_drop: false }`
[INFO] [stdout] 
[INFO] [stderr]     Finished test [unoptimized + debuginfo] target(s) in 0.01s
[INFO] [stdout] running 0 tests
[INFO] [stderr]      Running unittests src/lib.rs (/opt/rustwide/target/debug/deps/meson_next-0f9416438299a6e7)
[INFO] [stdout] 
[INFO] [stderr]    Doc-tests meson-next
[INFO] [stdout] test result: ok. 0 passed; 0 failed; 0 ignored; 0 measured; 0 filtered out; finished in 0.00s
[INFO] [stdout] 
[INFO] [stdout] 
[INFO] [stdout] running 1 test
[INFO] [stdout] test src/lib.rs - (line 17) ... FAILED
[INFO] [stderr] error: doctest failed, to rerun pass `--doc`
[INFO] [stdout] 
[INFO] [stdout] failures:
[INFO] [stdout] 
[INFO] [stdout] ---- src/lib.rs - (line 17) stdout ----
[INFO] [stdout] error: expected `;`, found `println`
[INFO] [stdout]   --> src/lib.rs:25:38
[INFO] [stdout]    |
[INFO] [stdout] 9  |     let config = meson::Config::new()
[INFO] [stdout]    |                                      ^ help: add `;` here
[INFO] [stdout] 10 |
[INFO] [stdout] 11 |     println!("cargo:rustc-link-lib=squid");
[INFO] [stdout]    |     ------- unexpected token
[INFO] [stdout] 
[INFO] [stdout] error[E0463]: can't find crate for `meson`
[INFO] [stdout]  --> src/lib.rs:18:1
[INFO] [stdout]   |
[INFO] [stdout] 2 | extern crate meson;
[INFO] [stdout]   | ^^^^^^^^^^^^^^^^^^^ can't find crate
[INFO] [stdout] 
[INFO] [stdout] error: aborting due to 2 previous errors
[INFO] [stdout] 
[INFO] [stdout] For more information about this error, try `rustc --explain E0463`.
[INFO] [stdout] Couldn't compile the test.
[INFO] [stdout] 
[INFO] [stdout] failures:
[INFO] [stdout]     src/lib.rs - (line 17)
[INFO] [stdout] 
[INFO] [stdout] test result: FAILED. 0 passed; 1 failed; 0 ignored; 0 measured; 0 filtered out; finished in 0.05s
[INFO] [stdout] 
[INFO] running `Command { std: "docker" "inspect" "dda15073702d8cb32dc29df43bb43bb3d62e157075570152620f1d9ee0d37c2a", kill_on_drop: false }`
[INFO] running `Command { std: "docker" "rm" "-f" "dda15073702d8cb32dc29df43bb43bb3d62e157075570152620f1d9ee0d37c2a", kill_on_drop: false }`
[INFO] [stdout] dda15073702d8cb32dc29df43bb43bb3d62e157075570152620f1d9ee0d37c2a
