[INFO] fetching crate mercy 2.0.1...
[INFO] testing mercy-2.0.1 against 1.75.0 for beta-1.76-1
[INFO] extracting crate mercy 2.0.1 into /workspace/builds/worker-7-tc1/source
[INFO] validating manifest of crates.io crate mercy 2.0.1 on toolchain 1.75.0
[INFO] running `Command { std: CARGO_HOME="/workspace/cargo-home" RUSTUP_HOME="/workspace/rustup-home" "/workspace/cargo-home/bin/cargo" "+1.75.0" "metadata" "--manifest-path" "Cargo.toml" "--no-deps", kill_on_drop: false }`
[INFO] started tweaking crates.io crate mercy 2.0.1
[INFO] finished tweaking crates.io crate mercy 2.0.1
[INFO] tweaked toml for crates.io crate mercy 2.0.1 written to /workspace/builds/worker-7-tc1/source/Cargo.toml
[INFO] crate crates.io crate mercy 2.0.1 already has a lockfile, it will not be regenerated
[INFO] running `Command { std: CARGO_HOME="/workspace/cargo-home" RUSTUP_HOME="/workspace/rustup-home" "/workspace/cargo-home/bin/cargo" "+1.75.0" "fetch" "--manifest-path" "Cargo.toml", kill_on_drop: false }`
[INFO] [stderr]     Updating crates.io index
[INFO] [stderr]  Downloading crates ...
[INFO] [stderr]   Downloaded fancy-regex v0.10.0
[INFO] [stderr]   Downloaded hexdump v0.1.1
[INFO] [stderr]   Downloaded serde_derive v1.0.167
[INFO] [stderr]   Downloaded comfy-table v6.2.0
[INFO] [stderr]   Downloaded serde v1.0.167
[INFO] [stderr]   Downloaded whatlang v0.16.2
[INFO] [stderr]   Downloaded base65536 v1.0.1
[INFO] [stderr]   Downloaded base91 v0.1.0
[INFO] [stderr]   Downloaded uneval v0.2.4
[INFO] [stderr]   Downloaded lemmeknow v0.7.0
[INFO] [stderr]   Downloaded project_ares v0.9.0
[INFO] running `Command { std: "docker" "create" "-v" "/var/lib/crater-agent-workspace/builds/worker-7-tc1/target:/opt/rustwide/target:rw,Z" "-v" "/var/lib/crater-agent-workspace/builds/worker-7-tc1/source:/opt/rustwide/workdir:ro,Z" "-v" "/var/lib/crater-agent-workspace/cargo-home:/opt/rustwide/cargo-home:ro,Z" "-v" "/var/lib/crater-agent-workspace/rustup-home:/opt/rustwide/rustup-home:ro,Z" "-e" "SOURCE_DIR=/opt/rustwide/workdir" "-e" "CARGO_TARGET_DIR=/opt/rustwide/target" "-e" "CARGO_HOME=/opt/rustwide/cargo-home" "-e" "RUSTUP_HOME=/opt/rustwide/rustup-home" "-w" "/opt/rustwide/workdir" "-m" "1610612736" "--user" "0:0" "--network" "none" "ghcr.io/rust-lang/crates-build-env/linux@sha256:2788e3201cd34a07e3172128adcd8b3090168a8e3bcc40d7c032b9dda1df7d1c" "/opt/rustwide/cargo-home/bin/cargo" "+1.75.0" "metadata" "--no-deps" "--format-version=1", kill_on_drop: false }`
[INFO] [stdout] 776fe495458b01229fc2a8e0f4a171c209d2e5dac68206a0ad070d53e2d0d4c2
[INFO] running `Command { std: "docker" "start" "-a" "776fe495458b01229fc2a8e0f4a171c209d2e5dac68206a0ad070d53e2d0d4c2", kill_on_drop: false }`
[INFO] running `Command { std: "docker" "inspect" "776fe495458b01229fc2a8e0f4a171c209d2e5dac68206a0ad070d53e2d0d4c2", kill_on_drop: false }`
[INFO] running `Command { std: "docker" "rm" "-f" "776fe495458b01229fc2a8e0f4a171c209d2e5dac68206a0ad070d53e2d0d4c2", kill_on_drop: false }`
[INFO] [stdout] 776fe495458b01229fc2a8e0f4a171c209d2e5dac68206a0ad070d53e2d0d4c2
[INFO] running `Command { std: "docker" "create" "-v" "/var/lib/crater-agent-workspace/builds/worker-7-tc1/target:/opt/rustwide/target:rw,Z" "-v" "/var/lib/crater-agent-workspace/builds/worker-7-tc1/source:/opt/rustwide/workdir:ro,Z" "-v" "/var/lib/crater-agent-workspace/cargo-home:/opt/rustwide/cargo-home:ro,Z" "-v" "/var/lib/crater-agent-workspace/rustup-home:/opt/rustwide/rustup-home:ro,Z" "-e" "SOURCE_DIR=/opt/rustwide/workdir" "-e" "CARGO_TARGET_DIR=/opt/rustwide/target" "-e" "CARGO_INCREMENTAL=0" "-e" "RUST_BACKTRACE=full" "-e" "RUSTFLAGS=--cap-lints=warn" "-e" "RUSTDOCFLAGS=--cap-lints=warn" "-e" "CARGO_HOME=/opt/rustwide/cargo-home" "-e" "RUSTUP_HOME=/opt/rustwide/rustup-home" "-w" "/opt/rustwide/workdir" "-m" "1610612736" "--user" "0:0" "--network" "none" "ghcr.io/rust-lang/crates-build-env/linux@sha256:2788e3201cd34a07e3172128adcd8b3090168a8e3bcc40d7c032b9dda1df7d1c" "/opt/rustwide/cargo-home/bin/cargo" "+1.75.0" "build" "--frozen" "--message-format=json", kill_on_drop: false }`
[INFO] [stdout] 5e09c428f58f74d2978300cc5c98a7de64b24c52aef047e07e1369d1a8b58e3b
[INFO] running `Command { std: "docker" "start" "-a" "5e09c428f58f74d2978300cc5c98a7de64b24c52aef047e07e1369d1a8b58e3b", kill_on_drop: false }`
[INFO] [stderr]    Compiling libc v0.2.147
[INFO] [stderr]    Compiling proc-macro2 v1.0.63
[INFO] [stderr]    Compiling unicode-ident v1.0.10
[INFO] [stderr]    Compiling quote v1.0.29
[INFO] [stderr]    Compiling version_check v0.9.4
[INFO] [stderr]    Compiling scopeguard v1.1.0
[INFO] [stderr]    Compiling memchr v2.5.0
[INFO] [stderr]    Compiling log v0.4.19
[INFO] [stderr]    Compiling typenum v1.16.0
[INFO] [stderr]    Compiling parking_lot_core v0.9.8
[INFO] [stderr]    Compiling itoa v1.0.8
[INFO] [stderr]    Compiling smallvec v1.11.0
[INFO] [stderr]    Compiling lock_api v0.4.10
[INFO] [stderr]    Compiling serde v1.0.167
[INFO] [stderr]    Compiling crossbeam-utils v0.8.16
[INFO] [stderr]    Compiling regex-syntax v0.7.3
[INFO] [stderr]    Compiling pin-project-lite v0.2.10
[INFO] [stderr]    Compiling rustix v0.38.3
[INFO] [stderr]    Compiling num-traits v0.2.15
[INFO] [stderr]    Compiling memoffset v0.9.0
[INFO] [stderr]    Compiling linux-raw-sys v0.4.3
[INFO] [stderr]    Compiling futures-core v0.3.28
[INFO] [stderr]    Compiling bitflags v1.3.2
[INFO] [stderr]    Compiling bytes v1.4.0
[INFO] [stderr]    Compiling bitflags v2.3.3
[INFO] [stderr]    Compiling ryu v1.0.14
[INFO] [stderr]    Compiling generic-array v0.14.7
[INFO] [stderr]    Compiling ahash v0.7.6
[INFO] [stderr]    Compiling crossbeam-epoch v0.9.15
[INFO] [stderr]    Compiling tokio v1.29.1
[INFO] [stderr]    Compiling syn v1.0.109
[INFO] [stderr]    Compiling aho-corasick v1.0.2
[INFO] [stderr]    Compiling num-integer v0.1.45
[INFO] [stderr]    Compiling signal-hook v0.3.15
[INFO] [stderr]    Compiling futures-task v0.3.28
[INFO] [stderr]    Compiling subtle v2.5.0
[INFO] [stderr]    Compiling jobserver v0.1.26
[INFO] [stderr]    Compiling signal-hook-registry v1.4.1
[INFO] [stderr]    Compiling mio v0.8.8
[INFO] [stderr]    Compiling num_cpus v1.16.0
[INFO] [stderr]    Compiling getrandom v0.2.10
[INFO] [stderr]    Compiling socket2 v0.4.9
[INFO] [stderr]    Compiling serde_json v1.0.100
[INFO] [stderr]    Compiling thiserror v1.0.43
[INFO] [stderr]    Compiling syn v2.0.23
[INFO] [stderr]    Compiling cc v1.0.79
[INFO] [stderr]    Compiling parking_lot v0.12.1
[INFO] [stderr]    Compiling is-terminal v0.4.9
[INFO] [stderr]    Compiling indexmap v1.9.3
[INFO] [stderr]    Compiling slab v0.4.8
[INFO] [stderr]    Compiling tracing-core v0.1.31
[INFO] [stderr]    Compiling openssl v0.10.55
[INFO] [stderr]    Compiling hashbrown v0.12.3
[INFO] [stderr]    Compiling futures-util v0.3.28
[INFO] [stderr]    Compiling utf8parse v0.2.1
[INFO] [stderr]    Compiling rustversion v1.0.13
[INFO] [stderr]    Compiling bit-vec v0.6.3
[INFO] [stderr]    Compiling regex-automata v0.3.0
[INFO] [stderr]    Compiling crossbeam-deque v0.8.3
[INFO] [stderr]    Compiling anstyle-parse v0.2.1
[INFO] [stderr]    Compiling tracing v0.1.37
[INFO] [stderr]    Compiling bit-set v0.5.3
[INFO] [stderr]    Compiling crypto-common v0.1.6
[INFO] [stderr]    Compiling block-buffer v0.10.4
[INFO] [stderr]    Compiling http v0.2.9
[INFO] [stderr]    Compiling digest v0.10.7
[INFO] [stderr]    Compiling crossbeam-channel v0.5.8
[INFO] [stderr]    Compiling num-bigint v0.4.3
[INFO] [stderr]    Compiling anstyle v1.0.1
[INFO] [stderr]    Compiling futures-sink v0.3.28
[INFO] [stderr]    Compiling rayon-core v1.11.0
[INFO] [stderr]    Compiling colorchoice v1.0.0
[INFO] [stderr]    Compiling cpufeatures v0.2.9
[INFO] [stderr]    Compiling anstyle-query v1.0.0
[INFO] [stderr]    Compiling futures-channel v0.3.28
[INFO] [stderr]    Compiling anstream v0.3.2
[INFO] [stderr]    Compiling signal-hook-mio v0.2.3
[INFO] [stderr]    Compiling openssl-sys v0.9.90
[INFO] [stderr]    Compiling zstd-sys v2.0.8+zstd.1.5.5
[INFO] [stderr]    Compiling bzip2-sys v0.1.11+1.0.8
[INFO] [stderr]    Compiling num-iter v0.1.43
[INFO] [stderr]    Compiling num-rational v0.4.1
[INFO] [stderr]    Compiling crossbeam-queue v0.3.8
[INFO] [stderr]    Compiling strsim v0.10.0
[INFO] [stderr]    Compiling zstd-safe v5.0.2+zstd.1.5.2
[INFO] [stderr]    Compiling clap_lex v0.5.0
[INFO] [stderr]    Compiling unicode-width v0.1.10
[INFO] [stderr]    Compiling crc32fast v1.3.2
[INFO] [stderr]    Compiling http-body v0.4.5
[INFO] [stderr]    Compiling clap_builder v4.3.11
[INFO] [stderr]    Compiling native-tls v0.2.11
[INFO] [stderr]    Compiling crossterm v0.26.1
[INFO] [stderr]    Compiling inout v0.1.3
[INFO] [stderr]    Compiling dirs-sys-next v0.1.2
[INFO] [stderr]    Compiling encoding_rs v0.8.32
[INFO] [stderr]    Compiling either v1.8.1
[INFO] [stderr]    Compiling adler v1.0.2
[INFO] [stderr]    Compiling lazy_static v1.4.0
[INFO] [stderr]    Compiling strum v0.24.1
[INFO] [stderr]    Compiling httpdate v1.0.2
[INFO] [stderr]    Compiling base64ct v1.6.0
[INFO] [stderr]    Compiling rand_core v0.6.4
[INFO] [stderr]    Compiling password-hash v0.4.2
[INFO] [stderr]    Compiling dirs-next v2.0.0
[INFO] [stderr]    Compiling miniz_oxide v0.7.1
[INFO] [stderr]    Compiling cipher v0.4.4
[INFO] [stderr]    Compiling regex v1.9.0
[INFO] [stderr]    Compiling rayon v1.7.0
[INFO] [stderr]    Compiling fancy-regex v0.10.0
[INFO] [stderr]    Compiling sys-info v0.9.1
[INFO] [stderr]    Compiling hmac v0.12.1
[INFO] [stderr]    Compiling sha2 v0.10.7
[INFO] [stderr]    Compiling num-complex v0.4.3
[INFO] [stderr]    Compiling include_dir_macros v0.7.3
[INFO] [stderr]    Compiling csv-core v0.1.10
[INFO] [stderr]    Compiling base64 v0.13.1
[INFO] [stderr]    Compiling time-core v0.1.1
[INFO] [stderr]    Compiling humantime v2.1.0
[INFO] [stderr]    Compiling termcolor v1.2.0
[INFO] [stderr]    Compiling data-encoding v2.4.0
[INFO] [stderr]    Compiling num v0.4.0
[INFO] [stderr]    Compiling time v0.3.22
[INFO] [stderr]    Compiling charset v0.1.3
[INFO] [stderr]    Compiling serde_derive v1.0.167
[INFO] [stderr]    Compiling tokio-macros v2.1.0
[INFO] [stderr]    Compiling thiserror-impl v1.0.43
[INFO] [stderr]    Compiling openssl-macros v0.1.1
[INFO] [stderr]    Compiling clap_derive v4.3.2
[INFO] [stderr]    Compiling include_dir v0.7.3
[INFO] [stderr]    Compiling env_logger v0.10.0
[INFO] [stderr]    Compiling pbkdf2 v0.11.0
[INFO] [stderr]    Compiling crossbeam v0.8.2
[INFO] [stderr]    Compiling flate2 v1.0.26
[INFO] [stderr]    Compiling aes v0.8.3
[INFO] [stderr]    Compiling url v2.4.0
[INFO] [stderr]    Compiling term v0.7.0
[INFO] [stderr]    Compiling base65536 v1.0.1
[INFO] [stderr]    Compiling sha1 v0.10.5
[INFO] [stderr]    Compiling base64 v0.20.0
[INFO] [stderr]    Compiling base91 v0.1.0
[INFO] [stderr]    Compiling base64 v0.21.2
[INFO] [stderr]    Compiling byteorder v1.4.3
[INFO] [stderr]    Compiling text_io v0.1.12
[INFO] [stderr]    Compiling encode_unicode v1.0.0
[INFO] [stderr]    Compiling constant_time_eq v0.1.5
[INFO] [stderr]    Compiling itertools v0.4.19
[INFO] [stderr]    Compiling arrayvec v0.5.2
[INFO] [stderr]    Compiling ansi_term v0.12.1
[INFO] [stderr]    Compiling ipnet v2.8.0
[INFO] [stderr]    Compiling bs58 v0.4.0
[INFO] [stderr]    Compiling quoted_printable v0.4.8
[INFO] [stderr]    Compiling whatlang v0.16.2
[INFO] [stderr]    Compiling mailparse v0.14.0
[INFO] [stderr]    Compiling hexdump v0.1.1
[INFO] [stderr]    Compiling md5 v0.7.0
[INFO] [stderr]    Compiling strum_macros v0.24.3
[INFO] [stderr]    Compiling lazy-regex-proc_macros v2.4.1
[INFO] [stderr]    Compiling clap v4.3.11
[INFO] [stderr]    Compiling bzip2 v0.4.4
[INFO] [stderr]    Compiling lazy-regex v2.5.0
[INFO] [stderr]    Compiling comfy-table v6.2.0
[INFO] [stderr]    Compiling tokio-util v0.7.8
[INFO] [stderr]    Compiling tokio-native-tls v0.3.1
[INFO] [stderr]    Compiling h2 v0.3.20
[INFO] [stderr]    Compiling uneval v0.2.4
[INFO] [stderr]    Compiling serde_urlencoded v0.7.1
[INFO] [stderr]    Compiling csv v1.2.2
[INFO] [stderr]    Compiling prettytable-rs v0.10.0
[INFO] [stderr]    Compiling zstd v0.11.2+zstd.1.5.2
[INFO] [stderr]    Compiling zip v0.6.6
[INFO] [stderr]    Compiling lemmeknow v0.7.0
[INFO] [stderr]    Compiling hyper v0.14.27
[INFO] [stderr]    Compiling project_ares v0.9.0
[INFO] [stderr]    Compiling hyper-tls v0.5.0
[INFO] [stderr]    Compiling reqwest v0.11.18
[INFO] [stderr]    Compiling mercy v2.0.1 (/opt/rustwide/workdir)
[INFO] [stderr]     Finished dev [unoptimized + debuginfo] target(s) in 25.48s
[INFO] running `Command { std: "docker" "inspect" "5e09c428f58f74d2978300cc5c98a7de64b24c52aef047e07e1369d1a8b58e3b", kill_on_drop: false }`
[INFO] running `Command { std: "docker" "rm" "-f" "5e09c428f58f74d2978300cc5c98a7de64b24c52aef047e07e1369d1a8b58e3b", kill_on_drop: false }`
[INFO] [stdout] 5e09c428f58f74d2978300cc5c98a7de64b24c52aef047e07e1369d1a8b58e3b
[INFO] running `Command { std: "docker" "create" "-v" "/var/lib/crater-agent-workspace/builds/worker-7-tc1/target:/opt/rustwide/target:rw,Z" "-v" "/var/lib/crater-agent-workspace/builds/worker-7-tc1/source:/opt/rustwide/workdir:ro,Z" "-v" "/var/lib/crater-agent-workspace/cargo-home:/opt/rustwide/cargo-home:ro,Z" "-v" "/var/lib/crater-agent-workspace/rustup-home:/opt/rustwide/rustup-home:ro,Z" "-e" "SOURCE_DIR=/opt/rustwide/workdir" "-e" "CARGO_TARGET_DIR=/opt/rustwide/target" "-e" "CARGO_INCREMENTAL=0" "-e" "RUST_BACKTRACE=full" "-e" "RUSTFLAGS=--cap-lints=warn" "-e" "RUSTDOCFLAGS=--cap-lints=warn" "-e" "CARGO_HOME=/opt/rustwide/cargo-home" "-e" "RUSTUP_HOME=/opt/rustwide/rustup-home" "-w" "/opt/rustwide/workdir" "-m" "1610612736" "--user" "0:0" "--network" "none" "ghcr.io/rust-lang/crates-build-env/linux@sha256:2788e3201cd34a07e3172128adcd8b3090168a8e3bcc40d7c032b9dda1df7d1c" "/opt/rustwide/cargo-home/bin/cargo" "+1.75.0" "test" "--frozen" "--no-run" "--message-format=json", kill_on_drop: false }`
[INFO] [stdout] d9fd37a7b79585d12535216d827da967093db237bfa08a90851db94d2a056757
[INFO] running `Command { std: "docker" "start" "-a" "d9fd37a7b79585d12535216d827da967093db237bfa08a90851db94d2a056757", kill_on_drop: false }`
[INFO] [stderr]    Compiling mercy v2.0.1 (/opt/rustwide/workdir)
[INFO] [stderr]     Finished test [unoptimized + debuginfo] target(s) in 3.47s
[INFO] running `Command { std: "docker" "inspect" "d9fd37a7b79585d12535216d827da967093db237bfa08a90851db94d2a056757", kill_on_drop: false }`
[INFO] running `Command { std: "docker" "rm" "-f" "d9fd37a7b79585d12535216d827da967093db237bfa08a90851db94d2a056757", kill_on_drop: false }`
[INFO] [stdout] d9fd37a7b79585d12535216d827da967093db237bfa08a90851db94d2a056757
[INFO] running `Command { std: "docker" "create" "-v" "/var/lib/crater-agent-workspace/builds/worker-7-tc1/target:/opt/rustwide/target:rw,Z" "-v" "/var/lib/crater-agent-workspace/builds/worker-7-tc1/source:/opt/rustwide/workdir:ro,Z" "-v" "/var/lib/crater-agent-workspace/cargo-home:/opt/rustwide/cargo-home:ro,Z" "-v" "/var/lib/crater-agent-workspace/rustup-home:/opt/rustwide/rustup-home:ro,Z" "-e" "SOURCE_DIR=/opt/rustwide/workdir" "-e" "CARGO_TARGET_DIR=/opt/rustwide/target" "-e" "CARGO_INCREMENTAL=0" "-e" "RUST_BACKTRACE=full" "-e" "RUSTFLAGS=--cap-lints=warn" "-e" "RUSTDOCFLAGS=--cap-lints=warn" "-e" "CARGO_HOME=/opt/rustwide/cargo-home" "-e" "RUSTUP_HOME=/opt/rustwide/rustup-home" "-w" "/opt/rustwide/workdir" "-m" "1610612736" "--user" "0:0" "--network" "none" "ghcr.io/rust-lang/crates-build-env/linux@sha256:2788e3201cd34a07e3172128adcd8b3090168a8e3bcc40d7c032b9dda1df7d1c" "/opt/rustwide/cargo-home/bin/cargo" "+1.75.0" "test" "--frozen", kill_on_drop: false }`
[INFO] [stdout] f7dd529fe6fb2e8f5114d334b61112dbb9e5d87ec6c74e3260be5efa9b745f3b
[INFO] running `Command { std: "docker" "start" "-a" "f7dd529fe6fb2e8f5114d334b61112dbb9e5d87ec6c74e3260be5efa9b745f3b", kill_on_drop: false }`
[INFO] [stderr]     Finished test [unoptimized + debuginfo] target(s) in 0.11s
[INFO] [stderr]      Running unittests src/lib.rs (/opt/rustwide/target/debug/deps/mercy-925eac44f4074980)
[INFO] [stdout] 
[INFO] [stdout] running 0 tests
[INFO] [stdout] 
[INFO] [stdout] test result: ok. 0 passed; 0 failed; 0 ignored; 0 measured; 0 filtered out; finished in 0.00s
[INFO] [stdout] 
[INFO] [stderr]      Running unittests src/main.rs (/opt/rustwide/target/debug/deps/mercy-484eb9a508d1bdda)
[INFO] [stdout] 
[INFO] [stdout] running 0 tests
[INFO] [stdout] 
[INFO] [stdout] test result: ok. 0 passed; 0 failed; 0 ignored; 0 measured; 0 filtered out; finished in 0.00s
[INFO] [stdout] 
[INFO] [stderr]      Running tests/tests.rs (/opt/rustwide/target/debug/deps/tests-e23a320a008757f2)
[INFO] [stdout] 
[INFO] [stdout] running 6 tests
[INFO] [stdout] test extra_and_experimental_tests ... ok
[INFO] [stdout] test encodes_values ... ok
[INFO] [stdout] test dumps_hex_values ... ok
[INFO] [stdout] test decodes_values ... ok
[INFO] [stdout] test hashes_values ... ok
[INFO] [stdout] test malicious_status_test ... FAILED
[INFO] [stdout] 
[INFO] [stdout] failures:
[INFO] [stdout] 
[INFO] [stdout] ---- malicious_status_test stdout ----
[INFO] [stdout] thread 'malicious_status_test' panicked at src/lib.rs:488:31:
[INFO] [stdout] called `Result::unwrap()` on an `Err` value: reqwest::Error { kind: Request, url: Url { scheme: "https", cannot_be_a_base: false, username: "", password: None, host: Some(Domain("labs.inquest.net")), port: None, path: "/api/dfi/search/ioc/domain", query: Some("keyword=https://azazelm3dj3d.com"), fragment: None }, source: hyper::Error(Connect, ConnectError("dns error", Custom { kind: Uncategorized, error: "failed to lookup address information: Temporary failure in name resolution" })) }
[INFO] [stdout] stack backtrace:
[INFO] [stdout]    0:     0x5577aabe265c - std::backtrace_rs::backtrace::libunwind::trace::ha637c64ce894333a
[INFO] [stdout]                                at /rustc/82e1608dfa6e0b5569232559e3d385fea5a93112/library/std/src/../../backtrace/src/backtrace/libunwind.rs:104:5
[INFO] [stdout]    1:     0x5577aabe265c - std::backtrace_rs::backtrace::trace_unsynchronized::h47f62dea28e0c88d
[INFO] [stdout]                                at /rustc/82e1608dfa6e0b5569232559e3d385fea5a93112/library/std/src/../../backtrace/src/backtrace/mod.rs:66:5
[INFO] [stdout]    2:     0x5577aabe265c - std::sys_common::backtrace::_print_fmt::h9eef0abe20ede486
[INFO] [stdout]                                at /rustc/82e1608dfa6e0b5569232559e3d385fea5a93112/library/std/src/sys_common/backtrace.rs:67:5
[INFO] [stdout]    3:     0x5577aabe265c - <std::sys_common::backtrace::_print::DisplayBacktrace as core::fmt::Display>::fmt::hed7f999df88cc644
[INFO] [stdout]                                at /rustc/82e1608dfa6e0b5569232559e3d385fea5a93112/library/std/src/sys_common/backtrace.rs:44:22
[INFO] [stdout]    4:     0x5577aac11e20 - core::fmt::rt::Argument::fmt::h1539a9308b8d058d
[INFO] [stdout]                                at /rustc/82e1608dfa6e0b5569232559e3d385fea5a93112/library/core/src/fmt/rt.rs:142:9
[INFO] [stdout]    5:     0x5577aac11e20 - core::fmt::write::h3a39390d8560d9c9
[INFO] [stdout]                                at /rustc/82e1608dfa6e0b5569232559e3d385fea5a93112/library/core/src/fmt/mod.rs:1120:17
[INFO] [stdout]    6:     0x5577aabdf30f - std::io::Write::write_fmt::h040b369f3a0f9cbc
[INFO] [stdout]                                at /rustc/82e1608dfa6e0b5569232559e3d385fea5a93112/library/std/src/io/mod.rs:1762:15
[INFO] [stdout]    7:     0x5577aabe2444 - std::sys_common::backtrace::_print::h894006fb5c6f3d45
[INFO] [stdout]                                at /rustc/82e1608dfa6e0b5569232559e3d385fea5a93112/library/std/src/sys_common/backtrace.rs:47:5
[INFO] [stdout]    8:     0x5577aabe2444 - std::sys_common::backtrace::print::h23a2d212c6fff936
[INFO] [stdout]                                at /rustc/82e1608dfa6e0b5569232559e3d385fea5a93112/library/std/src/sys_common/backtrace.rs:34:9
[INFO] [stdout]    9:     0x5577aabe4107 - std::panicking::default_hook::{{closure}}::h8a1d2ee00185001a
[INFO] [stdout]   10:     0x5577aabe3df3 - std::panicking::default_hook::h6038f2eba384e475
[INFO] [stdout]                                at /rustc/82e1608dfa6e0b5569232559e3d385fea5a93112/library/std/src/panicking.rs:289:9
[INFO] [stdout]   11:     0x5577aa29f057 - <alloc::boxed::Box<F,A> as core::ops::function::Fn<Args>>::call::h0ad024c9bdc6d768
[INFO] [stdout]                                at /rustc/82e1608dfa6e0b5569232559e3d385fea5a93112/library/alloc/src/boxed.rs:2021:9
[INFO] [stdout]   12:     0x5577aa29f057 - test::test_main::{{closure}}::h7500b54257359db6
[INFO] [stdout]                                at /rustc/82e1608dfa6e0b5569232559e3d385fea5a93112/library/test/src/lib.rs:138:21
[INFO] [stdout]   13:     0x5577aabe4718 - <alloc::boxed::Box<F,A> as core::ops::function::Fn<Args>>::call::h1f8f335eaa9cfaee
[INFO] [stdout]                                at /rustc/82e1608dfa6e0b5569232559e3d385fea5a93112/library/alloc/src/boxed.rs:2021:9
[INFO] [stdout]   14:     0x5577aabe4718 - std::panicking::rust_panic_with_hook::h2b5517d590cab22e
[INFO] [stdout]                                at /rustc/82e1608dfa6e0b5569232559e3d385fea5a93112/library/std/src/panicking.rs:783:13
[INFO] [stdout]   15:     0x5577aabe446e - std::panicking::begin_panic_handler::{{closure}}::h233112c06e0ef43e
[INFO] [stdout]                                at /rustc/82e1608dfa6e0b5569232559e3d385fea5a93112/library/std/src/panicking.rs:657:13
[INFO] [stdout]   16:     0x5577aabe2b26 - std::sys_common::backtrace::__rust_end_short_backtrace::h6e893f24d7ebbff8
[INFO] [stdout]                                at /rustc/82e1608dfa6e0b5569232559e3d385fea5a93112/library/std/src/sys_common/backtrace.rs:170:18
[INFO] [stdout]   17:     0x5577aabe41d2 - rust_begin_unwind
[INFO] [stdout]                                at /rustc/82e1608dfa6e0b5569232559e3d385fea5a93112/library/std/src/panicking.rs:645:5
[INFO] [stdout]   18:     0x5577aa2699a5 - core::panicking::panic_fmt::hbf0e066aabfa482c
[INFO] [stdout]                                at /rustc/82e1608dfa6e0b5569232559e3d385fea5a93112/library/core/src/panicking.rs:72:14
[INFO] [stdout]   19:     0x5577aa269fd3 - core::result::unwrap_failed::hddb4fea594200c52
[INFO] [stdout]                                at /rustc/82e1608dfa6e0b5569232559e3d385fea5a93112/library/core/src/result.rs:1653:5
[INFO] [stdout]   20:     0x5577aa2b2447 - core::result::Result<T,E>::unwrap::hb2efe2655e354145
[INFO] [stdout]                                at /rustc/82e1608dfa6e0b5569232559e3d385fea5a93112/library/core/src/result.rs:1077:23
[INFO] [stdout]   21:     0x5577aa2afbdd - mercy::malicious_domain_status::{{closure}}::h7d27fb18762441dd
[INFO] [stdout]                                at /opt/rustwide/workdir/src/lib.rs:488:5
[INFO] [stdout]   22:     0x5577aa2b66b4 - tokio::runtime::park::CachedParkThread::block_on::{{closure}}::h0c7f1b18a8789889
[INFO] [stdout]                                at /opt/rustwide/cargo-home/registry/src/index.crates.io-6f17d22bba15001f/tokio-1.29.1/src/runtime/park.rs:283:63
[INFO] [stdout]   23:     0x5577aa2b64e0 - tokio::runtime::coop::with_budget::h585bb38888d34b6d
[INFO] [stdout]                                at /opt/rustwide/cargo-home/registry/src/index.crates.io-6f17d22bba15001f/tokio-1.29.1/src/runtime/coop.rs:107:5
[INFO] [stdout]   24:     0x5577aa2b64e0 - tokio::runtime::coop::budget::h6a9129e570be54e6
[INFO] [stdout]                                at /opt/rustwide/cargo-home/registry/src/index.crates.io-6f17d22bba15001f/tokio-1.29.1/src/runtime/coop.rs:73:5
[INFO] [stdout]   25:     0x5577aa2b64e0 - tokio::runtime::park::CachedParkThread::block_on::hb052f24f8de77a7a
[INFO] [stdout]                                at /opt/rustwide/cargo-home/registry/src/index.crates.io-6f17d22bba15001f/tokio-1.29.1/src/runtime/park.rs:283:31
[INFO] [stdout]   26:     0x5577aa2bc746 - tokio::runtime::context::blocking::BlockingRegionGuard::block_on::h54e8f4595b86c150
[INFO] [stdout]                                at /opt/rustwide/cargo-home/registry/src/index.crates.io-6f17d22bba15001f/tokio-1.29.1/src/runtime/context/blocking.rs:66:9
[INFO] [stdout]   27:     0x5577aa2b67c0 - tokio::runtime::scheduler::multi_thread::MultiThread::block_on::{{closure}}::h5bab7e81cb82ee95
[INFO] [stdout]                                at /opt/rustwide/cargo-home/registry/src/index.crates.io-6f17d22bba15001f/tokio-1.29.1/src/runtime/scheduler/multi_thread/mod.rs:87:13
[INFO] [stdout]   28:     0x5577aa2baa48 - tokio::runtime::context::runtime::enter_runtime::h4e64d9789011109d
[INFO] [stdout]                                at /opt/rustwide/cargo-home/registry/src/index.crates.io-6f17d22bba15001f/tokio-1.29.1/src/runtime/context/runtime.rs:65:16
[INFO] [stdout]   29:     0x5577aa2b6773 - tokio::runtime::scheduler::multi_thread::MultiThread::block_on::h3ca284c27b0e1ab9
[INFO] [stdout]                                at /opt/rustwide/cargo-home/registry/src/index.crates.io-6f17d22bba15001f/tokio-1.29.1/src/runtime/scheduler/multi_thread/mod.rs:86:9
[INFO] [stdout]   30:     0x5577aa2c0941 - tokio::runtime::runtime::Runtime::block_on::hb37e848708982c4c
[INFO] [stdout]                                at /opt/rustwide/cargo-home/registry/src/index.crates.io-6f17d22bba15001f/tokio-1.29.1/src/runtime/runtime.rs:313:45
[INFO] [stdout]   31:     0x5577aa2af8da - mercy::malicious_domain_status::h41c3b4566310548d
[INFO] [stdout]                                at /opt/rustwide/workdir/src/lib.rs:502:5
[INFO] [stdout]   32:     0x5577aa2ab457 - mercy::malicious::h4993d59855d3dd90
[INFO] [stdout]                                at /opt/rustwide/workdir/src/lib.rs:124:21
[INFO] [stdout]   33:     0x5577aa26b473 - tests::malicious_status_test::h464b5b4faf1061d1
[INFO] [stdout]                                at /opt/rustwide/workdir/tests/tests.rs:40:16
[INFO] [stdout]   34:     0x5577aa26b427 - tests::malicious_status_test::{{closure}}::ha8c11146830ed618
[INFO] [stdout]                                at /opt/rustwide/workdir/tests/tests.rs:39:27
[INFO] [stdout]   35:     0x5577aa26a7a6 - core::ops::function::FnOnce::call_once::ha1c433dc8d129ebe
[INFO] [stdout]                                at /rustc/82e1608dfa6e0b5569232559e3d385fea5a93112/library/core/src/ops/function.rs:250:5
[INFO] [stdout]   36:     0x5577aa2a46af - core::ops::function::FnOnce::call_once::h2b5d431d5046312d
[INFO] [stdout]                                at /rustc/82e1608dfa6e0b5569232559e3d385fea5a93112/library/core/src/ops/function.rs:250:5
[INFO] [stdout]   37:     0x5577aa2a46af - test::__rust_begin_short_backtrace::h7714669af176e207
[INFO] [stdout]                                at /rustc/82e1608dfa6e0b5569232559e3d385fea5a93112/library/test/src/lib.rs:628:18
[INFO] [stdout]   38:     0x5577aa2a36c5 - test::run_test_in_process::{{closure}}::h85218797dcbcec12
[INFO] [stdout]                                at /rustc/82e1608dfa6e0b5569232559e3d385fea5a93112/library/test/src/lib.rs:651:60
[INFO] [stdout]   39:     0x5577aa2a36c5 - <core::panic::unwind_safe::AssertUnwindSafe<F> as core::ops::function::FnOnce<()>>::call_once::h76c106ea31c14d7b
[INFO] [stdout]                                at /rustc/82e1608dfa6e0b5569232559e3d385fea5a93112/library/core/src/panic/unwind_safe.rs:272:9
[INFO] [stdout]   40:     0x5577aa2a36c5 - std::panicking::try::do_call::h3bd5d0f6620ee946
[INFO] [stdout]                                at /rustc/82e1608dfa6e0b5569232559e3d385fea5a93112/library/std/src/panicking.rs:552:40
[INFO] [stdout]   41:     0x5577aa2a36c5 - std::panicking::try::h232e535e4744fe31
[INFO] [stdout]                                at /rustc/82e1608dfa6e0b5569232559e3d385fea5a93112/library/std/src/panicking.rs:516:19
[INFO] [stdout]   42:     0x5577aa2a36c5 - std::panic::catch_unwind::h3ce3bd6ca8dbac68
[INFO] [stdout]                                at /rustc/82e1608dfa6e0b5569232559e3d385fea5a93112/library/std/src/panic.rs:142:14
[INFO] [stdout]   43:     0x5577aa2a36c5 - test::run_test_in_process::hc97b257c9621286a
[INFO] [stdout]                                at /rustc/82e1608dfa6e0b5569232559e3d385fea5a93112/library/test/src/lib.rs:651:27
[INFO] [stdout]   44:     0x5577aa2a36c5 - test::run_test::{{closure}}::h2aa798823a438d38
[INFO] [stdout]                                at /rustc/82e1608dfa6e0b5569232559e3d385fea5a93112/library/test/src/lib.rs:574:43
[INFO] [stdout]   45:     0x5577aa26b986 - test::run_test::{{closure}}::h87d231c78fb59832
[INFO] [stdout]                                at /rustc/82e1608dfa6e0b5569232559e3d385fea5a93112/library/test/src/lib.rs:602:41
[INFO] [stdout]   46:     0x5577aa26b986 - std::sys_common::backtrace::__rust_begin_short_backtrace::he6df152596625789
[INFO] [stdout]                                at /rustc/82e1608dfa6e0b5569232559e3d385fea5a93112/library/std/src/sys_common/backtrace.rs:154:18
[INFO] [stdout]   47:     0x5577aa270a37 - std::thread::Builder::spawn_unchecked_::{{closure}}::{{closure}}::ha94be15d1e0acf36
[INFO] [stdout]                                at /rustc/82e1608dfa6e0b5569232559e3d385fea5a93112/library/std/src/thread/mod.rs:529:17
[INFO] [stdout]   48:     0x5577aa270a37 - <core::panic::unwind_safe::AssertUnwindSafe<F> as core::ops::function::FnOnce<()>>::call_once::h9dc6bd6372f16606
[INFO] [stdout]                                at /rustc/82e1608dfa6e0b5569232559e3d385fea5a93112/library/core/src/panic/unwind_safe.rs:272:9
[INFO] [stdout]   49:     0x5577aa270a37 - std::panicking::try::do_call::h9057517f80303cd4
[INFO] [stdout]                                at /rustc/82e1608dfa6e0b5569232559e3d385fea5a93112/library/std/src/panicking.rs:552:40
[INFO] [stdout]   50:     0x5577aa270a37 - std::panicking::try::he3a30b11ee45340c
[INFO] [stdout]                                at /rustc/82e1608dfa6e0b5569232559e3d385fea5a93112/library/std/src/panicking.rs:516:19
[INFO] [stdout]   51:     0x5577aa270a37 - std::panic::catch_unwind::h410458cfd3528b8b
[INFO] [stdout]                                at /rustc/82e1608dfa6e0b5569232559e3d385fea5a93112/library/std/src/panic.rs:142:14
[INFO] [stdout]   52:     0x5577aa270a37 - std::thread::Builder::spawn_unchecked_::{{closure}}::h72ac3bdb567b737b
[INFO] [stdout]                                at /rustc/82e1608dfa6e0b5569232559e3d385fea5a93112/library/std/src/thread/mod.rs:528:30
[INFO] [stdout]   53:     0x5577aa270a37 - core::ops::function::FnOnce::call_once{{vtable.shim}}::h38f34da3654a8344
[INFO] [stdout]                                at /rustc/82e1608dfa6e0b5569232559e3d385fea5a93112/library/core/src/ops/function.rs:250:5
[INFO] [stdout]   54:     0x5577aabe94e5 - <alloc::boxed::Box<F,A> as core::ops::function::FnOnce<Args>>::call_once::hc7eafaff61e32df9
[INFO] [stdout]                                at /rustc/82e1608dfa6e0b5569232559e3d385fea5a93112/library/alloc/src/boxed.rs:2007:9
[INFO] [stdout]   55:     0x5577aabe94e5 - <alloc::boxed::Box<F,A> as core::ops::function::FnOnce<Args>>::call_once::h6ba4a5de48dd2304
[INFO] [stdout]                                at /rustc/82e1608dfa6e0b5569232559e3d385fea5a93112/library/alloc/src/boxed.rs:2007:9
[INFO] [stdout]   56:     0x5577aabe94e5 - std::sys::unix::thread::Thread::new::thread_start::he469335aef763e45
[INFO] [stdout]                                at /rustc/82e1608dfa6e0b5569232559e3d385fea5a93112/library/std/src/sys/unix/thread.rs:108:17
[INFO] [stdout]   57:     0x7fe3551daac3 - <unknown>
[INFO] [stdout]   58:     0x7fe35526bbf4 - __clone
[INFO] [stdout]   59:                0x0 - <unknown>
[INFO] [stdout] 
[INFO] [stdout] 
[INFO] [stdout] failures:
[INFO] [stdout]     malicious_status_test
[INFO] [stdout] 
[INFO] [stdout] test result: FAILED. 5 passed; 1 failed; 0 ignored; 0 measured; 0 filtered out; finished in 0.10s
[INFO] [stdout] 
[INFO] [stderr] error: test failed, to rerun pass `--test tests`
[INFO] running `Command { std: "docker" "inspect" "f7dd529fe6fb2e8f5114d334b61112dbb9e5d87ec6c74e3260be5efa9b745f3b", kill_on_drop: false }`
[INFO] running `Command { std: "docker" "rm" "-f" "f7dd529fe6fb2e8f5114d334b61112dbb9e5d87ec6c74e3260be5efa9b745f3b", kill_on_drop: false }`
[INFO] [stdout] f7dd529fe6fb2e8f5114d334b61112dbb9e5d87ec6c74e3260be5efa9b745f3b
