[INFO] fetching crate menyoki 1.7.0...
[INFO] testing menyoki-1.7.0 against 1.75.0 for beta-1.76-1
[INFO] extracting crate menyoki 1.7.0 into /workspace/builds/worker-4-tc1/source
[INFO] validating manifest of crates.io crate menyoki 1.7.0 on toolchain 1.75.0
[INFO] running `Command { std: CARGO_HOME="/workspace/cargo-home" RUSTUP_HOME="/workspace/rustup-home" "/workspace/cargo-home/bin/cargo" "+1.75.0" "metadata" "--manifest-path" "Cargo.toml" "--no-deps", kill_on_drop: false }`
[INFO] started tweaking crates.io crate menyoki 1.7.0
[INFO] finished tweaking crates.io crate menyoki 1.7.0
[INFO] tweaked toml for crates.io crate menyoki 1.7.0 written to /workspace/builds/worker-4-tc1/source/Cargo.toml
[INFO] crate crates.io crate menyoki 1.7.0 already has a lockfile, it will not be regenerated
[INFO] running `Command { std: CARGO_HOME="/workspace/cargo-home" RUSTUP_HOME="/workspace/rustup-home" "/workspace/cargo-home/bin/cargo" "+1.75.0" "fetch" "--manifest-path" "Cargo.toml", kill_on_drop: false }`
[INFO] [stderr]     Updating crates.io index
[INFO] [stderr]  Downloading crates ...
[INFO] [stderr]   Downloaded cxxbridge-flags v1.0.91
[INFO] [stderr]   Downloaded cxx-build v1.0.91
[INFO] [stderr]   Downloaded readkey v0.1.7
[INFO] [stderr]   Downloaded readmouse v0.2.1
[INFO] [stderr]   Downloaded loop9 v0.1.3
[INFO] [stderr]   Downloaded output_vt100 v0.1.3
[INFO] [stderr]   Downloaded gif-dispose v4.0.0
[INFO] [stderr]   Downloaded ansi_colours v1.2.1
[INFO] [stderr]   Downloaded device_query v1.1.2
[INFO] [stderr]   Downloaded lodepng v3.7.2
[INFO] [stderr]   Downloaded fern_colored v0.6.1
[INFO] [stderr]   Downloaded exr v1.5.3
[INFO] [stderr]   Downloaded webp v0.2.2
[INFO] [stderr]   Downloaded cxx v1.0.91
[INFO] [stderr]   Downloaded sixel-sys v0.3.1
[INFO] [stderr]   Downloaded libwebp-sys v0.4.2
[INFO] [stderr]   Downloaded image v0.24.5
[INFO] [stderr]   Downloaded imgref v1.9.4
[INFO] [stderr]   Downloaded pretty_assertions v1.3.0
[INFO] [stderr]   Downloaded rayon-core v1.10.2
[INFO] [stderr]   Downloaded imagequant v4.1.0
[INFO] [stderr]   Downloaded fallible_collections v0.4.6
[INFO] [stderr]   Downloaded gifski v1.10.0
[INFO] [stderr]   Downloaded spin v0.9.5
[INFO] [stderr]   Downloaded zune-inflate v0.2.50
[INFO] [stderr]   Downloaded sixel-rs v0.3.3
[INFO] [stderr]   Downloaded cxxbridge-macro v1.0.91
[INFO] [stderr]   Downloaded viuer v0.6.2
[INFO] [stderr]   Downloaded resize v0.7.4
[INFO] [stderr]   Downloaded natord v1.0.9
[INFO] [stderr]   Downloaded simd-adler32 v0.3.4
[INFO] [stderr]   Downloaded macos-accessibility-client v0.0.1
[INFO] [stderr]   Downloaded bytesize v1.2.0
[INFO] [stderr]   Downloaded ctrlc v3.2.5
[INFO] [stderr]   Downloaded dominant_color v0.3.0
[INFO] running `Command { std: "docker" "create" "-v" "/var/lib/crater-agent-workspace/builds/worker-4-tc1/target:/opt/rustwide/target:rw,Z" "-v" "/var/lib/crater-agent-workspace/builds/worker-4-tc1/source:/opt/rustwide/workdir:ro,Z" "-v" "/var/lib/crater-agent-workspace/cargo-home:/opt/rustwide/cargo-home:ro,Z" "-v" "/var/lib/crater-agent-workspace/rustup-home:/opt/rustwide/rustup-home:ro,Z" "-e" "SOURCE_DIR=/opt/rustwide/workdir" "-e" "CARGO_TARGET_DIR=/opt/rustwide/target" "-e" "CARGO_HOME=/opt/rustwide/cargo-home" "-e" "RUSTUP_HOME=/opt/rustwide/rustup-home" "-w" "/opt/rustwide/workdir" "-m" "1610612736" "--user" "0:0" "--network" "none" "ghcr.io/rust-lang/crates-build-env/linux@sha256:2788e3201cd34a07e3172128adcd8b3090168a8e3bcc40d7c032b9dda1df7d1c" "/opt/rustwide/cargo-home/bin/cargo" "+1.75.0" "metadata" "--no-deps" "--format-version=1", kill_on_drop: false }`
[INFO] [stdout] 1898541e8d5b07d43bad83ded96c452be3c8d7ce92f3cc9ba0593ebcdec7ca2a
[INFO] running `Command { std: "docker" "start" "-a" "1898541e8d5b07d43bad83ded96c452be3c8d7ce92f3cc9ba0593ebcdec7ca2a", kill_on_drop: false }`
[INFO] running `Command { std: "docker" "inspect" "1898541e8d5b07d43bad83ded96c452be3c8d7ce92f3cc9ba0593ebcdec7ca2a", kill_on_drop: false }`
[INFO] running `Command { std: "docker" "rm" "-f" "1898541e8d5b07d43bad83ded96c452be3c8d7ce92f3cc9ba0593ebcdec7ca2a", kill_on_drop: false }`
[INFO] [stdout] 1898541e8d5b07d43bad83ded96c452be3c8d7ce92f3cc9ba0593ebcdec7ca2a
[INFO] running `Command { std: "docker" "create" "-v" "/var/lib/crater-agent-workspace/builds/worker-4-tc1/target:/opt/rustwide/target:rw,Z" "-v" "/var/lib/crater-agent-workspace/builds/worker-4-tc1/source:/opt/rustwide/workdir:ro,Z" "-v" "/var/lib/crater-agent-workspace/cargo-home:/opt/rustwide/cargo-home:ro,Z" "-v" "/var/lib/crater-agent-workspace/rustup-home:/opt/rustwide/rustup-home:ro,Z" "-e" "SOURCE_DIR=/opt/rustwide/workdir" "-e" "CARGO_TARGET_DIR=/opt/rustwide/target" "-e" "CARGO_INCREMENTAL=0" "-e" "RUST_BACKTRACE=full" "-e" "RUSTFLAGS=--cap-lints=warn" "-e" "RUSTDOCFLAGS=--cap-lints=warn" "-e" "CARGO_HOME=/opt/rustwide/cargo-home" "-e" "RUSTUP_HOME=/opt/rustwide/rustup-home" "-w" "/opt/rustwide/workdir" "-m" "1610612736" "--user" "0:0" "--network" "none" "ghcr.io/rust-lang/crates-build-env/linux@sha256:2788e3201cd34a07e3172128adcd8b3090168a8e3bcc40d7c032b9dda1df7d1c" "/opt/rustwide/cargo-home/bin/cargo" "+1.75.0" "build" "--frozen" "--message-format=json", kill_on_drop: false }`
[INFO] [stdout] 350a09f8624f3f3624b20c6269c73f4fc00b76b0ec6ae8f98b2d63138b33d648
[INFO] running `Command { std: "docker" "start" "-a" "350a09f8624f3f3624b20c6269c73f4fc00b76b0ec6ae8f98b2d63138b33d648", kill_on_drop: false }`
[INFO] [stderr]    Compiling libc v0.2.139
[INFO] [stderr]    Compiling cfg-if v1.0.0
[INFO] [stderr]    Compiling scopeguard v1.1.0
[INFO] [stderr]    Compiling crossbeam-utils v0.8.15
[INFO] [stderr]    Compiling proc-macro2 v1.0.51
[INFO] [stderr]    Compiling quote v1.0.23
[INFO] [stderr]    Compiling unicode-ident v1.0.6
[INFO] [stderr]    Compiling memoffset v0.8.0
[INFO] [stderr]    Compiling crossbeam-epoch v0.9.14
[INFO] [stderr]    Compiling num-traits v0.2.15
[INFO] [stderr]    Compiling syn v1.0.109
[INFO] [stderr]    Compiling once_cell v1.17.1
[INFO] [stderr]    Compiling version_check v0.9.4
[INFO] [stderr]    Compiling lock_api v0.4.9
[INFO] [stderr]    Compiling adler v1.0.2
[INFO] [stderr]    Compiling bitflags v1.3.2
[INFO] [stderr]    Compiling rayon-core v1.10.2
[INFO] [stderr]    Compiling ahash v0.7.6
[INFO] [stderr]    Compiling bytemuck v1.13.1
[INFO] [stderr]    Compiling crc32fast v1.3.2
[INFO] [stderr]    Compiling crossbeam-deque v0.8.3
[INFO] [stderr]    Compiling crossbeam-channel v0.5.7
[INFO] [stderr]    Compiling miniz_oxide v0.6.2
[INFO] [stderr]    Compiling getrandom v0.2.8
[INFO] [stderr]    Compiling num_cpus v1.15.0
[INFO] [stderr]    Compiling jobserver v0.1.26
[INFO] [stderr]    Compiling rgb v0.8.36
[INFO] [stderr]    Compiling log v0.4.17
[INFO] [stderr]    Compiling weezl v0.1.7
[INFO] [stderr]    Compiling either v1.8.1
[INFO] [stderr]    Compiling flate2 v1.0.25
[INFO] [stderr]    Compiling hashbrown v0.12.3
[INFO] [stderr]    Compiling rayon v1.6.1
[INFO] [stderr]    Compiling cc v1.0.79
[INFO] [stderr]    Compiling num-integer v0.1.45
[INFO] [stderr]    Compiling smallvec v1.10.0
[INFO] [stderr]    Compiling color_quant v1.1.0
[INFO] [stderr]    Compiling pkg-config v0.3.26
[INFO] [stderr]    Compiling futures-core v0.3.26
[INFO] [stderr]    Compiling parking_lot_core v0.9.7
[INFO] [stderr]    Compiling signal-hook v0.3.15
[INFO] [stderr]    Compiling lazy_static v1.4.0
[INFO] [stderr]    Compiling io-lifetimes v1.0.5
[INFO] [stderr]    Compiling spin v0.9.5
[INFO] [stderr]    Compiling libwebp-sys v0.4.2
[INFO] [stderr]    Compiling nanorand v0.7.0
[INFO] [stderr]    Compiling signal-hook-registry v1.4.1
[INFO] [stderr]    Compiling num-rational v0.4.1
[INFO] [stderr]    Compiling futures-sink v0.3.26
[INFO] [stderr]    Compiling rustix v0.36.8
[INFO] [stderr]    Compiling simd-adler32 v0.3.4
[INFO] [stderr]    Compiling jpeg-decoder v0.3.0
[INFO] [stderr]    Compiling zune-inflate v0.2.50
[INFO] [stderr]    Compiling mio v0.8.6
[INFO] [stderr]    Compiling x11 v2.21.0
[INFO] [stderr]    Compiling fallible_collections v0.4.6
[INFO] [stderr]    Compiling threadpool v1.8.1
[INFO] [stderr]    Compiling pin-project-internal v1.0.12
[INFO] [stderr]    Compiling atty v0.2.14
[INFO] [stderr]    Compiling linux-raw-sys v0.1.4
[INFO] [stderr]    Compiling bit_field v0.10.2
[INFO] [stderr]    Compiling imgref v1.9.4
[INFO] [stderr]    Compiling half v2.2.1
[INFO] [stderr]    Compiling lebe v0.5.2
[INFO] [stderr]    Compiling signal-hook-mio v0.2.3
[INFO] [stderr]    Compiling tiff v0.8.1
[INFO] [stderr]    Compiling parking_lot v0.12.1
[INFO] [stderr]    Compiling device_query v1.1.2
[INFO] [stderr]    Compiling gif v0.12.0
[INFO] [stderr]    Compiling pin-project v1.0.12
[INFO] [stderr]    Compiling flume v0.10.14
[INFO] [stderr]    Compiling gif v0.11.4
[INFO] [stderr]    Compiling exr v1.5.3
[INFO] [stderr]    Compiling png v0.17.7
[INFO] [stderr]    Compiling noisy_float v0.2.0
[INFO] [stderr]    Compiling term_size v0.3.2
[INFO] [stderr]    Compiling thread_local v1.1.7
[INFO] [stderr]    Compiling fastrand v1.9.0
[INFO] [stderr]    Compiling thiserror v1.0.38
[INFO] [stderr]    Compiling static_assertions v1.1.0
[INFO] [stderr]    Compiling byteorder v1.4.3
[INFO] [stderr]    Compiling dlv-list v0.3.0
[INFO] [stderr]    Compiling unicode-width v0.1.10
[INFO] [stderr]    Compiling scoped_threadpool v0.1.9
[INFO] [stderr]    Compiling arrayvec v0.7.2
[INFO] [stderr]    Compiling ordered-multimap v0.4.3
[INFO] [stderr]    Compiling textwrap v0.11.0
[INFO] [stderr]    Compiling nix v0.26.2
[INFO] [stderr]    Compiling imagequant v4.1.0
[INFO] [stderr]    Compiling tempfile v3.4.0
[INFO] [stderr]    Compiling gif-dispose v4.0.0
[INFO] [stderr]    Compiling crossterm v0.25.0
[INFO] [stderr]    Compiling loop9 v0.1.3
[INFO] [stderr]    Compiling colored v2.0.0
[INFO] [stderr]    Compiling lodepng v3.7.2
[INFO] [stderr]    Compiling resize v0.7.4
[INFO] [stderr]    Compiling thiserror-impl v1.0.38
[INFO] [stderr]    Compiling console v0.15.5
[INFO] [stderr]    Compiling ansi_colours v1.2.1
[INFO] [stderr]    Compiling time v0.1.45
[INFO] [stderr]    Compiling dirs-sys v0.3.7
[INFO] [stderr]    Compiling base64 v0.13.1
[INFO] [stderr]    Compiling termcolor v1.2.0
[INFO] [stderr]    Compiling quick-error v2.0.1
[INFO] [stderr]    Compiling ansi_term v0.12.1
[INFO] [stderr]    Compiling mutate_once v0.1.1
[INFO] [stderr]    Compiling strsim v0.8.0
[INFO] [stderr]    Compiling iana-time-zone v0.1.53
[INFO] [stderr]    Compiling chrono v0.4.23
[INFO] [stderr]    Compiling clap v2.34.0
[INFO] [stderr]    Compiling kamadak-exif v0.5.5
[INFO] [stderr]    Compiling dirs v4.0.0
[INFO] [stderr]    Compiling fern_colored v0.6.1
[INFO] [stderr]    Compiling ctrlc v3.2.5
[INFO] [stderr]    Compiling rust-ini v0.18.0
[INFO] [stderr]    Compiling hex v0.4.3
[INFO] [stderr]    Compiling bytesize v1.2.0
[INFO] [stderr]    Compiling natord v1.0.9
[INFO] [stderr]    Compiling dominant_color v0.3.0
[INFO] [stderr]    Compiling gifski v1.10.0
[INFO] [stderr]    Compiling webp v0.2.2
[INFO] [stderr]    Compiling image v0.24.5
[INFO] [stderr]    Compiling viuer v0.6.2
[INFO] [stderr]    Compiling menyoki v1.7.0 (/opt/rustwide/workdir)
[INFO] [stderr]     Finished dev [optimized + debuginfo] target(s) in 1m 54s
[INFO] running `Command { std: "docker" "inspect" "350a09f8624f3f3624b20c6269c73f4fc00b76b0ec6ae8f98b2d63138b33d648", kill_on_drop: false }`
[INFO] running `Command { std: "docker" "rm" "-f" "350a09f8624f3f3624b20c6269c73f4fc00b76b0ec6ae8f98b2d63138b33d648", kill_on_drop: false }`
[INFO] [stdout] 350a09f8624f3f3624b20c6269c73f4fc00b76b0ec6ae8f98b2d63138b33d648
[INFO] running `Command { std: "docker" "create" "-v" "/var/lib/crater-agent-workspace/builds/worker-4-tc1/target:/opt/rustwide/target:rw,Z" "-v" "/var/lib/crater-agent-workspace/builds/worker-4-tc1/source:/opt/rustwide/workdir:ro,Z" "-v" "/var/lib/crater-agent-workspace/cargo-home:/opt/rustwide/cargo-home:ro,Z" "-v" "/var/lib/crater-agent-workspace/rustup-home:/opt/rustwide/rustup-home:ro,Z" "-e" "SOURCE_DIR=/opt/rustwide/workdir" "-e" "CARGO_TARGET_DIR=/opt/rustwide/target" "-e" "CARGO_INCREMENTAL=0" "-e" "RUST_BACKTRACE=full" "-e" "RUSTFLAGS=--cap-lints=warn" "-e" "RUSTDOCFLAGS=--cap-lints=warn" "-e" "CARGO_HOME=/opt/rustwide/cargo-home" "-e" "RUSTUP_HOME=/opt/rustwide/rustup-home" "-w" "/opt/rustwide/workdir" "-m" "1610612736" "--user" "0:0" "--network" "none" "ghcr.io/rust-lang/crates-build-env/linux@sha256:2788e3201cd34a07e3172128adcd8b3090168a8e3bcc40d7c032b9dda1df7d1c" "/opt/rustwide/cargo-home/bin/cargo" "+1.75.0" "test" "--frozen" "--no-run" "--message-format=json", kill_on_drop: false }`
[INFO] [stdout] 1746b9292bf3bb859678125144dbb3e05f9d8db11c301f79fc2f61a45436e1c4
[INFO] running `Command { std: "docker" "start" "-a" "1746b9292bf3bb859678125144dbb3e05f9d8db11c301f79fc2f61a45436e1c4", kill_on_drop: false }`
[INFO] [stderr]    Compiling libc v0.2.139
[INFO] [stderr]    Compiling scopeguard v1.1.0
[INFO] [stderr]    Compiling crossbeam-utils v0.8.15
[INFO] [stderr]    Compiling memoffset v0.8.0
[INFO] [stderr]    Compiling crossbeam-epoch v0.9.14
[INFO] [stderr]    Compiling num-traits v0.2.15
[INFO] [stderr]    Compiling bytemuck v1.13.1
[INFO] [stderr]    Compiling miniz_oxide v0.6.2
[INFO] [stderr]    Compiling rayon-core v1.10.2
[INFO] [stderr]    Compiling lock_api v0.4.9
[INFO] [stderr]    Compiling ahash v0.7.6
[INFO] [stderr]    Compiling either v1.8.1
[INFO] [stderr]    Compiling weezl v0.1.7
[INFO] [stderr]    Compiling log v0.4.17
[INFO] [stderr]    Compiling color_quant v1.1.0
[INFO] [stderr]    Compiling rgb v0.8.36
[INFO] [stderr]    Compiling smallvec v1.10.0
[INFO] [stderr]    Compiling crossbeam-channel v0.5.7
[INFO] [stderr]    Compiling futures-core v0.3.26
[INFO] [stderr]    Compiling num-integer v0.1.45
[INFO] [stderr]    Compiling crossbeam-deque v0.8.3
[INFO] [stderr]    Compiling flate2 v1.0.25
[INFO] [stderr]    Compiling lazy_static v1.4.0
[INFO] [stderr]    Compiling parking_lot_core v0.9.7
[INFO] [stderr]    Compiling signal-hook v0.3.15
[INFO] [stderr]    Compiling io-lifetimes v1.0.5
[INFO] [stderr]    Compiling pin-project v1.0.12
[INFO] [stderr]    Compiling libwebp-sys v0.4.2
[INFO] [stderr]    Compiling spin v0.9.5
[INFO] [stderr]    Compiling futures-sink v0.3.26
[INFO] [stderr]    Compiling simd-adler32 v0.3.4
[INFO] [stderr]    Compiling rustix v0.36.8
[INFO] [stderr]    Compiling num-rational v0.4.1
[INFO] [stderr]    Compiling linux-raw-sys v0.1.4
[INFO] [stderr]    Compiling bit_field v0.10.2
[INFO] [stderr]    Compiling lebe v0.5.2
[INFO] [stderr]    Compiling zune-inflate v0.2.50
[INFO] [stderr]    Compiling half v2.2.1
[INFO] [stderr]    Compiling imgref v1.9.4
[INFO] [stderr]    Compiling noisy_float v0.2.0
[INFO] [stderr]    Compiling png v0.17.7
[INFO] [stderr]    Compiling x11 v2.21.0
[INFO] [stderr]    Compiling gif v0.11.4
[INFO] [stderr]    Compiling gif v0.12.0
[INFO] [stderr]    Compiling getrandom v0.2.8
[INFO] [stderr]    Compiling num_cpus v1.15.0
[INFO] [stderr]    Compiling nanorand v0.7.0
[INFO] [stderr]    Compiling hashbrown v0.12.3
[INFO] [stderr]    Compiling signal-hook-registry v1.4.1
[INFO] [stderr]    Compiling flume v0.10.14
[INFO] [stderr]    Compiling threadpool v1.8.1
[INFO] [stderr]    Compiling rayon v1.6.1
[INFO] [stderr]    Compiling mio v0.8.6
[INFO] [stderr]    Compiling fallible_collections v0.4.6
[INFO] [stderr]    Compiling atty v0.2.14
[INFO] [stderr]    Compiling exr v1.5.3
[INFO] [stderr]    Compiling term_size v0.3.2
[INFO] [stderr]    Compiling thread_local v1.1.7
[INFO] [stderr]    Compiling parking_lot v0.12.1
[INFO] [stderr]    Compiling signal-hook-mio v0.2.3
[INFO] [stderr]    Compiling scoped_threadpool v0.1.9
[INFO] [stderr]    Compiling unicode-width v0.1.10
[INFO] [stderr]    Compiling static_assertions v1.1.0
[INFO] [stderr]    Compiling dlv-list v0.3.0
[INFO] [stderr]    Compiling arrayvec v0.7.2
[INFO] [stderr]    Compiling fastrand v1.9.0
[INFO] [stderr]    Compiling thiserror v1.0.38
[INFO] [stderr]    Compiling ordered-multimap v0.4.3
[INFO] [stderr]    Compiling nix v0.26.2
[INFO] [stderr]    Compiling crossterm v0.25.0
[INFO] [stderr]    Compiling textwrap v0.11.0
[INFO] [stderr]    Compiling device_query v1.1.2
[INFO] [stderr]    Compiling colored v2.0.0
[INFO] [stderr]    Compiling resize v0.7.4
[INFO] [stderr]    Compiling lodepng v3.7.2
[INFO] [stderr]    Compiling gif-dispose v4.0.0
[INFO] [stderr]    Compiling console v0.15.5
[INFO] [stderr]    Compiling dirs-sys v0.3.7
[INFO] [stderr]    Compiling jpeg-decoder v0.3.0
[INFO] [stderr]    Compiling imagequant v4.1.0
[INFO] [stderr]    Compiling tempfile v3.4.0
[INFO] [stderr]    Compiling time v0.1.45
[INFO] [stderr]    Compiling tiff v0.8.1
[INFO] [stderr]    Compiling loop9 v0.1.3
[INFO] [stderr]    Compiling ansi_colours v1.2.1
[INFO] [stderr]    Compiling yansi v0.5.1
[INFO] [stderr]    Compiling strsim v0.8.0
[INFO] [stderr]    Compiling diff v0.1.13
[INFO] [stderr]    Compiling quick-error v2.0.1
[INFO] [stderr]    Compiling base64 v0.13.1
[INFO] [stderr]    Compiling iana-time-zone v0.1.53
[INFO] [stderr]    Compiling termcolor v1.2.0
[INFO] [stderr]    Compiling ansi_term v0.12.1
[INFO] [stderr]    Compiling chrono v0.4.23
[INFO] [stderr]    Compiling clap v2.34.0
[INFO] [stderr]    Compiling pretty_assertions v1.3.0
[INFO] [stderr]    Compiling ctrlc v3.2.5
[INFO] [stderr]    Compiling dirs v4.0.0
[INFO] [stderr]    Compiling fern_colored v0.6.1
[INFO] [stderr]    Compiling rust-ini v0.18.0
[INFO] [stderr]    Compiling natord v1.0.9
[INFO] [stderr]    Compiling hex v0.4.3
[INFO] [stderr]    Compiling bytesize v1.2.0
[INFO] [stderr]    Compiling dominant_color v0.3.0
[INFO] [stderr]    Compiling gifski v1.10.0
[INFO] [stderr]    Compiling webp v0.2.2
[INFO] [stderr]    Compiling image v0.24.5
[INFO] [stderr]    Compiling viuer v0.6.2
[INFO] [stderr]    Compiling menyoki v1.7.0 (/opt/rustwide/workdir)
[INFO] [stderr]     Finished test [unoptimized + debuginfo] target(s) in 49.05s
[INFO] running `Command { std: "docker" "inspect" "1746b9292bf3bb859678125144dbb3e05f9d8db11c301f79fc2f61a45436e1c4", kill_on_drop: false }`
[INFO] running `Command { std: "docker" "rm" "-f" "1746b9292bf3bb859678125144dbb3e05f9d8db11c301f79fc2f61a45436e1c4", kill_on_drop: false }`
[INFO] [stdout] 1746b9292bf3bb859678125144dbb3e05f9d8db11c301f79fc2f61a45436e1c4
[INFO] running `Command { std: "docker" "create" "-v" "/var/lib/crater-agent-workspace/builds/worker-4-tc1/target:/opt/rustwide/target:rw,Z" "-v" "/var/lib/crater-agent-workspace/builds/worker-4-tc1/source:/opt/rustwide/workdir:ro,Z" "-v" "/var/lib/crater-agent-workspace/cargo-home:/opt/rustwide/cargo-home:ro,Z" "-v" "/var/lib/crater-agent-workspace/rustup-home:/opt/rustwide/rustup-home:ro,Z" "-e" "SOURCE_DIR=/opt/rustwide/workdir" "-e" "CARGO_TARGET_DIR=/opt/rustwide/target" "-e" "CARGO_INCREMENTAL=0" "-e" "RUST_BACKTRACE=full" "-e" "RUSTFLAGS=--cap-lints=warn" "-e" "RUSTDOCFLAGS=--cap-lints=warn" "-e" "CARGO_HOME=/opt/rustwide/cargo-home" "-e" "RUSTUP_HOME=/opt/rustwide/rustup-home" "-w" "/opt/rustwide/workdir" "-m" "1610612736" "--user" "0:0" "--network" "none" "ghcr.io/rust-lang/crates-build-env/linux@sha256:2788e3201cd34a07e3172128adcd8b3090168a8e3bcc40d7c032b9dda1df7d1c" "/opt/rustwide/cargo-home/bin/cargo" "+1.75.0" "test" "--frozen", kill_on_drop: false }`
[INFO] [stdout] 53d96be1b1217dd57994e44f62faecc5d2d0731276055f8375ad99d96c58e68c
[INFO] running `Command { std: "docker" "start" "-a" "53d96be1b1217dd57994e44f62faecc5d2d0731276055f8375ad99d96c58e68c", kill_on_drop: false }`
[INFO] [stderr]     Finished test [unoptimized + debuginfo] target(s) in 0.21s
[INFO] [stderr]      Running unittests src/main.rs (/opt/rustwide/target/debug/deps/menyoki-6ace37629c03e38a)
[INFO] [stdout] 
[INFO] [stdout] running 35 tests
[INFO] [stdout] test analyze::settings::tests::test_time_zone ... ok
[INFO] [stdout] test analyze::settings::tests::test_analyze_settings ... ok
[INFO] [stdout] test anim::decoder::tests::test_anim_decoder ... ok
[INFO] [stdout] test anim::settings::tests::test_anim_settings ... ok
[INFO] [stdout] test anim::tests::test_anim_mode ... ok
[INFO] [stdout] test args::matches::tests::test_matches ... ok
[INFO] [stdout] test apng::tests::test_apng_encoder ... ok
[INFO] [stdout] test args::parser::tests::test_parser ... ok
[INFO] [stdout] test app::tests::test_app_image ... FAILED
[INFO] [stdout] test edit::settings::tests::test_edit_settings ... ok
[INFO] [stdout] test file::settings::tests::test_save_settings ... ok
[INFO] [stdout] test file::tests::test_file ... ok
[INFO] [stdout] test anim::settings::tests::test_split_settings ... ok
[INFO] [stdout] test gif::encoder::tests::test_gif_encoder ... ok
[INFO] [stdout] test image::padding::tests::test_padding ... ok
[INFO] [stdout] test image::geometry::tests::test_geometry ... ok
[INFO] [stdout] test image::settings::tests::test_jpg_settings ... ok
[INFO] [stdout] test args::tests::test_shell_completions ... ok
[INFO] [stdout] test image::settings::tests::test_png_settings ... ok
[INFO] [stdout] test image::settings::tests::test_pnm_settings ... ok
[INFO] [stdout] test image::settings::tests::test_webp_settings ... ok
[INFO] [stdout] test edit::tests::test_edit ... ok
[INFO] [stdout] test image::tests::test_image ... ok
[INFO] [stdout] test record::settings::tests::test_record_settings ... ok
[INFO] [stdout] test record::fps::tests::test_fps ... ok
[INFO] [stdout] test util::keys::tests::test_action_keys ... ok
[INFO] [stdout] test settings::tests::test_app_settings ... ok
[INFO] [stdout] test analyze::tests::test_analyze ... FAILED
[INFO] [stdout] test util::command::tests::test_command ... ok
[INFO] [stdout] 7test view::settings::tests::test_view_settings ... ok
[INFO] [stdout] test util::logger::tests::test_logger ... ok
[INFO] [stdout] test gif::encoder::tests::test_gifski_encoder ... ok
[INFO] [stdout] [0m[38;5;16m[48;5;71m▄[0m
[INFO] [stdout] 8test view::tests::test_view ... ok
[INFO] [stdout] test app::tests::test_app_anim ... FAILED
[INFO] [stdout] test record::tests::test_record ... ok
[INFO] [stdout] 
[INFO] [stdout] failures:
[INFO] [stdout] 
[INFO] [stdout] ---- app::tests::test_app_image stdout ----
[INFO] [stdout] Error: Io(Os { code: 30, kind: ReadOnlyFilesystem, message: "Read-only file system" })
[INFO] [stdout] 
[INFO] [stdout] ---- analyze::tests::test_analyze stdout ----
[INFO] [stdout] thread 'analyze::tests::test_analyze' panicked at src/analyze/mod.rs:253:10:
[INFO] [stdout] called `Result::unwrap()` on an `Err` value: IoError(Os { code: 30, kind: ReadOnlyFilesystem, message: "Read-only file system" })
[INFO] [stdout] stack backtrace:
[INFO] [stdout]    0:     0x55e2dc91c14c - std::backtrace_rs::backtrace::libunwind::trace::ha637c64ce894333a
[INFO] [stdout]                                at /rustc/82e1608dfa6e0b5569232559e3d385fea5a93112/library/std/src/../../backtrace/src/backtrace/libunwind.rs:104:5
[INFO] [stdout]    1:     0x55e2dc91c14c - std::backtrace_rs::backtrace::trace_unsynchronized::h47f62dea28e0c88d
[INFO] [stdout]                                at /rustc/82e1608dfa6e0b5569232559e3d385fea5a93112/library/std/src/../../backtrace/src/backtrace/mod.rs:66:5
[INFO] [stdout]    2:     0x55e2dc91c14c - std::sys_common::backtrace::_print_fmt::h9eef0abe20ede486
[INFO] [stdout]                                at /rustc/82e1608dfa6e0b5569232559e3d385fea5a93112/library/std/src/sys_common/backtrace.rs:67:5
[INFO] [stdout]    3:     0x55e2dc91c14c - <std::sys_common::backtrace::_print::DisplayBacktrace as core::fmt::Display>::fmt::hed7f999df88cc644
[INFO] [stdout]                                at /rustc/82e1608dfa6e0b5569232559e3d385fea5a93112/library/std/src/sys_common/backtrace.rs:44:22
[INFO] [stdout]    4:     0x55e2dc94a170 - core::fmt::rt::Argument::fmt::h1539a9308b8d058d
[INFO] [stdout]                                at /rustc/82e1608dfa6e0b5569232559e3d385fea5a93112/library/core/src/fmt/rt.rs:142:9
[INFO] [stdout]    5:     0x55e2dc94a170 - core::fmt::write::h3a39390d8560d9c9
[INFO] [stdout]                                at /rustc/82e1608dfa6e0b5569232559e3d385fea5a93112/library/core/src/fmt/mod.rs:1120:17
[INFO] [stdout]    6:     0x55e2dc91900f - std::io::Write::write_fmt::h040b369f3a0f9cbc
[INFO] [stdout]                                at /rustc/82e1608dfa6e0b5569232559e3d385fea5a93112/library/std/src/io/mod.rs:1762:15
[INFO] [stdout]    7:     0x55e2dc91bf34 - std::sys_common::backtrace::_print::h894006fb5c6f3d45
[INFO] [stdout]                                at /rustc/82e1608dfa6e0b5569232559e3d385fea5a93112/library/std/src/sys_common/backtrace.rs:47:5
[INFO] [stdout]    8:     0x55e2dc91bf34 - std::sys_common::backtrace::print::h23a2d212c6fff936
[INFO] [stdout]                                at /rustc/82e1608dfa6e0b5569232559e3d385fea5a93112/library/std/src/sys_common/backtrace.rs:34:9
[INFO] [stdout]    9:     0x55e2dc91dbf7 - std::panicking::default_hook::{{closure}}::h8a1d2ee00185001a
[INFO] [stdout]   10:     0x55e2dc91d8e3 - std::panicking::default_hook::h6038f2eba384e475
[INFO] [stdout]                                at /rustc/82e1608dfa6e0b5569232559e3d385fea5a93112/library/std/src/panicking.rs:289:9
[INFO] [stdout]   11:     0x55e2dbf64a67 - <alloc::boxed::Box<F,A> as core::ops::function::Fn<Args>>::call::h0ad024c9bdc6d768
[INFO] [stdout]                                at /rustc/82e1608dfa6e0b5569232559e3d385fea5a93112/library/alloc/src/boxed.rs:2021:9
[INFO] [stdout]   12:     0x55e2dbf64a67 - test::test_main::{{closure}}::h7500b54257359db6
[INFO] [stdout]                                at /rustc/82e1608dfa6e0b5569232559e3d385fea5a93112/library/test/src/lib.rs:138:21
[INFO] [stdout]   13:     0x55e2dc91e208 - <alloc::boxed::Box<F,A> as core::ops::function::Fn<Args>>::call::h1f8f335eaa9cfaee
[INFO] [stdout]                                at /rustc/82e1608dfa6e0b5569232559e3d385fea5a93112/library/alloc/src/boxed.rs:2021:9
[INFO] [stdout]   14:     0x55e2dc91e208 - std::panicking::rust_panic_with_hook::h2b5517d590cab22e
[INFO] [stdout]                                at /rustc/82e1608dfa6e0b5569232559e3d385fea5a93112/library/std/src/panicking.rs:783:13
[INFO] [stdout]   15:     0x55e2dc91df5e - std::panicking::begin_panic_handler::{{closure}}::h233112c06e0ef43e
[INFO] [stdout]                                at /rustc/82e1608dfa6e0b5569232559e3d385fea5a93112/library/std/src/panicking.rs:657:13
[INFO] [stdout]   16:     0x55e2dc91c616 - std::sys_common::backtrace::__rust_end_short_backtrace::h6e893f24d7ebbff8
[INFO] [stdout]                                at /rustc/82e1608dfa6e0b5569232559e3d385fea5a93112/library/std/src/sys_common/backtrace.rs:170:18
[INFO] [stdout]   17:     0x55e2dc91dcc2 - rust_begin_unwind
[INFO] [stdout]                                at /rustc/82e1608dfa6e0b5569232559e3d385fea5a93112/library/std/src/panicking.rs:645:5
[INFO] [stdout]   18:     0x55e2dbd84af5 - core::panicking::panic_fmt::hbf0e066aabfa482c
[INFO] [stdout]                                at /rustc/82e1608dfa6e0b5569232559e3d385fea5a93112/library/core/src/panicking.rs:72:14
[INFO] [stdout]   19:     0x55e2dbd850c3 - core::result::unwrap_failed::hddb4fea594200c52
[INFO] [stdout]                                at /rustc/82e1608dfa6e0b5569232559e3d385fea5a93112/library/core/src/result.rs:1653:5
[INFO] [stdout]   20:     0x55e2dc333663 - core::result::Result<T,E>::unwrap::he50e255d60a4eaa2
[INFO] [stdout]                                at /rustc/82e1608dfa6e0b5569232559e3d385fea5a93112/library/core/src/result.rs:1077:23
[INFO] [stdout]   21:     0x55e2dbec2fe7 - menyoki::analyze::tests::test_analyze::h068277c3fefd08ef
[INFO] [stdout]                                at /opt/rustwide/workdir/src/analyze/mod.rs:246:3
[INFO] [stdout]   22:     0x55e2dbec2e77 - menyoki::analyze::tests::test_analyze::{{closure}}::h4f7d1928738bb0f3
[INFO] [stdout]                                at /opt/rustwide/workdir/src/analyze/mod.rs:244:19
[INFO] [stdout]   23:     0x55e2dbde9906 - core::ops::function::FnOnce::call_once::hf18f41dc06214ffa
[INFO] [stdout]                                at /rustc/82e1608dfa6e0b5569232559e3d385fea5a93112/library/core/src/ops/function.rs:250:5
[INFO] [stdout]   24:     0x55e2dbf6a0bf - core::ops::function::FnOnce::call_once::h2b5d431d5046312d
[INFO] [stdout]                                at /rustc/82e1608dfa6e0b5569232559e3d385fea5a93112/library/core/src/ops/function.rs:250:5
[INFO] [stdout]   25:     0x55e2dbf6a0bf - test::__rust_begin_short_backtrace::h7714669af176e207
[INFO] [stdout]                                at /rustc/82e1608dfa6e0b5569232559e3d385fea5a93112/library/test/src/lib.rs:628:18
[INFO] [stdout]   26:     0x55e2dbf690d5 - test::run_test_in_process::{{closure}}::h85218797dcbcec12
[INFO] [stdout]                                at /rustc/82e1608dfa6e0b5569232559e3d385fea5a93112/library/test/src/lib.rs:651:60
[INFO] [stdout]   27:     0x55e2dbf690d5 - <core::panic::unwind_safe::AssertUnwindSafe<F> as core::ops::function::FnOnce<()>>::call_once::h76c106ea31c14d7b
[INFO] [stdout]                                at /rustc/82e1608dfa6e0b5569232559e3d385fea5a93112/library/core/src/panic/unwind_safe.rs:272:9
[INFO] [stdout]   28:     0x55e2dbf690d5 - std::panicking::try::do_call::h3bd5d0f6620ee946
[INFO] [stdout]                                at /rustc/82e1608dfa6e0b5569232559e3d385fea5a93112/library/std/src/panicking.rs:552:40
[INFO] [stdout]   29:     0x55e2dbf690d5 - std::panicking::try::h232e535e4744fe31
[INFO] [stdout]                                at /rustc/82e1608dfa6e0b5569232559e3d385fea5a93112/library/std/src/panicking.rs:516:19
[INFO] [stdout]   30:     0x55e2dbf690d5 - std::panic::catch_unwind::h3ce3bd6ca8dbac68
[INFO] [stdout]                                at /rustc/82e1608dfa6e0b5569232559e3d385fea5a93112/library/std/src/panic.rs:142:14
[INFO] [stdout]   31:     0x55e2dbf690d5 - test::run_test_in_process::hc97b257c9621286a
[INFO] [stdout]                                at /rustc/82e1608dfa6e0b5569232559e3d385fea5a93112/library/test/src/lib.rs:651:27
[INFO] [stdout]   32:     0x55e2dbf690d5 - test::run_test::{{closure}}::h2aa798823a438d38
[INFO] [stdout]                                at /rustc/82e1608dfa6e0b5569232559e3d385fea5a93112/library/test/src/lib.rs:574:43
[INFO] [stdout]   33:     0x55e2dbf31396 - test::run_test::{{closure}}::h87d231c78fb59832
[INFO] [stdout]                                at /rustc/82e1608dfa6e0b5569232559e3d385fea5a93112/library/test/src/lib.rs:602:41
[INFO] [stdout]   34:     0x55e2dbf31396 - std::sys_common::backtrace::__rust_begin_short_backtrace::he6df152596625789
[INFO] [stdout]                                at /rustc/82e1608dfa6e0b5569232559e3d385fea5a93112/library/std/src/sys_common/backtrace.rs:154:18
[INFO] [stdout]   35:     0x55e2dbf36447 - std::thread::Builder::spawn_unchecked_::{{closure}}::{{closure}}::ha94be15d1e0acf36
[INFO] [stdout]                                at /rustc/82e1608dfa6e0b5569232559e3d385fea5a93112/library/std/src/thread/mod.rs:529:17
[INFO] [stdout]   36:     0x55e2dbf36447 - <core::panic::unwind_safe::AssertUnwindSafe<F> as core::ops::function::FnOnce<()>>::call_once::h9dc6bd6372f16606
[INFO] [stdout]                                at /rustc/82e1608dfa6e0b5569232559e3d385fea5a93112/library/core/src/panic/unwind_safe.rs:272:9
[INFO] [stdout]   37:     0x55e2dbf36447 - std::panicking::try::do_call::h9057517f80303cd4
[INFO] [stdout]                                at /rustc/82e1608dfa6e0b5569232559e3d385fea5a93112/library/std/src/panicking.rs:552:40
[INFO] [stdout]   38:     0x55e2dbf36447 - std::panicking::try::he3a30b11ee45340c
[INFO] [stdout]                                at /rustc/82e1608dfa6e0b5569232559e3d385fea5a93112/library/std/src/panicking.rs:516:19
[INFO] [stdout]   39:     0x55e2dbf36447 - std::panic::catch_unwind::h410458cfd3528b8b
[INFO] [stdout]                                at /rustc/82e1608dfa6e0b5569232559e3d385fea5a93112/library/std/src/panic.rs:142:14
[INFO] [stdout]   40:     0x55e2dbf36447 - std::thread::Builder::spawn_unchecked_::{{closure}}::h72ac3bdb567b737b
[INFO] [stdout]                                at /rustc/82e1608dfa6e0b5569232559e3d385fea5a93112/library/std/src/thread/mod.rs:528:30
[INFO] [stdout]   41:     0x55e2dbf36447 - core::ops::function::FnOnce::call_once{{vtable.shim}}::h38f34da3654a8344
[INFO] [stdout]                                at /rustc/82e1608dfa6e0b5569232559e3d385fea5a93112/library/core/src/ops/function.rs:250:5
[INFO] [stdout]   42:     0x55e2dc9237a5 - <alloc::boxed::Box<F,A> as core::ops::function::FnOnce<Args>>::call_once::hc7eafaff61e32df9
[INFO] [stdout]                                at /rustc/82e1608dfa6e0b5569232559e3d385fea5a93112/library/alloc/src/boxed.rs:2007:9
[INFO] [stdout]   43:     0x55e2dc9237a5 - <alloc::boxed::Box<F,A> as core::ops::function::FnOnce<Args>>::call_once::h6ba4a5de48dd2304
[INFO] [stdout]                                at /rustc/82e1608dfa6e0b5569232559e3d385fea5a93112/library/alloc/src/boxed.rs:2007:9
[INFO] [stdout]   44:     0x55e2dc9237a5 - std::sys::unix::thread::Thread::new::thread_start::he469335aef763e45
[INFO] [stdout]                                at /rustc/82e1608dfa6e0b5569232559e3d385fea5a93112/library/std/src/sys/unix/thread.rs:108:17
[INFO] [stdout]   45:     0x7f7e2c905ac3 - <unknown>
[INFO] [stdout]   46:     0x7f7e2c996bf4 - __clone
[INFO] [stdout]   47:                0x0 - <unknown>
[INFO] [stdout] 
[INFO] [stdout] ---- app::tests::test_app_anim stdout ----
[INFO] [stdout] Error: Io(Os { code: 30, kind: ReadOnlyFilesystem, message: "Read-only file system" })
[INFO] [stdout] 
[INFO] [stdout] 
[INFO] [stdout] failures:
[INFO] [stdout]     analyze::tests::test_analyze
[INFO] [stdout]     app::tests::test_app_anim
[INFO] [stdout]     app::tests::test_app_image
[INFO] [stdout] 
[INFO] [stdout] test result: FAILED. 32 passed; 3 failed; 0 ignored; 0 measured; 0 filtered out; finished in 0.59s
[INFO] [stdout] 
[INFO] [stderr] error: test failed, to rerun pass `--bin menyoki`
[INFO] running `Command { std: "docker" "inspect" "53d96be1b1217dd57994e44f62faecc5d2d0731276055f8375ad99d96c58e68c", kill_on_drop: false }`
[INFO] running `Command { std: "docker" "rm" "-f" "53d96be1b1217dd57994e44f62faecc5d2d0731276055f8375ad99d96c58e68c", kill_on_drop: false }`
[INFO] [stdout] 53d96be1b1217dd57994e44f62faecc5d2d0731276055f8375ad99d96c58e68c
