[INFO] fetching crate melbootstrap 0.8.4...
[INFO] testing melbootstrap-0.8.4 against 1.75.0 for beta-1.76-1
[INFO] extracting crate melbootstrap 0.8.4 into /workspace/builds/worker-4-tc1/source
[INFO] validating manifest of crates.io crate melbootstrap 0.8.4 on toolchain 1.75.0
[INFO] running `Command { std: CARGO_HOME="/workspace/cargo-home" RUSTUP_HOME="/workspace/rustup-home" "/workspace/cargo-home/bin/cargo" "+1.75.0" "metadata" "--manifest-path" "Cargo.toml" "--no-deps", kill_on_drop: false }`
[INFO] started tweaking crates.io crate melbootstrap 0.8.4
[INFO] finished tweaking crates.io crate melbootstrap 0.8.4
[INFO] tweaked toml for crates.io crate melbootstrap 0.8.4 written to /workspace/builds/worker-4-tc1/source/Cargo.toml
[INFO] running `Command { std: CARGO_HOME="/workspace/cargo-home" RUSTUP_HOME="/workspace/rustup-home" "/workspace/cargo-home/bin/cargo" "+1.75.0" "generate-lockfile" "--manifest-path" "Cargo.toml", kill_on_drop: false }`
[INFO] [stderr]     Updating crates.io index
[INFO] running `Command { std: CARGO_HOME="/workspace/cargo-home" RUSTUP_HOME="/workspace/rustup-home" "/workspace/cargo-home/bin/cargo" "+1.75.0" "fetch" "--manifest-path" "Cargo.toml", kill_on_drop: false }`
[INFO] [stderr]  Downloading crates ...
[INFO] [stderr]   Downloaded ed25519-consensus v1.2.1
[INFO] [stderr]   Downloaded tmelcrypt v0.2.7
[INFO] [stderr]   Downloaded melstructs v0.3.2
[INFO] [stderr]   Downloaded subtle-ng v2.5.0
[INFO] [stderr]   Downloaded curve25519-dalek-ng v4.1.1
[INFO] [stderr]   Downloaded stdcode v0.1.14
[INFO] running `Command { std: "docker" "create" "-v" "/var/lib/crater-agent-workspace/builds/worker-4-tc1/target:/opt/rustwide/target:rw,Z" "-v" "/var/lib/crater-agent-workspace/builds/worker-4-tc1/source:/opt/rustwide/workdir:ro,Z" "-v" "/var/lib/crater-agent-workspace/cargo-home:/opt/rustwide/cargo-home:ro,Z" "-v" "/var/lib/crater-agent-workspace/rustup-home:/opt/rustwide/rustup-home:ro,Z" "-e" "SOURCE_DIR=/opt/rustwide/workdir" "-e" "CARGO_TARGET_DIR=/opt/rustwide/target" "-e" "CARGO_HOME=/opt/rustwide/cargo-home" "-e" "RUSTUP_HOME=/opt/rustwide/rustup-home" "-w" "/opt/rustwide/workdir" "-m" "1610612736" "--user" "0:0" "--network" "none" "ghcr.io/rust-lang/crates-build-env/linux@sha256:2788e3201cd34a07e3172128adcd8b3090168a8e3bcc40d7c032b9dda1df7d1c" "/opt/rustwide/cargo-home/bin/cargo" "+1.75.0" "metadata" "--no-deps" "--format-version=1", kill_on_drop: false }`
[INFO] [stdout] ec30adea4c2567b5eef920630f5a800d39c00e4e8530393d0061ae4dbc44e014
[INFO] running `Command { std: "docker" "start" "-a" "ec30adea4c2567b5eef920630f5a800d39c00e4e8530393d0061ae4dbc44e014", kill_on_drop: false }`
[INFO] running `Command { std: "docker" "inspect" "ec30adea4c2567b5eef920630f5a800d39c00e4e8530393d0061ae4dbc44e014", kill_on_drop: false }`
[INFO] running `Command { std: "docker" "rm" "-f" "ec30adea4c2567b5eef920630f5a800d39c00e4e8530393d0061ae4dbc44e014", kill_on_drop: false }`
[INFO] [stdout] ec30adea4c2567b5eef920630f5a800d39c00e4e8530393d0061ae4dbc44e014
[INFO] running `Command { std: "docker" "create" "-v" "/var/lib/crater-agent-workspace/builds/worker-4-tc1/target:/opt/rustwide/target:rw,Z" "-v" "/var/lib/crater-agent-workspace/builds/worker-4-tc1/source:/opt/rustwide/workdir:ro,Z" "-v" "/var/lib/crater-agent-workspace/cargo-home:/opt/rustwide/cargo-home:ro,Z" "-v" "/var/lib/crater-agent-workspace/rustup-home:/opt/rustwide/rustup-home:ro,Z" "-e" "SOURCE_DIR=/opt/rustwide/workdir" "-e" "CARGO_TARGET_DIR=/opt/rustwide/target" "-e" "CARGO_INCREMENTAL=0" "-e" "RUST_BACKTRACE=full" "-e" "RUSTFLAGS=--cap-lints=warn" "-e" "RUSTDOCFLAGS=--cap-lints=warn" "-e" "CARGO_HOME=/opt/rustwide/cargo-home" "-e" "RUSTUP_HOME=/opt/rustwide/rustup-home" "-w" "/opt/rustwide/workdir" "-m" "1610612736" "--user" "0:0" "--network" "none" "ghcr.io/rust-lang/crates-build-env/linux@sha256:2788e3201cd34a07e3172128adcd8b3090168a8e3bcc40d7c032b9dda1df7d1c" "/opt/rustwide/cargo-home/bin/cargo" "+1.75.0" "build" "--frozen" "--message-format=json", kill_on_drop: false }`
[INFO] [stdout] 975b907ba0433037867a190d8cd811f84769873f6a9009c8cd9a3465c90e515e
[INFO] running `Command { std: "docker" "start" "-a" "975b907ba0433037867a190d8cd811f84769873f6a9009c8cd9a3465c90e515e", kill_on_drop: false }`
[INFO] [stderr]    Compiling syn v1.0.109
[INFO] [stderr]    Compiling typenum v1.17.0
[INFO] [stderr]    Compiling ident_case v1.0.1
[INFO] [stderr]    Compiling strsim v0.10.0
[INFO] [stderr]    Compiling fnv v1.0.7
[INFO] [stderr]    Compiling equivalent v1.0.1
[INFO] [stderr]    Compiling hashbrown v0.14.3
[INFO] [stderr]    Compiling num-traits v0.2.17
[INFO] [stderr]    Compiling generic-array v0.14.7
[INFO] [stderr]    Compiling num-integer v0.1.45
[INFO] [stderr]    Compiling num-bigint v0.4.4
[INFO] [stderr]    Compiling winnow v0.5.32
[INFO] [stderr]    Compiling toml_datetime v0.6.5
[INFO] [stderr]    Compiling regex-syntax v0.8.2
[INFO] [stderr]    Compiling getrandom v0.2.11
[INFO] [stderr]    Compiling cc v1.0.83
[INFO] [stderr]    Compiling num-rational v0.4.1
[INFO] [stderr]    Compiling num-iter v0.1.43
[INFO] [stderr]    Compiling byteorder v1.5.0
[INFO] [stderr]    Compiling rand_core v0.6.4
[INFO] [stderr]    Compiling cpufeatures v0.2.12
[INFO] [stderr]    Compiling subtle-ng v2.5.0
[INFO] [stderr]    Compiling zeroize v1.7.0
[INFO] [stderr]    Compiling bincode v1.3.3
[INFO] [stderr]    Compiling derive_arbitrary v1.3.2
[INFO] [stderr]    Compiling rand_chacha v0.3.1
[INFO] [stderr]    Compiling bytes v1.5.0
[INFO] [stderr]    Compiling regex-syntax v0.6.29
[INFO] [stderr]    Compiling constant_time_eq v0.3.0
[INFO] [stderr]    Compiling arrayvec v0.7.4
[INFO] [stderr]    Compiling arrayref v0.3.7
[INFO] [stderr]    Compiling serde-big-array v0.3.3
[INFO] [stderr]    Compiling base32 v0.4.0
[INFO] [stderr]    Compiling convert_case v0.4.0
[INFO] [stderr]    Compiling rand v0.8.5
[INFO] [stderr]    Compiling serde_repr v0.1.18
[INFO] [stderr]    Compiling indexmap v2.1.0
[INFO] [stderr]    Compiling tap v1.0.1
[INFO] [stderr]    Compiling blake3 v1.5.0
[INFO] [stderr]    Compiling arbitrary v1.3.2
[INFO] [stderr]    Compiling num-complex v0.4.4
[INFO] [stderr]    Compiling digest v0.9.0
[INFO] [stderr]    Compiling block-buffer v0.9.0
[INFO] [stderr]    Compiling curve25519-dalek-ng v4.1.1
[INFO] [stderr]    Compiling sha2 v0.9.9
[INFO] [stderr]    Compiling regex-automata v0.4.3
[INFO] [stderr]    Compiling toml_edit v0.19.15
[INFO] [stderr]    Compiling ed25519-consensus v1.2.1
[INFO] [stderr]    Compiling proc-macro-crate v1.3.1
[INFO] [stderr]    Compiling num v0.4.1
[INFO] [stderr]    Compiling darling_core v0.13.4
[INFO] [stderr]    Compiling regex v1.10.2
[INFO] [stderr]    Compiling structmeta-derive v0.1.6
[INFO] [stderr]    Compiling num_enum_derive v0.5.11
[INFO] [stderr]    Compiling derivative v2.2.0
[INFO] [stderr]    Compiling derive_more v0.99.17
[INFO] [stderr]    Compiling darling_macro v0.13.4
[INFO] [stderr]    Compiling num_enum v0.5.11
[INFO] [stderr]    Compiling structmeta v0.1.6
[INFO] [stderr]    Compiling parse-display-derive v0.5.5
[INFO] [stderr]    Compiling darling v0.13.4
[INFO] [stderr]    Compiling serde_with_macros v1.5.2
[INFO] [stderr]    Compiling serde_with v1.14.0
[INFO] [stderr]    Compiling parse-display v0.5.5
[INFO] [stderr]    Compiling stdcode v0.1.14
[INFO] [stderr]    Compiling tmelcrypt v0.2.7
[INFO] [stderr]    Compiling melstructs v0.3.2
[INFO] [stderr]    Compiling melbootstrap v0.8.4 (/opt/rustwide/workdir)
[INFO] [stderr]     Finished dev [unoptimized + debuginfo] target(s) in 9.09s
[INFO] running `Command { std: "docker" "inspect" "975b907ba0433037867a190d8cd811f84769873f6a9009c8cd9a3465c90e515e", kill_on_drop: false }`
[INFO] running `Command { std: "docker" "rm" "-f" "975b907ba0433037867a190d8cd811f84769873f6a9009c8cd9a3465c90e515e", kill_on_drop: false }`
[INFO] [stdout] 975b907ba0433037867a190d8cd811f84769873f6a9009c8cd9a3465c90e515e
[INFO] running `Command { std: "docker" "create" "-v" "/var/lib/crater-agent-workspace/builds/worker-4-tc1/target:/opt/rustwide/target:rw,Z" "-v" "/var/lib/crater-agent-workspace/builds/worker-4-tc1/source:/opt/rustwide/workdir:ro,Z" "-v" "/var/lib/crater-agent-workspace/cargo-home:/opt/rustwide/cargo-home:ro,Z" "-v" "/var/lib/crater-agent-workspace/rustup-home:/opt/rustwide/rustup-home:ro,Z" "-e" "SOURCE_DIR=/opt/rustwide/workdir" "-e" "CARGO_TARGET_DIR=/opt/rustwide/target" "-e" "CARGO_INCREMENTAL=0" "-e" "RUST_BACKTRACE=full" "-e" "RUSTFLAGS=--cap-lints=warn" "-e" "RUSTDOCFLAGS=--cap-lints=warn" "-e" "CARGO_HOME=/opt/rustwide/cargo-home" "-e" "RUSTUP_HOME=/opt/rustwide/rustup-home" "-w" "/opt/rustwide/workdir" "-m" "1610612736" "--user" "0:0" "--network" "none" "ghcr.io/rust-lang/crates-build-env/linux@sha256:2788e3201cd34a07e3172128adcd8b3090168a8e3bcc40d7c032b9dda1df7d1c" "/opt/rustwide/cargo-home/bin/cargo" "+1.75.0" "test" "--frozen" "--no-run" "--message-format=json", kill_on_drop: false }`
[INFO] [stdout] 68cc9f9cc73ed824f0dbc064f7796a492ead6f59a8a216f7f74fd91e3dc3b39d
[INFO] running `Command { std: "docker" "start" "-a" "68cc9f9cc73ed824f0dbc064f7796a492ead6f59a8a216f7f74fd91e3dc3b39d", kill_on_drop: false }`
[INFO] [stderr]    Compiling melbootstrap v0.8.4 (/opt/rustwide/workdir)
[INFO] [stderr]     Finished test [unoptimized + debuginfo] target(s) in 0.47s
[INFO] running `Command { std: "docker" "inspect" "68cc9f9cc73ed824f0dbc064f7796a492ead6f59a8a216f7f74fd91e3dc3b39d", kill_on_drop: false }`
[INFO] running `Command { std: "docker" "rm" "-f" "68cc9f9cc73ed824f0dbc064f7796a492ead6f59a8a216f7f74fd91e3dc3b39d", kill_on_drop: false }`
[INFO] [stdout] 68cc9f9cc73ed824f0dbc064f7796a492ead6f59a8a216f7f74fd91e3dc3b39d
[INFO] running `Command { std: "docker" "create" "-v" "/var/lib/crater-agent-workspace/builds/worker-4-tc1/target:/opt/rustwide/target:rw,Z" "-v" "/var/lib/crater-agent-workspace/builds/worker-4-tc1/source:/opt/rustwide/workdir:ro,Z" "-v" "/var/lib/crater-agent-workspace/cargo-home:/opt/rustwide/cargo-home:ro,Z" "-v" "/var/lib/crater-agent-workspace/rustup-home:/opt/rustwide/rustup-home:ro,Z" "-e" "SOURCE_DIR=/opt/rustwide/workdir" "-e" "CARGO_TARGET_DIR=/opt/rustwide/target" "-e" "CARGO_INCREMENTAL=0" "-e" "RUST_BACKTRACE=full" "-e" "RUSTFLAGS=--cap-lints=warn" "-e" "RUSTDOCFLAGS=--cap-lints=warn" "-e" "CARGO_HOME=/opt/rustwide/cargo-home" "-e" "RUSTUP_HOME=/opt/rustwide/rustup-home" "-w" "/opt/rustwide/workdir" "-m" "1610612736" "--user" "0:0" "--network" "none" "ghcr.io/rust-lang/crates-build-env/linux@sha256:2788e3201cd34a07e3172128adcd8b3090168a8e3bcc40d7c032b9dda1df7d1c" "/opt/rustwide/cargo-home/bin/cargo" "+1.75.0" "test" "--frozen", kill_on_drop: false }`
[INFO] [stdout] be3743f7c1b9571b528df9c0fdb70df217839aa281af52136c1c0455a7a71861
[INFO] running `Command { std: "docker" "start" "-a" "be3743f7c1b9571b528df9c0fdb70df217839aa281af52136c1c0455a7a71861", kill_on_drop: false }`
[INFO] [stderr]     Finished test [unoptimized + debuginfo] target(s) in 0.05s
[INFO] [stderr]      Running unittests src/lib.rs (/opt/rustwide/target/debug/deps/melbootstrap-305a9adbe3465b8e)
[INFO] [stdout] 
[INFO] [stdout] running 1 test
[INFO] [stdout] test tests::get_bootstrap ... FAILED
[INFO] [stdout] 
[INFO] [stdout] failures:
[INFO] [stdout] 
[INFO] [stdout] ---- tests::get_bootstrap stdout ----
[INFO] [stdout] thread 'tests::get_bootstrap' panicked at src/lib.rs:55:9:
[INFO] [stdout] assertion failed: !bootstrap_routes(NetID::Mainnet).is_empty()
[INFO] [stdout] stack backtrace:
[INFO] [stdout]    0:     0x5612e8b4337c - std::backtrace_rs::backtrace::libunwind::trace::ha637c64ce894333a
[INFO] [stdout]                                at /rustc/82e1608dfa6e0b5569232559e3d385fea5a93112/library/std/src/../../backtrace/src/backtrace/libunwind.rs:104:5
[INFO] [stdout]    1:     0x5612e8b4337c - std::backtrace_rs::backtrace::trace_unsynchronized::h47f62dea28e0c88d
[INFO] [stdout]                                at /rustc/82e1608dfa6e0b5569232559e3d385fea5a93112/library/std/src/../../backtrace/src/backtrace/mod.rs:66:5
[INFO] [stdout]    2:     0x5612e8b4337c - std::sys_common::backtrace::_print_fmt::h9eef0abe20ede486
[INFO] [stdout]                                at /rustc/82e1608dfa6e0b5569232559e3d385fea5a93112/library/std/src/sys_common/backtrace.rs:67:5
[INFO] [stdout]    3:     0x5612e8b4337c - <std::sys_common::backtrace::_print::DisplayBacktrace as core::fmt::Display>::fmt::hed7f999df88cc644
[INFO] [stdout]                                at /rustc/82e1608dfa6e0b5569232559e3d385fea5a93112/library/std/src/sys_common/backtrace.rs:44:22
[INFO] [stdout]    4:     0x5612e8b6e580 - core::fmt::rt::Argument::fmt::h1539a9308b8d058d
[INFO] [stdout]                                at /rustc/82e1608dfa6e0b5569232559e3d385fea5a93112/library/core/src/fmt/rt.rs:142:9
[INFO] [stdout]    5:     0x5612e8b6e580 - core::fmt::write::h3a39390d8560d9c9
[INFO] [stdout]                                at /rustc/82e1608dfa6e0b5569232559e3d385fea5a93112/library/core/src/fmt/mod.rs:1120:17
[INFO] [stdout]    6:     0x5612e8b4096f - std::io::Write::write_fmt::h040b369f3a0f9cbc
[INFO] [stdout]                                at /rustc/82e1608dfa6e0b5569232559e3d385fea5a93112/library/std/src/io/mod.rs:1762:15
[INFO] [stdout]    7:     0x5612e8b43164 - std::sys_common::backtrace::_print::h894006fb5c6f3d45
[INFO] [stdout]                                at /rustc/82e1608dfa6e0b5569232559e3d385fea5a93112/library/std/src/sys_common/backtrace.rs:47:5
[INFO] [stdout]    8:     0x5612e8b43164 - std::sys_common::backtrace::print::h23a2d212c6fff936
[INFO] [stdout]                                at /rustc/82e1608dfa6e0b5569232559e3d385fea5a93112/library/std/src/sys_common/backtrace.rs:34:9
[INFO] [stdout]    9:     0x5612e8b44e27 - std::panicking::default_hook::{{closure}}::h8a1d2ee00185001a
[INFO] [stdout]   10:     0x5612e8b44b13 - std::panicking::default_hook::h6038f2eba384e475
[INFO] [stdout]                                at /rustc/82e1608dfa6e0b5569232559e3d385fea5a93112/library/std/src/panicking.rs:289:9
[INFO] [stdout]   11:     0x5612e8b10127 - <alloc::boxed::Box<F,A> as core::ops::function::Fn<Args>>::call::h0ad024c9bdc6d768
[INFO] [stdout]                                at /rustc/82e1608dfa6e0b5569232559e3d385fea5a93112/library/alloc/src/boxed.rs:2021:9
[INFO] [stdout]   12:     0x5612e8b10127 - test::test_main::{{closure}}::h7500b54257359db6
[INFO] [stdout]                                at /rustc/82e1608dfa6e0b5569232559e3d385fea5a93112/library/test/src/lib.rs:138:21
[INFO] [stdout]   13:     0x5612e8b45438 - <alloc::boxed::Box<F,A> as core::ops::function::Fn<Args>>::call::h1f8f335eaa9cfaee
[INFO] [stdout]                                at /rustc/82e1608dfa6e0b5569232559e3d385fea5a93112/library/alloc/src/boxed.rs:2021:9
[INFO] [stdout]   14:     0x5612e8b45438 - std::panicking::rust_panic_with_hook::h2b5517d590cab22e
[INFO] [stdout]                                at /rustc/82e1608dfa6e0b5569232559e3d385fea5a93112/library/std/src/panicking.rs:783:13
[INFO] [stdout]   15:     0x5612e8b45159 - std::panicking::begin_panic_handler::{{closure}}::h233112c06e0ef43e
[INFO] [stdout]                                at /rustc/82e1608dfa6e0b5569232559e3d385fea5a93112/library/std/src/panicking.rs:649:13
[INFO] [stdout]   16:     0x5612e8b43846 - std::sys_common::backtrace::__rust_end_short_backtrace::h6e893f24d7ebbff8
[INFO] [stdout]                                at /rustc/82e1608dfa6e0b5569232559e3d385fea5a93112/library/std/src/sys_common/backtrace.rs:170:18
[INFO] [stdout]   17:     0x5612e8b44ef2 - rust_begin_unwind
[INFO] [stdout]                                at /rustc/82e1608dfa6e0b5569232559e3d385fea5a93112/library/std/src/panicking.rs:645:5
[INFO] [stdout]   18:     0x5612e8ad8e85 - core::panicking::panic_fmt::hbf0e066aabfa482c
[INFO] [stdout]                                at /rustc/82e1608dfa6e0b5569232559e3d385fea5a93112/library/core/src/panicking.rs:72:14
[INFO] [stdout]   19:     0x5612e8ad8f23 - core::panicking::panic::h195fc2a96298d4c3
[INFO] [stdout]                                at /rustc/82e1608dfa6e0b5569232559e3d385fea5a93112/library/core/src/panicking.rs:127:5
[INFO] [stdout]   20:     0x5612e8adc6df - melbootstrap::tests::get_bootstrap::hbe03a5a8e43d982f
[INFO] [stdout]                                at /opt/rustwide/workdir/src/lib.rs:55:9
[INFO] [stdout]   21:     0x5612e8adc617 - melbootstrap::tests::get_bootstrap::{{closure}}::h661332118b411589
[INFO] [stdout]                                at /opt/rustwide/workdir/src/lib.rs:54:23
[INFO] [stdout]   22:     0x5612e8ada106 - core::ops::function::FnOnce::call_once::h339d659ec53f189e
[INFO] [stdout]                                at /rustc/82e1608dfa6e0b5569232559e3d385fea5a93112/library/core/src/ops/function.rs:250:5
[INFO] [stdout]   23:     0x5612e8b1577f - core::ops::function::FnOnce::call_once::h2b5d431d5046312d
[INFO] [stdout]                                at /rustc/82e1608dfa6e0b5569232559e3d385fea5a93112/library/core/src/ops/function.rs:250:5
[INFO] [stdout]   24:     0x5612e8b1577f - test::__rust_begin_short_backtrace::h7714669af176e207
[INFO] [stdout]                                at /rustc/82e1608dfa6e0b5569232559e3d385fea5a93112/library/test/src/lib.rs:628:18
[INFO] [stdout]   25:     0x5612e8b14795 - test::run_test_in_process::{{closure}}::h85218797dcbcec12
[INFO] [stdout]                                at /rustc/82e1608dfa6e0b5569232559e3d385fea5a93112/library/test/src/lib.rs:651:60
[INFO] [stdout]   26:     0x5612e8b14795 - <core::panic::unwind_safe::AssertUnwindSafe<F> as core::ops::function::FnOnce<()>>::call_once::h76c106ea31c14d7b
[INFO] [stdout]                                at /rustc/82e1608dfa6e0b5569232559e3d385fea5a93112/library/core/src/panic/unwind_safe.rs:272:9
[INFO] [stdout]   27:     0x5612e8b14795 - std::panicking::try::do_call::h3bd5d0f6620ee946
[INFO] [stdout]                                at /rustc/82e1608dfa6e0b5569232559e3d385fea5a93112/library/std/src/panicking.rs:552:40
[INFO] [stdout]   28:     0x5612e8b14795 - std::panicking::try::h232e535e4744fe31
[INFO] [stdout]                                at /rustc/82e1608dfa6e0b5569232559e3d385fea5a93112/library/std/src/panicking.rs:516:19
[INFO] [stdout]   29:     0x5612e8b14795 - std::panic::catch_unwind::h3ce3bd6ca8dbac68
[INFO] [stdout]                                at /rustc/82e1608dfa6e0b5569232559e3d385fea5a93112/library/std/src/panic.rs:142:14
[INFO] [stdout]   30:     0x5612e8b14795 - test::run_test_in_process::hc97b257c9621286a
[INFO] [stdout]                                at /rustc/82e1608dfa6e0b5569232559e3d385fea5a93112/library/test/src/lib.rs:651:27
[INFO] [stdout]   31:     0x5612e8b14795 - test::run_test::{{closure}}::h2aa798823a438d38
[INFO] [stdout]                                at /rustc/82e1608dfa6e0b5569232559e3d385fea5a93112/library/test/src/lib.rs:574:43
[INFO] [stdout]   32:     0x5612e8adca56 - test::run_test::{{closure}}::h87d231c78fb59832
[INFO] [stdout]                                at /rustc/82e1608dfa6e0b5569232559e3d385fea5a93112/library/test/src/lib.rs:602:41
[INFO] [stdout]   33:     0x5612e8adca56 - std::sys_common::backtrace::__rust_begin_short_backtrace::he6df152596625789
[INFO] [stdout]                                at /rustc/82e1608dfa6e0b5569232559e3d385fea5a93112/library/std/src/sys_common/backtrace.rs:154:18
[INFO] [stdout]   34:     0x5612e8ae1b07 - std::thread::Builder::spawn_unchecked_::{{closure}}::{{closure}}::ha94be15d1e0acf36
[INFO] [stdout]                                at /rustc/82e1608dfa6e0b5569232559e3d385fea5a93112/library/std/src/thread/mod.rs:529:17
[INFO] [stdout]   35:     0x5612e8ae1b07 - <core::panic::unwind_safe::AssertUnwindSafe<F> as core::ops::function::FnOnce<()>>::call_once::h9dc6bd6372f16606
[INFO] [stdout]                                at /rustc/82e1608dfa6e0b5569232559e3d385fea5a93112/library/core/src/panic/unwind_safe.rs:272:9
[INFO] [stdout]   36:     0x5612e8ae1b07 - std::panicking::try::do_call::h9057517f80303cd4
[INFO] [stdout]                                at /rustc/82e1608dfa6e0b5569232559e3d385fea5a93112/library/std/src/panicking.rs:552:40
[INFO] [stdout]   37:     0x5612e8ae1b07 - std::panicking::try::he3a30b11ee45340c
[INFO] [stdout]                                at /rustc/82e1608dfa6e0b5569232559e3d385fea5a93112/library/std/src/panicking.rs:516:19
[INFO] [stdout]   38:     0x5612e8ae1b07 - std::panic::catch_unwind::h410458cfd3528b8b
[INFO] [stdout]                                at /rustc/82e1608dfa6e0b5569232559e3d385fea5a93112/library/std/src/panic.rs:142:14
[INFO] [stdout]   39:     0x5612e8ae1b07 - std::thread::Builder::spawn_unchecked_::{{closure}}::h72ac3bdb567b737b
[INFO] [stdout]                                at /rustc/82e1608dfa6e0b5569232559e3d385fea5a93112/library/std/src/thread/mod.rs:528:30
[INFO] [stdout]   40:     0x5612e8ae1b07 - core::ops::function::FnOnce::call_once{{vtable.shim}}::h38f34da3654a8344
[INFO] [stdout]                                at /rustc/82e1608dfa6e0b5569232559e3d385fea5a93112/library/core/src/ops/function.rs:250:5
[INFO] [stdout]   41:     0x5612e8b49ec5 - <alloc::boxed::Box<F,A> as core::ops::function::FnOnce<Args>>::call_once::hc7eafaff61e32df9
[INFO] [stdout]                                at /rustc/82e1608dfa6e0b5569232559e3d385fea5a93112/library/alloc/src/boxed.rs:2007:9
[INFO] [stdout]   42:     0x5612e8b49ec5 - <alloc::boxed::Box<F,A> as core::ops::function::FnOnce<Args>>::call_once::h6ba4a5de48dd2304
[INFO] [stdout]                                at /rustc/82e1608dfa6e0b5569232559e3d385fea5a93112/library/alloc/src/boxed.rs:2007:9
[INFO] [stdout]   43:     0x5612e8b49ec5 - std::sys::unix::thread::Thread::new::thread_start::he469335aef763e45
[INFO] [stdout]                                at /rustc/82e1608dfa6e0b5569232559e3d385fea5a93112/library/std/src/sys/unix/thread.rs:108:17
[INFO] [stdout]   44:     0x7f9520e32ac3 - <unknown>
[INFO] [stdout]   45:     0x7f9520ec3bf4 - __clone
[INFO] [stdout]   46:                0x0 - <unknown>
[INFO] [stdout] 
[INFO] [stdout] 
[INFO] [stdout] failures:
[INFO] [stdout]     tests::get_bootstrap
[INFO] [stdout] 
[INFO] [stdout] test result: FAILED. 0 passed; 1 failed; 0 ignored; 0 measured; 0 filtered out; finished in 0.02s
[INFO] [stdout] 
[INFO] [stderr] error: test failed, to rerun pass `--lib`
[INFO] running `Command { std: "docker" "inspect" "be3743f7c1b9571b528df9c0fdb70df217839aa281af52136c1c0455a7a71861", kill_on_drop: false }`
[INFO] running `Command { std: "docker" "rm" "-f" "be3743f7c1b9571b528df9c0fdb70df217839aa281af52136c1c0455a7a71861", kill_on_drop: false }`
[INFO] [stdout] be3743f7c1b9571b528df9c0fdb70df217839aa281af52136c1c0455a7a71861
[INFO] testing melbootstrap-0.8.4 against beta-2023-12-22 for beta-1.76-1
[INFO] extracting crate melbootstrap 0.8.4 into /workspace/builds/worker-4-tc2/source
[INFO] validating manifest of crates.io crate melbootstrap 0.8.4 on toolchain beta-2023-12-22
[INFO] running `Command { std: CARGO_HOME="/workspace/cargo-home" RUSTUP_HOME="/workspace/rustup-home" "/workspace/cargo-home/bin/cargo" "+beta-2023-12-22" "metadata" "--manifest-path" "Cargo.toml" "--no-deps", kill_on_drop: false }`
[INFO] started tweaking crates.io crate melbootstrap 0.8.4
[INFO] finished tweaking crates.io crate melbootstrap 0.8.4
[INFO] tweaked toml for crates.io crate melbootstrap 0.8.4 written to /workspace/builds/worker-4-tc2/source/Cargo.toml
[INFO] running `Command { std: CARGO_HOME="/workspace/cargo-home" RUSTUP_HOME="/workspace/rustup-home" "/workspace/cargo-home/bin/cargo" "+beta-2023-12-22" "generate-lockfile" "--manifest-path" "Cargo.toml", kill_on_drop: false }`
[INFO] [stderr]     Updating crates.io index
[INFO] running `Command { std: CARGO_HOME="/workspace/cargo-home" RUSTUP_HOME="/workspace/rustup-home" "/workspace/cargo-home/bin/cargo" "+beta-2023-12-22" "fetch" "--manifest-path" "Cargo.toml", kill_on_drop: false }`
[INFO] running `Command { std: "docker" "create" "-v" "/var/lib/crater-agent-workspace/builds/worker-4-tc2/target:/opt/rustwide/target:rw,Z" "-v" "/var/lib/crater-agent-workspace/builds/worker-4-tc2/source:/opt/rustwide/workdir:ro,Z" "-v" "/var/lib/crater-agent-workspace/cargo-home:/opt/rustwide/cargo-home:ro,Z" "-v" "/var/lib/crater-agent-workspace/rustup-home:/opt/rustwide/rustup-home:ro,Z" "-e" "SOURCE_DIR=/opt/rustwide/workdir" "-e" "CARGO_TARGET_DIR=/opt/rustwide/target" "-e" "CARGO_HOME=/opt/rustwide/cargo-home" "-e" "RUSTUP_HOME=/opt/rustwide/rustup-home" "-w" "/opt/rustwide/workdir" "-m" "1610612736" "--user" "0:0" "--network" "none" "ghcr.io/rust-lang/crates-build-env/linux@sha256:2788e3201cd34a07e3172128adcd8b3090168a8e3bcc40d7c032b9dda1df7d1c" "/opt/rustwide/cargo-home/bin/cargo" "+beta-2023-12-22" "metadata" "--no-deps" "--format-version=1", kill_on_drop: false }`
[INFO] [stdout] 6e63cd475e99110e691c1374f1050155df3e9069581edf2c3aa9ec5619867271
[INFO] running `Command { std: "docker" "start" "-a" "6e63cd475e99110e691c1374f1050155df3e9069581edf2c3aa9ec5619867271", kill_on_drop: false }`
[INFO] running `Command { std: "docker" "inspect" "6e63cd475e99110e691c1374f1050155df3e9069581edf2c3aa9ec5619867271", kill_on_drop: false }`
[INFO] running `Command { std: "docker" "rm" "-f" "6e63cd475e99110e691c1374f1050155df3e9069581edf2c3aa9ec5619867271", kill_on_drop: false }`
[INFO] [stdout] 6e63cd475e99110e691c1374f1050155df3e9069581edf2c3aa9ec5619867271
[INFO] running `Command { std: "docker" "create" "-v" "/var/lib/crater-agent-workspace/builds/worker-4-tc2/target:/opt/rustwide/target:rw,Z" "-v" "/var/lib/crater-agent-workspace/builds/worker-4-tc2/source:/opt/rustwide/workdir:ro,Z" "-v" "/var/lib/crater-agent-workspace/cargo-home:/opt/rustwide/cargo-home:ro,Z" "-v" "/var/lib/crater-agent-workspace/rustup-home:/opt/rustwide/rustup-home:ro,Z" "-e" "SOURCE_DIR=/opt/rustwide/workdir" "-e" "CARGO_TARGET_DIR=/opt/rustwide/target" "-e" "CARGO_INCREMENTAL=0" "-e" "RUST_BACKTRACE=full" "-e" "RUSTFLAGS=--cap-lints=warn" "-e" "RUSTDOCFLAGS=--cap-lints=warn" "-e" "CARGO_HOME=/opt/rustwide/cargo-home" "-e" "RUSTUP_HOME=/opt/rustwide/rustup-home" "-w" "/opt/rustwide/workdir" "-m" "1610612736" "--user" "0:0" "--network" "none" "ghcr.io/rust-lang/crates-build-env/linux@sha256:2788e3201cd34a07e3172128adcd8b3090168a8e3bcc40d7c032b9dda1df7d1c" "/opt/rustwide/cargo-home/bin/cargo" "+beta-2023-12-22" "build" "--frozen" "--message-format=json", kill_on_drop: false }`
[INFO] [stdout] a226abc139812b8e2f8bb5148a7eab7bbe4ff9d0e807897579a78d90c128bc51
[INFO] running `Command { std: "docker" "start" "-a" "a226abc139812b8e2f8bb5148a7eab7bbe4ff9d0e807897579a78d90c128bc51", kill_on_drop: false }`
[INFO] [stderr]    Compiling syn v1.0.109
[INFO] [stderr]    Compiling typenum v1.17.0
[INFO] [stderr]    Compiling fnv v1.0.7
[INFO] [stderr]    Compiling strsim v0.10.0
[INFO] [stderr]    Compiling ident_case v1.0.1
[INFO] [stderr]    Compiling hashbrown v0.14.3
[INFO] [stderr]    Compiling equivalent v1.0.1
[INFO] [stderr]    Compiling num-traits v0.2.17
[INFO] [stderr]    Compiling generic-array v0.14.7
[INFO] [stderr]    Compiling num-integer v0.1.45
[INFO] [stderr]    Compiling num-bigint v0.4.4
[INFO] [stderr]    Compiling winnow v0.5.32
[INFO] [stderr]    Compiling toml_datetime v0.6.5
[INFO] [stderr]    Compiling regex-syntax v0.8.2
[INFO] [stderr]    Compiling getrandom v0.2.11
[INFO] [stderr]    Compiling cc v1.0.83
[INFO] [stderr]    Compiling num-rational v0.4.1
[INFO] [stderr]    Compiling num-iter v0.1.43
[INFO] [stderr]    Compiling byteorder v1.5.0
[INFO] [stderr]    Compiling rand_core v0.6.4
[INFO] [stderr]    Compiling cpufeatures v0.2.12
[INFO] [stderr]    Compiling zeroize v1.7.0
[INFO] [stderr]    Compiling subtle-ng v2.5.0
[INFO] [stderr]    Compiling bincode v1.3.3
[INFO] [stderr]    Compiling derive_arbitrary v1.3.2
[INFO] [stderr]    Compiling rand_chacha v0.3.1
[INFO] [stderr]    Compiling bytes v1.5.0
[INFO] [stderr]    Compiling arrayvec v0.7.4
[INFO] [stderr]    Compiling regex-syntax v0.6.29
[INFO] [stderr]    Compiling arrayref v0.3.7
[INFO] [stderr]    Compiling constant_time_eq v0.3.0
[INFO] [stderr]    Compiling serde-big-array v0.3.3
[INFO] [stderr]    Compiling rand v0.8.5
[INFO] [stderr]    Compiling convert_case v0.4.0
[INFO] [stderr]    Compiling indexmap v2.1.0
[INFO] [stderr]    Compiling base32 v0.4.0
[INFO] [stderr]    Compiling serde_repr v0.1.18
[INFO] [stderr]    Compiling tap v1.0.1
[INFO] [stderr]    Compiling blake3 v1.5.0
[INFO] [stderr]    Compiling arbitrary v1.3.2
[INFO] [stderr]    Compiling num-complex v0.4.4
[INFO] [stderr]    Compiling toml_edit v0.19.15
[INFO] [stderr]    Compiling digest v0.9.0
[INFO] [stderr]    Compiling block-buffer v0.9.0
[INFO] [stderr]    Compiling curve25519-dalek-ng v4.1.1
[INFO] [stderr]    Compiling sha2 v0.9.9
[INFO] [stderr]    Compiling regex-automata v0.4.3
[INFO] [stderr]    Compiling ed25519-consensus v1.2.1
[INFO] [stderr]    Compiling proc-macro-crate v1.3.1
[INFO] [stderr]    Compiling num v0.4.1
[INFO] [stderr]    Compiling darling_core v0.13.4
[INFO] [stderr]    Compiling regex v1.10.2
[INFO] [stderr]    Compiling structmeta-derive v0.1.6
[INFO] [stderr]    Compiling num_enum_derive v0.5.11
[INFO] [stderr]    Compiling derivative v2.2.0
[INFO] [stderr]    Compiling derive_more v0.99.17
[INFO] [stderr]    Compiling darling_macro v0.13.4
[INFO] [stderr]    Compiling num_enum v0.5.11
[INFO] [stderr]    Compiling structmeta v0.1.6
[INFO] [stderr]    Compiling parse-display-derive v0.5.5
[INFO] [stderr]    Compiling darling v0.13.4
[INFO] [stderr]    Compiling serde_with_macros v1.5.2
[INFO] [stderr]    Compiling serde_with v1.14.0
[INFO] [stderr]    Compiling stdcode v0.1.14
[INFO] [stderr]    Compiling parse-display v0.5.5
[INFO] [stderr]    Compiling tmelcrypt v0.2.7
[INFO] [stderr]    Compiling melstructs v0.3.2
[INFO] [stderr]    Compiling melbootstrap v0.8.4 (/opt/rustwide/workdir)
[INFO] [stderr]     Finished dev [unoptimized + debuginfo] target(s) in 9.87s
[INFO] running `Command { std: "docker" "inspect" "a226abc139812b8e2f8bb5148a7eab7bbe4ff9d0e807897579a78d90c128bc51", kill_on_drop: false }`
[INFO] running `Command { std: "docker" "rm" "-f" "a226abc139812b8e2f8bb5148a7eab7bbe4ff9d0e807897579a78d90c128bc51", kill_on_drop: false }`
[INFO] [stdout] a226abc139812b8e2f8bb5148a7eab7bbe4ff9d0e807897579a78d90c128bc51
[INFO] running `Command { std: "docker" "create" "-v" "/var/lib/crater-agent-workspace/builds/worker-4-tc2/target:/opt/rustwide/target:rw,Z" "-v" "/var/lib/crater-agent-workspace/builds/worker-4-tc2/source:/opt/rustwide/workdir:ro,Z" "-v" "/var/lib/crater-agent-workspace/cargo-home:/opt/rustwide/cargo-home:ro,Z" "-v" "/var/lib/crater-agent-workspace/rustup-home:/opt/rustwide/rustup-home:ro,Z" "-e" "SOURCE_DIR=/opt/rustwide/workdir" "-e" "CARGO_TARGET_DIR=/opt/rustwide/target" "-e" "CARGO_INCREMENTAL=0" "-e" "RUST_BACKTRACE=full" "-e" "RUSTFLAGS=--cap-lints=warn" "-e" "RUSTDOCFLAGS=--cap-lints=warn" "-e" "CARGO_HOME=/opt/rustwide/cargo-home" "-e" "RUSTUP_HOME=/opt/rustwide/rustup-home" "-w" "/opt/rustwide/workdir" "-m" "1610612736" "--user" "0:0" "--network" "none" "ghcr.io/rust-lang/crates-build-env/linux@sha256:2788e3201cd34a07e3172128adcd8b3090168a8e3bcc40d7c032b9dda1df7d1c" "/opt/rustwide/cargo-home/bin/cargo" "+beta-2023-12-22" "test" "--frozen" "--no-run" "--message-format=json", kill_on_drop: false }`
[INFO] [stdout] f38d7ad258d2d39051685c430a3d81943fbfb542b785f73870b2eda2ec1f9270
[INFO] running `Command { std: "docker" "start" "-a" "f38d7ad258d2d39051685c430a3d81943fbfb542b785f73870b2eda2ec1f9270", kill_on_drop: false }`
[INFO] [stderr]    Compiling melbootstrap v0.8.4 (/opt/rustwide/workdir)
[INFO] [stderr]     Finished test [unoptimized + debuginfo] target(s) in 0.45s
[INFO] running `Command { std: "docker" "inspect" "f38d7ad258d2d39051685c430a3d81943fbfb542b785f73870b2eda2ec1f9270", kill_on_drop: false }`
[INFO] running `Command { std: "docker" "rm" "-f" "f38d7ad258d2d39051685c430a3d81943fbfb542b785f73870b2eda2ec1f9270", kill_on_drop: false }`
[INFO] [stdout] f38d7ad258d2d39051685c430a3d81943fbfb542b785f73870b2eda2ec1f9270
[INFO] running `Command { std: "docker" "create" "-v" "/var/lib/crater-agent-workspace/builds/worker-4-tc2/target:/opt/rustwide/target:rw,Z" "-v" "/var/lib/crater-agent-workspace/builds/worker-4-tc2/source:/opt/rustwide/workdir:ro,Z" "-v" "/var/lib/crater-agent-workspace/cargo-home:/opt/rustwide/cargo-home:ro,Z" "-v" "/var/lib/crater-agent-workspace/rustup-home:/opt/rustwide/rustup-home:ro,Z" "-e" "SOURCE_DIR=/opt/rustwide/workdir" "-e" "CARGO_TARGET_DIR=/opt/rustwide/target" "-e" "CARGO_INCREMENTAL=0" "-e" "RUST_BACKTRACE=full" "-e" "RUSTFLAGS=--cap-lints=warn" "-e" "RUSTDOCFLAGS=--cap-lints=warn" "-e" "CARGO_HOME=/opt/rustwide/cargo-home" "-e" "RUSTUP_HOME=/opt/rustwide/rustup-home" "-w" "/opt/rustwide/workdir" "-m" "1610612736" "--user" "0:0" "--network" "none" "ghcr.io/rust-lang/crates-build-env/linux@sha256:2788e3201cd34a07e3172128adcd8b3090168a8e3bcc40d7c032b9dda1df7d1c" "/opt/rustwide/cargo-home/bin/cargo" "+beta-2023-12-22" "test" "--frozen", kill_on_drop: false }`
[INFO] [stdout] 45e1428a9707063ab926ba6d8faffa786deb03c0c64910f408fae48b2d4f02b1
[INFO] running `Command { std: "docker" "start" "-a" "45e1428a9707063ab926ba6d8faffa786deb03c0c64910f408fae48b2d4f02b1", kill_on_drop: false }`
[INFO] [stderr]     Finished test [unoptimized + debuginfo] target(s) in 0.05s
[INFO] [stderr]      Running unittests src/lib.rs (/opt/rustwide/target/debug/deps/melbootstrap-bd02e899e906d633)
[INFO] [stdout] 
[INFO] [stdout] running 1 test
[INFO] [stdout] test tests::get_bootstrap ... FAILED
[INFO] [stdout] 
[INFO] [stdout] failures:
[INFO] [stdout] 
[INFO] [stdout] ---- tests::get_bootstrap stdout ----
[INFO] [stdout] thread 'tests::get_bootstrap' panicked at src/lib.rs:55:9:
[INFO] [stdout] assertion failed: !bootstrap_routes(NetID::Mainnet).is_empty()
[INFO] [stdout] stack backtrace:
[INFO] [stdout]    0:     0x5647a2c1c646 - std::backtrace_rs::backtrace::libunwind::trace::h261606ad26a499c1
[INFO] [stdout]                                at /rustc/0e09125c6c3c2fd70d7de961bcf0e51575235fad/library/std/src/../../backtrace/src/backtrace/libunwind.rs:104:5
[INFO] [stdout]    1:     0x5647a2c1c646 - std::backtrace_rs::backtrace::trace_unsynchronized::hd183f0625477fb28
[INFO] [stdout]                                at /rustc/0e09125c6c3c2fd70d7de961bcf0e51575235fad/library/std/src/../../backtrace/src/backtrace/mod.rs:66:5
[INFO] [stdout]    2:     0x5647a2c1c646 - std::sys_common::backtrace::_print_fmt::hd7f8fef21b4eda67
[INFO] [stdout]                                at /rustc/0e09125c6c3c2fd70d7de961bcf0e51575235fad/library/std/src/sys_common/backtrace.rs:68:5
[INFO] [stdout]    3:     0x5647a2c1c646 - <std::sys_common::backtrace::_print::DisplayBacktrace as core::fmt::Display>::fmt::h623d9b51f2f453f1
[INFO] [stdout]                                at /rustc/0e09125c6c3c2fd70d7de961bcf0e51575235fad/library/std/src/sys_common/backtrace.rs:44:22
[INFO] [stdout]    4:     0x5647a2c46b30 - core::fmt::rt::Argument::fmt::h9f417ac76a86f368
[INFO] [stdout]                                at /rustc/0e09125c6c3c2fd70d7de961bcf0e51575235fad/library/core/src/fmt/rt.rs:142:9
[INFO] [stdout]    5:     0x5647a2c46b30 - core::fmt::write::hc9b6faf4ac2aeff7
[INFO] [stdout]                                at /rustc/0e09125c6c3c2fd70d7de961bcf0e51575235fad/library/core/src/fmt/mod.rs:1120:17
[INFO] [stdout]    6:     0x5647a2c19cff - std::io::Write::write_fmt::he04625a3a989fec3
[INFO] [stdout]                                at /rustc/0e09125c6c3c2fd70d7de961bcf0e51575235fad/library/std/src/io/mod.rs:1810:15
[INFO] [stdout]    7:     0x5647a2c1c424 - std::sys_common::backtrace::_print::hd5d66399c7df88a2
[INFO] [stdout]                                at /rustc/0e09125c6c3c2fd70d7de961bcf0e51575235fad/library/std/src/sys_common/backtrace.rs:47:5
[INFO] [stdout]    8:     0x5647a2c1c424 - std::sys_common::backtrace::print::he81ed2da642d37e5
[INFO] [stdout]                                at /rustc/0e09125c6c3c2fd70d7de961bcf0e51575235fad/library/std/src/sys_common/backtrace.rs:34:9
[INFO] [stdout]    9:     0x5647a2c1e197 - std::panicking::default_hook::{{closure}}::h85773f4fa117163d
[INFO] [stdout]   10:     0x5647a2c1de7d - std::panicking::default_hook::h6a1694a91d09b278
[INFO] [stdout]                                at /rustc/0e09125c6c3c2fd70d7de961bcf0e51575235fad/library/std/src/panicking.rs:289:9
[INFO] [stdout]   11:     0x5647a2be9157 - <alloc::boxed::Box<F,A> as core::ops::function::Fn<Args>>::call::h616ac37fa3cd6c8f
[INFO] [stdout]                                at /rustc/0e09125c6c3c2fd70d7de961bcf0e51575235fad/library/alloc/src/boxed.rs:2029:9
[INFO] [stdout]   12:     0x5647a2be9157 - test::test_main::{{closure}}::h00d84697cefdcbb6
[INFO] [stdout]                                at /rustc/0e09125c6c3c2fd70d7de961bcf0e51575235fad/library/test/src/lib.rs:138:21
[INFO] [stdout]   13:     0x5647a2c1e7b6 - <alloc::boxed::Box<F,A> as core::ops::function::Fn<Args>>::call::hcb3fe3b9bb537ba8
[INFO] [stdout]                                at /rustc/0e09125c6c3c2fd70d7de961bcf0e51575235fad/library/alloc/src/boxed.rs:2029:9
[INFO] [stdout]   14:     0x5647a2c1e7b6 - std::panicking::rust_panic_with_hook::h0a7ad96e90f7145b
[INFO] [stdout]                                at /rustc/0e09125c6c3c2fd70d7de961bcf0e51575235fad/library/std/src/panicking.rs:783:13
[INFO] [stdout]   15:     0x5647a2c1e4c9 - std::panicking::begin_panic_handler::{{closure}}::h7919090525c6485e
[INFO] [stdout]                                at /rustc/0e09125c6c3c2fd70d7de961bcf0e51575235fad/library/std/src/panicking.rs:649:13
[INFO] [stdout]   16:     0x5647a2c1cb46 - std::sys_common::backtrace::__rust_end_short_backtrace::hf3289479464f7dfe
[INFO] [stdout]                                at /rustc/0e09125c6c3c2fd70d7de961bcf0e51575235fad/library/std/src/sys_common/backtrace.rs:171:18
[INFO] [stdout]   17:     0x5647a2c1e260 - rust_begin_unwind
[INFO] [stdout]                                at /rustc/0e09125c6c3c2fd70d7de961bcf0e51575235fad/library/std/src/panicking.rs:645:5
[INFO] [stdout]   18:     0x5647a2bb0e65 - core::panicking::panic_fmt::hcc9f77c5c132af55
[INFO] [stdout]                                at /rustc/0e09125c6c3c2fd70d7de961bcf0e51575235fad/library/core/src/panicking.rs:72:14
[INFO] [stdout]   19:     0x5647a2bb0f23 - core::panicking::panic::h5a1259c1164bd480
[INFO] [stdout]                                at /rustc/0e09125c6c3c2fd70d7de961bcf0e51575235fad/library/core/src/panicking.rs:144:5
[INFO] [stdout]   20:     0x5647a2bb477f - melbootstrap::tests::get_bootstrap::h970b714a058d8814
[INFO] [stdout]                                at /opt/rustwide/workdir/src/lib.rs:55:9
[INFO] [stdout]   21:     0x5647a2bb46b7 - melbootstrap::tests::get_bootstrap::{{closure}}::h1e6518770df2634c
[INFO] [stdout]                                at /opt/rustwide/workdir/src/lib.rs:54:23
[INFO] [stdout]   22:     0x5647a2bb2196 - core::ops::function::FnOnce::call_once::h6800ab89e922682f
[INFO] [stdout]                                at /rustc/0e09125c6c3c2fd70d7de961bcf0e51575235fad/library/core/src/ops/function.rs:250:5
[INFO] [stdout]   23:     0x5647a2beea2f - core::ops::function::FnOnce::call_once::hd64d26f405258157
[INFO] [stdout]                                at /rustc/0e09125c6c3c2fd70d7de961bcf0e51575235fad/library/core/src/ops/function.rs:250:5
[INFO] [stdout]   24:     0x5647a2beea2f - test::__rust_begin_short_backtrace::he21b0b7a6d731bf9
[INFO] [stdout]                                at /rustc/0e09125c6c3c2fd70d7de961bcf0e51575235fad/library/test/src/lib.rs:627:18
[INFO] [stdout]   25:     0x5647a2bed7b1 - test::run_test_in_process::{{closure}}::hf5c73986d7bdfde2
[INFO] [stdout]                                at /rustc/0e09125c6c3c2fd70d7de961bcf0e51575235fad/library/test/src/lib.rs:650:60
[INFO] [stdout]   26:     0x5647a2bed7b1 - <core::panic::unwind_safe::AssertUnwindSafe<F> as core::ops::function::FnOnce<()>>::call_once::h330011ad032aadc0
[INFO] [stdout]                                at /rustc/0e09125c6c3c2fd70d7de961bcf0e51575235fad/library/core/src/panic/unwind_safe.rs:272:9
[INFO] [stdout]   27:     0x5647a2bed7b1 - std::panicking::try::do_call::he61b0a958b795a41
[INFO] [stdout]                                at /rustc/0e09125c6c3c2fd70d7de961bcf0e51575235fad/library/std/src/panicking.rs:552:40
[INFO] [stdout]   28:     0x5647a2bed7b1 - std::panicking::try::h7309da130f906eb7
[INFO] [stdout]                                at /rustc/0e09125c6c3c2fd70d7de961bcf0e51575235fad/library/std/src/panicking.rs:516:19
[INFO] [stdout]   29:     0x5647a2bed7b1 - std::panic::catch_unwind::hc5c3a06fdaf0a92a
[INFO] [stdout]                                at /rustc/0e09125c6c3c2fd70d7de961bcf0e51575235fad/library/std/src/panic.rs:142:14
[INFO] [stdout]   30:     0x5647a2bed7b1 - test::run_test_in_process::h7e7b7c71c3324e0f
[INFO] [stdout]                                at /rustc/0e09125c6c3c2fd70d7de961bcf0e51575235fad/library/test/src/lib.rs:650:27
[INFO] [stdout]   31:     0x5647a2bed7b1 - test::run_test::{{closure}}::h1f509f28f5cf20b1
[INFO] [stdout]                                at /rustc/0e09125c6c3c2fd70d7de961bcf0e51575235fad/library/test/src/lib.rs:573:43
[INFO] [stdout]   32:     0x5647a2bb4ae6 - test::run_test::{{closure}}::h1754218abf443f6d
[INFO] [stdout]                                at /rustc/0e09125c6c3c2fd70d7de961bcf0e51575235fad/library/test/src/lib.rs:601:41
[INFO] [stdout]   33:     0x5647a2bb4ae6 - std::sys_common::backtrace::__rust_begin_short_backtrace::h2ee174b9d5954948
[INFO] [stdout]                                at /rustc/0e09125c6c3c2fd70d7de961bcf0e51575235fad/library/std/src/sys_common/backtrace.rs:155:18
[INFO] [stdout]   34:     0x5647a2bb9b47 - std::thread::Builder::spawn_unchecked_::{{closure}}::{{closure}}::hf60bee9c1a17ef09
[INFO] [stdout]                                at /rustc/0e09125c6c3c2fd70d7de961bcf0e51575235fad/library/std/src/thread/mod.rs:529:17
[INFO] [stdout]   35:     0x5647a2bb9b47 - <core::panic::unwind_safe::AssertUnwindSafe<F> as core::ops::function::FnOnce<()>>::call_once::h33d0dddec5216160
[INFO] [stdout]                                at /rustc/0e09125c6c3c2fd70d7de961bcf0e51575235fad/library/core/src/panic/unwind_safe.rs:272:9
[INFO] [stdout]   36:     0x5647a2bb9b47 - std::panicking::try::do_call::h144b3048b546f835
[INFO] [stdout]                                at /rustc/0e09125c6c3c2fd70d7de961bcf0e51575235fad/library/std/src/panicking.rs:552:40
[INFO] [stdout]   37:     0x5647a2bb9b47 - std::panicking::try::h978244d04646189f
[INFO] [stdout]                                at /rustc/0e09125c6c3c2fd70d7de961bcf0e51575235fad/library/std/src/panicking.rs:516:19
[INFO] [stdout]   38:     0x5647a2bb9b47 - std::panic::catch_unwind::hdf436369d188fe86
[INFO] [stdout]                                at /rustc/0e09125c6c3c2fd70d7de961bcf0e51575235fad/library/std/src/panic.rs:142:14
[INFO] [stdout]   39:     0x5647a2bb9b47 - std::thread::Builder::spawn_unchecked_::{{closure}}::h87329cbdd33c79ec
[INFO] [stdout]                                at /rustc/0e09125c6c3c2fd70d7de961bcf0e51575235fad/library/std/src/thread/mod.rs:528:30
[INFO] [stdout]   40:     0x5647a2bb9b47 - core::ops::function::FnOnce::call_once{{vtable.shim}}::h401abbe67897d450
[INFO] [stdout]                                at /rustc/0e09125c6c3c2fd70d7de961bcf0e51575235fad/library/core/src/ops/function.rs:250:5
[INFO] [stdout]   41:     0x5647a2c23265 - <alloc::boxed::Box<F,A> as core::ops::function::FnOnce<Args>>::call_once::h5d7c8f150ab9c84c
[INFO] [stdout]                                at /rustc/0e09125c6c3c2fd70d7de961bcf0e51575235fad/library/alloc/src/boxed.rs:2015:9
[INFO] [stdout]   42:     0x5647a2c23265 - <alloc::boxed::Box<F,A> as core::ops::function::FnOnce<Args>>::call_once::h570d5b005c242c15
[INFO] [stdout]                                at /rustc/0e09125c6c3c2fd70d7de961bcf0e51575235fad/library/alloc/src/boxed.rs:2015:9
[INFO] [stdout]   43:     0x5647a2c23265 - std::sys::unix::thread::Thread::new::thread_start::h36b0a20c0b2361ad
[INFO] [stdout]                                at /rustc/0e09125c6c3c2fd70d7de961bcf0e51575235fad/library/std/src/sys/unix/thread.rs:108:17
[INFO] [stdout]   44:     0x7f8260dffac3 - <unknown>
[INFO] [stdout]   45:     0x7f8260e90bf4 - __clone
[INFO] [stdout]   46:                0x0 - <unknown>
[INFO] [stdout] 
[INFO] [stdout] 
[INFO] [stdout] failures:
[INFO] [stdout]     tests::get_bootstrap
[INFO] [stdout] 
[INFO] [stdout] test result: FAILED. 0 passed; 1 failed; 0 ignored; 0 measured; 0 filtered out; finished in 0.02s
[INFO] [stdout] 
[INFO] [stderr] error: test failed, to rerun pass `--lib`
[INFO] running `Command { std: "docker" "inspect" "45e1428a9707063ab926ba6d8faffa786deb03c0c64910f408fae48b2d4f02b1", kill_on_drop: false }`
[INFO] running `Command { std: "docker" "rm" "-f" "45e1428a9707063ab926ba6d8faffa786deb03c0c64910f408fae48b2d4f02b1", kill_on_drop: false }`
[INFO] [stdout] 45e1428a9707063ab926ba6d8faffa786deb03c0c64910f408fae48b2d4f02b1
