[INFO] fetching crate meilimelo-macros 0.1.0...
[INFO] testing meilimelo-macros-0.1.0 against 1.75.0 for beta-1.76-1
[INFO] extracting crate meilimelo-macros 0.1.0 into /workspace/builds/worker-5-tc1/source
[INFO] validating manifest of crates.io crate meilimelo-macros 0.1.0 on toolchain 1.75.0
[INFO] running `Command { std: CARGO_HOME="/workspace/cargo-home" RUSTUP_HOME="/workspace/rustup-home" "/workspace/cargo-home/bin/cargo" "+1.75.0" "metadata" "--manifest-path" "Cargo.toml" "--no-deps", kill_on_drop: false }`
[INFO] started tweaking crates.io crate meilimelo-macros 0.1.0
[INFO] finished tweaking crates.io crate meilimelo-macros 0.1.0
[INFO] tweaked toml for crates.io crate meilimelo-macros 0.1.0 written to /workspace/builds/worker-5-tc1/source/Cargo.toml
[INFO] running `Command { std: CARGO_HOME="/workspace/cargo-home" RUSTUP_HOME="/workspace/rustup-home" "/workspace/cargo-home/bin/cargo" "+1.75.0" "generate-lockfile" "--manifest-path" "Cargo.toml", kill_on_drop: false }`
[INFO] [stderr]     Updating crates.io index
[INFO] running `Command { std: CARGO_HOME="/workspace/cargo-home" RUSTUP_HOME="/workspace/rustup-home" "/workspace/cargo-home/bin/cargo" "+1.75.0" "fetch" "--manifest-path" "Cargo.toml", kill_on_drop: false }`
[INFO] running `Command { std: "docker" "create" "-v" "/var/lib/crater-agent-workspace/builds/worker-5-tc1/target:/opt/rustwide/target:rw,Z" "-v" "/var/lib/crater-agent-workspace/builds/worker-5-tc1/source:/opt/rustwide/workdir:ro,Z" "-v" "/var/lib/crater-agent-workspace/cargo-home:/opt/rustwide/cargo-home:ro,Z" "-v" "/var/lib/crater-agent-workspace/rustup-home:/opt/rustwide/rustup-home:ro,Z" "-e" "SOURCE_DIR=/opt/rustwide/workdir" "-e" "CARGO_TARGET_DIR=/opt/rustwide/target" "-e" "CARGO_HOME=/opt/rustwide/cargo-home" "-e" "RUSTUP_HOME=/opt/rustwide/rustup-home" "-w" "/opt/rustwide/workdir" "-m" "1610612736" "--user" "0:0" "--network" "none" "ghcr.io/rust-lang/crates-build-env/linux@sha256:2788e3201cd34a07e3172128adcd8b3090168a8e3bcc40d7c032b9dda1df7d1c" "/opt/rustwide/cargo-home/bin/cargo" "+1.75.0" "metadata" "--no-deps" "--format-version=1", kill_on_drop: false }`
[INFO] [stdout] feae8c71e3b8b24dd525cfc5eb4ef980cb01c549e09306a6984e32647a8bea63
[INFO] running `Command { std: "docker" "start" "-a" "feae8c71e3b8b24dd525cfc5eb4ef980cb01c549e09306a6984e32647a8bea63", kill_on_drop: false }`
[INFO] running `Command { std: "docker" "inspect" "feae8c71e3b8b24dd525cfc5eb4ef980cb01c549e09306a6984e32647a8bea63", kill_on_drop: false }`
[INFO] running `Command { std: "docker" "rm" "-f" "feae8c71e3b8b24dd525cfc5eb4ef980cb01c549e09306a6984e32647a8bea63", kill_on_drop: false }`
[INFO] [stdout] feae8c71e3b8b24dd525cfc5eb4ef980cb01c549e09306a6984e32647a8bea63
[INFO] running `Command { std: "docker" "create" "-v" "/var/lib/crater-agent-workspace/builds/worker-5-tc1/target:/opt/rustwide/target:rw,Z" "-v" "/var/lib/crater-agent-workspace/builds/worker-5-tc1/source:/opt/rustwide/workdir:ro,Z" "-v" "/var/lib/crater-agent-workspace/cargo-home:/opt/rustwide/cargo-home:ro,Z" "-v" "/var/lib/crater-agent-workspace/rustup-home:/opt/rustwide/rustup-home:ro,Z" "-e" "SOURCE_DIR=/opt/rustwide/workdir" "-e" "CARGO_TARGET_DIR=/opt/rustwide/target" "-e" "CARGO_INCREMENTAL=0" "-e" "RUST_BACKTRACE=full" "-e" "RUSTFLAGS=--cap-lints=warn" "-e" "RUSTDOCFLAGS=--cap-lints=warn" "-e" "CARGO_HOME=/opt/rustwide/cargo-home" "-e" "RUSTUP_HOME=/opt/rustwide/rustup-home" "-w" "/opt/rustwide/workdir" "-m" "1610612736" "--user" "0:0" "--network" "none" "ghcr.io/rust-lang/crates-build-env/linux@sha256:2788e3201cd34a07e3172128adcd8b3090168a8e3bcc40d7c032b9dda1df7d1c" "/opt/rustwide/cargo-home/bin/cargo" "+1.75.0" "build" "--frozen" "--message-format=json", kill_on_drop: false }`
[INFO] [stdout] 9154474fbdc21d6c012974b81f97621003f942cb67756bcd74ed820e39eee7ad
[INFO] running `Command { std: "docker" "start" "-a" "9154474fbdc21d6c012974b81f97621003f942cb67756bcd74ed820e39eee7ad", kill_on_drop: false }`
[INFO] [stderr]    Compiling syn v1.0.109
[INFO] [stderr]    Compiling serde v1.0.194
[INFO] [stderr]    Compiling serde_derive v1.0.194
[INFO] [stderr]    Compiling meilimelo-macros v0.1.0 (/opt/rustwide/workdir)
[INFO] [stderr]     Finished dev [unoptimized + debuginfo] target(s) in 3.88s
[INFO] running `Command { std: "docker" "inspect" "9154474fbdc21d6c012974b81f97621003f942cb67756bcd74ed820e39eee7ad", kill_on_drop: false }`
[INFO] running `Command { std: "docker" "rm" "-f" "9154474fbdc21d6c012974b81f97621003f942cb67756bcd74ed820e39eee7ad", kill_on_drop: false }`
[INFO] [stdout] 9154474fbdc21d6c012974b81f97621003f942cb67756bcd74ed820e39eee7ad
[INFO] running `Command { std: "docker" "create" "-v" "/var/lib/crater-agent-workspace/builds/worker-5-tc1/target:/opt/rustwide/target:rw,Z" "-v" "/var/lib/crater-agent-workspace/builds/worker-5-tc1/source:/opt/rustwide/workdir:ro,Z" "-v" "/var/lib/crater-agent-workspace/cargo-home:/opt/rustwide/cargo-home:ro,Z" "-v" "/var/lib/crater-agent-workspace/rustup-home:/opt/rustwide/rustup-home:ro,Z" "-e" "SOURCE_DIR=/opt/rustwide/workdir" "-e" "CARGO_TARGET_DIR=/opt/rustwide/target" "-e" "CARGO_INCREMENTAL=0" "-e" "RUST_BACKTRACE=full" "-e" "RUSTFLAGS=--cap-lints=warn" "-e" "RUSTDOCFLAGS=--cap-lints=warn" "-e" "CARGO_HOME=/opt/rustwide/cargo-home" "-e" "RUSTUP_HOME=/opt/rustwide/rustup-home" "-w" "/opt/rustwide/workdir" "-m" "1610612736" "--user" "0:0" "--network" "none" "ghcr.io/rust-lang/crates-build-env/linux@sha256:2788e3201cd34a07e3172128adcd8b3090168a8e3bcc40d7c032b9dda1df7d1c" "/opt/rustwide/cargo-home/bin/cargo" "+1.75.0" "test" "--frozen" "--no-run" "--message-format=json", kill_on_drop: false }`
[INFO] [stdout] a8cb7b7bf9692f49c7f712e694fca4662364a38686d60b3fd591cf5655878fa2
[INFO] running `Command { std: "docker" "start" "-a" "a8cb7b7bf9692f49c7f712e694fca4662364a38686d60b3fd591cf5655878fa2", kill_on_drop: false }`
[INFO] [stderr]    Compiling meilimelo-macros v0.1.0 (/opt/rustwide/workdir)
[INFO] [stderr]     Finished test [unoptimized + debuginfo] target(s) in 0.35s
[INFO] running `Command { std: "docker" "inspect" "a8cb7b7bf9692f49c7f712e694fca4662364a38686d60b3fd591cf5655878fa2", kill_on_drop: false }`
[INFO] running `Command { std: "docker" "rm" "-f" "a8cb7b7bf9692f49c7f712e694fca4662364a38686d60b3fd591cf5655878fa2", kill_on_drop: false }`
[INFO] [stdout] a8cb7b7bf9692f49c7f712e694fca4662364a38686d60b3fd591cf5655878fa2
[INFO] running `Command { std: "docker" "create" "-v" "/var/lib/crater-agent-workspace/builds/worker-5-tc1/target:/opt/rustwide/target:rw,Z" "-v" "/var/lib/crater-agent-workspace/builds/worker-5-tc1/source:/opt/rustwide/workdir:ro,Z" "-v" "/var/lib/crater-agent-workspace/cargo-home:/opt/rustwide/cargo-home:ro,Z" "-v" "/var/lib/crater-agent-workspace/rustup-home:/opt/rustwide/rustup-home:ro,Z" "-e" "SOURCE_DIR=/opt/rustwide/workdir" "-e" "CARGO_TARGET_DIR=/opt/rustwide/target" "-e" "CARGO_INCREMENTAL=0" "-e" "RUST_BACKTRACE=full" "-e" "RUSTFLAGS=--cap-lints=warn" "-e" "RUSTDOCFLAGS=--cap-lints=warn" "-e" "CARGO_HOME=/opt/rustwide/cargo-home" "-e" "RUSTUP_HOME=/opt/rustwide/rustup-home" "-w" "/opt/rustwide/workdir" "-m" "1610612736" "--user" "0:0" "--network" "none" "ghcr.io/rust-lang/crates-build-env/linux@sha256:2788e3201cd34a07e3172128adcd8b3090168a8e3bcc40d7c032b9dda1df7d1c" "/opt/rustwide/cargo-home/bin/cargo" "+1.75.0" "test" "--frozen", kill_on_drop: false }`
[INFO] [stdout] 7fcbe9e8e44c51190fe1f9d788f2cdc7de2ecfe3815c01db52e21b5decf0bf03
[INFO] running `Command { std: "docker" "start" "-a" "7fcbe9e8e44c51190fe1f9d788f2cdc7de2ecfe3815c01db52e21b5decf0bf03", kill_on_drop: false }`
[INFO] [stderr]     Finished test [unoptimized + debuginfo] target(s) in 0.01s
[INFO] [stderr]      Running unittests src/lib.rs (/opt/rustwide/target/debug/deps/meilimelo_macros-2adfdb62e00c91c2)
[INFO] [stdout] 
[INFO] [stdout] running 0 tests
[INFO] [stdout] 
[INFO] [stdout] test result: ok. 0 passed; 0 failed; 0 ignored; 0 measured; 0 filtered out; finished in 0.00s
[INFO] [stdout] 
[INFO] [stderr]    Doc-tests meilimelo-macros
[INFO] [stdout] 
[INFO] [stdout] running 2 tests
[INFO] [stdout] test src/lib.rs - schema (line 27) ... ignored
[INFO] [stdout] test src/lib.rs - schema (line 15) ... FAILED
[INFO] [stdout] 
[INFO] [stdout] failures:
[INFO] [stdout] 
[INFO] [stdout] ---- src/lib.rs - schema (line 15) stdout ----
[INFO] [stdout] error[E0433]: failed to resolve: use of undeclared crate or module `meilimelo`
[INFO] [stdout]  --> src/lib.rs:16:5
[INFO] [stdout]   |
[INFO] [stdout] 3 | use meilimelo::prelude::*;
[INFO] [stdout]   |     ^^^^^^^^^ use of undeclared crate or module `meilimelo`
[INFO] [stdout] 
[INFO] [stdout] error[E0433]: failed to resolve: use of undeclared crate or module `meilimelo`
[INFO] [stdout]  --> src/lib.rs:18:3
[INFO] [stdout]   |
[INFO] [stdout] 5 | #[meilimelo::schema]
[INFO] [stdout]   |   ^^^^^^^^^ use of undeclared crate or module `meilimelo`
[INFO] [stdout] 
[INFO] [stdout] error: aborting due to 2 previous errors
[INFO] [stdout] 
[INFO] [stdout] For more information about this error, try `rustc --explain E0433`.
[INFO] [stdout] Couldn't compile the test.
[INFO] [stdout] 
[INFO] [stdout] failures:
[INFO] [stdout]     src/lib.rs - schema (line 15)
[INFO] [stdout] 
[INFO] [stdout] test result: FAILED. 0 passed; 1 failed; 1 ignored; 0 measured; 0 filtered out; finished in 0.03s
[INFO] [stdout] 
[INFO] [stderr] error: doctest failed, to rerun pass `--doc`
[INFO] running `Command { std: "docker" "inspect" "7fcbe9e8e44c51190fe1f9d788f2cdc7de2ecfe3815c01db52e21b5decf0bf03", kill_on_drop: false }`
[INFO] running `Command { std: "docker" "rm" "-f" "7fcbe9e8e44c51190fe1f9d788f2cdc7de2ecfe3815c01db52e21b5decf0bf03", kill_on_drop: false }`
[INFO] [stdout] 7fcbe9e8e44c51190fe1f9d788f2cdc7de2ecfe3815c01db52e21b5decf0bf03
