[INFO] fetching crate mdbook-linkcheck 0.7.7...
[INFO] testing mdbook-linkcheck-0.7.7 against 1.75.0 for beta-1.76-1
[INFO] extracting crate mdbook-linkcheck 0.7.7 into /workspace/builds/worker-6-tc1/source
[INFO] validating manifest of crates.io crate mdbook-linkcheck 0.7.7 on toolchain 1.75.0
[INFO] running `Command { std: CARGO_HOME="/workspace/cargo-home" RUSTUP_HOME="/workspace/rustup-home" "/workspace/cargo-home/bin/cargo" "+1.75.0" "metadata" "--manifest-path" "Cargo.toml" "--no-deps", kill_on_drop: false }`
[INFO] removed /workspace/builds/worker-6-tc1/source/.cargo/config
[INFO] started tweaking crates.io crate mdbook-linkcheck 0.7.7
[INFO] finished tweaking crates.io crate mdbook-linkcheck 0.7.7
[INFO] tweaked toml for crates.io crate mdbook-linkcheck 0.7.7 written to /workspace/builds/worker-6-tc1/source/Cargo.toml
[INFO] crate crates.io crate mdbook-linkcheck 0.7.7 already has a lockfile, it will not be regenerated
[INFO] running `Command { std: CARGO_HOME="/workspace/cargo-home" RUSTUP_HOME="/workspace/rustup-home" "/workspace/cargo-home/bin/cargo" "+1.75.0" "fetch" "--manifest-path" "Cargo.toml", kill_on_drop: false }`
[INFO] [stderr]     Updating crates.io index
[INFO] [stderr]  Downloading crates ...
[INFO] [stderr]   Downloaded opener v0.5.0
[INFO] [stderr]   Downloaded iana-time-zone v0.1.50
[INFO] [stderr]   Downloaded topological-sort v0.1.0
[INFO] [stderr]   Downloaded linkify v0.7.0
[INFO] [stderr]   Downloaded clap_complete v3.2.5
[INFO] [stderr]   Downloaded futures-executor v0.3.24
[INFO] [stderr]   Downloaded openssl-sys v0.9.76
[INFO] [stderr]   Downloaded handlebars v4.3.4
[INFO] [stderr]   Downloaded futures v0.3.24
[INFO] [stderr]   Downloaded pulldown-cmark v0.9.2
[INFO] [stderr]   Downloaded mdbook v0.4.21
[INFO] [stderr]   Downloaded reqwest v0.11.12
[INFO] [stderr]   Downloaded openssl-src v111.22.0+1.1.1q
[INFO] [stderr]   Downloaded futures-macro v0.3.24
[INFO] [stderr]   Downloaded ctor v0.1.23
[INFO] [stderr]   Downloaded linkcheck v0.4.1
[INFO] running `Command { std: "docker" "create" "-v" "/var/lib/crater-agent-workspace/builds/worker-6-tc1/target:/opt/rustwide/target:rw,Z" "-v" "/var/lib/crater-agent-workspace/builds/worker-6-tc1/source:/opt/rustwide/workdir:ro,Z" "-v" "/var/lib/crater-agent-workspace/cargo-home:/opt/rustwide/cargo-home:ro,Z" "-v" "/var/lib/crater-agent-workspace/rustup-home:/opt/rustwide/rustup-home:ro,Z" "-e" "SOURCE_DIR=/opt/rustwide/workdir" "-e" "CARGO_TARGET_DIR=/opt/rustwide/target" "-e" "CARGO_HOME=/opt/rustwide/cargo-home" "-e" "RUSTUP_HOME=/opt/rustwide/rustup-home" "-w" "/opt/rustwide/workdir" "-m" "1610612736" "--user" "0:0" "--network" "none" "ghcr.io/rust-lang/crates-build-env/linux@sha256:2788e3201cd34a07e3172128adcd8b3090168a8e3bcc40d7c032b9dda1df7d1c" "/opt/rustwide/cargo-home/bin/cargo" "+1.75.0" "metadata" "--no-deps" "--format-version=1", kill_on_drop: false }`
[INFO] [stdout] 797a28626ba8fa6c38a0faa40da95336a7790619f3db20a83e3999ea34cd9101
[INFO] running `Command { std: "docker" "start" "-a" "797a28626ba8fa6c38a0faa40da95336a7790619f3db20a83e3999ea34cd9101", kill_on_drop: false }`
[INFO] running `Command { std: "docker" "inspect" "797a28626ba8fa6c38a0faa40da95336a7790619f3db20a83e3999ea34cd9101", kill_on_drop: false }`
[INFO] running `Command { std: "docker" "rm" "-f" "797a28626ba8fa6c38a0faa40da95336a7790619f3db20a83e3999ea34cd9101", kill_on_drop: false }`
[INFO] [stdout] 797a28626ba8fa6c38a0faa40da95336a7790619f3db20a83e3999ea34cd9101
[INFO] running `Command { std: "docker" "create" "-v" "/var/lib/crater-agent-workspace/builds/worker-6-tc1/target:/opt/rustwide/target:rw,Z" "-v" "/var/lib/crater-agent-workspace/builds/worker-6-tc1/source:/opt/rustwide/workdir:ro,Z" "-v" "/var/lib/crater-agent-workspace/cargo-home:/opt/rustwide/cargo-home:ro,Z" "-v" "/var/lib/crater-agent-workspace/rustup-home:/opt/rustwide/rustup-home:ro,Z" "-e" "SOURCE_DIR=/opt/rustwide/workdir" "-e" "CARGO_TARGET_DIR=/opt/rustwide/target" "-e" "CARGO_INCREMENTAL=0" "-e" "RUST_BACKTRACE=full" "-e" "RUSTFLAGS=--cap-lints=warn" "-e" "RUSTDOCFLAGS=--cap-lints=warn" "-e" "CARGO_HOME=/opt/rustwide/cargo-home" "-e" "RUSTUP_HOME=/opt/rustwide/rustup-home" "-w" "/opt/rustwide/workdir" "-m" "1610612736" "--user" "0:0" "--network" "none" "ghcr.io/rust-lang/crates-build-env/linux@sha256:2788e3201cd34a07e3172128adcd8b3090168a8e3bcc40d7c032b9dda1df7d1c" "/opt/rustwide/cargo-home/bin/cargo" "+1.75.0" "build" "--frozen" "--message-format=json", kill_on_drop: false }`
[INFO] [stdout] 4ebe380762e8753d3dd2b1bc975879ea6d65474fdec5cad6470fce4b7288fba3
[INFO] running `Command { std: "docker" "start" "-a" "4ebe380762e8753d3dd2b1bc975879ea6d65474fdec5cad6470fce4b7288fba3", kill_on_drop: false }`
[INFO] [stderr]    Compiling proc-macro2 v1.0.46
[INFO] [stderr]    Compiling autocfg v1.1.0
[INFO] [stderr]    Compiling unicode-ident v1.0.4
[INFO] [stderr]    Compiling quote v1.0.21
[INFO] [stderr]    Compiling syn v1.0.101
[INFO] [stderr]    Compiling libc v0.2.134
[INFO] [stderr]    Compiling memchr v2.5.0
[INFO] [stderr]    Compiling cfg-if v1.0.0
[INFO] [stderr]    Compiling once_cell v1.15.0
[INFO] [stderr]    Compiling log v0.4.17
[INFO] [stderr]    Compiling version_check v0.9.4
[INFO] [stderr]    Compiling serde_derive v1.0.145
[INFO] [stderr]    Compiling bitflags v1.3.2
[INFO] [stderr]    Compiling pin-project-lite v0.2.9
[INFO] [stderr]    Compiling futures-core v0.3.24
[INFO] [stderr]    Compiling cc v1.0.73
[INFO] [stderr]    Compiling serde v1.0.145
[INFO] [stderr]    Compiling pkg-config v0.3.25
[INFO] [stderr]    Compiling itoa v1.0.3
[INFO] [stderr]    Compiling futures-channel v0.3.24
[INFO] [stderr]    Compiling bytes v1.2.1
[INFO] [stderr]    Compiling futures-task v0.3.24
[INFO] [stderr]    Compiling futures-sink v0.3.24
[INFO] [stderr]    Compiling thiserror v1.0.37
[INFO] [stderr]    Compiling futures-util v0.3.24
[INFO] [stderr]    Compiling hashbrown v0.12.3
[INFO] [stderr]    Compiling indexmap v1.9.1
[INFO] [stderr]    Compiling slab v0.4.7
[INFO] [stderr]    Compiling tokio v1.21.2
[INFO] [stderr]    Compiling unicode-width v0.1.10
[INFO] [stderr]    Compiling futures-io v0.3.24
[INFO] [stderr]    Compiling pin-utils v0.1.0
[INFO] [stderr]    Compiling openssl-src v111.22.0+1.1.1q
[INFO] [stderr]    Compiling tracing-core v0.1.29
[INFO] [stderr]    Compiling fnv v1.0.7
[INFO] [stderr]    Compiling openssl v0.10.42
[INFO] [stderr]    Compiling foreign-types-shared v0.1.1
[INFO] [stderr]    Compiling termcolor v1.1.3
[INFO] [stderr]    Compiling unicase v2.6.0
[INFO] [stderr]    Compiling http v0.2.8
[INFO] [stderr]    Compiling foreign-types v0.3.2
[INFO] [stderr]    Compiling httparse v1.8.0
[INFO] [stderr]    Compiling tinyvec_macros v0.1.0
[INFO] [stderr]    Compiling ryu v1.0.11
[INFO] [stderr]    Compiling native-tls v0.2.10
[INFO] [stderr]    Compiling ucd-trie v0.1.5
[INFO] [stderr]    Compiling tinyvec v1.6.0
[INFO] [stderr]    Compiling num-traits v0.2.15
[INFO] [stderr]    Compiling proc-macro-error-attr v1.0.4
[INFO] [stderr]    Compiling percent-encoding v2.2.0
[INFO] [stderr]    Compiling openssl-probe v0.1.5
[INFO] [stderr]    Compiling mio v0.8.4
[INFO] [stderr]    Compiling num_cpus v1.13.1
[INFO] [stderr]    Compiling socket2 v0.4.7
[INFO] [stderr]    Compiling atty v0.2.14
[INFO] [stderr]    Compiling tracing v0.1.36
[INFO] [stderr]    Compiling try-lock v0.2.3
[INFO] [stderr]    Compiling want v0.3.0
[INFO] [stderr]    Compiling form_urlencoded v1.1.0
[INFO] [stderr]    Compiling num-integer v0.1.45
[INFO] [stderr]    Compiling openssl-sys v0.9.76
[INFO] [stderr]    Compiling proc-macro-error v1.0.4
[INFO] [stderr]    Compiling lazy_static v1.4.0
[INFO] [stderr]    Compiling serde_json v1.0.85
[INFO] [stderr]    Compiling httpdate v1.0.2
[INFO] [stderr]    Compiling encoding_rs v0.8.31
[INFO] [stderr]    Compiling unicode-bidi v0.3.8
[INFO] [stderr]    Compiling os_str_bytes v6.3.0
[INFO] [stderr]    Compiling http-body v0.4.5
[INFO] [stderr]    Compiling tower-service v0.3.2
[INFO] [stderr]    Compiling clap_lex v0.2.4
[INFO] [stderr]    Compiling aho-corasick v0.7.19
[INFO] [stderr]    Compiling unicode-segmentation v1.10.0
[INFO] [stderr]    Compiling pulldown-cmark v0.8.0
[INFO] [stderr]    Compiling strsim v0.10.0
[INFO] [stderr]    Compiling unicode-normalization v0.1.22
[INFO] [stderr]    Compiling regex-automata v0.1.10
[INFO] [stderr]    Compiling anyhow v1.0.65
[INFO] [stderr]    Compiling regex-syntax v0.6.27
[INFO] [stderr]    Compiling textwrap v0.15.1
[INFO] [stderr]    Compiling pulldown-cmark v0.9.2
[INFO] [stderr]    Compiling bstr v0.2.17
[INFO] [stderr]    Compiling clap v3.2.22
[INFO] [stderr]    Compiling heck v0.3.3
[INFO] [stderr]    Compiling time v0.1.44
[INFO] [stderr]    Compiling getopts v0.2.21
[INFO] [stderr]    Compiling idna v0.3.0
[INFO] [stderr]    Compiling textwrap v0.11.0
[INFO] [stderr]    Compiling base64 v0.13.0
[INFO] [stderr]    Compiling semver v1.0.14
[INFO] [stderr]    Compiling fastrand v1.8.0
[INFO] [stderr]    Compiling strsim v0.8.0
[INFO] [stderr]    Compiling ipnet v2.5.0
[INFO] [stderr]    Compiling iana-time-zone v0.1.50
[INFO] [stderr]    Compiling remove_dir_all v0.5.3
[INFO] [stderr]    Compiling vec_map v0.8.2
[INFO] [stderr]    Compiling humantime v2.1.0
[INFO] [stderr]    Compiling mime v0.3.16
[INFO] [stderr]    Compiling ansi_term v0.12.1
[INFO] [stderr]    Compiling tempfile v3.3.0
[INFO] [stderr]    Compiling chrono v0.4.22
[INFO] [stderr]    Compiling clap v2.34.0
[INFO] [stderr]    Compiling opener v0.5.0
[INFO] [stderr]    Compiling linkify v0.7.0
[INFO] [stderr]    Compiling topological-sort v0.1.0
[INFO] [stderr]    Compiling shlex v1.1.0
[INFO] [stderr]    Compiling dunce v1.0.2
[INFO] [stderr]    Compiling regex v1.6.0
[INFO] [stderr]    Compiling clap_complete v3.2.5
[INFO] [stderr]    Compiling futures-macro v0.3.24
[INFO] [stderr]    Compiling thiserror-impl v1.0.37
[INFO] [stderr]    Compiling openssl-macros v0.1.0
[INFO] [stderr]    Compiling tokio-util v0.7.4
[INFO] [stderr]    Compiling pest v2.4.0
[INFO] [stderr]    Compiling structopt-derive v0.4.18
[INFO] [stderr]    Compiling env_logger v0.9.1
[INFO] [stderr]    Compiling pest_meta v2.4.0
[INFO] [stderr]    Compiling pest_generator v2.4.0
[INFO] [stderr]    Compiling structopt v0.3.26
[INFO] [stderr]    Compiling pest_derive v2.4.0
[INFO] [stderr]    Compiling h2 v0.3.14
[INFO] [stderr]    Compiling futures-executor v0.3.24
[INFO] [stderr]    Compiling futures v0.3.24
[INFO] [stderr]    Compiling serde_urlencoded v0.7.1
[INFO] [stderr]    Compiling url v2.3.1
[INFO] [stderr]    Compiling codespan-reporting v0.11.1
[INFO] [stderr]    Compiling toml v0.5.9
[INFO] [stderr]    Compiling hyper v0.14.20
[INFO] [stderr]    Compiling codespan v0.11.1
[INFO] [stderr]    Compiling handlebars v4.3.4
[INFO] [stderr]    Compiling mdbook v0.4.21
[INFO] [stderr]    Compiling tokio-native-tls v0.3.0
[INFO] [stderr]    Compiling hyper-tls v0.5.0
[INFO] [stderr]    Compiling reqwest v0.11.12
[INFO] [stderr]    Compiling linkcheck v0.4.1
[INFO] [stderr]    Compiling mdbook-linkcheck v0.7.7 (/opt/rustwide/workdir)
[INFO] [stdout] warning: fields `src_dir` and `files` are never read
[INFO] [stdout]   --> src/context.rs:18:16
[INFO] [stdout]    |
[INFO] [stdout] 16 | pub struct Context<'a> {
[INFO] [stdout]    |            ------- fields in this struct
[INFO] [stdout] 17 |     pub(crate) cfg: &'a Config,
[INFO] [stdout] 18 |     pub(crate) src_dir: &'a Path,
[INFO] [stdout]    |                ^^^^^^^
[INFO] [stdout] 19 |     pub(crate) cache: Mutex<Cache>,
[INFO] [stdout] 20 |     pub(crate) files: &'a Files<String>,
[INFO] [stdout]    |                ^^^^^
[INFO] [stdout]    |
[INFO] [stdout]    = note: `Context` has a derived impl for the trait `Debug`, but this is intentionally ignored during dead code analysis
[INFO] [stdout]    = note: `#[warn(dead_code)]` on by default
[INFO] [stdout] 
[INFO] [stdout] 
[INFO] [stdout] warning: 1 warning emitted
[INFO] [stdout] 
[INFO] [stdout] 
[INFO] [stderr]     Finished dev [unoptimized + debuginfo] target(s) in 46.50s
[INFO] running `Command { std: "docker" "inspect" "4ebe380762e8753d3dd2b1bc975879ea6d65474fdec5cad6470fce4b7288fba3", kill_on_drop: false }`
[INFO] running `Command { std: "docker" "rm" "-f" "4ebe380762e8753d3dd2b1bc975879ea6d65474fdec5cad6470fce4b7288fba3", kill_on_drop: false }`
[INFO] [stdout] 4ebe380762e8753d3dd2b1bc975879ea6d65474fdec5cad6470fce4b7288fba3
[INFO] running `Command { std: "docker" "create" "-v" "/var/lib/crater-agent-workspace/builds/worker-6-tc1/target:/opt/rustwide/target:rw,Z" "-v" "/var/lib/crater-agent-workspace/builds/worker-6-tc1/source:/opt/rustwide/workdir:ro,Z" "-v" "/var/lib/crater-agent-workspace/cargo-home:/opt/rustwide/cargo-home:ro,Z" "-v" "/var/lib/crater-agent-workspace/rustup-home:/opt/rustwide/rustup-home:ro,Z" "-e" "SOURCE_DIR=/opt/rustwide/workdir" "-e" "CARGO_TARGET_DIR=/opt/rustwide/target" "-e" "CARGO_INCREMENTAL=0" "-e" "RUST_BACKTRACE=full" "-e" "RUSTFLAGS=--cap-lints=warn" "-e" "RUSTDOCFLAGS=--cap-lints=warn" "-e" "CARGO_HOME=/opt/rustwide/cargo-home" "-e" "RUSTUP_HOME=/opt/rustwide/rustup-home" "-w" "/opt/rustwide/workdir" "-m" "1610612736" "--user" "0:0" "--network" "none" "ghcr.io/rust-lang/crates-build-env/linux@sha256:2788e3201cd34a07e3172128adcd8b3090168a8e3bcc40d7c032b9dda1df7d1c" "/opt/rustwide/cargo-home/bin/cargo" "+1.75.0" "test" "--frozen" "--no-run" "--message-format=json", kill_on_drop: false }`
[INFO] [stdout] 4d94ea687ebd53efd7bb675cc706a6903ad512083d1f6d8cd41e0765716ae285
[INFO] running `Command { std: "docker" "start" "-a" "4d94ea687ebd53efd7bb675cc706a6903ad512083d1f6d8cd41e0765716ae285", kill_on_drop: false }`
[INFO] [stderr]    Compiling diff v0.1.13
[INFO] [stderr]    Compiling yansi v0.5.1
[INFO] [stdout] warning: fields `src_dir` and `files` are never read
[INFO] [stdout]   --> src/context.rs:18:16
[INFO] [stdout]    |
[INFO] [stdout] 16 | pub struct Context<'a> {
[INFO] [stdout]    |            ------- fields in this struct
[INFO] [stdout] 17 |     pub(crate) cfg: &'a Config,
[INFO] [stdout] 18 |     pub(crate) src_dir: &'a Path,
[INFO] [stdout]    |                ^^^^^^^
[INFO] [stdout] 19 |     pub(crate) cache: Mutex<Cache>,
[INFO] [stdout] 20 |     pub(crate) files: &'a Files<String>,
[INFO] [stdout]    |                ^^^^^
[INFO] [stdout]    |
[INFO] [stdout]    = note: `Context` has a derived impl for the trait `Debug`, but this is intentionally ignored during dead code analysis
[INFO] [stdout]    = note: `#[warn(dead_code)]` on by default
[INFO] [stdout] 
[INFO] [stdout] 
[INFO] [stdout] warning: 1 warning emitted
[INFO] [stdout] 
[INFO] [stdout] 
[INFO] [stderr]    Compiling pretty_assertions v1.3.0
[INFO] [stderr]    Compiling mdbook-linkcheck v0.7.7 (/opt/rustwide/workdir)
[INFO] [stdout] warning: fields `src_dir` and `files` are never read
[INFO] [stdout]   --> src/context.rs:18:16
[INFO] [stdout]    |
[INFO] [stdout] 16 | pub struct Context<'a> {
[INFO] [stdout]    |            ------- fields in this struct
[INFO] [stdout] 17 |     pub(crate) cfg: &'a Config,
[INFO] [stdout] 18 |     pub(crate) src_dir: &'a Path,
[INFO] [stdout]    |                ^^^^^^^
[INFO] [stdout] 19 |     pub(crate) cache: Mutex<Cache>,
[INFO] [stdout] 20 |     pub(crate) files: &'a Files<String>,
[INFO] [stdout]    |                ^^^^^
[INFO] [stdout]    |
[INFO] [stdout]    = note: `Context` has a derived impl for the trait `Debug`, but this is intentionally ignored during dead code analysis
[INFO] [stdout]    = note: `#[warn(dead_code)]` on by default
[INFO] [stdout] 
[INFO] [stdout] 
[INFO] [stdout] warning: 1 warning emitted
[INFO] [stdout] 
[INFO] [stdout] 
[INFO] [stderr]     Finished test [unoptimized + debuginfo] target(s) in 6.55s
[INFO] running `Command { std: "docker" "inspect" "4d94ea687ebd53efd7bb675cc706a6903ad512083d1f6d8cd41e0765716ae285", kill_on_drop: false }`
[INFO] running `Command { std: "docker" "rm" "-f" "4d94ea687ebd53efd7bb675cc706a6903ad512083d1f6d8cd41e0765716ae285", kill_on_drop: false }`
[INFO] [stdout] 4d94ea687ebd53efd7bb675cc706a6903ad512083d1f6d8cd41e0765716ae285
[INFO] running `Command { std: "docker" "create" "-v" "/var/lib/crater-agent-workspace/builds/worker-6-tc1/target:/opt/rustwide/target:rw,Z" "-v" "/var/lib/crater-agent-workspace/builds/worker-6-tc1/source:/opt/rustwide/workdir:ro,Z" "-v" "/var/lib/crater-agent-workspace/cargo-home:/opt/rustwide/cargo-home:ro,Z" "-v" "/var/lib/crater-agent-workspace/rustup-home:/opt/rustwide/rustup-home:ro,Z" "-e" "SOURCE_DIR=/opt/rustwide/workdir" "-e" "CARGO_TARGET_DIR=/opt/rustwide/target" "-e" "CARGO_INCREMENTAL=0" "-e" "RUST_BACKTRACE=full" "-e" "RUSTFLAGS=--cap-lints=warn" "-e" "RUSTDOCFLAGS=--cap-lints=warn" "-e" "CARGO_HOME=/opt/rustwide/cargo-home" "-e" "RUSTUP_HOME=/opt/rustwide/rustup-home" "-w" "/opt/rustwide/workdir" "-m" "1610612736" "--user" "0:0" "--network" "none" "ghcr.io/rust-lang/crates-build-env/linux@sha256:2788e3201cd34a07e3172128adcd8b3090168a8e3bcc40d7c032b9dda1df7d1c" "/opt/rustwide/cargo-home/bin/cargo" "+1.75.0" "test" "--frozen", kill_on_drop: false }`
[INFO] [stdout] 0472647d069d2edd83a9cfbb860b1bae453cc02cdd374255fb72c022bd52d462
[INFO] running `Command { std: "docker" "start" "-a" "0472647d069d2edd83a9cfbb860b1bae453cc02cdd374255fb72c022bd52d462", kill_on_drop: false }`
[INFO] [stderr] warning: fields `src_dir` and `files` are never read
[INFO] [stderr]   --> src/context.rs:18:16
[INFO] [stderr]    |
[INFO] [stderr] 16 | pub struct Context<'a> {
[INFO] [stderr]    |            ------- fields in this struct
[INFO] [stderr] 17 |     pub(crate) cfg: &'a Config,
[INFO] [stderr] 18 |     pub(crate) src_dir: &'a Path,
[INFO] [stderr]    |                ^^^^^^^
[INFO] [stderr] 19 |     pub(crate) cache: Mutex<Cache>,
[INFO] [stderr] 20 |     pub(crate) files: &'a Files<String>,
[INFO] [stderr]    |                ^^^^^
[INFO] [stderr]    |
[INFO] [stderr]    = note: `Context` has a derived impl for the trait `Debug`, but this is intentionally ignored during dead code analysis
[INFO] [stderr]    = note: `#[warn(dead_code)]` on by default
[INFO] [stderr] 
[INFO] [stderr] warning: `mdbook-linkcheck` (lib) generated 1 warning
[INFO] [stderr] warning: `mdbook-linkcheck` (lib test) generated 1 warning (1 duplicate)
[INFO] [stderr]     Finished test [unoptimized + debuginfo] target(s) in 0.22s
[INFO] [stderr]      Running unittests src/lib.rs (/opt/rustwide/target/debug/deps/mdbook_linkcheck-673bc4ac84d9d448)
[INFO] [stdout] 
[INFO] [stdout] running 5 tests
[INFO] [stdout] test tests::always_stay_compatible_with_mdbook_dependency ... ok
[INFO] [stdout] test config::tests::interpolation ... ok
[INFO] [stdout] test config::tests::deserialize_a_config ... ok
[INFO] [stdout] test config::tests::round_trip_config ... ok
[INFO] [stdout] test validate::tests::check_some_simple_relative_paths ... ok
[INFO] [stdout] 
[INFO] [stdout] test result: ok. 5 passed; 0 failed; 0 ignored; 0 measured; 0 filtered out; finished in 0.00s
[INFO] [stdout] 
[INFO] [stderr]      Running unittests src/bin/mdbook-linkcheck.rs (/opt/rustwide/target/debug/deps/mdbook_linkcheck-f6b40d7ec2c379cb)
[INFO] [stdout] 
[INFO] [stdout] running 0 tests
[INFO] [stdout] 
[INFO] [stdout] test result: ok. 0 passed; 0 failed; 0 ignored; 0 measured; 0 filtered out; finished in 0.00s
[INFO] [stdout] 
[INFO] [stderr]      Running tests/smoke_tests.rs (/opt/rustwide/target/debug/deps/smoke_tests-687b1b31903016ee)
[INFO] [stdout] 
[INFO] [stdout] running 5 tests
[INFO] [stdout] test skip_web_links ... ok
[INFO] [stdout] test detect_when_a_linked_file_isnt_in_summary_md ... ok
[INFO] [stdout] test emit_valid_suggestions_on_absolute_links ... ok
[INFO] [stdout] test check_all_links_in_a_valid_book ... FAILED
[INFO] [stdout] test correctly_find_broken_links ... FAILED
[INFO] [stdout] 
[INFO] [stdout] failures:
[INFO] [stdout] 
[INFO] [stdout] ---- check_all_links_in_a_valid_book stdout ----
[INFO] [stdout] [2024-01-05T06:05:54Z DEBUG mdbook_linkcheck::links] Scanning chapter_1.md
[INFO] [stdout] [2024-01-05T06:05:54Z DEBUG mdbook_linkcheck::links] Scanning nested/index.md
[INFO] [stdout] [2024-01-05T06:05:54Z DEBUG mdbook_linkcheck::links] Scanning nested/sibling.md
[INFO] [stdout] [2024-01-05T06:05:54Z DEBUG linkcheck::validation::filesystem] Checking "./chapter_1.md" in the context of "/opt/rustwide/workdir/tests/all-green/src"
[INFO] [stdout] [2024-01-05T06:05:54Z DEBUG linkcheck::validation::filesystem] "./chapter_1.md" resolved to "/opt/rustwide/workdir/tests/all-green/src/chapter_1.md"
[INFO] [stdout] [2024-01-05T06:05:54Z DEBUG linkcheck::validation::filesystem] Checking "./chapter_1.html" in the context of "/opt/rustwide/workdir/tests/all-green/src"
[INFO] [stdout] [2024-01-05T06:05:54Z DEBUG linkcheck::validation::filesystem] "./chapter_1.html" resolved to "/opt/rustwide/workdir/tests/all-green/src/chapter_1.md"
[INFO] [stdout] [2024-01-05T06:05:54Z DEBUG linkcheck::validation::filesystem] Checking "nested/README.md" in the context of "/opt/rustwide/workdir/tests/all-green/src"
[INFO] [stdout] [2024-01-05T06:05:54Z DEBUG linkcheck::validation::filesystem] "nested/README.md" resolved to "/opt/rustwide/workdir/tests/all-green/src/nested/README.md"
[INFO] [stdout] [2024-01-05T06:05:54Z DEBUG linkcheck::validation::filesystem] Checking "nested/" in the context of "/opt/rustwide/workdir/tests/all-green/src"
[INFO] [stdout] [2024-01-05T06:05:54Z DEBUG linkcheck::validation::filesystem] "nested/" resolved to "/opt/rustwide/workdir/tests/all-green/src/nested/README.md"
[INFO] [stdout] [2024-01-05T06:05:54Z DEBUG linkcheck::validation::web] Checking "https://www.google.com/" on the web
[INFO] [stdout] [2024-01-05T06:05:54Z DEBUG linkcheck::validation::web] Checking "https://crates.io/crates/mdbook-linkcheck" on the web
[INFO] [stdout] [2024-01-05T06:05:54Z DEBUG linkcheck::validation] Ignoring "https://nonexistent.forbidden.com/"
[INFO] [stdout] [2024-01-05T06:05:54Z DEBUG linkcheck::validation::filesystem] Checking "../chapter_1.md" in the context of "/opt/rustwide/workdir/tests/all-green/src/nested"
[INFO] [stdout] [2024-01-05T06:05:54Z DEBUG linkcheck::validation::filesystem] "../chapter_1.md" resolved to "/opt/rustwide/workdir/tests/all-green/src/chapter_1.md"
[INFO] [stdout] [2024-01-05T06:05:54Z DEBUG linkcheck::validation::filesystem] Checking "/chapter_1.md" in the context of "/opt/rustwide/workdir/tests/all-green/src/nested"
[INFO] [stdout] [2024-01-05T06:05:54Z DEBUG linkcheck::validation::filesystem] "/chapter_1.md" resolved to "/opt/rustwide/workdir/tests/all-green/src/chapter_1.md"
[INFO] [stdout] [2024-01-05T06:05:54Z DEBUG linkcheck::validation::filesystem] Checking "../chapter_1.md" in the context of "/opt/rustwide/workdir/tests/all-green/src/nested"
[INFO] [stdout] [2024-01-05T06:05:54Z DEBUG linkcheck::validation::filesystem] "../chapter_1.md" resolved to "/opt/rustwide/workdir/tests/all-green/src/chapter_1.md"
[INFO] [stdout] [2024-01-05T06:05:54Z WARN  linkcheck::validation::filesystem] Not checking that the "Subheading" section exists in "/opt/rustwide/workdir/tests/all-green/src/chapter_1.md" because fragment resolution isn't implemented
[INFO] [stdout] [2024-01-05T06:05:54Z DEBUG linkcheck::validation::filesystem] Checking "/chapter_1.md" in the context of "/opt/rustwide/workdir/tests/all-green/src/nested"
[INFO] [stdout] [2024-01-05T06:05:54Z DEBUG linkcheck::validation::filesystem] "/chapter_1.md" resolved to "/opt/rustwide/workdir/tests/all-green/src/chapter_1.md"
[INFO] [stdout] [2024-01-05T06:05:54Z WARN  linkcheck::validation::filesystem] Not checking that the "Subheading" section exists in "/opt/rustwide/workdir/tests/all-green/src/chapter_1.md" because fragment resolution isn't implemented
[INFO] [stdout] [2024-01-05T06:05:54Z DEBUG linkcheck::validation::filesystem] Checking "sibling.md" in the context of "/opt/rustwide/workdir/tests/all-green/src/nested"
[INFO] [stdout] [2024-01-05T06:05:54Z DEBUG linkcheck::validation::filesystem] "sibling.md" resolved to "/opt/rustwide/workdir/tests/all-green/src/nested/sibling.md"
[INFO] [stdout] [2024-01-05T06:05:54Z DEBUG linkcheck::validation::filesystem] Checking "./sibling.md" in the context of "/opt/rustwide/workdir/tests/all-green/src/nested"
[INFO] [stdout] [2024-01-05T06:05:54Z DEBUG linkcheck::validation::filesystem] "./sibling.md" resolved to "/opt/rustwide/workdir/tests/all-green/src/nested/sibling.md"
[INFO] [stdout] thread 'check_all_links_in_a_valid_book' panicked at tests/smoke_tests.rs:38:5:
[INFO] [stdout] assertion failed: `(left == right)`
[INFO] [stdout] 
[INFO] [stdout] [1mDiff[0m [31m< left[0m / [32mright >[0m :
[INFO] [stdout]  [
[INFO] [stdout]      "../chapter_1.md",
[INFO] [stdout]      "../chapter_1.md#Subheading",
[INFO] [stdout]      "./chapter_1.html",
[INFO] [stdout]      "./chapter_1.md",
[INFO] [stdout]      "./sibling.md",
[INFO] [stdout]      "/chapter_1.md",
[INFO] [stdout]      "/chapter_1.md#Subheading",
[INFO] [stdout] [31m<    "https://crates.io/crates/mdbook-linkcheck",[0m
[INFO] [stdout] [31m<    "https://www.google.com/",[0m
[INFO] [stdout]      "nested/",
[INFO] [stdout]      "nested/README.md",
[INFO] [stdout]      "sibling.md",
[INFO] [stdout]  ]
[INFO] [stdout] 
[INFO] [stdout] 
[INFO] [stdout] stack backtrace:
[INFO] [stdout]    0:     0x55a920245d6c - std::backtrace_rs::backtrace::libunwind::trace::ha637c64ce894333a
[INFO] [stdout]                                at /rustc/82e1608dfa6e0b5569232559e3d385fea5a93112/library/std/src/../../backtrace/src/backtrace/libunwind.rs:104:5
[INFO] [stdout]    1:     0x55a920245d6c - std::backtrace_rs::backtrace::trace_unsynchronized::h47f62dea28e0c88d
[INFO] [stdout]                                at /rustc/82e1608dfa6e0b5569232559e3d385fea5a93112/library/std/src/../../backtrace/src/backtrace/mod.rs:66:5
[INFO] [stdout]    2:     0x55a920245d6c - std::sys_common::backtrace::_print_fmt::h9eef0abe20ede486
[INFO] [stdout]                                at /rustc/82e1608dfa6e0b5569232559e3d385fea5a93112/library/std/src/sys_common/backtrace.rs:67:5
[INFO] [stdout]    3:     0x55a920245d6c - <std::sys_common::backtrace::_print::DisplayBacktrace as core::fmt::Display>::fmt::hed7f999df88cc644
[INFO] [stdout]                                at /rustc/82e1608dfa6e0b5569232559e3d385fea5a93112/library/std/src/sys_common/backtrace.rs:44:22
[INFO] [stdout]    4:     0x55a920276540 - core::fmt::rt::Argument::fmt::h1539a9308b8d058d
[INFO] [stdout]                                at /rustc/82e1608dfa6e0b5569232559e3d385fea5a93112/library/core/src/fmt/rt.rs:142:9
[INFO] [stdout]    5:     0x55a920276540 - core::fmt::write::h3a39390d8560d9c9
[INFO] [stdout]                                at /rustc/82e1608dfa6e0b5569232559e3d385fea5a93112/library/core/src/fmt/mod.rs:1120:17
[INFO] [stdout]    6:     0x55a920241e7f - std::io::Write::write_fmt::h040b369f3a0f9cbc
[INFO] [stdout]                                at /rustc/82e1608dfa6e0b5569232559e3d385fea5a93112/library/std/src/io/mod.rs:1762:15
[INFO] [stdout]    7:     0x55a920245b54 - std::sys_common::backtrace::_print::h894006fb5c6f3d45
[INFO] [stdout]                                at /rustc/82e1608dfa6e0b5569232559e3d385fea5a93112/library/std/src/sys_common/backtrace.rs:47:5
[INFO] [stdout]    8:     0x55a920245b54 - std::sys_common::backtrace::print::h23a2d212c6fff936
[INFO] [stdout]                                at /rustc/82e1608dfa6e0b5569232559e3d385fea5a93112/library/std/src/sys_common/backtrace.rs:34:9
[INFO] [stdout]    9:     0x55a920247817 - std::panicking::default_hook::{{closure}}::h8a1d2ee00185001a
[INFO] [stdout]   10:     0x55a920247503 - std::panicking::default_hook::h6038f2eba384e475
[INFO] [stdout]                                at /rustc/82e1608dfa6e0b5569232559e3d385fea5a93112/library/std/src/panicking.rs:289:9
[INFO] [stdout]   11:     0x55a91f76f877 - <alloc::boxed::Box<F,A> as core::ops::function::Fn<Args>>::call::h0ad024c9bdc6d768
[INFO] [stdout]                                at /rustc/82e1608dfa6e0b5569232559e3d385fea5a93112/library/alloc/src/boxed.rs:2021:9
[INFO] [stdout]   12:     0x55a91f76f877 - test::test_main::{{closure}}::h7500b54257359db6
[INFO] [stdout]                                at /rustc/82e1608dfa6e0b5569232559e3d385fea5a93112/library/test/src/lib.rs:138:21
[INFO] [stdout]   13:     0x55a920247e28 - <alloc::boxed::Box<F,A> as core::ops::function::Fn<Args>>::call::h1f8f335eaa9cfaee
[INFO] [stdout]                                at /rustc/82e1608dfa6e0b5569232559e3d385fea5a93112/library/alloc/src/boxed.rs:2021:9
[INFO] [stdout]   14:     0x55a920247e28 - std::panicking::rust_panic_with_hook::h2b5517d590cab22e
[INFO] [stdout]                                at /rustc/82e1608dfa6e0b5569232559e3d385fea5a93112/library/std/src/panicking.rs:783:13
[INFO] [stdout]   15:     0x55a920247b7e - std::panicking::begin_panic_handler::{{closure}}::h233112c06e0ef43e
[INFO] [stdout]                                at /rustc/82e1608dfa6e0b5569232559e3d385fea5a93112/library/std/src/panicking.rs:657:13
[INFO] [stdout]   16:     0x55a920246236 - std::sys_common::backtrace::__rust_end_short_backtrace::h6e893f24d7ebbff8
[INFO] [stdout]                                at /rustc/82e1608dfa6e0b5569232559e3d385fea5a93112/library/std/src/sys_common/backtrace.rs:170:18
[INFO] [stdout]   17:     0x55a9202478e2 - rust_begin_unwind
[INFO] [stdout]                                at /rustc/82e1608dfa6e0b5569232559e3d385fea5a93112/library/std/src/panicking.rs:645:5
[INFO] [stdout]   18:     0x55a91f6fda35 - core::panicking::panic_fmt::hbf0e066aabfa482c
[INFO] [stdout]                                at /rustc/82e1608dfa6e0b5569232559e3d385fea5a93112/library/core/src/panicking.rs:72:14
[INFO] [stdout]   19:     0x55a91f70bf90 - smoke_tests::assert_same_links::h5aac06a591c66de7
[INFO] [stdout]                                at /opt/rustwide/workdir/tests/smoke_tests.rs:198:5
[INFO] [stdout]   20:     0x55a91f70ea27 - smoke_tests::check_all_links_in_a_valid_book::ha43e7125b095e0bc
[INFO] [stdout]                                at /opt/rustwide/workdir/tests/smoke_tests.rs:38:5
[INFO] [stdout]   21:     0x55a91f70e837 - smoke_tests::check_all_links_in_a_valid_book::{{closure}}::h534c5e9c6aea33eb
[INFO] [stdout]                                at /opt/rustwide/workdir/tests/smoke_tests.rs:14:37
[INFO] [stdout]   22:     0x55a91f714dc6 - core::ops::function::FnOnce::call_once::h4cb0c4cdea25716c
[INFO] [stdout]                                at /rustc/82e1608dfa6e0b5569232559e3d385fea5a93112/library/core/src/ops/function.rs:250:5
[INFO] [stdout]   23:     0x55a91f774ecf - core::ops::function::FnOnce::call_once::h2b5d431d5046312d
[INFO] [stdout]                                at /rustc/82e1608dfa6e0b5569232559e3d385fea5a93112/library/core/src/ops/function.rs:250:5
[INFO] [stdout]   24:     0x55a91f774ecf - test::__rust_begin_short_backtrace::h7714669af176e207
[INFO] [stdout]                                at /rustc/82e1608dfa6e0b5569232559e3d385fea5a93112/library/test/src/lib.rs:628:18
[INFO] [stdout]   25:     0x55a91f773ee5 - test::run_test_in_process::{{closure}}::h85218797dcbcec12
[INFO] [stdout]                                at /rustc/82e1608dfa6e0b5569232559e3d385fea5a93112/library/test/src/lib.rs:651:60
[INFO] [stdout]   26:     0x55a91f773ee5 - <core::panic::unwind_safe::AssertUnwindSafe<F> as core::ops::function::FnOnce<()>>::call_once::h76c106ea31c14d7b
[INFO] [stdout]                                at /rustc/82e1608dfa6e0b5569232559e3d385fea5a93112/library/core/src/panic/unwind_safe.rs:272:9
[INFO] [stdout]   27:     0x55a91f773ee5 - std::panicking::try::do_call::h3bd5d0f6620ee946
[INFO] [stdout]                                at /rustc/82e1608dfa6e0b5569232559e3d385fea5a93112/library/std/src/panicking.rs:552:40
[INFO] [stdout]   28:     0x55a91f773ee5 - std::panicking::try::h232e535e4744fe31
[INFO] [stdout]                                at /rustc/82e1608dfa6e0b5569232559e3d385fea5a93112/library/std/src/panicking.rs:516:19
[INFO] [stdout]   29:     0x55a91f773ee5 - std::panic::catch_unwind::h3ce3bd6ca8dbac68
[INFO] [stdout]                                at /rustc/82e1608dfa6e0b5569232559e3d385fea5a93112/library/std/src/panic.rs:142:14
[INFO] [stdout]   30:     0x55a91f773ee5 - test::run_test_in_process::hc97b257c9621286a
[INFO] [stdout]                                at /rustc/82e1608dfa6e0b5569232559e3d385fea5a93112/library/test/src/lib.rs:651:27
[INFO] [stdout]   31:     0x55a91f773ee5 - test::run_test::{{closure}}::h2aa798823a438d38
[INFO] [stdout]                                at /rustc/82e1608dfa6e0b5569232559e3d385fea5a93112/library/test/src/lib.rs:574:43
[INFO] [stdout]   32:     0x55a91f73c1a6 - test::run_test::{{closure}}::h87d231c78fb59832
[INFO] [stdout]                                at /rustc/82e1608dfa6e0b5569232559e3d385fea5a93112/library/test/src/lib.rs:602:41
[INFO] [stdout]   33:     0x55a91f73c1a6 - std::sys_common::backtrace::__rust_begin_short_backtrace::he6df152596625789
[INFO] [stdout]                                at /rustc/82e1608dfa6e0b5569232559e3d385fea5a93112/library/std/src/sys_common/backtrace.rs:154:18
[INFO] [stdout]   34:     0x55a91f741257 - std::thread::Builder::spawn_unchecked_::{{closure}}::{{closure}}::ha94be15d1e0acf36
[INFO] [stdout]                                at /rustc/82e1608dfa6e0b5569232559e3d385fea5a93112/library/std/src/thread/mod.rs:529:17
[INFO] [stdout]   35:     0x55a91f741257 - <core::panic::unwind_safe::AssertUnwindSafe<F> as core::ops::function::FnOnce<()>>::call_once::h9dc6bd6372f16606
[INFO] [stdout]                                at /rustc/82e1608dfa6e0b5569232559e3d385fea5a93112/library/core/src/panic/unwind_safe.rs:272:9
[INFO] [stdout]   36:     0x55a91f741257 - std::panicking::try::do_call::h9057517f80303cd4
[INFO] [stdout]                                at /rustc/82e1608dfa6e0b5569232559e3d385fea5a93112/library/std/src/panicking.rs:552:40
[INFO] [stdout]   37:     0x55a91f741257 - std::panicking::try::he3a30b11ee45340c
[INFO] [stdout]                                at /rustc/82e1608dfa6e0b5569232559e3d385fea5a93112/library/std/src/panicking.rs:516:19
[INFO] [stdout]   38:     0x55a91f741257 - std::panic::catch_unwind::h410458cfd3528b8b
[INFO] [stdout]                                at /rustc/82e1608dfa6e0b5569232559e3d385fea5a93112/library/std/src/panic.rs:142:14
[INFO] [stdout]   39:     0x55a91f741257 - std::thread::Builder::spawn_unchecked_::{{closure}}::h72ac3bdb567b737b
[INFO] [stdout]                                at /rustc/82e1608dfa6e0b5569232559e3d385fea5a93112/library/std/src/thread/mod.rs:528:30
[INFO] [stdout]   40:     0x55a91f741257 - core::ops::function::FnOnce::call_once{{vtable.shim}}::h38f34da3654a8344
[INFO] [stdout]                                at /rustc/82e1608dfa6e0b5569232559e3d385fea5a93112/library/core/src/ops/function.rs:250:5
[INFO] [stdout]   41:     0x55a92024e1f5 - <alloc::boxed::Box<F,A> as core::ops::function::FnOnce<Args>>::call_once::hc7eafaff61e32df9
[INFO] [stdout]                                at /rustc/82e1608dfa6e0b5569232559e3d385fea5a93112/library/alloc/src/boxed.rs:2007:9
[INFO] [stdout]   42:     0x55a92024e1f5 - <alloc::boxed::Box<F,A> as core::ops::function::FnOnce<Args>>::call_once::h6ba4a5de48dd2304
[INFO] [stdout]                                at /rustc/82e1608dfa6e0b5569232559e3d385fea5a93112/library/alloc/src/boxed.rs:2007:9
[INFO] [stdout]   43:     0x55a92024e1f5 - std::sys::unix::thread::Thread::new::thread_start::he469335aef763e45
[INFO] [stdout]                                at /rustc/82e1608dfa6e0b5569232559e3d385fea5a93112/library/std/src/sys/unix/thread.rs:108:17
[INFO] [stdout]   44:     0x7f8196bc1ac3 - <unknown>
[INFO] [stdout]   45:     0x7f8196c52bf4 - __clone
[INFO] [stdout]   46:                0x0 - <unknown>
[INFO] [stdout] 
[INFO] [stdout] ---- correctly_find_broken_links stdout ----
[INFO] [stdout] [2024-01-05T06:05:54Z DEBUG mdbook_linkcheck::links] Scanning chapter_1.md
[INFO] [stdout] [2024-01-05T06:05:54Z DEBUG mdbook_linkcheck::links] Found a (possibly) broken link to [incomplete link] at 268..285
[INFO] [stdout] [2024-01-05T06:05:54Z DEBUG mdbook_linkcheck::links] Scanning deeply/nested/index.md
[INFO] [stdout] [2024-01-05T06:05:54Z DEBUG mdbook_linkcheck::links] Scanning second/directory.md
[INFO] [stdout] [2024-01-05T06:05:54Z DEBUG linkcheck::validation::filesystem] Checking "./chapter_1.md" in the context of "/opt/rustwide/workdir/tests/broken-links/src"
[INFO] [stdout] [2024-01-05T06:05:54Z DEBUG linkcheck::validation::filesystem] "./chapter_1.md" resolved to "/opt/rustwide/workdir/tests/broken-links/src/chapter_1.md"
[INFO] [stdout] [2024-01-05T06:05:54Z DEBUG linkcheck::validation::web] Checking "http://this-doesnt-exist.com.au.nz.us/" on the web
[INFO] [stdout] [2024-01-05T06:05:54Z DEBUG linkcheck::validation::filesystem] Checking "./foo/bar/baz.html" in the context of "/opt/rustwide/workdir/tests/broken-links/src"
[INFO] [stdout] [2024-01-05T06:05:54Z DEBUG linkcheck::validation::filesystem] Checking "../../../../../../../../../../../../etc/shadow" in the context of "/opt/rustwide/workdir/tests/broken-links/src"
[INFO] [stdout] [2024-01-05T06:05:54Z DEBUG linkcheck::validation::filesystem] Checking "./asdf.png" in the context of "/opt/rustwide/workdir/tests/broken-links/src"
[INFO] [stdout] [2024-01-05T06:05:54Z DEBUG linkcheck::validation::filesystem] Checking "../../chapter_1.md" in the context of "/opt/rustwide/workdir/tests/broken-links/src/deeply/nested"
[INFO] [stdout] [2024-01-05T06:05:54Z DEBUG linkcheck::validation::filesystem] "../../chapter_1.md" resolved to "/opt/rustwide/workdir/tests/broken-links/src/chapter_1.md"
[INFO] [stdout] [2024-01-05T06:05:54Z DEBUG linkcheck::validation::filesystem] Checking "./chapter_1.md" in the context of "/opt/rustwide/workdir/tests/broken-links/src/deeply/nested"
[INFO] [stdout] [2024-01-05T06:05:54Z DEBUG linkcheck::validation::filesystem] Checking "./second/directory.md" in the context of "/opt/rustwide/workdir/tests/broken-links/src/deeply/nested"
[INFO] [stdout] [2024-01-05T06:05:54Z DEBUG linkcheck::validation::filesystem] Checking "../../second/directory.md" in the context of "/opt/rustwide/workdir/tests/broken-links/src/deeply/nested"
[INFO] [stdout] [2024-01-05T06:05:54Z DEBUG linkcheck::validation::filesystem] "../../second/directory.md" resolved to "/opt/rustwide/workdir/tests/broken-links/src/second/directory.md"
[INFO] [stdout] [2024-01-05T06:05:54Z DEBUG linkcheck::validation::web] Checking "https://github.com/Michael-F-Bryan/mdbook-linkcheck/issues/3#issuecomment-417400242" on the web
[INFO] [stdout] [2024-01-05T06:05:54Z WARN  linkcheck::validation::web] Fragment checking isn't implemented, not checking if there is a "issuecomment-417400242" header in "https://github.com/Michael-F-Bryan/mdbook-linkcheck/issues/3#issuecomment-417400242"
[INFO] [stdout] [2024-01-05T06:05:54Z DEBUG linkcheck::validation::filesystem] Checking "sibling.md" in the context of "/opt/rustwide/workdir/tests/broken-links/src/second"
[INFO] [stdout] [2024-01-05T06:05:54Z DEBUG linkcheck::validation::filesystem] "sibling.md" resolved to "/opt/rustwide/workdir/tests/broken-links/src/second/sibling.md"
[INFO] [stdout] [2024-01-05T06:05:54Z DEBUG linkcheck::validation::filesystem] Custom validation reported "/opt/rustwide/workdir/tests/broken-links/src/second/sibling.md" as invalid because An OS-level error occurred
[INFO] [stdout] thread 'correctly_find_broken_links' panicked at tests/smoke_tests.rs:66:5:
[INFO] [stdout] assertion failed: `(left == right)`
[INFO] [stdout] 
[INFO] [stdout] [1mDiff[0m [31m< left[0m / [32mright >[0m :
[INFO] [stdout]  [
[INFO] [stdout]      "../../../../../../../../../../../../etc/shadow",
[INFO] [stdout]      "./asdf.png",
[INFO] [stdout]      "./chapter_1.md",
[INFO] [stdout]      "./foo/bar/baz.html",
[INFO] [stdout]      "./second/directory.md",
[INFO] [stdout]      "http://this-doesnt-exist.com.au.nz.us/",
[INFO] [stdout] [31m<    "https://github.com/Michael-F-Bryan/mdbook-linkcheck/issues/3#issuecomment-417400242",[0m
[INFO] [stdout]      "sibling.md",
[INFO] [stdout]  ]
[INFO] [stdout] 
[INFO] [stdout] 
[INFO] [stdout] stack backtrace:
[INFO] [stdout]    0:     0x55a920245d6c - std::backtrace_rs::backtrace::libunwind::trace::ha637c64ce894333a
[INFO] [stdout]                                at /rustc/82e1608dfa6e0b5569232559e3d385fea5a93112/library/std/src/../../backtrace/src/backtrace/libunwind.rs:104:5
[INFO] [stdout]    1:     0x55a920245d6c - std::backtrace_rs::backtrace::trace_unsynchronized::h47f62dea28e0c88d
[INFO] [stdout]                                at /rustc/82e1608dfa6e0b5569232559e3d385fea5a93112/library/std/src/../../backtrace/src/backtrace/mod.rs:66:5
[INFO] [stdout]    2:     0x55a920245d6c - std::sys_common::backtrace::_print_fmt::h9eef0abe20ede486
[INFO] [stdout]                                at /rustc/82e1608dfa6e0b5569232559e3d385fea5a93112/library/std/src/sys_common/backtrace.rs:67:5
[INFO] [stdout]    3:     0x55a920245d6c - <std::sys_common::backtrace::_print::DisplayBacktrace as core::fmt::Display>::fmt::hed7f999df88cc644
[INFO] [stdout]                                at /rustc/82e1608dfa6e0b5569232559e3d385fea5a93112/library/std/src/sys_common/backtrace.rs:44:22
[INFO] [stdout]    4:     0x55a920276540 - core::fmt::rt::Argument::fmt::h1539a9308b8d058d
[INFO] [stdout]                                at /rustc/82e1608dfa6e0b5569232559e3d385fea5a93112/library/core/src/fmt/rt.rs:142:9
[INFO] [stdout]    5:     0x55a920276540 - core::fmt::write::h3a39390d8560d9c9
[INFO] [stdout]                                at /rustc/82e1608dfa6e0b5569232559e3d385fea5a93112/library/core/src/fmt/mod.rs:1120:17
[INFO] [stdout]    6:     0x55a920241e7f - std::io::Write::write_fmt::h040b369f3a0f9cbc
[INFO] [stdout]                                at /rustc/82e1608dfa6e0b5569232559e3d385fea5a93112/library/std/src/io/mod.rs:1762:15
[INFO] [stdout]    7:     0x55a920245b54 - std::sys_common::backtrace::_print::h894006fb5c6f3d45
[INFO] [stdout]                                at /rustc/82e1608dfa6e0b5569232559e3d385fea5a93112/library/std/src/sys_common/backtrace.rs:47:5
[INFO] [stdout]    8:     0x55a920245b54 - std::sys_common::backtrace::print::h23a2d212c6fff936
[INFO] [stdout]                                at /rustc/82e1608dfa6e0b5569232559e3d385fea5a93112/library/std/src/sys_common/backtrace.rs:34:9
[INFO] [stdout]    9:     0x55a920247817 - std::panicking::default_hook::{{closure}}::h8a1d2ee00185001a
[INFO] [stdout]   10:     0x55a920247503 - std::panicking::default_hook::h6038f2eba384e475
[INFO] [stdout]                                at /rustc/82e1608dfa6e0b5569232559e3d385fea5a93112/library/std/src/panicking.rs:289:9
[INFO] [stdout]   11:     0x55a91f76f877 - <alloc::boxed::Box<F,A> as core::ops::function::Fn<Args>>::call::h0ad024c9bdc6d768
[INFO] [stdout]                                at /rustc/82e1608dfa6e0b5569232559e3d385fea5a93112/library/alloc/src/boxed.rs:2021:9
[INFO] [stdout]   12:     0x55a91f76f877 - test::test_main::{{closure}}::h7500b54257359db6
[INFO] [stdout]                                at /rustc/82e1608dfa6e0b5569232559e3d385fea5a93112/library/test/src/lib.rs:138:21
[INFO] [stdout]   13:     0x55a920247e28 - <alloc::boxed::Box<F,A> as core::ops::function::Fn<Args>>::call::h1f8f335eaa9cfaee
[INFO] [stdout]                                at /rustc/82e1608dfa6e0b5569232559e3d385fea5a93112/library/alloc/src/boxed.rs:2021:9
[INFO] [stdout]   14:     0x55a920247e28 - std::panicking::rust_panic_with_hook::h2b5517d590cab22e
[INFO] [stdout]                                at /rustc/82e1608dfa6e0b5569232559e3d385fea5a93112/library/std/src/panicking.rs:783:13
[INFO] [stdout]   15:     0x55a920247b7e - std::panicking::begin_panic_handler::{{closure}}::h233112c06e0ef43e
[INFO] [stdout]                                at /rustc/82e1608dfa6e0b5569232559e3d385fea5a93112/library/std/src/panicking.rs:657:13
[INFO] [stdout]   16:     0x55a920246236 - std::sys_common::backtrace::__rust_end_short_backtrace::h6e893f24d7ebbff8
[INFO] [stdout]                                at /rustc/82e1608dfa6e0b5569232559e3d385fea5a93112/library/std/src/sys_common/backtrace.rs:170:18
[INFO] [stdout]   17:     0x55a9202478e2 - rust_begin_unwind
[INFO] [stdout]                                at /rustc/82e1608dfa6e0b5569232559e3d385fea5a93112/library/std/src/panicking.rs:645:5
[INFO] [stdout]   18:     0x55a91f6fda35 - core::panicking::panic_fmt::hbf0e066aabfa482c
[INFO] [stdout]                                at /rustc/82e1608dfa6e0b5569232559e3d385fea5a93112/library/core/src/panicking.rs:72:14
[INFO] [stdout]   19:     0x55a91f70bc1f - smoke_tests::assert_same_links::h4135f680ccc6596f
[INFO] [stdout]                                at /opt/rustwide/workdir/tests/smoke_tests.rs:198:5
[INFO] [stdout]   20:     0x55a91f70edbe - smoke_tests::correctly_find_broken_links::h0b319c298a8de5af
[INFO] [stdout]                                at /opt/rustwide/workdir/tests/smoke_tests.rs:66:5
[INFO] [stdout]   21:     0x55a91f70eb97 - smoke_tests::correctly_find_broken_links::{{closure}}::h5e5aa1956e4cb8bb
[INFO] [stdout]                                at /opt/rustwide/workdir/tests/smoke_tests.rs:47:33
[INFO] [stdout]   22:     0x55a91f714ea6 - core::ops::function::FnOnce::call_once::h69165385d2df656b
[INFO] [stdout]                                at /rustc/82e1608dfa6e0b5569232559e3d385fea5a93112/library/core/src/ops/function.rs:250:5
[INFO] [stdout]   23:     0x55a91f774ecf - core::ops::function::FnOnce::call_once::h2b5d431d5046312d
[INFO] [stdout]                                at /rustc/82e1608dfa6e0b5569232559e3d385fea5a93112/library/core/src/ops/function.rs:250:5
[INFO] [stdout]   24:     0x55a91f774ecf - test::__rust_begin_short_backtrace::h7714669af176e207
[INFO] [stdout]                                at /rustc/82e1608dfa6e0b5569232559e3d385fea5a93112/library/test/src/lib.rs:628:18
[INFO] [stdout]   25:     0x55a91f773ee5 - test::run_test_in_process::{{closure}}::h85218797dcbcec12
[INFO] [stdout]                                at /rustc/82e1608dfa6e0b5569232559e3d385fea5a93112/library/test/src/lib.rs:651:60
[INFO] [stdout]   26:     0x55a91f773ee5 - <core::panic::unwind_safe::AssertUnwindSafe<F> as core::ops::function::FnOnce<()>>::call_once::h76c106ea31c14d7b
[INFO] [stdout]                                at /rustc/82e1608dfa6e0b5569232559e3d385fea5a93112/library/core/src/panic/unwind_safe.rs:272:9
[INFO] [stdout]   27:     0x55a91f773ee5 - std::panicking::try::do_call::h3bd5d0f6620ee946
[INFO] [stdout]                                at /rustc/82e1608dfa6e0b5569232559e3d385fea5a93112/library/std/src/panicking.rs:552:40
[INFO] [stdout]   28:     0x55a91f773ee5 - std::panicking::try::h232e535e4744fe31
[INFO] [stdout]                                at /rustc/82e1608dfa6e0b5569232559e3d385fea5a93112/library/std/src/panicking.rs:516:19
[INFO] [stdout]   29:     0x55a91f773ee5 - std::panic::catch_unwind::h3ce3bd6ca8dbac68
[INFO] [stdout]                                at /rustc/82e1608dfa6e0b5569232559e3d385fea5a93112/library/std/src/panic.rs:142:14
[INFO] [stdout]   30:     0x55a91f773ee5 - test::run_test_in_process::hc97b257c9621286a
[INFO] [stdout]                                at /rustc/82e1608dfa6e0b5569232559e3d385fea5a93112/library/test/src/lib.rs:651:27
[INFO] [stdout]   31:     0x55a91f773ee5 - test::run_test::{{closure}}::h2aa798823a438d38
[INFO] [stdout]                                at /rustc/82e1608dfa6e0b5569232559e3d385fea5a93112/library/test/src/lib.rs:574:43
[INFO] [stdout]   32:     0x55a91f73c1a6 - test::run_test::{{closure}}::h87d231c78fb59832
[INFO] [stdout]                                at /rustc/82e1608dfa6e0b5569232559e3d385fea5a93112/library/test/src/lib.rs:602:41
[INFO] [stdout]   33:     0x55a91f73c1a6 - std::sys_common::backtrace::__rust_begin_short_backtrace::he6df152596625789
[INFO] [stdout]                                at /rustc/82e1608dfa6e0b5569232559e3d385fea5a93112/library/std/src/sys_common/backtrace.rs:154:18
[INFO] [stdout]   34:     0x55a91f741257 - std::thread::Builder::spawn_unchecked_::{{closure}}::{{closure}}::ha94be15d1e0acf36
[INFO] [stdout]                                at /rustc/82e1608dfa6e0b5569232559e3d385fea5a93112/library/std/src/thread/mod.rs:529:17
[INFO] [stdout]   35:     0x55a91f741257 - <core::panic::unwind_safe::AssertUnwindSafe<F> as core::ops::function::FnOnce<()>>::call_once::h9dc6bd6372f16606
[INFO] [stdout]                                at /rustc/82e1608dfa6e0b5569232559e3d385fea5a93112/library/core/src/panic/unwind_safe.rs:272:9
[INFO] [stdout]   36:     0x55a91f741257 - std::panicking::try::do_call::h9057517f80303cd4
[INFO] [stdout]                                at /rustc/82e1608dfa6e0b5569232559e3d385fea5a93112/library/std/src/panicking.rs:552:40
[INFO] [stdout]   37:     0x55a91f741257 - std::panicking::try::he3a30b11ee45340c
[INFO] [stdout]                                at /rustc/82e1608dfa6e0b5569232559e3d385fea5a93112/library/std/src/panicking.rs:516:19
[INFO] [stdout]   38:     0x55a91f741257 - std::panic::catch_unwind::h410458cfd3528b8b
[INFO] [stdout]                                at /rustc/82e1608dfa6e0b5569232559e3d385fea5a93112/library/std/src/panic.rs:142:14
[INFO] [stdout]   39:     0x55a91f741257 - std::thread::Builder::spawn_unchecked_::{{closure}}::h72ac3bdb567b737b
[INFO] [stdout]                                at /rustc/82e1608dfa6e0b5569232559e3d385fea5a93112/library/std/src/thread/mod.rs:528:30
[INFO] [stdout]   40:     0x55a91f741257 - core::ops::function::FnOnce::call_once{{vtable.shim}}::h38f34da3654a8344
[INFO] [stdout]                                at /rustc/82e1608dfa6e0b5569232559e3d385fea5a93112/library/core/src/ops/function.rs:250:5
[INFO] [stdout]   41:     0x55a92024e1f5 - <alloc::boxed::Box<F,A> as core::ops::function::FnOnce<Args>>::call_once::hc7eafaff61e32df9
[INFO] [stdout]                                at /rustc/82e1608dfa6e0b5569232559e3d385fea5a93112/library/alloc/src/boxed.rs:2007:9
[INFO] [stdout]   42:     0x55a92024e1f5 - <alloc::boxed::Box<F,A> as core::ops::function::FnOnce<Args>>::call_once::h6ba4a5de48dd2304
[INFO] [stdout]                                at /rustc/82e1608dfa6e0b5569232559e3d385fea5a93112/library/alloc/src/boxed.rs:2007:9
[INFO] [stdout]   43:     0x55a92024e1f5 - std::sys::unix::thread::Thread::new::thread_start::he469335aef763e45
[INFO] [stdout]                                at /rustc/82e1608dfa6e0b5569232559e3d385fea5a93112/library/std/src/sys/unix/thread.rs:108:17
[INFO] [stdout]   44:     0x7f8196bc1ac3 - <unknown>
[INFO] [stdout]   45:     0x7f8196c52bf4 - __clone
[INFO] [stdout]   46:                0x0 - <unknown>
[INFO] [stdout] 
[INFO] [stdout] 
[INFO] [stdout] failures:
[INFO] [stdout]     check_all_links_in_a_valid_book
[INFO] [stdout]     correctly_find_broken_links
[INFO] [stdout] 
[INFO] [stdout] test result: FAILED. 3 passed; 2 failed; 0 ignored; 0 measured; 0 filtered out; finished in 0.16s
[INFO] [stdout] 
[INFO] [stderr] error: test failed, to rerun pass `--test smoke_tests`
[INFO] running `Command { std: "docker" "inspect" "0472647d069d2edd83a9cfbb860b1bae453cc02cdd374255fb72c022bd52d462", kill_on_drop: false }`
[INFO] running `Command { std: "docker" "rm" "-f" "0472647d069d2edd83a9cfbb860b1bae453cc02cdd374255fb72c022bd52d462", kill_on_drop: false }`
[INFO] [stdout] 0472647d069d2edd83a9cfbb860b1bae453cc02cdd374255fb72c022bd52d462
