[INFO] fetching crate mdbook-i18n-helpers 0.3.0...
[INFO] testing mdbook-i18n-helpers-0.3.0 against 1.75.0 for beta-1.76-1
[INFO] extracting crate mdbook-i18n-helpers 0.3.0 into /workspace/builds/worker-5-tc1/source
[INFO] validating manifest of crates.io crate mdbook-i18n-helpers 0.3.0 on toolchain 1.75.0
[INFO] running `Command { std: CARGO_HOME="/workspace/cargo-home" RUSTUP_HOME="/workspace/rustup-home" "/workspace/cargo-home/bin/cargo" "+1.75.0" "metadata" "--manifest-path" "Cargo.toml" "--no-deps", kill_on_drop: false }`
[INFO] started tweaking crates.io crate mdbook-i18n-helpers 0.3.0
[INFO] finished tweaking crates.io crate mdbook-i18n-helpers 0.3.0
[INFO] tweaked toml for crates.io crate mdbook-i18n-helpers 0.3.0 written to /workspace/builds/worker-5-tc1/source/Cargo.toml
[INFO] crate crates.io crate mdbook-i18n-helpers 0.3.0 already has a lockfile, it will not be regenerated
[INFO] running `Command { std: CARGO_HOME="/workspace/cargo-home" RUSTUP_HOME="/workspace/rustup-home" "/workspace/cargo-home/bin/cargo" "+1.75.0" "fetch" "--manifest-path" "Cargo.toml", kill_on_drop: false }`
[INFO] [stderr]     Updating crates.io index
[INFO] [stderr]  Downloading crates ...
[INFO] [stderr]   Downloaded handlebars v4.4.0
[INFO] [stderr]   Downloaded linereader v0.4.0
[INFO] [stderr]   Downloaded polib v0.2.0
[INFO] [stderr]   Downloaded clap_complete v4.4.4
[INFO] [stderr]   Downloaded pulldown-cmark-to-cmark v11.0.0
[INFO] [stderr]   Downloaded syntect v5.1.0
[INFO] [stderr]   Downloaded mdbook v0.4.35
[INFO] running `Command { std: "docker" "create" "-v" "/var/lib/crater-agent-workspace/builds/worker-5-tc1/target:/opt/rustwide/target:rw,Z" "-v" "/var/lib/crater-agent-workspace/builds/worker-5-tc1/source:/opt/rustwide/workdir:ro,Z" "-v" "/var/lib/crater-agent-workspace/cargo-home:/opt/rustwide/cargo-home:ro,Z" "-v" "/var/lib/crater-agent-workspace/rustup-home:/opt/rustwide/rustup-home:ro,Z" "-e" "SOURCE_DIR=/opt/rustwide/workdir" "-e" "CARGO_TARGET_DIR=/opt/rustwide/target" "-e" "CARGO_HOME=/opt/rustwide/cargo-home" "-e" "RUSTUP_HOME=/opt/rustwide/rustup-home" "-w" "/opt/rustwide/workdir" "-m" "1610612736" "--user" "0:0" "--network" "none" "ghcr.io/rust-lang/crates-build-env/linux@sha256:2788e3201cd34a07e3172128adcd8b3090168a8e3bcc40d7c032b9dda1df7d1c" "/opt/rustwide/cargo-home/bin/cargo" "+1.75.0" "metadata" "--no-deps" "--format-version=1", kill_on_drop: false }`
[INFO] [stdout] 857f94ff07cae93dc2cd60c2b636a7caacf0ae70ca7f23bb63c294809484cdf5
[INFO] running `Command { std: "docker" "start" "-a" "857f94ff07cae93dc2cd60c2b636a7caacf0ae70ca7f23bb63c294809484cdf5", kill_on_drop: false }`
[INFO] running `Command { std: "docker" "inspect" "857f94ff07cae93dc2cd60c2b636a7caacf0ae70ca7f23bb63c294809484cdf5", kill_on_drop: false }`
[INFO] running `Command { std: "docker" "rm" "-f" "857f94ff07cae93dc2cd60c2b636a7caacf0ae70ca7f23bb63c294809484cdf5", kill_on_drop: false }`
[INFO] [stdout] 857f94ff07cae93dc2cd60c2b636a7caacf0ae70ca7f23bb63c294809484cdf5
[INFO] running `Command { std: "docker" "create" "-v" "/var/lib/crater-agent-workspace/builds/worker-5-tc1/target:/opt/rustwide/target:rw,Z" "-v" "/var/lib/crater-agent-workspace/builds/worker-5-tc1/source:/opt/rustwide/workdir:ro,Z" "-v" "/var/lib/crater-agent-workspace/cargo-home:/opt/rustwide/cargo-home:ro,Z" "-v" "/var/lib/crater-agent-workspace/rustup-home:/opt/rustwide/rustup-home:ro,Z" "-e" "SOURCE_DIR=/opt/rustwide/workdir" "-e" "CARGO_TARGET_DIR=/opt/rustwide/target" "-e" "CARGO_INCREMENTAL=0" "-e" "RUST_BACKTRACE=full" "-e" "RUSTFLAGS=--cap-lints=warn" "-e" "RUSTDOCFLAGS=--cap-lints=warn" "-e" "CARGO_HOME=/opt/rustwide/cargo-home" "-e" "RUSTUP_HOME=/opt/rustwide/rustup-home" "-w" "/opt/rustwide/workdir" "-m" "1610612736" "--user" "0:0" "--network" "none" "ghcr.io/rust-lang/crates-build-env/linux@sha256:2788e3201cd34a07e3172128adcd8b3090168a8e3bcc40d7c032b9dda1df7d1c" "/opt/rustwide/cargo-home/bin/cargo" "+1.75.0" "build" "--frozen" "--message-format=json", kill_on_drop: false }`
[INFO] [stdout] c0444579b65d68f9fba2a4dbf06d922fd73333cff3ebf517ef207e731a77c8df
[INFO] running `Command { std: "docker" "start" "-a" "c0444579b65d68f9fba2a4dbf06d922fd73333cff3ebf517ef207e731a77c8df", kill_on_drop: false }`
[INFO] [stderr]    Compiling proc-macro2 v1.0.69
[INFO] [stderr]    Compiling memchr v2.6.4
[INFO] [stderr]    Compiling rustix v0.38.21
[INFO] [stderr]    Compiling serde v1.0.192
[INFO] [stderr]    Compiling thiserror v1.0.50
[INFO] [stderr]    Compiling linux-raw-sys v0.4.11
[INFO] [stderr]    Compiling bitflags v2.4.1
[INFO] [stderr]    Compiling libc v0.2.150
[INFO] [stderr]    Compiling regex-syntax v0.8.2
[INFO] [stderr]    Compiling unicase v2.7.0
[INFO] [stderr]    Compiling anstyle-parse v0.2.2
[INFO] [stderr]    Compiling serde_json v1.0.108
[INFO] [stderr]    Compiling pkg-config v0.3.27
[INFO] [stderr]    Compiling anstyle v1.0.4
[INFO] [stderr]    Compiling powerfmt v0.2.0
[INFO] [stderr]    Compiling clap_lex v0.6.0
[INFO] [stderr]    Compiling pulldown-cmark v0.9.3
[INFO] [stderr]    Compiling anstream v0.6.4
[INFO] [stderr]    Compiling deranged v0.3.9
[INFO] [stderr]    Compiling log v0.4.20
[INFO] [stderr]    Compiling time-core v0.1.2
[INFO] [stderr]    Compiling safemem v0.3.3
[INFO] [stderr]    Compiling anyhow v1.0.75
[INFO] [stderr]    Compiling hashbrown v0.14.2
[INFO] [stderr]    Compiling miniz_oxide v0.7.1
[INFO] [stderr]    Compiling line-wrap v0.1.1
[INFO] [stderr]    Compiling same-file v1.0.6
[INFO] [stderr]    Compiling semver v1.0.20
[INFO] [stderr]    Compiling aho-corasick v1.1.2
[INFO] [stderr]    Compiling quick-xml v0.31.0
[INFO] [stderr]    Compiling iana-time-zone v0.1.58
[INFO] [stderr]    Compiling fastrand v2.0.1
[INFO] [stderr]    Compiling linked-hash-map v0.5.6
[INFO] [stderr]    Compiling termcolor v1.3.0
[INFO] [stderr]    Compiling humantime v2.1.0
[INFO] [stderr]    Compiling quote v1.0.33
[INFO] [stderr]    Compiling yaml-rust v0.4.5
[INFO] [stderr]    Compiling flate2 v1.0.28
[INFO] [stderr]    Compiling syn v2.0.39
[INFO] [stderr]    Compiling indexmap v2.1.0
[INFO] [stderr]    Compiling chrono v0.4.31
[INFO] [stderr]    Compiling cc v1.0.83
[INFO] [stderr]    Compiling walkdir v2.4.0
[INFO] [stderr]    Compiling time v0.3.30
[INFO] [stderr]    Compiling linereader v0.4.0
[INFO] [stderr]    Compiling shlex v1.2.0
[INFO] [stderr]    Compiling topological-sort v0.2.2
[INFO] [stderr]    Compiling regex-syntax v0.7.5
[INFO] [stderr]    Compiling polib v0.2.0
[INFO] [stderr]    Compiling textwrap v0.16.0
[INFO] [stderr]    Compiling pulldown-cmark-to-cmark v11.0.0
[INFO] [stderr]    Compiling regex-automata v0.4.3
[INFO] [stderr]    Compiling onig_sys v69.8.1
[INFO] [stderr]    Compiling terminal_size v0.3.0
[INFO] [stderr]    Compiling is-terminal v0.4.9
[INFO] [stderr]    Compiling tempfile v3.8.1
[INFO] [stderr]    Compiling clap_builder v4.4.7
[INFO] [stderr]    Compiling thiserror-impl v1.0.50
[INFO] [stderr]    Compiling serde_derive v1.0.192
[INFO] [stderr]    Compiling pest v2.7.5
[INFO] [stderr]    Compiling bstr v1.7.0
[INFO] [stderr]    Compiling regex v1.10.2
[INFO] [stderr]    Compiling clap v4.4.7
[INFO] [stderr]    Compiling clap_complete v4.4.4
[INFO] [stderr]    Compiling env_logger v0.10.0
[INFO] [stderr]    Compiling opener v0.6.1
[INFO] [stderr]    Compiling pest_meta v2.7.5
[INFO] [stderr]    Compiling pest_generator v2.7.5
[INFO] [stderr]    Compiling pest_derive v2.7.5
[INFO] [stderr]    Compiling onig v6.4.0
[INFO] [stderr]    Compiling plist v1.6.0
[INFO] [stderr]    Compiling bincode v1.3.3
[INFO] [stderr]    Compiling toml v0.5.11
[INFO] [stderr]    Compiling handlebars v4.4.0
[INFO] [stderr]    Compiling syntect v5.1.0
[INFO] [stderr]    Compiling mdbook v0.4.35
[INFO] [stderr]    Compiling mdbook-i18n-helpers v0.3.0 (/opt/rustwide/workdir)
[INFO] [stderr]     Finished dev [unoptimized + debuginfo] target(s) in 25.37s
[INFO] running `Command { std: "docker" "inspect" "c0444579b65d68f9fba2a4dbf06d922fd73333cff3ebf517ef207e731a77c8df", kill_on_drop: false }`
[INFO] running `Command { std: "docker" "rm" "-f" "c0444579b65d68f9fba2a4dbf06d922fd73333cff3ebf517ef207e731a77c8df", kill_on_drop: false }`
[INFO] [stdout] c0444579b65d68f9fba2a4dbf06d922fd73333cff3ebf517ef207e731a77c8df
[INFO] running `Command { std: "docker" "create" "-v" "/var/lib/crater-agent-workspace/builds/worker-5-tc1/target:/opt/rustwide/target:rw,Z" "-v" "/var/lib/crater-agent-workspace/builds/worker-5-tc1/source:/opt/rustwide/workdir:ro,Z" "-v" "/var/lib/crater-agent-workspace/cargo-home:/opt/rustwide/cargo-home:ro,Z" "-v" "/var/lib/crater-agent-workspace/rustup-home:/opt/rustwide/rustup-home:ro,Z" "-e" "SOURCE_DIR=/opt/rustwide/workdir" "-e" "CARGO_TARGET_DIR=/opt/rustwide/target" "-e" "CARGO_INCREMENTAL=0" "-e" "RUST_BACKTRACE=full" "-e" "RUSTFLAGS=--cap-lints=warn" "-e" "RUSTDOCFLAGS=--cap-lints=warn" "-e" "CARGO_HOME=/opt/rustwide/cargo-home" "-e" "RUSTUP_HOME=/opt/rustwide/rustup-home" "-w" "/opt/rustwide/workdir" "-m" "1610612736" "--user" "0:0" "--network" "none" "ghcr.io/rust-lang/crates-build-env/linux@sha256:2788e3201cd34a07e3172128adcd8b3090168a8e3bcc40d7c032b9dda1df7d1c" "/opt/rustwide/cargo-home/bin/cargo" "+1.75.0" "test" "--frozen" "--no-run" "--message-format=json", kill_on_drop: false }`
[INFO] [stdout] 86a81f360dc4d7bde4c8d0ffcb062426009657dac5d7a4f3a0ca932b2ca1a4a6
[INFO] running `Command { std: "docker" "start" "-a" "86a81f360dc4d7bde4c8d0ffcb062426009657dac5d7a4f3a0ca932b2ca1a4a6", kill_on_drop: false }`
[INFO] [stderr]    Compiling yansi v0.5.1
[INFO] [stderr]    Compiling diff v0.1.13
[INFO] [stderr]    Compiling pretty_assertions v1.4.0
[INFO] [stderr]    Compiling mdbook-i18n-helpers v0.3.0 (/opt/rustwide/workdir)
[INFO] [stderr]     Finished test [unoptimized + debuginfo] target(s) in 4.79s
[INFO] running `Command { std: "docker" "inspect" "86a81f360dc4d7bde4c8d0ffcb062426009657dac5d7a4f3a0ca932b2ca1a4a6", kill_on_drop: false }`
[INFO] running `Command { std: "docker" "rm" "-f" "86a81f360dc4d7bde4c8d0ffcb062426009657dac5d7a4f3a0ca932b2ca1a4a6", kill_on_drop: false }`
[INFO] [stdout] 86a81f360dc4d7bde4c8d0ffcb062426009657dac5d7a4f3a0ca932b2ca1a4a6
[INFO] running `Command { std: "docker" "create" "-v" "/var/lib/crater-agent-workspace/builds/worker-5-tc1/target:/opt/rustwide/target:rw,Z" "-v" "/var/lib/crater-agent-workspace/builds/worker-5-tc1/source:/opt/rustwide/workdir:ro,Z" "-v" "/var/lib/crater-agent-workspace/cargo-home:/opt/rustwide/cargo-home:ro,Z" "-v" "/var/lib/crater-agent-workspace/rustup-home:/opt/rustwide/rustup-home:ro,Z" "-e" "SOURCE_DIR=/opt/rustwide/workdir" "-e" "CARGO_TARGET_DIR=/opt/rustwide/target" "-e" "CARGO_INCREMENTAL=0" "-e" "RUST_BACKTRACE=full" "-e" "RUSTFLAGS=--cap-lints=warn" "-e" "RUSTDOCFLAGS=--cap-lints=warn" "-e" "CARGO_HOME=/opt/rustwide/cargo-home" "-e" "RUSTUP_HOME=/opt/rustwide/rustup-home" "-w" "/opt/rustwide/workdir" "-m" "1610612736" "--user" "0:0" "--network" "none" "ghcr.io/rust-lang/crates-build-env/linux@sha256:2788e3201cd34a07e3172128adcd8b3090168a8e3bcc40d7c032b9dda1df7d1c" "/opt/rustwide/cargo-home/bin/cargo" "+1.75.0" "test" "--frozen", kill_on_drop: false }`
[INFO] [stdout] f475099df2bd04fde245a6024c0b5c03931f7630f1d081ad8ebc7bc212441cb6
[INFO] running `Command { std: "docker" "start" "-a" "f475099df2bd04fde245a6024c0b5c03931f7630f1d081ad8ebc7bc212441cb6", kill_on_drop: false }`
[INFO] [stderr]     Finished test [unoptimized + debuginfo] target(s) in 0.09s
[INFO] [stderr]      Running unittests src/lib.rs (/opt/rustwide/target/debug/deps/mdbook_i18n_helpers-080e11269d1c79cf)
[INFO] [stdout] 
[INFO] [stdout] running 88 tests
[INFO] [stdout] test gettext::tests::test_translate_single_line ... ok
[INFO] [stdout] test gettext::tests::test_translate_multiple_paragraphs_extra_newlines ... ok
[INFO] [stdout] test normalize::tests::test_normalize_block_quote_with_list ... ok
[INFO] [stdout] test normalize::tests::test_normalize_block_quote ... ok
[INFO] [stdout] test gettext::tests::test_heading_attributes ... ok
[INFO] [stdout] test gettext::tests::test_add_stripped_summary_translations ... ok
[INFO] [stdout] test gettext::tests::test_tasklists ... ok
[INFO] [stdout] test gettext::tests::test_translate_single_paragraph ... ok
[INFO] [stdout] test gettext::tests::test_translate_paragraph_with_leading_newlines ... ok
[INFO] [stdout] test gettext::tests::test_footnote ... ok
[INFO] [stdout] test normalize::tests::test_normalize_fuzzy_list_items_too_many ... ok
[INFO] [stdout] test normalize::tests::test_normalize_fuzzy_paragraphs_too_few ... ok
[INFO] [stdout] test gettext::tests::test_strikethrough ... ok
[INFO] [stdout] test normalize::tests::test_normalize_paragraphs ... ok
[INFO] [stdout] test gettext::tests::test_translate_multiple_paragraphs ... ok
[INFO] [stdout] test normalize::tests::test_normalize_first_wins ... ok
[INFO] [stdout] test normalize::tests::test_normalize_late_translation_wins ... ok
[INFO] [stdout] test gettext::tests::test_translate_paragraph_with_trailing_newlines ... ok
[INFO] [stdout] test normalize::tests::test_normalize_fuzzy_paragraphs_too_many ... ok
[INFO] [stdout] test normalize::tests::test_normalize_reference_link ... ok
[INFO] [stdout] test normalize::tests::test_normalize_softbreak ... ok
[INFO] [stdout] test normalize::tests::test_normalize_early_translation_wins ... ok
[INFO] [stdout] test gettext::tests::test_translate_table ... ok
[INFO] [stdout] test normalize::tests::test_normalize_inline_link ... ok
[INFO] [stdout] test normalize::tests::test_normalize_fuzzy_wins ... ok
[INFO] [stdout] test normalize::tests::test_normalize_fuzzy_list_items_too_few ... ok
[INFO] [stdout] test normalize::tests::test_normalize_list_items ... ok
[INFO] [stdout] test tests::extract_events_softbreak ... ok
[INFO] [stdout] test tests::extract_events_empty ... ok
[INFO] [stdout] test tests::extract_messages_autolink ... ok
[INFO] [stdout] test tests::extract_events_comments ... ok
[INFO] [stdout] test tests::extract_messages_backslashes ... ok
[INFO] [stdout] test tests::extract_messages_block_quote ... ok
[INFO] [stdout] test tests::extract_events_heading ... ok
[INFO] [stdout] test normalize::tests::test_normalize_untranslated ... ok
[INFO] [stdout] test tests::extract_events_paragraph ... ok
[INFO] [stdout] test tests::extract_events_list_item ... ok
[INFO] [stdout] test tests::extract_messages_broken_reference_link ... ok
[INFO] [stdout] test tests::extract_events_code_block ... ok
[INFO] [stdout] test tests::extract_messages_email ... ok
[INFO] [stdout] test tests::extract_messages_collapsed_link ... ok
[INFO] [stdout] test normalize::tests::test_normalize_table ... ok
[INFO] [stdout] test tests::extract_messages_inline_link ... ok
[INFO] [stdout] test tests::extract_messages_footnotes ... ok
[INFO] [stdout] test tests::extract_messages_empty ... ok
[INFO] [stdout] test tests::extract_messages_leading_newlines ... ok
[INFO] [stdout] test tests::extract_messages_headings ... ok
[INFO] [stdout] test tests::extract_messages_list ... ok
[INFO] [stdout] test normalize::tests::test_normalize_disappearing_html ... ok
[INFO] [stdout] test tests::extract_messages_inline_html ... ok
[INFO] [stdout] test tests::extract_messages_details ... ok
[INFO] [stdout] test tests::extract_messages_empty_html ... ok
[INFO] [stdout] test tests::extract_messages_multilevel_list ... ok
[INFO] [stdout] test tests::extract_messages_simple ... ok
[INFO] [stdout] test tests::extract_messages_shortcut_link ... ok
[INFO] [stdout] test tests::extract_messages_reference_link ... ok
[INFO] [stdout] test tests::extract_messages_list_with_paragraphs ... ok
[INFO] [stdout] test tests::extract_messages_single_line ... ok
[INFO] [stdout] test tests::extract_messages_inline_skip_to_end_of_block ... ok
[INFO] [stdout] test tests::extract_messages_inline_skips ... ok
[INFO] [stdout] test tests::extract_messages_skip_simple ... ok
[INFO] [stdout] test tests::extract_messages_skip_back_to_back ... ok
[INFO] [stdout] test tests::extract_messages_skipping_second_item ... ok
[INFO] [stdout] test tests::extract_messages_skip_next_paragraph_ok ... ok
[INFO] [stdout] test tests::extract_messages_styled_text ... ok
[INFO] [stdout] test tests::extract_messages_trailing_newlines ... ok
[INFO] [stdout] test tests::extract_messages_table ... ok
[INFO] [stdout] test tests::extract_messages_skipping_inline_second_item ... ok
[INFO] [stdout] test tests::extract_messages_skip_next_codeblock ... ok
[INFO] [stdout] test tests::test_is_comment_skip_directive_needs_skip ... ok
[INFO] [stdout] test tests::extract_messages_whitespace_only ... ok
[INFO] [stdout] test tests::extract_messages_skipping_second_paragraphed_item ... ok
[INFO] [stdout] test tests::test_is_comment_skip_directive_needs_to_be_a_comment ... ok
[INFO] [stdout] test tests::test_is_comment_skip_directive_simple ... ok
[INFO] [stdout] test tests::test_is_comment_skip_directive_tolerates_spaces ... ok
[INFO] [stdout] test tests::test_is_comment_skip_directive_tolerates_dashes ... ok
[INFO] [stdout] test gettext::tests::test_translate_code_block ... ok
[INFO] [stdout] test tests::extract_messages_code_followed_by_details ... ok
[INFO] [stdout] test tests::extract_messages_code_block ... ok
[INFO] [stdout] test tests::extract_messages_quoted_code_block ... ok
[INFO] [stdout] test tests::extract_messages_code_block_with_block_comment ... ok
[INFO] [stdout] test tests::extract_messages_without_language_specifier ... ok
[INFO] [stdout] test tests::extract_messages_two_code_blocks ... ok
[INFO] [stdout] test tests::extract_messages_code_block_with_continuous_line_comments ... ok
[INFO] [stdout] test tests::extract_messages_automatic_skipping_nontranslatable_codeblocks_simple ... ok
[INFO] [stdout] test normalize::tests::test_normalize_code_blocks ... ok
[INFO] [stdout] test tests::extract_messages_automatic_skipping_nontranslatable_codeblocks ... ok
[INFO] [stdout] test tests::extract_messages_multi_language_code_blocks ... ok
[INFO] [stdout] 
[INFO] [stdout] test result: ok. 88 passed; 0 failed; 0 ignored; 0 measured; 0 filtered out; finished in 0.27s
[INFO] [stdout] 
[INFO] [stderr]      Running unittests src/bin/mdbook-gettext.rs (/opt/rustwide/target/debug/deps/mdbook_gettext-ab343e8d2bca30b8)
[INFO] [stdout] 
[INFO] [stdout] running 0 tests
[INFO] [stdout] 
[INFO] [stdout] test result: ok. 0 passed; 0 failed; 0 ignored; 0 measured; 0 filtered out; finished in 0.00s
[INFO] [stdout] 
[INFO] [stderr]      Running unittests src/bin/mdbook-i18n-normalize.rs (/opt/rustwide/target/debug/deps/mdbook_i18n_normalize-f84046354c4e884f)
[INFO] [stdout] 
[INFO] [stdout] running 0 tests
[INFO] [stdout] 
[INFO] [stdout] test result: ok. 0 passed; 0 failed; 0 ignored; 0 measured; 0 filtered out; finished in 0.00s
[INFO] [stdout] 
[INFO] [stderr]      Running unittests src/bin/mdbook-xgettext.rs (/opt/rustwide/target/debug/deps/mdbook_xgettext-e43c014edba61dfb)
[INFO] [stdout] 
[INFO] [stdout] running 8 tests
[INFO] [stdout] test tests::test_strip_link_empty ... ok
[INFO] [stdout] test tests::test_strip_link_text ... ok
[INFO] [stdout] test tests::test_strip_link_with_formatting ... ok
[INFO] [stdout] test tests::test_create_catalog_defaults ... ok
[INFO] [stdout] test tests::test_create_catalog_metadata ... ok
[INFO] [stdout] test tests::test_create_catalog ... ok
[INFO] [stdout] test tests::test_create_catalog_duplicates ... ok
[INFO] [stdout] test tests::test_create_catalog_summary_formatting ... ok
[INFO] [stdout] 
[INFO] [stdout] test result: ok. 8 passed; 0 failed; 0 ignored; 0 measured; 0 filtered out; finished in 0.00s
[INFO] [stdout] 
[INFO] [stderr]    Doc-tests mdbook-i18n-helpers
[INFO] [stdout] 
[INFO] [stdout] running 6 tests
[INFO] [stdout] test src/lib.rs - extract_messages (line 574) ... FAILED
[INFO] [stdout] test src/lib.rs - extract_events (line 63) ... ok
[INFO] [stdout] test src/lib.rs - reconstruct_markdown (line 491) ... ok
[INFO] [stdout] test src/lib.rs - trim_paragraph (line 626) ... ok
[INFO] [stdout] test src/lib.rs - group_events (line 156) ... ok
[INFO] [stdout] test src/lib.rs - extract_messages (line 552) ... ok
[INFO] [stdout] 
[INFO] [stdout] failures:
[INFO] [stdout] 
[INFO] [stdout] ---- src/lib.rs - extract_messages (line 574) stdout ----
[INFO] [stdout] error: linking with `cc` failed: exit status: 1
[INFO] [stdout]   |
[INFO] [stdout]   = note: LC_ALL="C" PATH="/opt/rustwide/rustup-home/toolchains/1.75.0-x86_64-unknown-linux-gnu/lib/rustlib/x86_64-unknown-linux-gnu/bin:/opt/rustwide/cargo-home/bin:/usr/local/sbin:/usr/local/bin:/usr/sbin:/usr/bin:/sbin:/bin" VSLANG="1033" "cc" "-m64" "/tmp/rustcGlDI40/symbols.o" "/tmp/rustdoctesti2539i/rust_out.rust_out.263fb70ac1c95110-cgu.0.rcgu.o" "/tmp/rustdoctesti2539i/rust_out.2uel00cfmdh5ufit.rcgu.o" "-Wl,--as-needed" "-L" "/opt/rustwide/target/debug/deps" "-L" "/opt/rustwide/target/debug/deps" "-L" "/opt/rustwide/target/debug/build/onig_sys-a2a01491ddba3727/out" "-L" "/opt/rustwide/rustup-home/toolchains/1.75.0-x86_64-unknown-linux-gnu/lib/rustlib/x86_64-unknown-linux-gnu/lib" "-Wl,-Bstatic" "/opt/rustwide/target/debug/deps/libmdbook_i18n_helpers-183e1ec836ef556e.rlib" "/opt/rustwide/target/debug/deps/libmdbook-eb9b3dfc754d2f25.rlib" "/opt/rustwide/target/debug/deps/libanyhow-477edb6dbb409be2.rlib" "/opt/rustwide/target/debug/deps/libhandlebars-dc7879a23f6471c9.rlib" "/opt/rustwide/target/debug/deps/libpest-fa25e6c986694515.rlib" "/opt/rustwide/target/debug/deps/libucd_trie-6132939a2ce7db4c.rlib" "/opt/rustwide/target/debug/deps/libshlex-bebfe14e61d76b8f.rlib" "/opt/rustwide/target/debug/deps/libtopological_sort-314724e9dffb1fa8.rlib" "/opt/rustwide/target/debug/deps/libtoml-96fa7961ae6bd07c.rlib" "/opt/rustwide/target/debug/deps/libtempfile-eee3ea706de7d945.rlib" "/opt/rustwide/target/debug/deps/libfastrand-10bb5c97af1a52e6.rlib" "/opt/rustwide/target/debug/deps/librustix-c51999f002e73884.rlib" "/opt/rustwide/target/debug/deps/libbitflags-912d270082a3a4ea.rlib" "/opt/rustwide/target/debug/deps/liblinux_raw_sys-cb4ceb3b5f92b800.rlib" "/opt/rustwide/target/debug/deps/liblog-e491f2c1d0b13538.rlib" "/opt/rustwide/target/debug/deps/libsyntect-b51b3dec3ba03304.rlib" "/opt/rustwide/target/debug/deps/libthiserror-ddb8440806e9a6e0.rlib" "/opt/rustwide/target/debug/deps/libwalkdir-855d0afe3de90c17.rlib" "/opt/rustwide/target/debug/deps/libsame_file-06a4c01142053b65.rlib" "/opt/rustwide/target/debug/deps/libonig-acc8a116c82c02e8.rlib" "/opt/rustwide/target/debug/deps/libonig_sys-c3fd25d8bf847560.rlib" "/opt/rustwide/target/debug/deps/libyaml_rust-dadeb9b0a1ae3c6e.rlib" "/opt/rustwide/target/debug/deps/liblinked_hash_map-55396135ba6b4b1c.rlib" "/opt/rustwide/target/debug/deps/libonce_cell-865e1c5018a0303a.rlib" "/opt/rustwide/target/debug/deps/libregex_syntax-92ff7cd7e2c66084.rlib" "/opt/rustwide/target/debug/deps/libfnv-18bf5144d055e772.rlib" "/opt/rustwide/target/debug/deps/libserde_json-04c528070dcdc196.rlib" "/opt/rustwide/target/debug/deps/libryu-f8e8abf733224b36.rlib" "/opt/rustwide/target/debug/deps/libplist-c36a4aa3b314ae50.rlib" "/opt/rustwide/target/debug/deps/libline_wrap-8d5d671595e9c530.rlib" "/opt/rustwide/target/debug/deps/libsafemem-4745ed10c8b13fe0.rlib" "/opt/rustwide/target/debug/deps/libtime-6b552327a1fd3ac3.rlib" "/opt/rustwide/target/debug/deps/libitoa-05fb7c91ffbc0a79.rlib" "/opt/rustwide/target/debug/deps/libtime_core-7af5d6eb87ec9652.rlib" "/opt/rustwide/target/debug/deps/libderanged-5c51eaaf3972a105.rlib" "/opt/rustwide/target/debug/deps/libpowerfmt-e8908707a005dea9.rlib" "/opt/rustwide/target/debug/deps/libquick_xml-f7e342c153c55d01.rlib" "/opt/rustwide/target/debug/deps/libbase64-c757f6e1d18850a5.rlib" "/opt/rustwide/target/debug/deps/libindexmap-22e0f4634bb72d96.rlib" "/opt/rustwide/target/debug/deps/libequivalent-daf5c71f5fc642dd.rlib" "/opt/rustwide/target/debug/deps/libhashbrown-d5d4385ff3f60687.rlib" "/opt/rustwide/target/debug/deps/libflate2-1347a47922d98cc4.rlib" "/opt/rustwide/target/debug/deps/libminiz_oxide-f272f5814aa49507.rlib" "/opt/rustwide/target/debug/deps/libadler-c8f2240c56a0abca.rlib" "/opt/rustwide/target/debug/deps/libcrc32fast-664446237529ebff.rlib" "/opt/rustwide/target/debug/deps/libcfg_if-61dc7a6799e72b18.rlib" "/opt/rustwide/target/debug/deps/libbincode-e726879f263f9362.rlib" "/opt/rustwide/target/debug/deps/libserde-d6a1db5dd78c9804.rlib" "/opt/rustwide/target/debug/deps/libregex-ac49b6fbcf5de00f.rlib" "/opt/rustwide/target/debug/deps/libregex_automata-462caa1b128be2f6.rlib" "/opt/rustwide/target/debug/deps/libaho_corasick-1143312c78fc67c2.rlib" "/opt/rustwide/target/debug/deps/libregex_syntax-e4dd3c3a3cb10e1d.rlib" "/opt/rustwide/target/debug/deps/libpulldown_cmark_to_cmark-45972bb11f21ca62.rlib" "/opt/rustwide/target/debug/deps/libpulldown_cmark-2d6f3f5795e009e9.rlib" "/opt/rustwide/target/debug/deps/libbitflags-b7cee2ca4fb438d0.rlib" "/opt/rustwide/target/debug/deps/libunicase-131885e46c9d146d.rlib" "/opt/rustwide/target/debug/deps/libpolib-9a02748b8ca3511d.rlib" "/opt/rustwide/target/debug/deps/liblinereader-3a1e065cd6938013.rlib" "/opt/rustwide/target/debug/deps/libmemchr-8adfc22b612d6f7a.rlib" "/opt/rustwide/rustup-home/toolchains/1.75.0-x86_64-unknown-linux-gnu/lib/rustlib/x86_64-unknown-linux-gnu/lib/libstd-90f6ddbf82de36ec.rlib" "/opt/rustwide/rustup-home/toolchains/1.75.0-x86_64-unknown-linux-gnu/lib/rustlib/x86_64-unknown-linux-gnu/lib/libpanic_unwind-480c41e9d4e1f677.rlib" "/opt/rustwide/rustup-home/toolchains/1.75.0-x86_64-unknown-linux-gnu/lib/rustlib/x86_64-unknown-linux-gnu/lib/libobject-db744c0ca03eed1d.rlib" "/opt/rustwide/rustup-home/toolchains/1.75.0-x86_64-unknown-linux-gnu/lib/rustlib/x86_64-unknown-linux-gnu/lib/libmemchr-8ba652dc7d4b285a.rlib" "/opt/rustwide/rustup-home/toolchains/1.75.0-x86_64-unknown-linux-gnu/lib/rustlib/x86_64-unknown-linux-gnu/lib/libaddr2line-d5f4520a9ebc0d58.rlib" "/opt/rustwide/rustup-home/toolchains/1.75.0-x86_64-unknown-linux-gnu/lib/rustlib/x86_64-unknown-linux-gnu/lib/libgimli-4ad84de58f0cb463.rlib" "/opt/rustwide/rustup-home/toolchains/1.75.0-x86_64-unknown-linux-gnu/lib/rustlib/x86_64-unknown-linux-gnu/lib/librustc_demangle-0d10aae2e0f38735.rlib" "/opt/rustwide/rustup-home/toolchains/1.75.0-x86_64-unknown-linux-gnu/lib/rustlib/x86_64-unknown-linux-gnu/lib/libstd_detect-0c17cff739e6745b.rlib" "/opt/rustwide/rustup-home/toolchains/1.75.0-x86_64-unknown-linux-gnu/lib/rustlib/x86_64-unknown-linux-gnu/lib/libhashbrown-b29e17139dde1aa8.rlib" "/opt/rustwide/rustup-home/toolchains/1.75.0-x86_64-unknown-linux-gnu/lib/rustlib/x86_64-unknown-linux-gnu/lib/librustc_std_workspace_alloc-1f975299829cc7bd.rlib" "/opt/rustwide/rustup-home/toolchains/1.75.0-x86_64-unknown-linux-gnu/lib/rustlib/x86_64-unknown-linux-gnu/lib/libminiz_oxide-86bae3bc3079f89b.rlib" "/opt/rustwide/rustup-home/toolchains/1.75.0-x86_64-unknown-linux-gnu/lib/rustlib/x86_64-unknown-linux-gnu/lib/libadler-321b82c30dffdf5f.rlib" "/opt/rustwide/rustup-home/toolchains/1.75.0-x86_64-unknown-linux-gnu/lib/rustlib/x86_64-unknown-linux-gnu/lib/libunwind-3dd8a6810a0bdfef.rlib" "/opt/rustwide/rustup-home/toolchains/1.75.0-x86_64-unknown-linux-gnu/lib/rustlib/x86_64-unknown-linux-gnu/lib/libcfg_if-eb39a61c0c879984.rlib" "/opt/rustwide/rustup-home/toolchains/1.75.0-x86_64-unknown-linux-gnu/lib/rustlib/x86_64-unknown-linux-gnu/lib/liblibc-aa769569f91c3548.rlib" "/opt/rustwide/rustup-home/toolchains/1.75.0-x86_64-unknown-linux-gnu/lib/rustlib/x86_64-unknown-linux-gnu/lib/liballoc-510a192a50a983ed.rlib" "/opt/rustwide/rustup-home/toolchains/1.75.0-x86_64-unknown-linux-gnu/lib/rustlib/x86_64-unknown-linux-gnu/lib/librustc_std_workspace_core-0577018320f99037.rlib" "/opt/rustwide/rustup-home/toolchains/1.75.0-x86_64-unknown-linux-gnu/lib/rustlib/x86_64-unknown-linux-gnu/lib/libcore-193cf992125ccd4c.rlib" "/opt/rustwide/rustup-home/toolchains/1.75.0-x86_64-unknown-linux-gnu/lib/rustlib/x86_64-unknown-linux-gnu/lib/libcompiler_builtins-8e138eaf26ebb4a8.rlib" "-Wl,-Bdynamic" "-lgcc_s" "-lutil" "-lrt" "-lpthread" "-lm" "-ldl" "-lc" "-Wl,--eh-frame-hdr" "-Wl,-z,noexecstack" "-L" "/opt/rustwide/rustup-home/toolchains/1.75.0-x86_64-unknown-linux-gnu/lib/rustlib/x86_64-unknown-linux-gnu/lib" "-o" "/tmp/rustdoctesti2539i/rust_out" "-Wl,--gc-sections" "-pie" "-Wl,-z,relro,-z,now" "-nodefaultlibs"
[INFO] [stdout]   = note: collect2: fatal error: ld terminated with signal 9 [Killed]
[INFO] [stdout]           compilation terminated.
[INFO] [stdout]           
[INFO] [stdout] 
[INFO] [stdout] error: aborting due to previous error
[INFO] [stdout] 
[INFO] [stdout] Couldn't compile the test.
[INFO] [stdout] 
[INFO] [stdout] failures:
[INFO] [stdout]     src/lib.rs - extract_messages (line 574)
[INFO] [stdout] 
[INFO] [stdout] test result: FAILED. 5 passed; 1 failed; 0 ignored; 0 measured; 0 filtered out; finished in 4.47s
[INFO] [stdout] 
[INFO] [stderr] error: doctest failed, to rerun pass `--doc`
[INFO] running `Command { std: "docker" "inspect" "f475099df2bd04fde245a6024c0b5c03931f7630f1d081ad8ebc7bc212441cb6", kill_on_drop: false }`
[INFO] running `Command { std: "docker" "rm" "-f" "f475099df2bd04fde245a6024c0b5c03931f7630f1d081ad8ebc7bc212441cb6", kill_on_drop: false }`
[INFO] [stdout] f475099df2bd04fde245a6024c0b5c03931f7630f1d081ad8ebc7bc212441cb6
[INFO] testing mdbook-i18n-helpers-0.3.0 against beta-2023-12-22 for beta-1.76-1
[INFO] extracting crate mdbook-i18n-helpers 0.3.0 into /workspace/builds/worker-5-tc2/source
[INFO] validating manifest of crates.io crate mdbook-i18n-helpers 0.3.0 on toolchain beta-2023-12-22
[INFO] running `Command { std: CARGO_HOME="/workspace/cargo-home" RUSTUP_HOME="/workspace/rustup-home" "/workspace/cargo-home/bin/cargo" "+beta-2023-12-22" "metadata" "--manifest-path" "Cargo.toml" "--no-deps", kill_on_drop: false }`
[INFO] started tweaking crates.io crate mdbook-i18n-helpers 0.3.0
[INFO] finished tweaking crates.io crate mdbook-i18n-helpers 0.3.0
[INFO] tweaked toml for crates.io crate mdbook-i18n-helpers 0.3.0 written to /workspace/builds/worker-5-tc2/source/Cargo.toml
[INFO] crate crates.io crate mdbook-i18n-helpers 0.3.0 already has a lockfile, it will not be regenerated
[INFO] running `Command { std: CARGO_HOME="/workspace/cargo-home" RUSTUP_HOME="/workspace/rustup-home" "/workspace/cargo-home/bin/cargo" "+beta-2023-12-22" "fetch" "--manifest-path" "Cargo.toml", kill_on_drop: false }`
[INFO] running `Command { std: "docker" "create" "-v" "/var/lib/crater-agent-workspace/builds/worker-5-tc2/target:/opt/rustwide/target:rw,Z" "-v" "/var/lib/crater-agent-workspace/builds/worker-5-tc2/source:/opt/rustwide/workdir:ro,Z" "-v" "/var/lib/crater-agent-workspace/cargo-home:/opt/rustwide/cargo-home:ro,Z" "-v" "/var/lib/crater-agent-workspace/rustup-home:/opt/rustwide/rustup-home:ro,Z" "-e" "SOURCE_DIR=/opt/rustwide/workdir" "-e" "CARGO_TARGET_DIR=/opt/rustwide/target" "-e" "CARGO_HOME=/opt/rustwide/cargo-home" "-e" "RUSTUP_HOME=/opt/rustwide/rustup-home" "-w" "/opt/rustwide/workdir" "-m" "1610612736" "--user" "0:0" "--network" "none" "ghcr.io/rust-lang/crates-build-env/linux@sha256:2788e3201cd34a07e3172128adcd8b3090168a8e3bcc40d7c032b9dda1df7d1c" "/opt/rustwide/cargo-home/bin/cargo" "+beta-2023-12-22" "metadata" "--no-deps" "--format-version=1", kill_on_drop: false }`
[INFO] [stdout] 0b1ef3dfe24b6f8f23f767de6b587b5432de7dd0770f035cdcdbd54d77232fdd
[INFO] running `Command { std: "docker" "start" "-a" "0b1ef3dfe24b6f8f23f767de6b587b5432de7dd0770f035cdcdbd54d77232fdd", kill_on_drop: false }`
[INFO] running `Command { std: "docker" "inspect" "0b1ef3dfe24b6f8f23f767de6b587b5432de7dd0770f035cdcdbd54d77232fdd", kill_on_drop: false }`
[INFO] running `Command { std: "docker" "rm" "-f" "0b1ef3dfe24b6f8f23f767de6b587b5432de7dd0770f035cdcdbd54d77232fdd", kill_on_drop: false }`
[INFO] [stdout] 0b1ef3dfe24b6f8f23f767de6b587b5432de7dd0770f035cdcdbd54d77232fdd
[INFO] running `Command { std: "docker" "create" "-v" "/var/lib/crater-agent-workspace/builds/worker-5-tc2/target:/opt/rustwide/target:rw,Z" "-v" "/var/lib/crater-agent-workspace/builds/worker-5-tc2/source:/opt/rustwide/workdir:ro,Z" "-v" "/var/lib/crater-agent-workspace/cargo-home:/opt/rustwide/cargo-home:ro,Z" "-v" "/var/lib/crater-agent-workspace/rustup-home:/opt/rustwide/rustup-home:ro,Z" "-e" "SOURCE_DIR=/opt/rustwide/workdir" "-e" "CARGO_TARGET_DIR=/opt/rustwide/target" "-e" "CARGO_INCREMENTAL=0" "-e" "RUST_BACKTRACE=full" "-e" "RUSTFLAGS=--cap-lints=warn" "-e" "RUSTDOCFLAGS=--cap-lints=warn" "-e" "CARGO_HOME=/opt/rustwide/cargo-home" "-e" "RUSTUP_HOME=/opt/rustwide/rustup-home" "-w" "/opt/rustwide/workdir" "-m" "1610612736" "--user" "0:0" "--network" "none" "ghcr.io/rust-lang/crates-build-env/linux@sha256:2788e3201cd34a07e3172128adcd8b3090168a8e3bcc40d7c032b9dda1df7d1c" "/opt/rustwide/cargo-home/bin/cargo" "+beta-2023-12-22" "build" "--frozen" "--message-format=json", kill_on_drop: false }`
[INFO] [stdout] f66df15d4b84e0b7271d299aef5b1577afaccf870ca5fc066c02ea7325e6b6ae
[INFO] running `Command { std: "docker" "start" "-a" "f66df15d4b84e0b7271d299aef5b1577afaccf870ca5fc066c02ea7325e6b6ae", kill_on_drop: false }`
[INFO] [stderr]    Compiling memchr v2.6.4
[INFO] [stderr]    Compiling proc-macro2 v1.0.69
[INFO] [stderr]    Compiling rustix v0.38.21
[INFO] [stderr]    Compiling thiserror v1.0.50
[INFO] [stderr]    Compiling serde v1.0.192
[INFO] [stderr]    Compiling bitflags v2.4.1
[INFO] [stderr]    Compiling linux-raw-sys v0.4.11
[INFO] [stderr]    Compiling libc v0.2.150
[INFO] [stderr]    Compiling regex-syntax v0.8.2
[INFO] [stderr]    Compiling serde_json v1.0.108
[INFO] [stderr]    Compiling anstyle-parse v0.2.2
[INFO] [stderr]    Compiling unicase v2.7.0
[INFO] [stderr]    Compiling pkg-config v0.3.27
[INFO] [stderr]    Compiling anstyle v1.0.4
[INFO] [stderr]    Compiling clap_lex v0.6.0
[INFO] [stderr]    Compiling powerfmt v0.2.0
[INFO] [stderr]    Compiling pulldown-cmark v0.9.3
[INFO] [stderr]    Compiling anstream v0.6.4
[INFO] [stderr]    Compiling deranged v0.3.9
[INFO] [stderr]    Compiling hashbrown v0.14.2
[INFO] [stderr]    Compiling log v0.4.20
[INFO] [stderr]    Compiling safemem v0.3.3
[INFO] [stderr]    Compiling time-core v0.1.2
[INFO] [stderr]    Compiling anyhow v1.0.75
[INFO] [stderr]    Compiling line-wrap v0.1.1
[INFO] [stderr]    Compiling miniz_oxide v0.7.1
[INFO] [stderr]    Compiling termcolor v1.3.0
[INFO] [stderr]    Compiling linked-hash-map v0.5.6
[INFO] [stderr]    Compiling iana-time-zone v0.1.58
[INFO] [stderr]    Compiling same-file v1.0.6
[INFO] [stderr]    Compiling aho-corasick v1.1.2
[INFO] [stderr]    Compiling quick-xml v0.31.0
[INFO] [stderr]    Compiling semver v1.0.20
[INFO] [stderr]    Compiling fastrand v2.0.1
[INFO] [stderr]    Compiling quote v1.0.33
[INFO] [stderr]    Compiling humantime v2.1.0
[INFO] [stderr]    Compiling flate2 v1.0.28
[INFO] [stderr]    Compiling indexmap v2.1.0
[INFO] [stderr]    Compiling syn v2.0.39
[INFO] [stderr]    Compiling yaml-rust v0.4.5
[INFO] [stderr]    Compiling cc v1.0.83
[INFO] [stderr]    Compiling time v0.3.30
[INFO] [stderr]    Compiling chrono v0.4.31
[INFO] [stderr]    Compiling walkdir v2.4.0
[INFO] [stderr]    Compiling linereader v0.4.0
[INFO] [stderr]    Compiling shlex v1.2.0
[INFO] [stderr]    Compiling regex-syntax v0.7.5
[INFO] [stderr]    Compiling topological-sort v0.2.2
[INFO] [stderr]    Compiling pulldown-cmark-to-cmark v11.0.0
[INFO] [stderr]    Compiling polib v0.2.0
[INFO] [stderr]    Compiling textwrap v0.16.0
[INFO] [stderr]    Compiling regex-automata v0.4.3
[INFO] [stderr]    Compiling onig_sys v69.8.1
[INFO] [stderr]    Compiling terminal_size v0.3.0
[INFO] [stderr]    Compiling is-terminal v0.4.9
[INFO] [stderr]    Compiling clap_builder v4.4.7
[INFO] [stderr]    Compiling tempfile v3.8.1
[INFO] [stderr]    Compiling thiserror-impl v1.0.50
[INFO] [stderr]    Compiling serde_derive v1.0.192
[INFO] [stderr]    Compiling pest v2.7.5
[INFO] [stderr]    Compiling bstr v1.7.0
[INFO] [stderr]    Compiling regex v1.10.2
[INFO] [stderr]    Compiling clap v4.4.7
[INFO] [stderr]    Compiling clap_complete v4.4.4
[INFO] [stderr]    Compiling env_logger v0.10.0
[INFO] [stderr]    Compiling opener v0.6.1
[INFO] [stderr]    Compiling pest_meta v2.7.5
[INFO] [stderr]    Compiling pest_generator v2.7.5
[INFO] [stderr]    Compiling pest_derive v2.7.5
[INFO] [stderr]    Compiling onig v6.4.0
[INFO] [stderr]    Compiling bincode v1.3.3
[INFO] [stderr]    Compiling plist v1.6.0
[INFO] [stderr]    Compiling toml v0.5.11
[INFO] [stderr]    Compiling handlebars v4.4.0
[INFO] [stderr]    Compiling syntect v5.1.0
[INFO] [stderr]    Compiling mdbook v0.4.35
[INFO] [stderr]    Compiling mdbook-i18n-helpers v0.3.0 (/opt/rustwide/workdir)
[INFO] [stderr]     Finished dev [unoptimized + debuginfo] target(s) in 23.81s
[INFO] running `Command { std: "docker" "inspect" "f66df15d4b84e0b7271d299aef5b1577afaccf870ca5fc066c02ea7325e6b6ae", kill_on_drop: false }`
[INFO] running `Command { std: "docker" "rm" "-f" "f66df15d4b84e0b7271d299aef5b1577afaccf870ca5fc066c02ea7325e6b6ae", kill_on_drop: false }`
[INFO] [stdout] f66df15d4b84e0b7271d299aef5b1577afaccf870ca5fc066c02ea7325e6b6ae
[INFO] running `Command { std: "docker" "create" "-v" "/var/lib/crater-agent-workspace/builds/worker-5-tc2/target:/opt/rustwide/target:rw,Z" "-v" "/var/lib/crater-agent-workspace/builds/worker-5-tc2/source:/opt/rustwide/workdir:ro,Z" "-v" "/var/lib/crater-agent-workspace/cargo-home:/opt/rustwide/cargo-home:ro,Z" "-v" "/var/lib/crater-agent-workspace/rustup-home:/opt/rustwide/rustup-home:ro,Z" "-e" "SOURCE_DIR=/opt/rustwide/workdir" "-e" "CARGO_TARGET_DIR=/opt/rustwide/target" "-e" "CARGO_INCREMENTAL=0" "-e" "RUST_BACKTRACE=full" "-e" "RUSTFLAGS=--cap-lints=warn" "-e" "RUSTDOCFLAGS=--cap-lints=warn" "-e" "CARGO_HOME=/opt/rustwide/cargo-home" "-e" "RUSTUP_HOME=/opt/rustwide/rustup-home" "-w" "/opt/rustwide/workdir" "-m" "1610612736" "--user" "0:0" "--network" "none" "ghcr.io/rust-lang/crates-build-env/linux@sha256:2788e3201cd34a07e3172128adcd8b3090168a8e3bcc40d7c032b9dda1df7d1c" "/opt/rustwide/cargo-home/bin/cargo" "+beta-2023-12-22" "test" "--frozen" "--no-run" "--message-format=json", kill_on_drop: false }`
[INFO] [stdout] c947420bcf6fd3124600123f3b5ad04e74232db0c1261dc0ff7eff40c450758b
[INFO] running `Command { std: "docker" "start" "-a" "c947420bcf6fd3124600123f3b5ad04e74232db0c1261dc0ff7eff40c450758b", kill_on_drop: false }`
[INFO] [stderr]    Compiling yansi v0.5.1
[INFO] [stderr]    Compiling diff v0.1.13
[INFO] [stderr]    Compiling pretty_assertions v1.4.0
[INFO] [stderr]    Compiling mdbook-i18n-helpers v0.3.0 (/opt/rustwide/workdir)
[INFO] [stderr]     Finished test [unoptimized + debuginfo] target(s) in 4.91s
[INFO] running `Command { std: "docker" "inspect" "c947420bcf6fd3124600123f3b5ad04e74232db0c1261dc0ff7eff40c450758b", kill_on_drop: false }`
[INFO] running `Command { std: "docker" "rm" "-f" "c947420bcf6fd3124600123f3b5ad04e74232db0c1261dc0ff7eff40c450758b", kill_on_drop: false }`
[INFO] [stdout] c947420bcf6fd3124600123f3b5ad04e74232db0c1261dc0ff7eff40c450758b
[INFO] running `Command { std: "docker" "create" "-v" "/var/lib/crater-agent-workspace/builds/worker-5-tc2/target:/opt/rustwide/target:rw,Z" "-v" "/var/lib/crater-agent-workspace/builds/worker-5-tc2/source:/opt/rustwide/workdir:ro,Z" "-v" "/var/lib/crater-agent-workspace/cargo-home:/opt/rustwide/cargo-home:ro,Z" "-v" "/var/lib/crater-agent-workspace/rustup-home:/opt/rustwide/rustup-home:ro,Z" "-e" "SOURCE_DIR=/opt/rustwide/workdir" "-e" "CARGO_TARGET_DIR=/opt/rustwide/target" "-e" "CARGO_INCREMENTAL=0" "-e" "RUST_BACKTRACE=full" "-e" "RUSTFLAGS=--cap-lints=warn" "-e" "RUSTDOCFLAGS=--cap-lints=warn" "-e" "CARGO_HOME=/opt/rustwide/cargo-home" "-e" "RUSTUP_HOME=/opt/rustwide/rustup-home" "-w" "/opt/rustwide/workdir" "-m" "1610612736" "--user" "0:0" "--network" "none" "ghcr.io/rust-lang/crates-build-env/linux@sha256:2788e3201cd34a07e3172128adcd8b3090168a8e3bcc40d7c032b9dda1df7d1c" "/opt/rustwide/cargo-home/bin/cargo" "+beta-2023-12-22" "test" "--frozen", kill_on_drop: false }`
[INFO] [stdout] c0790f955cd5bd837148b3be838a4e009e5ec5a36e8b468f495489256419766b
[INFO] running `Command { std: "docker" "start" "-a" "c0790f955cd5bd837148b3be838a4e009e5ec5a36e8b468f495489256419766b", kill_on_drop: false }`
[INFO] [stderr]     Finished test [unoptimized + debuginfo] target(s) in 0.22s
[INFO] [stderr]      Running unittests src/lib.rs (/opt/rustwide/target/debug/deps/mdbook_i18n_helpers-37df1bccb22272b9)
[INFO] [stdout] 
[INFO] [stdout] running 88 tests
[INFO] [stdout] test gettext::tests::test_add_stripped_summary_translations ... ok
[INFO] [stdout] test gettext::tests::test_translate_multiple_paragraphs ... ok
[INFO] [stdout] test gettext::tests::test_translate_paragraph_with_leading_newlines ... ok
[INFO] [stdout] test gettext::tests::test_translate_single_line ... ok
[INFO] [stdout] test gettext::tests::test_strikethrough ... ok
[INFO] [stdout] test gettext::tests::test_heading_attributes ... ok
[INFO] [stdout] test gettext::tests::test_tasklists ... ok
[INFO] [stdout] test gettext::tests::test_translate_single_paragraph ... ok
[INFO] [stdout] test gettext::tests::test_translate_paragraph_with_trailing_newlines ... ok
[INFO] [stdout] test gettext::tests::test_footnote ... ok
[INFO] [stdout] test gettext::tests::test_translate_multiple_paragraphs_extra_newlines ... ok
[INFO] [stdout] test gettext::tests::test_translate_table ... ok
[INFO] [stdout] test normalize::tests::test_normalize_block_quote ... ok
[INFO] [stdout] test normalize::tests::test_normalize_block_quote_with_list ... ok
[INFO] [stdout] test normalize::tests::test_normalize_early_translation_wins ... ok
[INFO] [stdout] test normalize::tests::test_normalize_fuzzy_list_items_too_few ... ok
[INFO] [stdout] test normalize::tests::test_normalize_first_wins ... ok
[INFO] [stdout] test normalize::tests::test_normalize_fuzzy_paragraphs_too_few ... ok
[INFO] [stdout] test normalize::tests::test_normalize_fuzzy_wins ... ok
[INFO] [stdout] test normalize::tests::test_normalize_late_translation_wins ... ok
[INFO] [stdout] test normalize::tests::test_normalize_fuzzy_list_items_too_many ... ok
[INFO] [stdout] test normalize::tests::test_normalize_paragraphs ... ok
[INFO] [stdout] test normalize::tests::test_normalize_disappearing_html ... ok
[INFO] [stdout] test normalize::tests::test_normalize_table ... ok
[INFO] [stdout] test normalize::tests::test_normalize_reference_link ... ok
[INFO] [stdout] test normalize::tests::test_normalize_list_items ... ok
[INFO] [stdout] test normalize::tests::test_normalize_softbreak ... ok
[INFO] [stdout] test normalize::tests::test_normalize_fuzzy_paragraphs_too_many ... ok
[INFO] [stdout] test normalize::tests::test_normalize_inline_link ... ok
[INFO] [stdout] test tests::extract_events_paragraph ... ok
[INFO] [stdout] test tests::extract_messages_autolink ... ok
[INFO] [stdout] test tests::extract_events_softbreak ... ok
[INFO] [stdout] test tests::extract_events_list_item ... ok
[INFO] [stdout] test tests::extract_events_code_block ... ok
[INFO] [stdout] test tests::extract_events_heading ... ok
[INFO] [stdout] test tests::extract_messages_backslashes ... ok
[INFO] [stdout] test tests::extract_events_empty ... ok
[INFO] [stdout] test normalize::tests::test_normalize_untranslated ... ok
[INFO] [stdout] test tests::extract_messages_block_quote ... ok
[INFO] [stdout] test tests::extract_events_comments ... ok
[INFO] [stdout] test tests::extract_messages_empty ... ok
[INFO] [stdout] test tests::extract_messages_footnotes ... ok
[INFO] [stdout] test tests::extract_messages_collapsed_link ... ok
[INFO] [stdout] test tests::extract_messages_headings ... ok
[INFO] [stdout] test tests::extract_messages_email ... ok
[INFO] [stdout] test tests::extract_messages_inline_html ... ok
[INFO] [stdout] test tests::extract_messages_inline_link ... ok
[INFO] [stdout] test tests::extract_messages_broken_reference_link ... ok
[INFO] [stdout] test tests::extract_messages_inline_skips ... ok
[INFO] [stdout] test tests::extract_messages_leading_newlines ... ok
[INFO] [stdout] test tests::extract_messages_details ... ok
[INFO] [stdout] test tests::extract_messages_empty_html ... ok
[INFO] [stdout] test tests::extract_messages_list ... ok
[INFO] [stdout] test tests::extract_messages_list_with_paragraphs ... ok
[INFO] [stdout] test tests::extract_messages_reference_link ... ok
[INFO] [stdout] test tests::extract_messages_multilevel_list ... ok
[INFO] [stdout] test tests::extract_messages_single_line ... ok
[INFO] [stdout] test tests::extract_messages_shortcut_link ... ok
[INFO] [stdout] test tests::extract_messages_simple ... ok
[INFO] [stdout] test tests::extract_messages_inline_skip_to_end_of_block ... ok
[INFO] [stdout] test tests::extract_messages_skip_back_to_back ... ok
[INFO] [stdout] test tests::extract_messages_skip_simple ... ok
[INFO] [stdout] test tests::extract_messages_styled_text ... ok
[INFO] [stdout] test tests::extract_messages_skipping_second_paragraphed_item ... ok
[INFO] [stdout] test tests::extract_messages_skip_next_paragraph_ok ... ok
[INFO] [stdout] test tests::extract_messages_skip_next_codeblock ... ok
[INFO] [stdout] test tests::extract_messages_whitespace_only ... ok
[INFO] [stdout] test tests::extract_messages_trailing_newlines ... ok
[INFO] [stdout] test tests::extract_messages_skipping_second_item ... ok
[INFO] [stdout] test tests::extract_messages_table ... ok
[INFO] [stdout] test tests::test_is_comment_skip_directive_needs_skip ... ok
[INFO] [stdout] test tests::test_is_comment_skip_directive_needs_to_be_a_comment ... ok
[INFO] [stdout] test tests::test_is_comment_skip_directive_tolerates_dashes ... ok
[INFO] [stdout] test tests::extract_messages_skipping_inline_second_item ... ok
[INFO] [stdout] test tests::test_is_comment_skip_directive_tolerates_spaces ... ok
[INFO] [stdout] test tests::test_is_comment_skip_directive_simple ... ok
[INFO] [stdout] test tests::extract_messages_without_language_specifier ... ok
[INFO] [stdout] test tests::extract_messages_code_followed_by_details ... ok
[INFO] [stdout] test gettext::tests::test_translate_code_block ... ok
[INFO] [stdout] test tests::extract_messages_automatic_skipping_nontranslatable_codeblocks_simple ... ok
[INFO] [stdout] test tests::extract_messages_two_code_blocks ... ok
[INFO] [stdout] test tests::extract_messages_code_block_with_block_comment ... ok
[INFO] [stdout] test tests::extract_messages_code_block_with_continuous_line_comments ... ok
[INFO] [stdout] test tests::extract_messages_code_block ... ok
[INFO] [stdout] test tests::extract_messages_quoted_code_block ... ok
[INFO] [stdout] test tests::extract_messages_automatic_skipping_nontranslatable_codeblocks ... ok
[INFO] [stdout] test normalize::tests::test_normalize_code_blocks ... ok
[INFO] [stdout] test tests::extract_messages_multi_language_code_blocks ... ok
[INFO] [stdout] 
[INFO] [stdout] test result: ok. 88 passed; 0 failed; 0 ignored; 0 measured; 0 filtered out; finished in 0.44s
[INFO] [stdout] 
[INFO] [stderr]      Running unittests src/bin/mdbook-gettext.rs (/opt/rustwide/target/debug/deps/mdbook_gettext-090afa010a53c6d6)
[INFO] [stdout] 
[INFO] [stdout] running 0 tests
[INFO] [stdout] 
[INFO] [stdout] test result: ok. 0 passed; 0 failed; 0 ignored; 0 measured; 0 filtered out; finished in 0.00s
[INFO] [stdout] 
[INFO] [stderr]      Running unittests src/bin/mdbook-i18n-normalize.rs (/opt/rustwide/target/debug/deps/mdbook_i18n_normalize-73d839007e72e805)
[INFO] [stdout] 
[INFO] [stdout] running 0 tests
[INFO] [stdout] 
[INFO] [stdout] test result: ok. 0 passed; 0 failed; 0 ignored; 0 measured; 0 filtered out; finished in 0.00s
[INFO] [stdout] 
[INFO] [stderr]      Running unittests src/bin/mdbook-xgettext.rs (/opt/rustwide/target/debug/deps/mdbook_xgettext-cad5ae3e88d735a4)
[INFO] [stdout] 
[INFO] [stdout] running 8 tests
[INFO] [stdout] test tests::test_strip_link_empty ... ok
[INFO] [stdout] test tests::test_strip_link_text ... ok
[INFO] [stdout] test tests::test_strip_link_with_formatting ... ok
[INFO] [stdout] test tests::test_create_catalog_metadata ... ok
[INFO] [stdout] test tests::test_create_catalog_defaults ... ok
[INFO] [stdout] test tests::test_create_catalog_duplicates ... ok
[INFO] [stdout] test tests::test_create_catalog ... ok
[INFO] [stdout] test tests::test_create_catalog_summary_formatting ... ok
[INFO] [stdout] 
[INFO] [stdout] test result: ok. 8 passed; 0 failed; 0 ignored; 0 measured; 0 filtered out; finished in 0.00s
[INFO] [stdout] 
[INFO] [stderr]    Doc-tests mdbook-i18n-helpers
[INFO] [stdout] 
[INFO] [stdout] running 6 tests
[INFO] [stdout] test src/lib.rs - group_events (line 156) ... FAILED
[INFO] [stdout] test src/lib.rs - extract_events (line 63) ... ok
[INFO] [stdout] test src/lib.rs - trim_paragraph (line 626) ... ok
[INFO] [stdout] test src/lib.rs - reconstruct_markdown (line 491) ... ok
[INFO] [stdout] test src/lib.rs - extract_messages (line 574) ... ok
[INFO] [stdout] test src/lib.rs - extract_messages (line 552) ... ok
[INFO] [stderr] error: doctest failed, to rerun pass `--doc`
[INFO] [stdout] 
[INFO] [stdout] failures:
[INFO] [stdout] 
[INFO] [stdout] ---- src/lib.rs - group_events (line 156) stdout ----
[INFO] [stdout] error: linking with `cc` failed: exit status: 1
[INFO] [stdout]   |
[INFO] [stdout]   = note: LC_ALL="C" PATH="/opt/rustwide/rustup-home/toolchains/beta-2023-12-22-x86_64-unknown-linux-gnu/lib/rustlib/x86_64-unknown-linux-gnu/bin:/opt/rustwide/cargo-home/bin:/usr/local/sbin:/usr/local/bin:/usr/sbin:/usr/bin:/sbin:/bin" VSLANG="1033" "cc" "-m64" "/tmp/rustcqPG77g/symbols.o" "/tmp/rustdoctestx6JlYT/rust_out.rust_out.1380c8ea7c88b8e2-cgu.0.rcgu.o" "/tmp/rustdoctestx6JlYT/rust_out.3lr6z6385pynyhem.rcgu.o" "-Wl,--as-needed" "-L" "/opt/rustwide/target/debug/deps" "-L" "/opt/rustwide/target/debug/deps" "-L" "/opt/rustwide/target/debug/build/onig_sys-42504639d28621fd/out" "-L" "/opt/rustwide/rustup-home/toolchains/beta-2023-12-22-x86_64-unknown-linux-gnu/lib/rustlib/x86_64-unknown-linux-gnu/lib" "-Wl,-Bstatic" "/opt/rustwide/target/debug/deps/libmdbook_i18n_helpers-754e56f71d1223e2.rlib" "/opt/rustwide/target/debug/deps/libmdbook-9a3ec606a5d304e3.rlib" "/opt/rustwide/target/debug/deps/libanyhow-4ba56e5ce709e35c.rlib" "/opt/rustwide/target/debug/deps/libhandlebars-33acf3014880d2f5.rlib" "/opt/rustwide/target/debug/deps/libpest-5fe9447fbb3da86d.rlib" "/opt/rustwide/target/debug/deps/libucd_trie-de4c36fe49124ec8.rlib" "/opt/rustwide/target/debug/deps/libshlex-11f50ebb3d277027.rlib" "/opt/rustwide/target/debug/deps/libtopological_sort-93fb8ddc485950f3.rlib" "/opt/rustwide/target/debug/deps/libtoml-bdd431dafc60323a.rlib" "/opt/rustwide/target/debug/deps/libtempfile-091abd8c28fc4924.rlib" "/opt/rustwide/target/debug/deps/libfastrand-c5a132108b9e8ad0.rlib" "/opt/rustwide/target/debug/deps/librustix-506f38ff197a18b4.rlib" "/opt/rustwide/target/debug/deps/libbitflags-52f05aea2267c407.rlib" "/opt/rustwide/target/debug/deps/liblinux_raw_sys-aecd6ae2d9353427.rlib" "/opt/rustwide/target/debug/deps/liblog-2cf4a51dfa4e790a.rlib" "/opt/rustwide/target/debug/deps/libsyntect-cd6deeb4b5a792f2.rlib" "/opt/rustwide/target/debug/deps/libthiserror-028500d173da94df.rlib" "/opt/rustwide/target/debug/deps/libwalkdir-55706bb0eac46bcc.rlib" "/opt/rustwide/target/debug/deps/libsame_file-5e62a1af5be346fb.rlib" "/opt/rustwide/target/debug/deps/libonig-0ec5f30de7bf4ae7.rlib" "/opt/rustwide/target/debug/deps/libonig_sys-f0f4a881e837a6a8.rlib" "/opt/rustwide/target/debug/deps/libyaml_rust-4a308368ddddc975.rlib" "/opt/rustwide/target/debug/deps/liblinked_hash_map-d832c69510805464.rlib" "/opt/rustwide/target/debug/deps/libonce_cell-728f13abc4f8cf5f.rlib" "/opt/rustwide/target/debug/deps/libregex_syntax-ef461186d3307f3c.rlib" "/opt/rustwide/target/debug/deps/libfnv-953831fe314029b4.rlib" "/opt/rustwide/target/debug/deps/libserde_json-d94112bef9ddbe00.rlib" "/opt/rustwide/target/debug/deps/libryu-d2c3aff9aeca12bd.rlib" "/opt/rustwide/target/debug/deps/libplist-db2d934c2e5f7805.rlib" "/opt/rustwide/target/debug/deps/libline_wrap-68b6a837fc315c8f.rlib" "/opt/rustwide/target/debug/deps/libsafemem-c5268489761944e6.rlib" "/opt/rustwide/target/debug/deps/libtime-460b8dabb36cc95f.rlib" "/opt/rustwide/target/debug/deps/libitoa-c3a42249f065e11e.rlib" "/opt/rustwide/target/debug/deps/libtime_core-acdcdbb0edad8681.rlib" "/opt/rustwide/target/debug/deps/libderanged-e095b50b2a98b0c8.rlib" "/opt/rustwide/target/debug/deps/libpowerfmt-a584063b8a4e44a4.rlib" "/opt/rustwide/target/debug/deps/libquick_xml-39679b2738cd3a80.rlib" "/opt/rustwide/target/debug/deps/libbase64-47ce12bf5fcc4351.rlib" "/opt/rustwide/target/debug/deps/libindexmap-0646b95bdd175561.rlib" "/opt/rustwide/target/debug/deps/libequivalent-e4dc2e1acc32de2c.rlib" "/opt/rustwide/target/debug/deps/libhashbrown-1fd42d86886de7ee.rlib" "/opt/rustwide/target/debug/deps/libflate2-8e6e456291549b86.rlib" "/opt/rustwide/target/debug/deps/libminiz_oxide-fdd9e74574a7bd2a.rlib" "/opt/rustwide/target/debug/deps/libadler-eba61f23bb3cdb48.rlib" "/opt/rustwide/target/debug/deps/libcrc32fast-dbea8ee6fb11ce73.rlib" "/opt/rustwide/target/debug/deps/libcfg_if-e7002d307f97bc56.rlib" "/opt/rustwide/target/debug/deps/libbincode-4ed1ef2ed15bbf35.rlib" "/opt/rustwide/target/debug/deps/libserde-b8eeea6b65784911.rlib" "/opt/rustwide/target/debug/deps/libregex-79a04e460ce5ea9e.rlib" "/opt/rustwide/target/debug/deps/libregex_automata-a3f73759d2b2914a.rlib" "/opt/rustwide/target/debug/deps/libaho_corasick-42eca8b16757950a.rlib" "/opt/rustwide/target/debug/deps/libregex_syntax-2fba322c2516c6a3.rlib" "/opt/rustwide/target/debug/deps/libpulldown_cmark_to_cmark-9fc3041ad566d8cb.rlib" "/opt/rustwide/target/debug/deps/libpulldown_cmark-8628345c5fa9b883.rlib" "/opt/rustwide/target/debug/deps/libbitflags-85e13ed1e0c6d910.rlib" "/opt/rustwide/target/debug/deps/libunicase-cb1165946b287cbf.rlib" "/opt/rustwide/target/debug/deps/libpolib-675855b47c237eac.rlib" "/opt/rustwide/target/debug/deps/liblinereader-954058bd8dedfc7e.rlib" "/opt/rustwide/target/debug/deps/libmemchr-996a195865583db1.rlib" "/opt/rustwide/rustup-home/toolchains/beta-2023-12-22-x86_64-unknown-linux-gnu/lib/rustlib/x86_64-unknown-linux-gnu/lib/libstd-0672489a78b613de.rlib" "/opt/rustwide/rustup-home/toolchains/beta-2023-12-22-x86_64-unknown-linux-gnu/lib/rustlib/x86_64-unknown-linux-gnu/lib/libpanic_unwind-7eb3ffc34a49f675.rlib" "/opt/rustwide/rustup-home/toolchains/beta-2023-12-22-x86_64-unknown-linux-gnu/lib/rustlib/x86_64-unknown-linux-gnu/lib/libobject-6478a9daa4bee8e2.rlib" "/opt/rustwide/rustup-home/toolchains/beta-2023-12-22-x86_64-unknown-linux-gnu/lib/rustlib/x86_64-unknown-linux-gnu/lib/libmemchr-0c75d871a5c3923d.rlib" "/opt/rustwide/rustup-home/toolchains/beta-2023-12-22-x86_64-unknown-linux-gnu/lib/rustlib/x86_64-unknown-linux-gnu/lib/libaddr2line-d163ef63ad37bb71.rlib" "/opt/rustwide/rustup-home/toolchains/beta-2023-12-22-x86_64-unknown-linux-gnu/lib/rustlib/x86_64-unknown-linux-gnu/lib/libgimli-8a3fd810a85b9f4c.rlib" "/opt/rustwide/rustup-home/toolchains/beta-2023-12-22-x86_64-unknown-linux-gnu/lib/rustlib/x86_64-unknown-linux-gnu/lib/librustc_demangle-462a2cde8c5dfc10.rlib" "/opt/rustwide/rustup-home/toolchains/beta-2023-12-22-x86_64-unknown-linux-gnu/lib/rustlib/x86_64-unknown-linux-gnu/lib/libstd_detect-cb06ac9f54713f71.rlib" "/opt/rustwide/rustup-home/toolchains/beta-2023-12-22-x86_64-unknown-linux-gnu/lib/rustlib/x86_64-unknown-linux-gnu/lib/libhashbrown-f20bfd1f8e59b393.rlib" "/opt/rustwide/rustup-home/toolchains/beta-2023-12-22-x86_64-unknown-linux-gnu/lib/rustlib/x86_64-unknown-linux-gnu/lib/librustc_std_workspace_alloc-1ef460949b49da4b.rlib" "/opt/rustwide/rustup-home/toolchains/beta-2023-12-22-x86_64-unknown-linux-gnu/lib/rustlib/x86_64-unknown-linux-gnu/lib/libminiz_oxide-2cb0c0ffe4f87514.rlib" "/opt/rustwide/rustup-home/toolchains/beta-2023-12-22-x86_64-unknown-linux-gnu/lib/rustlib/x86_64-unknown-linux-gnu/lib/libadler-58d841eb322a11a2.rlib" "/opt/rustwide/rustup-home/toolchains/beta-2023-12-22-x86_64-unknown-linux-gnu/lib/rustlib/x86_64-unknown-linux-gnu/lib/libunwind-aa2ae0b0a9d11533.rlib" "/opt/rustwide/rustup-home/toolchains/beta-2023-12-22-x86_64-unknown-linux-gnu/lib/rustlib/x86_64-unknown-linux-gnu/lib/libcfg_if-23874e15830ed336.rlib" "/opt/rustwide/rustup-home/toolchains/beta-2023-12-22-x86_64-unknown-linux-gnu/lib/rustlib/x86_64-unknown-linux-gnu/lib/liblibc-e47cddc003bce885.rlib" "/opt/rustwide/rustup-home/toolchains/beta-2023-12-22-x86_64-unknown-linux-gnu/lib/rustlib/x86_64-unknown-linux-gnu/lib/liballoc-c22b13b48a8f128e.rlib" "/opt/rustwide/rustup-home/toolchains/beta-2023-12-22-x86_64-unknown-linux-gnu/lib/rustlib/x86_64-unknown-linux-gnu/lib/librustc_std_workspace_core-e46bc3da6d7c462f.rlib" "/opt/rustwide/rustup-home/toolchains/beta-2023-12-22-x86_64-unknown-linux-gnu/lib/rustlib/x86_64-unknown-linux-gnu/lib/libcore-8d1ac131d3cb2645.rlib" "/opt/rustwide/rustup-home/toolchains/beta-2023-12-22-x86_64-unknown-linux-gnu/lib/rustlib/x86_64-unknown-linux-gnu/lib/libcompiler_builtins-a1b43df8c6899c1f.rlib" "-Wl,-Bdynamic" "-lgcc_s" "-lutil" "-lrt" "-lpthread" "-lm" "-ldl" "-lc" "-Wl,--eh-frame-hdr" "-Wl,-z,noexecstack" "-L" "/opt/rustwide/rustup-home/toolchains/beta-2023-12-22-x86_64-unknown-linux-gnu/lib/rustlib/x86_64-unknown-linux-gnu/lib" "-o" "/tmp/rustdoctestx6JlYT/rust_out" "-Wl,--gc-sections" "-pie" "-Wl,-z,relro,-z,now" "-nodefaultlibs"
[INFO] [stdout]   = note: collect2: fatal error: ld terminated with signal 9 [Killed]
[INFO] [stdout]           compilation terminated.
[INFO] [stdout]           
[INFO] [stdout] 
[INFO] [stdout] error: aborting due to 1 previous error
[INFO] [stdout] 
[INFO] [stdout] Couldn't compile the test.
[INFO] [stdout] 
[INFO] [stdout] failures:
[INFO] [stdout]     src/lib.rs - group_events (line 156)
[INFO] [stdout] 
[INFO] [stdout] test result: FAILED. 5 passed; 1 failed; 0 ignored; 0 measured; 0 filtered out; finished in 4.42s
[INFO] [stdout] 
[INFO] running `Command { std: "docker" "inspect" "c0790f955cd5bd837148b3be838a4e009e5ec5a36e8b468f495489256419766b", kill_on_drop: false }`
[INFO] running `Command { std: "docker" "rm" "-f" "c0790f955cd5bd837148b3be838a4e009e5ec5a36e8b468f495489256419766b", kill_on_drop: false }`
[INFO] [stdout] c0790f955cd5bd837148b3be838a4e009e5ec5a36e8b468f495489256419766b
