[INFO] fetching crate md-icons 0.3.1...
[INFO] testing md-icons-0.3.1 against 1.75.0 for beta-1.76-1
[INFO] extracting crate md-icons 0.3.1 into /workspace/builds/worker-4-tc1/source
[INFO] validating manifest of crates.io crate md-icons 0.3.1 on toolchain 1.75.0
[INFO] running `Command { std: CARGO_HOME="/workspace/cargo-home" RUSTUP_HOME="/workspace/rustup-home" "/workspace/cargo-home/bin/cargo" "+1.75.0" "metadata" "--manifest-path" "Cargo.toml" "--no-deps", kill_on_drop: false }`
[INFO] started tweaking crates.io crate md-icons 0.3.1
[INFO] finished tweaking crates.io crate md-icons 0.3.1
[INFO] tweaked toml for crates.io crate md-icons 0.3.1 written to /workspace/builds/worker-4-tc1/source/Cargo.toml
[INFO] running `Command { std: CARGO_HOME="/workspace/cargo-home" RUSTUP_HOME="/workspace/rustup-home" "/workspace/cargo-home/bin/cargo" "+1.75.0" "generate-lockfile" "--manifest-path" "Cargo.toml", kill_on_drop: false }`
[INFO] [stderr]     Updating crates.io index
[INFO] running `Command { std: CARGO_HOME="/workspace/cargo-home" RUSTUP_HOME="/workspace/rustup-home" "/workspace/cargo-home/bin/cargo" "+1.75.0" "fetch" "--manifest-path" "Cargo.toml", kill_on_drop: false }`
[INFO] [stderr]  Downloading crates ...
[INFO] [stderr]   Downloaded attribute-derive-macro v0.8.1
[INFO] [stderr]   Downloaded leptos_server v0.5.4
[INFO] [stderr]   Downloaded server_fn v0.5.4
[INFO] [stderr]   Downloaded leptos_macro v0.5.4
[INFO] [stderr]   Downloaded pad-adapter v0.1.1
[INFO] [stderr]   Downloaded leptos_dom v0.5.4
[INFO] [stderr]   Downloaded manyhow-macros v0.8.1
[INFO] [stderr]   Downloaded leptos_config v0.5.4
[INFO] [stderr]   Downloaded interpolator v0.5.0
[INFO] [stderr]   Downloaded derive-where v1.2.7
[INFO] [stderr]   Downloaded leptos_reactive v0.5.4
[INFO] [stderr]   Downloaded attribute-derive v0.8.1
[INFO] [stderr]   Downloaded rstml v0.11.2
[INFO] [stderr]   Downloaded manyhow v0.8.1
[INFO] [stderr]   Downloaded self_cell v1.0.3
[INFO] [stderr]   Downloaded server_fn_macro v0.5.4
[INFO] [stderr]   Downloaded quote-use-macros v0.7.2
[INFO] [stderr]   Downloaded quote-use v0.7.2
[INFO] [stderr]   Downloaded leptos_hot_reload v0.5.4
[INFO] [stderr]   Downloaded leptos v0.5.4
[INFO] [stderr]   Downloaded maud v0.25.0
[INFO] [stderr]   Downloaded maud_macros v0.25.0
[INFO] [stderr]   Downloaded drain_filter_polyfill v0.1.3
[INFO] [stderr]   Downloaded server_fn_macro_default v0.5.4
[INFO] [stderr]   Downloaded collection_literals v1.0.1
[INFO] [stderr]   Downloaded proc-macro-utils v0.8.0
[INFO] [stderr]   Downloaded md-icons-helper v0.3.0
[INFO] running `Command { std: "docker" "create" "-v" "/var/lib/crater-agent-workspace/builds/worker-4-tc1/target:/opt/rustwide/target:rw,Z" "-v" "/var/lib/crater-agent-workspace/builds/worker-4-tc1/source:/opt/rustwide/workdir:ro,Z" "-v" "/var/lib/crater-agent-workspace/cargo-home:/opt/rustwide/cargo-home:ro,Z" "-v" "/var/lib/crater-agent-workspace/rustup-home:/opt/rustwide/rustup-home:ro,Z" "-e" "SOURCE_DIR=/opt/rustwide/workdir" "-e" "CARGO_TARGET_DIR=/opt/rustwide/target" "-e" "CARGO_HOME=/opt/rustwide/cargo-home" "-e" "RUSTUP_HOME=/opt/rustwide/rustup-home" "-w" "/opt/rustwide/workdir" "-m" "1610612736" "--user" "0:0" "--network" "none" "ghcr.io/rust-lang/crates-build-env/linux@sha256:2788e3201cd34a07e3172128adcd8b3090168a8e3bcc40d7c032b9dda1df7d1c" "/opt/rustwide/cargo-home/bin/cargo" "+1.75.0" "metadata" "--no-deps" "--format-version=1", kill_on_drop: false }`
[INFO] [stdout] 55f2f735fec3caa8a0bbab97a0fcdd400a1e4c5ddbc957640d13695f077a0a50
[INFO] running `Command { std: "docker" "start" "-a" "55f2f735fec3caa8a0bbab97a0fcdd400a1e4c5ddbc957640d13695f077a0a50", kill_on_drop: false }`
[INFO] running `Command { std: "docker" "inspect" "55f2f735fec3caa8a0bbab97a0fcdd400a1e4c5ddbc957640d13695f077a0a50", kill_on_drop: false }`
[INFO] running `Command { std: "docker" "rm" "-f" "55f2f735fec3caa8a0bbab97a0fcdd400a1e4c5ddbc957640d13695f077a0a50", kill_on_drop: false }`
[INFO] [stdout] 55f2f735fec3caa8a0bbab97a0fcdd400a1e4c5ddbc957640d13695f077a0a50
[INFO] running `Command { std: "docker" "create" "-v" "/var/lib/crater-agent-workspace/builds/worker-4-tc1/target:/opt/rustwide/target:rw,Z" "-v" "/var/lib/crater-agent-workspace/builds/worker-4-tc1/source:/opt/rustwide/workdir:ro,Z" "-v" "/var/lib/crater-agent-workspace/cargo-home:/opt/rustwide/cargo-home:ro,Z" "-v" "/var/lib/crater-agent-workspace/rustup-home:/opt/rustwide/rustup-home:ro,Z" "-e" "SOURCE_DIR=/opt/rustwide/workdir" "-e" "CARGO_TARGET_DIR=/opt/rustwide/target" "-e" "CARGO_INCREMENTAL=0" "-e" "RUST_BACKTRACE=full" "-e" "RUSTFLAGS=--cap-lints=warn" "-e" "RUSTDOCFLAGS=--cap-lints=warn" "-e" "CARGO_HOME=/opt/rustwide/cargo-home" "-e" "RUSTUP_HOME=/opt/rustwide/rustup-home" "-w" "/opt/rustwide/workdir" "-m" "1610612736" "--user" "0:0" "--network" "none" "ghcr.io/rust-lang/crates-build-env/linux@sha256:2788e3201cd34a07e3172128adcd8b3090168a8e3bcc40d7c032b9dda1df7d1c" "/opt/rustwide/cargo-home/bin/cargo" "+1.75.0" "build" "--frozen" "--message-format=json", kill_on_drop: false }`
[INFO] [stdout] 52dd25ca20ae250ebf119ea0141acaff53ef345d97f1b42ebc9d86e5ab388806
[INFO] running `Command { std: "docker" "start" "-a" "52dd25ca20ae250ebf119ea0141acaff53ef345d97f1b42ebc9d86e5ab388806", kill_on_drop: false }`
[INFO] [stderr]    Compiling memchr v2.7.1
[INFO] [stderr]    Compiling regex-syntax v0.8.2
[INFO] [stderr]    Compiling aho-corasick v1.1.2
[INFO] [stderr]    Compiling regex-automata v0.4.3
[INFO] [stderr]    Compiling regex v1.10.2
[INFO] [stderr]    Compiling md-icons-helper v0.3.0
[INFO] [stderr]    Compiling md-icons v0.3.1 (/opt/rustwide/workdir)
[INFO] [stderr]     Finished dev [unoptimized + debuginfo] target(s) in 8.48s
[INFO] running `Command { std: "docker" "inspect" "52dd25ca20ae250ebf119ea0141acaff53ef345d97f1b42ebc9d86e5ab388806", kill_on_drop: false }`
[INFO] running `Command { std: "docker" "rm" "-f" "52dd25ca20ae250ebf119ea0141acaff53ef345d97f1b42ebc9d86e5ab388806", kill_on_drop: false }`
[INFO] [stdout] 52dd25ca20ae250ebf119ea0141acaff53ef345d97f1b42ebc9d86e5ab388806
[INFO] running `Command { std: "docker" "create" "-v" "/var/lib/crater-agent-workspace/builds/worker-4-tc1/target:/opt/rustwide/target:rw,Z" "-v" "/var/lib/crater-agent-workspace/builds/worker-4-tc1/source:/opt/rustwide/workdir:ro,Z" "-v" "/var/lib/crater-agent-workspace/cargo-home:/opt/rustwide/cargo-home:ro,Z" "-v" "/var/lib/crater-agent-workspace/rustup-home:/opt/rustwide/rustup-home:ro,Z" "-e" "SOURCE_DIR=/opt/rustwide/workdir" "-e" "CARGO_TARGET_DIR=/opt/rustwide/target" "-e" "CARGO_INCREMENTAL=0" "-e" "RUST_BACKTRACE=full" "-e" "RUSTFLAGS=--cap-lints=warn" "-e" "RUSTDOCFLAGS=--cap-lints=warn" "-e" "CARGO_HOME=/opt/rustwide/cargo-home" "-e" "RUSTUP_HOME=/opt/rustwide/rustup-home" "-w" "/opt/rustwide/workdir" "-m" "1610612736" "--user" "0:0" "--network" "none" "ghcr.io/rust-lang/crates-build-env/linux@sha256:2788e3201cd34a07e3172128adcd8b3090168a8e3bcc40d7c032b9dda1df7d1c" "/opt/rustwide/cargo-home/bin/cargo" "+1.75.0" "test" "--frozen" "--no-run" "--message-format=json", kill_on_drop: false }`
[INFO] [stdout] 71cb66b7301a20c2f84af6f105d442c08bec5a65e1fb020ef5bc58959e6396d7
[INFO] running `Command { std: "docker" "start" "-a" "71cb66b7301a20c2f84af6f105d442c08bec5a65e1fb020ef5bc58959e6396d7", kill_on_drop: false }`
[INFO] [stderr]    Compiling md-icons v0.3.1 (/opt/rustwide/workdir)
[INFO] [stderr]     Finished test [unoptimized + debuginfo] target(s) in 3.43s
[INFO] running `Command { std: "docker" "inspect" "71cb66b7301a20c2f84af6f105d442c08bec5a65e1fb020ef5bc58959e6396d7", kill_on_drop: false }`
[INFO] running `Command { std: "docker" "rm" "-f" "71cb66b7301a20c2f84af6f105d442c08bec5a65e1fb020ef5bc58959e6396d7", kill_on_drop: false }`
[INFO] [stdout] 71cb66b7301a20c2f84af6f105d442c08bec5a65e1fb020ef5bc58959e6396d7
[INFO] running `Command { std: "docker" "create" "-v" "/var/lib/crater-agent-workspace/builds/worker-4-tc1/target:/opt/rustwide/target:rw,Z" "-v" "/var/lib/crater-agent-workspace/builds/worker-4-tc1/source:/opt/rustwide/workdir:ro,Z" "-v" "/var/lib/crater-agent-workspace/cargo-home:/opt/rustwide/cargo-home:ro,Z" "-v" "/var/lib/crater-agent-workspace/rustup-home:/opt/rustwide/rustup-home:ro,Z" "-e" "SOURCE_DIR=/opt/rustwide/workdir" "-e" "CARGO_TARGET_DIR=/opt/rustwide/target" "-e" "CARGO_INCREMENTAL=0" "-e" "RUST_BACKTRACE=full" "-e" "RUSTFLAGS=--cap-lints=warn" "-e" "RUSTDOCFLAGS=--cap-lints=warn" "-e" "CARGO_HOME=/opt/rustwide/cargo-home" "-e" "RUSTUP_HOME=/opt/rustwide/rustup-home" "-w" "/opt/rustwide/workdir" "-m" "1610612736" "--user" "0:0" "--network" "none" "ghcr.io/rust-lang/crates-build-env/linux@sha256:2788e3201cd34a07e3172128adcd8b3090168a8e3bcc40d7c032b9dda1df7d1c" "/opt/rustwide/cargo-home/bin/cargo" "+1.75.0" "test" "--frozen", kill_on_drop: false }`
[INFO] [stdout] 31ca61eccaec675be71ea89823a37dee42bb7a6316abd0ec645740949db9895e
[INFO] running `Command { std: "docker" "start" "-a" "31ca61eccaec675be71ea89823a37dee42bb7a6316abd0ec645740949db9895e", kill_on_drop: false }`
[INFO] [stderr]     Finished test [unoptimized + debuginfo] target(s) in 0.07s
[INFO] [stderr]      Running unittests src/lib.rs (/opt/rustwide/target/debug/deps/md_icons-f982c909a1296a10)
[INFO] [stdout] 
[INFO] [stdout] running 1 test
[INFO] [stdout] test tests::filled::test_line_style ... ok
[INFO] [stdout] 
[INFO] [stdout] test result: ok. 1 passed; 0 failed; 0 ignored; 0 measured; 0 filtered out; finished in 0.00s
[INFO] [stdout] 
[INFO] [stderr]    Doc-tests md-icons
[INFO] [stdout] 
[INFO] [stdout] running 2 tests
[INFO] [stdout] test src/lib.rs - (line 19) ... FAILED
[INFO] [stdout] test src/lib.rs - (line 13) ... ok
[INFO] [stdout] 
[INFO] [stdout] failures:
[INFO] [stdout] 
[INFO] [stdout] ---- src/lib.rs - (line 19) stdout ----
[INFO] [stdout] error[E0425]: cannot find function `maud_icon_menu` in module `md_icons::outlined`
[INFO] [stdout]  --> src/lib.rs:21:42
[INFO] [stdout]   |
[INFO] [stdout] 5 | let hamburger_menu = md_icons::outlined::maud_icon_menu();
[INFO] [stdout]   |                                          ^^^^^^^^^^^^^^ not found in `md_icons::outlined`
[INFO] [stdout] 
[INFO] [stdout] error: aborting due to previous error
[INFO] [stdout] 
[INFO] [stdout] For more information about this error, try `rustc --explain E0425`.
[INFO] [stdout] Couldn't compile the test.
[INFO] [stdout] 
[INFO] [stdout] failures:
[INFO] [stdout]     src/lib.rs - (line 19)
[INFO] [stdout] 
[INFO] [stdout] test result: FAILED. 1 passed; 1 failed; 0 ignored; 0 measured; 0 filtered out; finished in 0.24s
[INFO] [stdout] 
[INFO] [stderr] error: doctest failed, to rerun pass `--doc`
[INFO] running `Command { std: "docker" "inspect" "31ca61eccaec675be71ea89823a37dee42bb7a6316abd0ec645740949db9895e", kill_on_drop: false }`
[INFO] running `Command { std: "docker" "rm" "-f" "31ca61eccaec675be71ea89823a37dee42bb7a6316abd0ec645740949db9895e", kill_on_drop: false }`
[INFO] [stdout] 31ca61eccaec675be71ea89823a37dee42bb7a6316abd0ec645740949db9895e
