[INFO] fetching crate mbtiles 0.8.1...
[INFO] testing mbtiles-0.8.1 against 1.75.0 for beta-1.76-1
[INFO] extracting crate mbtiles 0.8.1 into /workspace/builds/worker-4-tc1/source
[INFO] validating manifest of crates.io crate mbtiles 0.8.1 on toolchain 1.75.0
[INFO] running `Command { std: CARGO_HOME="/workspace/cargo-home" RUSTUP_HOME="/workspace/rustup-home" "/workspace/cargo-home/bin/cargo" "+1.75.0" "metadata" "--manifest-path" "Cargo.toml" "--no-deps", kill_on_drop: false }`
[INFO] started tweaking crates.io crate mbtiles 0.8.1
[INFO] finished tweaking crates.io crate mbtiles 0.8.1
[INFO] tweaked toml for crates.io crate mbtiles 0.8.1 written to /workspace/builds/worker-4-tc1/source/Cargo.toml
[INFO] crate crates.io crate mbtiles 0.8.1 already has a lockfile, it will not be regenerated
[INFO] running `Command { std: CARGO_HOME="/workspace/cargo-home" RUSTUP_HOME="/workspace/rustup-home" "/workspace/cargo-home/bin/cargo" "+1.75.0" "fetch" "--manifest-path" "Cargo.toml", kill_on_drop: false }`
[INFO] [stderr]     Updating crates.io index
[INFO] [stderr]  Downloading crates ...
[INFO] [stderr]   Downloaded enum-display v0.1.3
[INFO] [stderr]   Downloaded similar v2.3.0
[INFO] [stderr]   Downloaded martin-tile-utils v0.1.5
[INFO] [stderr]   Downloaded sqlx-macros v0.7.2
[INFO] [stderr]   Downloaded enum-display-macro v0.1.3
[INFO] [stderr]   Downloaded sqlx-core v0.7.2
[INFO] [stderr]   Downloaded tilejson v0.4.0
[INFO] [stderr]   Downloaded sqlx-mysql v0.7.2
[INFO] [stderr]   Downloaded sqlx-sqlite v0.7.2
[INFO] [stderr]   Downloaded sqlx-postgres v0.7.2
[INFO] [stderr]   Downloaded rsa v0.9.4
[INFO] [stderr]   Downloaded sqlx v0.7.2
[INFO] [stderr]   Downloaded sqlformat v0.2.2
[INFO] [stderr]   Downloaded ctor v0.2.5
[INFO] [stderr]   Downloaded sqlx-macros-core v0.7.2
[INFO] [stderr]   Downloaded sqlite-hashes v0.5.0
[INFO] running `Command { std: "docker" "create" "-v" "/var/lib/crater-agent-workspace/builds/worker-4-tc1/target:/opt/rustwide/target:rw,Z" "-v" "/var/lib/crater-agent-workspace/builds/worker-4-tc1/source:/opt/rustwide/workdir:ro,Z" "-v" "/var/lib/crater-agent-workspace/cargo-home:/opt/rustwide/cargo-home:ro,Z" "-v" "/var/lib/crater-agent-workspace/rustup-home:/opt/rustwide/rustup-home:ro,Z" "-e" "SOURCE_DIR=/opt/rustwide/workdir" "-e" "CARGO_TARGET_DIR=/opt/rustwide/target" "-e" "CARGO_HOME=/opt/rustwide/cargo-home" "-e" "RUSTUP_HOME=/opt/rustwide/rustup-home" "-w" "/opt/rustwide/workdir" "-m" "1610612736" "--user" "0:0" "--network" "none" "ghcr.io/rust-lang/crates-build-env/linux@sha256:2788e3201cd34a07e3172128adcd8b3090168a8e3bcc40d7c032b9dda1df7d1c" "/opt/rustwide/cargo-home/bin/cargo" "+1.75.0" "metadata" "--no-deps" "--format-version=1", kill_on_drop: false }`
[INFO] [stdout] 188d7f00b52fac960db8aebd233666ff8c8409ac71c4e960980551cd771238d8
[INFO] running `Command { std: "docker" "start" "-a" "188d7f00b52fac960db8aebd233666ff8c8409ac71c4e960980551cd771238d8", kill_on_drop: false }`
[INFO] running `Command { std: "docker" "inspect" "188d7f00b52fac960db8aebd233666ff8c8409ac71c4e960980551cd771238d8", kill_on_drop: false }`
[INFO] running `Command { std: "docker" "rm" "-f" "188d7f00b52fac960db8aebd233666ff8c8409ac71c4e960980551cd771238d8", kill_on_drop: false }`
[INFO] [stdout] 188d7f00b52fac960db8aebd233666ff8c8409ac71c4e960980551cd771238d8
[INFO] running `Command { std: "docker" "create" "-v" "/var/lib/crater-agent-workspace/builds/worker-4-tc1/target:/opt/rustwide/target:rw,Z" "-v" "/var/lib/crater-agent-workspace/builds/worker-4-tc1/source:/opt/rustwide/workdir:ro,Z" "-v" "/var/lib/crater-agent-workspace/cargo-home:/opt/rustwide/cargo-home:ro,Z" "-v" "/var/lib/crater-agent-workspace/rustup-home:/opt/rustwide/rustup-home:ro,Z" "-e" "SOURCE_DIR=/opt/rustwide/workdir" "-e" "CARGO_TARGET_DIR=/opt/rustwide/target" "-e" "CARGO_INCREMENTAL=0" "-e" "RUST_BACKTRACE=full" "-e" "RUSTFLAGS=--cap-lints=warn" "-e" "RUSTDOCFLAGS=--cap-lints=warn" "-e" "CARGO_HOME=/opt/rustwide/cargo-home" "-e" "RUSTUP_HOME=/opt/rustwide/rustup-home" "-w" "/opt/rustwide/workdir" "-m" "1610612736" "--user" "0:0" "--network" "none" "ghcr.io/rust-lang/crates-build-env/linux@sha256:2788e3201cd34a07e3172128adcd8b3090168a8e3bcc40d7c032b9dda1df7d1c" "/opt/rustwide/cargo-home/bin/cargo" "+1.75.0" "build" "--frozen" "--message-format=json", kill_on_drop: false }`
[INFO] [stdout] e3a2befb7f8f4baa7d1b16a5f9fced16774a03eb38b8099ec08b5b60651a33d2
[INFO] running `Command { std: "docker" "start" "-a" "e3a2befb7f8f4baa7d1b16a5f9fced16774a03eb38b8099ec08b5b60651a33d2", kill_on_drop: false }`
[INFO] [stderr]    Compiling proc-macro2 v1.0.69
[INFO] [stderr]    Compiling futures-core v0.3.29
[INFO] [stderr]    Compiling memchr v2.6.4
[INFO] [stderr]    Compiling once_cell v1.18.0
[INFO] [stderr]    Compiling num-traits v0.2.17
[INFO] [stderr]    Compiling generic-array v0.14.7
[INFO] [stderr]    Compiling ahash v0.8.6
[INFO] [stderr]    Compiling getrandom v0.2.11
[INFO] [stderr]    Compiling futures-task v0.3.29
[INFO] [stderr]    Compiling zerocopy v0.7.26
[INFO] [stderr]    Compiling cc v1.0.83
[INFO] [stderr]    Compiling serde v1.0.193
[INFO] [stderr]    Compiling allocator-api2 v0.2.16
[INFO] [stderr]    Compiling futures-channel v0.3.29
[INFO] [stderr]    Compiling quote v1.0.33
[INFO] [stderr]    Compiling hashbrown v0.14.2
[INFO] [stderr]    Compiling block-buffer v0.10.4
[INFO] [stderr]    Compiling crypto-common v0.1.6
[INFO] [stderr]    Compiling syn v2.0.39
[INFO] [stderr]    Compiling futures-io v0.3.29
[INFO] [stderr]    Compiling digest v0.10.7
[INFO] [stderr]    Compiling mio v0.8.9
[INFO] [stderr]    Compiling socket2 v0.5.5
[INFO] [stderr]    Compiling ryu v1.0.15
[INFO] [stderr]    Compiling serde_json v1.0.108
[INFO] [stderr]    Compiling itoa v1.0.9
[INFO] [stderr]    Compiling thiserror v1.0.50
[INFO] [stderr]    Compiling crossbeam-utils v0.8.16
[INFO] [stderr]    Compiling nom v7.1.3
[INFO] [stderr]    Compiling parking_lot_core v0.9.9
[INFO] [stderr]    Compiling hashlink v0.8.4
[INFO] [stderr]    Compiling tracing-core v0.1.32
[INFO] [stderr]    Compiling percent-encoding v2.3.0
[INFO] [stderr]    Compiling unicode-bidi v0.3.13
[INFO] [stderr]    Compiling crossbeam-queue v0.3.8
[INFO] [stderr]    Compiling cpufeatures v0.2.11
[INFO] [stderr]    Compiling futures-sink v0.3.29
[INFO] [stderr]    Compiling unicode_categories v0.1.1
[INFO] [stderr]    Compiling indexmap v2.1.0
[INFO] [stderr]    Compiling form_urlencoded v1.2.0
[INFO] [stderr]    Compiling idna v0.4.0
[INFO] [stderr]    Compiling parking_lot v0.12.1
[INFO] [stderr]    Compiling syn v1.0.109
[INFO] [stderr]    Compiling futures-util v0.3.29
[INFO] [stderr]    Compiling hex v0.4.3
[INFO] [stderr]    Compiling linux-raw-sys v0.4.11
[INFO] [stderr]    Compiling crc-catalog v2.4.0
[INFO] [stderr]    Compiling crc v3.0.1
[INFO] [stderr]    Compiling url v2.4.1
[INFO] [stderr]    Compiling futures-intrusive v0.5.0
[INFO] [stderr]    Compiling atoi v2.0.0
[INFO] [stderr]    Compiling spin v0.9.8
[INFO] [stderr]    Compiling strsim v0.10.0
[INFO] [stderr]    Compiling dotenvy v0.15.7
[INFO] [stderr]    Compiling byteorder v1.5.0
[INFO] [stderr]    Compiling event-listener v2.5.3
[INFO] [stderr]    Compiling libsqlite3-sys v0.26.0
[INFO] [stderr]    Compiling tokio v1.34.0
[INFO] [stderr]    Compiling num-integer v0.1.45
[INFO] [stderr]    Compiling rustix v0.38.25
[INFO] [stderr]    Compiling log v0.4.20
[INFO] [stderr]    Compiling sha2 v0.10.8
[INFO] [stderr]    Compiling heck v0.4.1
[INFO] [stderr]    Compiling num_cpus v1.16.0
[INFO] [stderr]    Compiling fnv v1.0.7
[INFO] [stderr]    Compiling ident_case v1.0.1
[INFO] [stderr]    Compiling darling_core v0.20.3
[INFO] [stderr]    Compiling serde_derive v1.0.193
[INFO] [stderr]    Compiling tracing-attributes v0.1.27
[INFO] [stderr]    Compiling thiserror-impl v1.0.50
[INFO] [stderr]    Compiling futures-macro v0.3.29
[INFO] [stderr]    Compiling tokio-stream v0.1.14
[INFO] [stderr]    Compiling tokio-macros v2.2.0
[INFO] [stderr]    Compiling tracing v0.1.40
[INFO] [stderr]    Compiling futures-executor v0.3.29
[INFO] [stderr]    Compiling flume v0.11.0
[INFO] [stderr]    Compiling num-iter v0.1.43
[INFO] [stderr]    Compiling num-complex v0.2.4
[INFO] [stderr]    Compiling num-rational v0.2.4
[INFO] [stderr]    Compiling fastrand v2.0.1
[INFO] [stderr]    Compiling utf8parse v0.2.1
[INFO] [stderr]    Compiling anstyle-parse v0.2.2
[INFO] [stderr]    Compiling tempfile v3.8.1
[INFO] [stderr]    Compiling darling_macro v0.20.3
[INFO] [stderr]    Compiling aho-corasick v1.1.2
[INFO] [stderr]    Compiling anstyle-query v1.0.0
[INFO] [stderr]    Compiling colorchoice v1.0.0
[INFO] [stderr]    Compiling anstyle v1.0.4
[INFO] [stderr]    Compiling darling v0.20.3
[INFO] [stderr]    Compiling anstream v0.6.4
[INFO] [stderr]    Compiling serde_tuple_macros v0.5.0
[INFO] [stderr]    Compiling regex-automata v0.4.3
[INFO] [stderr]    Compiling anyhow v1.0.75
[INFO] [stderr]    Compiling fallible-streaming-iterator v0.1.9
[INFO] [stderr]    Compiling clap_lex v0.6.0
[INFO] [stderr]    Compiling fallible-iterator v0.2.0
[INFO] [stderr]    Compiling clap_builder v4.4.8
[INFO] [stderr]    Compiling enum-display-macro v0.1.3
[INFO] [stderr]    Compiling rusqlite v0.29.0
[INFO] [stderr]    Compiling either v1.9.0
[INFO] [stderr]    Compiling itertools v0.11.0
[INFO] [stderr]    Compiling sqlformat v0.2.2
[INFO] [stderr]    Compiling regex v1.10.2
[INFO] [stderr]    Compiling serde_tuple v0.5.0
[INFO] [stderr]    Compiling num v0.2.1
[INFO] [stderr]    Compiling is-terminal v0.4.9
[INFO] [stderr]    Compiling serde_with_macros v3.4.0
[INFO] [stderr]    Compiling clap_derive v4.4.7
[INFO] [stderr]    Compiling md-5 v0.10.6
[INFO] [stderr]    Compiling unsafe-libyaml v0.2.9
[INFO] [stderr]    Compiling sqlx-core v0.7.2
[INFO] [stderr]    Compiling env_logger v0.10.1
[INFO] [stderr]    Compiling serde_with v3.4.0
[INFO] [stderr]    Compiling serde_yaml v0.9.27
[INFO] [stderr]    Compiling size_format v1.0.2
[INFO] [stderr]    Compiling sqlite-hashes v0.5.0
[INFO] [stderr]    Compiling tilejson v0.4.0
[INFO] [stderr]    Compiling enum-display v0.1.3
[INFO] [stderr]    Compiling futures v0.3.29
[INFO] [stderr]    Compiling martin-tile-utils v0.1.5
[INFO] [stderr]    Compiling sqlx-sqlite v0.7.2
[INFO] [stderr]    Compiling clap v4.4.8
[INFO] [stderr]    Compiling sqlx-macros-core v0.7.2
[INFO] [stderr]    Compiling sqlx-macros v0.7.2
[INFO] [stderr]    Compiling sqlx v0.7.2
[INFO] [stderr]    Compiling mbtiles v0.8.1 (/opt/rustwide/workdir)
[INFO] [stderr]     Finished dev [unoptimized + debuginfo] target(s) in 1m 00s
[INFO] running `Command { std: "docker" "inspect" "e3a2befb7f8f4baa7d1b16a5f9fced16774a03eb38b8099ec08b5b60651a33d2", kill_on_drop: false }`
[INFO] running `Command { std: "docker" "rm" "-f" "e3a2befb7f8f4baa7d1b16a5f9fced16774a03eb38b8099ec08b5b60651a33d2", kill_on_drop: false }`
[INFO] [stdout] e3a2befb7f8f4baa7d1b16a5f9fced16774a03eb38b8099ec08b5b60651a33d2
[INFO] running `Command { std: "docker" "create" "-v" "/var/lib/crater-agent-workspace/builds/worker-4-tc1/target:/opt/rustwide/target:rw,Z" "-v" "/var/lib/crater-agent-workspace/builds/worker-4-tc1/source:/opt/rustwide/workdir:ro,Z" "-v" "/var/lib/crater-agent-workspace/cargo-home:/opt/rustwide/cargo-home:ro,Z" "-v" "/var/lib/crater-agent-workspace/rustup-home:/opt/rustwide/rustup-home:ro,Z" "-e" "SOURCE_DIR=/opt/rustwide/workdir" "-e" "CARGO_TARGET_DIR=/opt/rustwide/target" "-e" "CARGO_INCREMENTAL=0" "-e" "RUST_BACKTRACE=full" "-e" "RUSTFLAGS=--cap-lints=warn" "-e" "RUSTDOCFLAGS=--cap-lints=warn" "-e" "CARGO_HOME=/opt/rustwide/cargo-home" "-e" "RUSTUP_HOME=/opt/rustwide/rustup-home" "-w" "/opt/rustwide/workdir" "-m" "1610612736" "--user" "0:0" "--network" "none" "ghcr.io/rust-lang/crates-build-env/linux@sha256:2788e3201cd34a07e3172128adcd8b3090168a8e3bcc40d7c032b9dda1df7d1c" "/opt/rustwide/cargo-home/bin/cargo" "+1.75.0" "test" "--frozen" "--no-run" "--message-format=json", kill_on_drop: false }`
[INFO] [stdout] 555ff0a3de8537592c13cb5a26efff4821344fa64b2c48f9bcba81cd11c8357f
[INFO] running `Command { std: "docker" "start" "-a" "555ff0a3de8537592c13cb5a26efff4821344fa64b2c48f9bcba81cd11c8357f", kill_on_drop: false }`
[INFO] [stderr]    Compiling syn v2.0.39
[INFO] [stderr]    Compiling signal-hook-registry v1.4.1
[INFO] [stderr]    Compiling semver v1.0.20
[INFO] [stderr]    Compiling regex-syntax v0.8.2
[INFO] [stderr]    Compiling relative-path v1.9.0
[INFO] [stderr]    Compiling glob v0.3.1
[INFO] [stderr]    Compiling console v0.15.7
[INFO] [stderr]    Compiling diff v0.1.13
[INFO] [stderr]    Compiling yansi v0.5.1
[INFO] [stderr]    Compiling futures-timer v3.0.2
[INFO] [stderr]    Compiling similar v2.3.0
[INFO] [stderr]    Compiling pretty_assertions v1.4.0
[INFO] [stderr]    Compiling approx v0.5.1
[INFO] [stderr]    Compiling rustc_version v0.4.0
[INFO] [stderr]    Compiling rstest_macros v0.18.2
[INFO] [stderr]    Compiling regex-automata v0.4.3
[INFO] [stderr]    Compiling darling_core v0.20.3
[INFO] [stderr]    Compiling regex v1.10.2
[INFO] [stderr]    Compiling serde_derive v1.0.193
[INFO] [stderr]    Compiling thiserror-impl v1.0.50
[INFO] [stderr]    Compiling tracing-attributes v0.1.27
[INFO] [stderr]    Compiling futures-macro v0.3.29
[INFO] [stderr]    Compiling tokio-macros v2.2.0
[INFO] [stderr]    Compiling clap_derive v4.4.7
[INFO] [stderr]    Compiling futures-util v0.3.29
[INFO] [stderr]    Compiling tokio v1.34.0
[INFO] [stderr]    Compiling darling_macro v0.20.3
[INFO] [stderr]    Compiling tracing v0.1.40
[INFO] [stderr]    Compiling thiserror v1.0.50
[INFO] [stderr]    Compiling actix-macros v0.2.4
[INFO] [stderr]    Compiling ctor v0.2.5
[INFO] [stderr]    Compiling darling v0.20.3
[INFO] [stderr]    Compiling serde_with_macros v3.4.0
[INFO] [stderr]    Compiling clap v4.4.8
[INFO] [stderr]    Compiling serde v1.0.193
[INFO] [stderr]    Compiling futures-executor v0.3.29
[INFO] [stderr]    Compiling futures v0.3.29
[INFO] [stderr]    Compiling rstest v0.18.2
[INFO] [stderr]    Compiling tokio-stream v0.1.14
[INFO] [stderr]    Compiling actix-rt v2.9.0
[INFO] [stderr]    Compiling either v1.9.0
[INFO] [stderr]    Compiling serde_json v1.0.108
[INFO] [stderr]    Compiling serde_tuple v0.5.0
[INFO] [stderr]    Compiling serde_yaml v0.9.27
[INFO] [stderr]    Compiling serde_with v3.4.0
[INFO] [stderr]    Compiling toml v0.5.11
[INFO] [stderr]    Compiling itertools v0.11.0
[INFO] [stderr]    Compiling tilejson v0.4.0
[INFO] [stderr]    Compiling insta v1.34.0
[INFO] [stderr]    Compiling sqlformat v0.2.2
[INFO] [stderr]    Compiling sqlx-core v0.7.2
[INFO] [stderr]    Compiling sqlx-sqlite v0.7.2
[INFO] [stderr]    Compiling sqlx-macros-core v0.7.2
[INFO] [stderr]    Compiling sqlx-macros v0.7.2
[INFO] [stderr]    Compiling sqlx v0.7.2
[INFO] [stderr]    Compiling mbtiles v0.8.1 (/opt/rustwide/workdir)
[INFO] [stderr]     Finished test [unoptimized + debuginfo] target(s) in 50.44s
[INFO] running `Command { std: "docker" "inspect" "555ff0a3de8537592c13cb5a26efff4821344fa64b2c48f9bcba81cd11c8357f", kill_on_drop: false }`
[INFO] running `Command { std: "docker" "rm" "-f" "555ff0a3de8537592c13cb5a26efff4821344fa64b2c48f9bcba81cd11c8357f", kill_on_drop: false }`
[INFO] [stdout] 555ff0a3de8537592c13cb5a26efff4821344fa64b2c48f9bcba81cd11c8357f
[INFO] running `Command { std: "docker" "create" "-v" "/var/lib/crater-agent-workspace/builds/worker-4-tc1/target:/opt/rustwide/target:rw,Z" "-v" "/var/lib/crater-agent-workspace/builds/worker-4-tc1/source:/opt/rustwide/workdir:ro,Z" "-v" "/var/lib/crater-agent-workspace/cargo-home:/opt/rustwide/cargo-home:ro,Z" "-v" "/var/lib/crater-agent-workspace/rustup-home:/opt/rustwide/rustup-home:ro,Z" "-e" "SOURCE_DIR=/opt/rustwide/workdir" "-e" "CARGO_TARGET_DIR=/opt/rustwide/target" "-e" "CARGO_INCREMENTAL=0" "-e" "RUST_BACKTRACE=full" "-e" "RUSTFLAGS=--cap-lints=warn" "-e" "RUSTDOCFLAGS=--cap-lints=warn" "-e" "CARGO_HOME=/opt/rustwide/cargo-home" "-e" "RUSTUP_HOME=/opt/rustwide/rustup-home" "-w" "/opt/rustwide/workdir" "-m" "1610612736" "--user" "0:0" "--network" "none" "ghcr.io/rust-lang/crates-build-env/linux@sha256:2788e3201cd34a07e3172128adcd8b3090168a8e3bcc40d7c032b9dda1df7d1c" "/opt/rustwide/cargo-home/bin/cargo" "+1.75.0" "test" "--frozen", kill_on_drop: false }`
[INFO] [stdout] 1ca690a3787c933eb68c734d726da2559066f14e7d23c77d7a4c5628f8213a93
[INFO] running `Command { std: "docker" "start" "-a" "1ca690a3787c933eb68c734d726da2559066f14e7d23c77d7a4c5628f8213a93", kill_on_drop: false }`
[INFO] [stderr]     Finished test [unoptimized + debuginfo] target(s) in 0.44s
[INFO] [stderr]      Running unittests src/lib.rs (/opt/rustwide/target/debug/deps/mbtiles-747b37f83948ca6e)
[INFO] [stdout] 
[INFO] [stdout] running 28 tests
[INFO] [stdout] test copier::tests::copy_normalized_from_flat_with_hash_tables ... FAILED
[INFO] [stdout] test copier::tests::copy_flat_with_hash_tables ... FAILED
[INFO] [stdout] test copier::tests::copy_flat_with_hash_from_normalized_tables ... FAILED
[INFO] [stdout] test copier::tests::copy_flat_with_hash_from_flat_tables ... FAILED
[INFO] [stdout] test copier::tests::copy_normalized_from_flat_tables ... FAILED
[INFO] [stdout] test copier::tests::copy_flat_from_flat_with_hash_tables ... FAILED
[INFO] [stdout] test copier::tests::copy_flat_tables ... FAILED
[INFO] [stdout] test copier::tests::copy_flat_from_normalized_tables ... FAILED
[INFO] [stdout] test copier::tests::copy_normalized_tables ... FAILED
[INFO] [stdout] test copier::tests::copy_with_zoom_levels ... FAILED
[INFO] [stdout] test metadata::tests::mbtiles_meta ... ok
[INFO] [stdout] test copier::tests::copy_to_existing_ignore_mode ... FAILED
[INFO] [stdout] test copier::tests::copy_with_min_max_zoom ... FAILED
[INFO] [stdout] test metadata::tests::metadata_get_key ... FAILED
[INFO] [stdout] test copier::tests::copy_with_diff_with_file ... FAILED
[INFO] [stdout] test copier::tests::copy_to_existing_override_mode ... FAILED
[INFO] [stdout] test summary::tests::summary ... FAILED
[INFO] [stdout] test patcher::tests::apply_flat_patch_file ... FAILED
[INFO] [stdout] test metadata::tests::metadata_jpeg ... FAILED
[INFO] [stdout] test patcher::tests::apply_normalized_patch_file ... FAILED
[INFO] [stdout] test metadata::tests::metadata_mvt ... FAILED
[INFO] [stdout] test validation::tests::detect_type ... FAILED
[INFO] [stdout] test summary::tests::meter_to_lng_lat ... ok
[INFO] [stdout] test validation::tests::validate_valid_file ... FAILED
[INFO] [stdout] test validation::tests::validate_invalid_file ... FAILED
[INFO] [stdout] test metadata::tests::metadata_set_key ... ok
[INFO] [stdout] test summary::tests::summary_empty_file ... ok
[INFO] [stderr] error: test failed, to rerun pass `--lib`
[INFO] [stdout] test copier::tests::copy_to_existing_abort_mode ... FAILED
[INFO] [stdout] 
[INFO] [stdout] failures:
[INFO] [stdout] 
[INFO] [stdout] ---- copier::tests::copy_normalized_from_flat_with_hash_tables stdout ----
[INFO] [stdout] Error: SqlxError(Database(SqliteError { code: 14, message: "unable to open database file" }))
[INFO] [stdout] 
[INFO] [stdout] ---- copier::tests::copy_flat_with_hash_tables stdout ----
[INFO] [stdout] Error: SqlxError(Database(SqliteError { code: 14, message: "unable to open database file" }))
[INFO] [stdout] 
[INFO] [stdout] ---- copier::tests::copy_flat_with_hash_from_normalized_tables stdout ----
[INFO] [stdout] Error: SqlxError(Database(SqliteError { code: 14, message: "unable to open database file" }))
[INFO] [stdout] 
[INFO] [stdout] ---- copier::tests::copy_flat_with_hash_from_flat_tables stdout ----
[INFO] [stdout] Error: SqlxError(Database(SqliteError { code: 14, message: "unable to open database file" }))
[INFO] [stdout] 
[INFO] [stdout] ---- copier::tests::copy_normalized_from_flat_tables stdout ----
[INFO] [stdout] Error: SqlxError(Database(SqliteError { code: 14, message: "unable to open database file" }))
[INFO] [stdout] 
[INFO] [stdout] ---- copier::tests::copy_flat_from_flat_with_hash_tables stdout ----
[INFO] [stdout] Error: SqlxError(Database(SqliteError { code: 14, message: "unable to open database file" }))
[INFO] [stdout] 
[INFO] [stdout] ---- copier::tests::copy_flat_tables stdout ----
[INFO] [stdout] Error: SqlxError(Database(SqliteError { code: 14, message: "unable to open database file" }))
[INFO] [stdout] 
[INFO] [stdout] ---- copier::tests::copy_flat_from_normalized_tables stdout ----
[INFO] [stdout] Error: SqlxError(Database(SqliteError { code: 14, message: "unable to open database file" }))
[INFO] [stdout] 
[INFO] [stdout] ---- copier::tests::copy_normalized_tables stdout ----
[INFO] [stdout] Error: SqlxError(Database(SqliteError { code: 14, message: "unable to open database file" }))
[INFO] [stdout] 
[INFO] [stdout] ---- copier::tests::copy_with_zoom_levels stdout ----
[INFO] [stdout] Error: SqlxError(Database(SqliteError { code: 14, message: "unable to open database file" }))
[INFO] [stdout] 
[INFO] [stdout] ---- copier::tests::copy_to_existing_ignore_mode stdout ----
[INFO] [stdout] Error: SqlxError(Database(SqliteError { code: 14, message: "unable to open database file" }))
[INFO] [stdout] 
[INFO] [stdout] ---- copier::tests::copy_with_min_max_zoom stdout ----
[INFO] [stdout] Error: SqlxError(Database(SqliteError { code: 14, message: "unable to open database file" }))
[INFO] [stdout] 
[INFO] [stdout] ---- metadata::tests::metadata_get_key stdout ----
[INFO] [stdout] Error: SqlxError(Database(SqliteError { code: 14, message: "unable to open database file" }))
[INFO] [stdout] 
[INFO] [stdout] ---- copier::tests::copy_with_diff_with_file stdout ----
[INFO] [stdout] Error: SqlxError(Database(SqliteError { code: 14, message: "unable to open database file" }))
[INFO] [stdout] 
[INFO] [stdout] ---- copier::tests::copy_to_existing_override_mode stdout ----
[INFO] [stdout] Error: SqlxError(Database(SqliteError { code: 14, message: "unable to open database file" }))
[INFO] [stdout] 
[INFO] [stdout] ---- summary::tests::summary stdout ----
[INFO] [stdout] Error: SqlxError(Database(SqliteError { code: 14, message: "unable to open database file" }))
[INFO] [stdout] 
[INFO] [stdout] ---- patcher::tests::apply_flat_patch_file stdout ----
[INFO] [stdout] Error: SqlxError(Database(SqliteError { code: 14, message: "unable to open database file" }))
[INFO] [stdout] 
[INFO] [stdout] ---- metadata::tests::metadata_jpeg stdout ----
[INFO] [stdout] Error: SqlxError(Database(SqliteError { code: 14, message: "unable to open database file" }))
[INFO] [stdout] 
[INFO] [stdout] ---- patcher::tests::apply_normalized_patch_file stdout ----
[INFO] [stdout] Error: SqlxError(Database(SqliteError { code: 14, message: "unable to open database file" }))
[INFO] [stdout] 
[INFO] [stdout] ---- metadata::tests::metadata_mvt stdout ----
[INFO] [stdout] Error: SqlxError(Database(SqliteError { code: 14, message: "unable to open database file" }))
[INFO] [stdout] 
[INFO] [stdout] ---- validation::tests::detect_type stdout ----
[INFO] [stdout] Error: SqlxError(Database(SqliteError { code: 14, message: "unable to open database file" }))
[INFO] [stdout] 
[INFO] [stdout] ---- validation::tests::validate_valid_file stdout ----
[INFO] [stdout] Error: SqlxError(Database(SqliteError { code: 14, message: "unable to open database file" }))
[INFO] [stdout] 
[INFO] [stdout] ---- validation::tests::validate_invalid_file stdout ----
[INFO] [stdout] Error: SqlxError(Database(SqliteError { code: 14, message: "unable to open database file" }))
[INFO] [stdout] 
[INFO] [stdout] ---- copier::tests::copy_to_existing_abort_mode stdout ----
[INFO] [stdout] thread 'copier::tests::copy_to_existing_abort_mode' panicked at src/copier.rs:823:9:
[INFO] [stdout] assertion failed: matches!(opt.run().await.unwrap_err(), MbtError :: RusqliteError(..))
[INFO] [stdout] stack backtrace:
[INFO] [stdout]    0:     0x556c8998fc2c - std::backtrace_rs::backtrace::libunwind::trace::ha637c64ce894333a
[INFO] [stdout]                                at /rustc/82e1608dfa6e0b5569232559e3d385fea5a93112/library/std/src/../../backtrace/src/backtrace/libunwind.rs:104:5
[INFO] [stdout]    1:     0x556c8998fc2c - std::backtrace_rs::backtrace::trace_unsynchronized::h47f62dea28e0c88d
[INFO] [stdout]                                at /rustc/82e1608dfa6e0b5569232559e3d385fea5a93112/library/std/src/../../backtrace/src/backtrace/mod.rs:66:5
[INFO] [stdout]    2:     0x556c8998fc2c - std::sys_common::backtrace::_print_fmt::h9eef0abe20ede486
[INFO] [stdout]                                at /rustc/82e1608dfa6e0b5569232559e3d385fea5a93112/library/std/src/sys_common/backtrace.rs:67:5
[INFO] [stdout]    3:     0x556c8998fc2c - <std::sys_common::backtrace::_print::DisplayBacktrace as core::fmt::Display>::fmt::hed7f999df88cc644
[INFO] [stdout]                                at /rustc/82e1608dfa6e0b5569232559e3d385fea5a93112/library/std/src/sys_common/backtrace.rs:44:22
[INFO] [stdout]    4:     0x556c899bcb80 - core::fmt::rt::Argument::fmt::h1539a9308b8d058d
[INFO] [stdout]                                at /rustc/82e1608dfa6e0b5569232559e3d385fea5a93112/library/core/src/fmt/rt.rs:142:9
[INFO] [stdout]    5:     0x556c899bcb80 - core::fmt::write::h3a39390d8560d9c9
[INFO] [stdout]                                at /rustc/82e1608dfa6e0b5569232559e3d385fea5a93112/library/core/src/fmt/mod.rs:1120:17
[INFO] [stdout]    6:     0x556c8998c9ef - std::io::Write::write_fmt::h040b369f3a0f9cbc
[INFO] [stdout]                                at /rustc/82e1608dfa6e0b5569232559e3d385fea5a93112/library/std/src/io/mod.rs:1762:15
[INFO] [stdout]    7:     0x556c8998fa14 - std::sys_common::backtrace::_print::h894006fb5c6f3d45
[INFO] [stdout]                                at /rustc/82e1608dfa6e0b5569232559e3d385fea5a93112/library/std/src/sys_common/backtrace.rs:47:5
[INFO] [stdout]    8:     0x556c8998fa14 - std::sys_common::backtrace::print::h23a2d212c6fff936
[INFO] [stdout]                                at /rustc/82e1608dfa6e0b5569232559e3d385fea5a93112/library/std/src/sys_common/backtrace.rs:34:9
[INFO] [stdout]    9:     0x556c899916d7 - std::panicking::default_hook::{{closure}}::h8a1d2ee00185001a
[INFO] [stdout]   10:     0x556c899913c3 - std::panicking::default_hook::h6038f2eba384e475
[INFO] [stdout]                                at /rustc/82e1608dfa6e0b5569232559e3d385fea5a93112/library/std/src/panicking.rs:289:9
[INFO] [stdout]   11:     0x556c8943e8c7 - <alloc::boxed::Box<F,A> as core::ops::function::Fn<Args>>::call::h0ad024c9bdc6d768
[INFO] [stdout]                                at /rustc/82e1608dfa6e0b5569232559e3d385fea5a93112/library/alloc/src/boxed.rs:2021:9
[INFO] [stdout]   12:     0x556c8943e8c7 - test::test_main::{{closure}}::h7500b54257359db6
[INFO] [stdout]                                at /rustc/82e1608dfa6e0b5569232559e3d385fea5a93112/library/test/src/lib.rs:138:21
[INFO] [stdout]   13:     0x556c89991ce8 - <alloc::boxed::Box<F,A> as core::ops::function::Fn<Args>>::call::h1f8f335eaa9cfaee
[INFO] [stdout]                                at /rustc/82e1608dfa6e0b5569232559e3d385fea5a93112/library/alloc/src/boxed.rs:2021:9
[INFO] [stdout]   14:     0x556c89991ce8 - std::panicking::rust_panic_with_hook::h2b5517d590cab22e
[INFO] [stdout]                                at /rustc/82e1608dfa6e0b5569232559e3d385fea5a93112/library/std/src/panicking.rs:783:13
[INFO] [stdout]   15:     0x556c89991a09 - std::panicking::begin_panic_handler::{{closure}}::h233112c06e0ef43e
[INFO] [stdout]                                at /rustc/82e1608dfa6e0b5569232559e3d385fea5a93112/library/std/src/panicking.rs:649:13
[INFO] [stdout]   16:     0x556c899900f6 - std::sys_common::backtrace::__rust_end_short_backtrace::h6e893f24d7ebbff8
[INFO] [stdout]                                at /rustc/82e1608dfa6e0b5569232559e3d385fea5a93112/library/std/src/sys_common/backtrace.rs:170:18
[INFO] [stdout]   17:     0x556c899917a2 - rust_begin_unwind
[INFO] [stdout]                                at /rustc/82e1608dfa6e0b5569232559e3d385fea5a93112/library/std/src/panicking.rs:645:5
[INFO] [stdout]   18:     0x556c892b1175 - core::panicking::panic_fmt::hbf0e066aabfa482c
[INFO] [stdout]                                at /rustc/82e1608dfa6e0b5569232559e3d385fea5a93112/library/core/src/panicking.rs:72:14
[INFO] [stdout]   19:     0x556c892b1213 - core::panicking::panic::h195fc2a96298d4c3
[INFO] [stdout]                                at /rustc/82e1608dfa6e0b5569232559e3d385fea5a93112/library/core/src/panicking.rs:127:5
[INFO] [stdout]   20:     0x556c8936a0b6 - mbtiles::copier::tests::copy_to_existing_abort_mode::{{closure}}::h25ced1bef50729af
[INFO] [stdout]                                at /opt/rustwide/workdir/src/copier.rs:823:9
[INFO] [stdout]   21:     0x556c89352c8e - <tokio::task::local::RunUntil<T> as core::future::future::Future>::poll::{{closure}}::h352e257bcf8addca
[INFO] [stdout]                                at /opt/rustwide/cargo-home/registry/src/index.crates.io-6f17d22bba15001f/tokio-1.34.0/src/task/local.rs:974:42
[INFO] [stdout]   22:     0x556c893479a0 - tokio::task::local::LocalSet::with::{{closure}}::h73521cd0a06eaa56
[INFO] [stdout]                                at /opt/rustwide/cargo-home/registry/src/index.crates.io-6f17d22bba15001f/tokio-1.34.0/src/task/local.rs:726:13
[INFO] [stdout]   23:     0x556c892f3ca4 - std::thread::local::LocalKey<T>::try_with::h445d555172b3f514
[INFO] [stdout]                                at /rustc/82e1608dfa6e0b5569232559e3d385fea5a93112/library/std/src/thread/local.rs:270:16
[INFO] [stdout]   24:     0x556c892ee0aa - std::thread::local::LocalKey<T>::with::hf4f29a51b3767921
[INFO] [stdout]                                at /rustc/82e1608dfa6e0b5569232559e3d385fea5a93112/library/std/src/thread/local.rs:246:9
[INFO] [stdout]   25:     0x556c893465a6 - tokio::task::local::LocalSet::with::h620f1ae2bfa44c37
[INFO] [stdout]                                at /opt/rustwide/cargo-home/registry/src/index.crates.io-6f17d22bba15001f/tokio-1.34.0/src/task/local.rs:724:9
[INFO] [stdout]   26:     0x556c89351ae5 - <tokio::task::local::RunUntil<T> as core::future::future::Future>::poll::h93389fd53b6142c2
[INFO] [stdout]                                at /opt/rustwide/cargo-home/registry/src/index.crates.io-6f17d22bba15001f/tokio-1.34.0/src/task/local.rs:964:9
[INFO] [stdout]   27:     0x556c8934dcf5 - tokio::task::local::LocalSet::run_until::{{closure}}::he8b2c6c6be8205bf
[INFO] [stdout]                                at /opt/rustwide/cargo-home/registry/src/index.crates.io-6f17d22bba15001f/tokio-1.34.0/src/task/local.rs:631:19
[INFO] [stdout]   28:     0x556c894098db - <core::pin::Pin<P> as core::future::future::Future>::poll::h14e24a587afed408
[INFO] [stdout]                                at /rustc/82e1608dfa6e0b5569232559e3d385fea5a93112/library/core/src/future/future.rs:125:9
[INFO] [stdout]   29:     0x556c892eb6d4 - tokio::runtime::scheduler::current_thread::CoreGuard::block_on::{{closure}}::{{closure}}::{{closure}}::h29f2955343ee7351
[INFO] [stdout]                                at /opt/rustwide/cargo-home/registry/src/index.crates.io-6f17d22bba15001f/tokio-1.34.0/src/runtime/scheduler/current_thread/mod.rs:665:57
[INFO] [stdout]   30:     0x556c892e7c8a - tokio::runtime::coop::with_budget::hfc3d6ea5585af8ab
[INFO] [stdout]                                at /opt/rustwide/cargo-home/registry/src/index.crates.io-6f17d22bba15001f/tokio-1.34.0/src/runtime/coop.rs:107:5
[INFO] [stdout]   31:     0x556c892e7c8a - tokio::runtime::coop::budget::h74ecbb7c24b5f1ac
[INFO] [stdout]                                at /opt/rustwide/cargo-home/registry/src/index.crates.io-6f17d22bba15001f/tokio-1.34.0/src/runtime/coop.rs:73:5
[INFO] [stdout]   32:     0x556c892e7c8a - tokio::runtime::scheduler::current_thread::CoreGuard::block_on::{{closure}}::{{closure}}::h1ed0e5eeec9a6778
[INFO] [stdout]                                at /opt/rustwide/cargo-home/registry/src/index.crates.io-6f17d22bba15001f/tokio-1.34.0/src/runtime/scheduler/current_thread/mod.rs:665:25
[INFO] [stdout]   33:     0x556c892c6a4c - tokio::runtime::scheduler::current_thread::Context::enter::hc76465ece7cb3170
[INFO] [stdout]                                at /opt/rustwide/cargo-home/registry/src/index.crates.io-6f17d22bba15001f/tokio-1.34.0/src/runtime/scheduler/current_thread/mod.rs:410:19
[INFO] [stdout]   34:     0x556c892e6abe - tokio::runtime::scheduler::current_thread::CoreGuard::block_on::{{closure}}::hecbe5f5bedb8ef63
[INFO] [stdout]                                at /opt/rustwide/cargo-home/registry/src/index.crates.io-6f17d22bba15001f/tokio-1.34.0/src/runtime/scheduler/current_thread/mod.rs:664:36
[INFO] [stdout]   35:     0x556c892d5a4b - tokio::runtime::scheduler::current_thread::CoreGuard::enter::{{closure}}::hfe152ac03f77d5e4
[INFO] [stdout]                                at /opt/rustwide/cargo-home/registry/src/index.crates.io-6f17d22bba15001f/tokio-1.34.0/src/runtime/scheduler/current_thread/mod.rs:743:68
[INFO] [stdout]   36:     0x556c8935075b - tokio::runtime::context::scoped::Scoped<T>::set::hba4957da88fd10e1
[INFO] [stdout]                                at /opt/rustwide/cargo-home/registry/src/index.crates.io-6f17d22bba15001f/tokio-1.34.0/src/runtime/context/scoped.rs:40:9
[INFO] [stdout]   37:     0x556c893757e9 - tokio::runtime::context::set_scheduler::{{closure}}::hc0cc3da8f2c2fc02
[INFO] [stdout]                                at /opt/rustwide/cargo-home/registry/src/index.crates.io-6f17d22bba15001f/tokio-1.34.0/src/runtime/context.rs:176:26
[INFO] [stdout]   38:     0x556c892ff1d6 - std::thread::local::LocalKey<T>::try_with::hcba5b945ef7ab0c6
[INFO] [stdout]                                at /rustc/82e1608dfa6e0b5569232559e3d385fea5a93112/library/std/src/thread/local.rs:270:16
[INFO] [stdout]   39:     0x556c892ed96a - std::thread::local::LocalKey<T>::with::hcfe15e901b1ca06c
[INFO] [stdout]                                at /rustc/82e1608dfa6e0b5569232559e3d385fea5a93112/library/std/src/thread/local.rs:246:9
[INFO] [stdout]   40:     0x556c893750ed - tokio::runtime::context::set_scheduler::hf6afc9509ac9a0d0
[INFO] [stdout]                                at /opt/rustwide/cargo-home/registry/src/index.crates.io-6f17d22bba15001f/tokio-1.34.0/src/runtime/context.rs:176:9
[INFO] [stdout]   41:     0x556c892ce830 - tokio::runtime::scheduler::current_thread::CoreGuard::enter::h1ce998ce2d21167d
[INFO] [stdout]                                at /opt/rustwide/cargo-home/registry/src/index.crates.io-6f17d22bba15001f/tokio-1.34.0/src/runtime/scheduler/current_thread/mod.rs:743:27
[INFO] [stdout]   42:     0x556c892d5f7d - tokio::runtime::scheduler::current_thread::CoreGuard::block_on::h81fc14344b44eb8b
[INFO] [stdout]                                at /opt/rustwide/cargo-home/registry/src/index.crates.io-6f17d22bba15001f/tokio-1.34.0/src/runtime/scheduler/current_thread/mod.rs:652:19
[INFO] [stdout]   43:     0x556c892baf1d - tokio::runtime::scheduler::current_thread::CurrentThread::block_on::{{closure}}::hfa7f5b4b72294405
[INFO] [stdout]                                at /opt/rustwide/cargo-home/registry/src/index.crates.io-6f17d22bba15001f/tokio-1.34.0/src/runtime/scheduler/current_thread/mod.rs:175:28
[INFO] [stdout]   44:     0x556c893babfa - tokio::runtime::context::runtime::enter_runtime::h9f05cae8f31e32be
[INFO] [stdout]                                at /opt/rustwide/cargo-home/registry/src/index.crates.io-6f17d22bba15001f/tokio-1.34.0/src/runtime/context/runtime.rs:65:16
[INFO] [stdout]   45:     0x556c892b1fa0 - tokio::runtime::scheduler::current_thread::CurrentThread::block_on::h2e74393b230c70be
[INFO] [stdout]                                at /opt/rustwide/cargo-home/registry/src/index.crates.io-6f17d22bba15001f/tokio-1.34.0/src/runtime/scheduler/current_thread/mod.rs:167:9
[INFO] [stdout]   46:     0x556c89337d47 - tokio::runtime::runtime::Runtime::block_on::h4746d42bf2cc86df
[INFO] [stdout]                                at /opt/rustwide/cargo-home/registry/src/index.crates.io-6f17d22bba15001f/tokio-1.34.0/src/runtime/runtime.rs:348:47
[INFO] [stdout]   47:     0x556c89349103 - tokio::task::local::LocalSet::block_on::hf96b580d3833d5ef
[INFO] [stdout]                                at /opt/rustwide/cargo-home/registry/src/index.crates.io-6f17d22bba15001f/tokio-1.34.0/src/task/local.rs:592:9
[INFO] [stdout]   48:     0x556c893860fa - actix_rt::runtime::Runtime::block_on::h6a29f13912efdb34
[INFO] [stdout]                                at /opt/rustwide/cargo-home/registry/src/index.crates.io-6f17d22bba15001f/actix-rt-2.9.0/src/runtime.rs:138:9
[INFO] [stdout]   49:     0x556c8933c5ca - actix_rt::system::SystemRunner::block_on::hb89f8e17dd2e30b0
[INFO] [stdout]                                at /opt/rustwide/cargo-home/registry/src/index.crates.io-6f17d22bba15001f/actix-rt-2.9.0/src/system.rs:245:9
[INFO] [stdout]   50:     0x556c89369b96 - mbtiles::copier::tests::copy_to_existing_abort_mode::ha454beeaedf300e7
[INFO] [stdout]                                at /opt/rustwide/workdir/src/copier.rs:815:5
[INFO] [stdout]   51:     0x556c89369b47 - mbtiles::copier::tests::copy_to_existing_abort_mode::{{closure}}::hca801cb204b64687
[INFO] [stdout]                                at /opt/rustwide/workdir/src/copier.rs:816:43
[INFO] [stdout]   52:     0x556c89302f26 - core::ops::function::FnOnce::call_once::h1ee1550b761ac478
[INFO] [stdout]                                at /rustc/82e1608dfa6e0b5569232559e3d385fea5a93112/library/core/src/ops/function.rs:250:5
[INFO] [stdout]   53:     0x556c89443f1f - core::ops::function::FnOnce::call_once::h2b5d431d5046312d
[INFO] [stdout]                                at /rustc/82e1608dfa6e0b5569232559e3d385fea5a93112/library/core/src/ops/function.rs:250:5
[INFO] [stdout]   54:     0x556c89443f1f - test::__rust_begin_short_backtrace::h7714669af176e207
[INFO] [stdout]                                at /rustc/82e1608dfa6e0b5569232559e3d385fea5a93112/library/test/src/lib.rs:628:18
[INFO] [stdout]   55:     0x556c89442f35 - test::run_test_in_process::{{closure}}::h85218797dcbcec12
[INFO] [stdout]                                at /rustc/82e1608dfa6e0b5569232559e3d385fea5a93112/library/test/src/lib.rs:651:60
[INFO] [stdout]   56:     0x556c89442f35 - <core::panic::unwind_safe::AssertUnwindSafe<F> as core::ops::function::FnOnce<()>>::call_once::h76c106ea31c14d7b
[INFO] [stdout]                                at /rustc/82e1608dfa6e0b5569232559e3d385fea5a93112/library/core/src/panic/unwind_safe.rs:272:9
[INFO] [stdout]   57:     0x556c89442f35 - std::panicking::try::do_call::h3bd5d0f6620ee946
[INFO] [stdout]                                at /rustc/82e1608dfa6e0b5569232559e3d385fea5a93112/library/std/src/panicking.rs:552:40
[INFO] [stdout]   58:     0x556c89442f35 - std::panicking::try::h232e535e4744fe31
[INFO] [stdout]                                at /rustc/82e1608dfa6e0b5569232559e3d385fea5a93112/library/std/src/panicking.rs:516:19
[INFO] [stdout]   59:     0x556c89442f35 - std::panic::catch_unwind::h3ce3bd6ca8dbac68
[INFO] [stdout]                                at /rustc/82e1608dfa6e0b5569232559e3d385fea5a93112/library/std/src/panic.rs:142:14
[INFO] [stdout]   60:     0x556c89442f35 - test::run_test_in_process::hc97b257c9621286a
[INFO] [stdout]                                at /rustc/82e1608dfa6e0b5569232559e3d385fea5a93112/library/test/src/lib.rs:651:27
[INFO] [stdout]   61:     0x556c89442f35 - test::run_test::{{closure}}::h2aa798823a438d38
[INFO] [stdout]                                at /rustc/82e1608dfa6e0b5569232559e3d385fea5a93112/library/test/src/lib.rs:574:43
[INFO] [stdout]   62:     0x556c8940b1f6 - test::run_test::{{closure}}::h87d231c78fb59832
[INFO] [stdout]                                at /rustc/82e1608dfa6e0b5569232559e3d385fea5a93112/library/test/src/lib.rs:602:41
[INFO] [stdout]   63:     0x556c8940b1f6 - std::sys_common::backtrace::__rust_begin_short_backtrace::he6df152596625789
[INFO] [stdout]                                at /rustc/82e1608dfa6e0b5569232559e3d385fea5a93112/library/std/src/sys_common/backtrace.rs:154:18
[INFO] [stdout]   64:     0x556c894102a7 - std::thread::Builder::spawn_unchecked_::{{closure}}::{{closure}}::ha94be15d1e0acf36
[INFO] [stdout]                                at /rustc/82e1608dfa6e0b5569232559e3d385fea5a93112/library/std/src/thread/mod.rs:529:17
[INFO] [stdout]   65:     0x556c894102a7 - <core::panic::unwind_safe::AssertUnwindSafe<F> as core::ops::function::FnOnce<()>>::call_once::h9dc6bd6372f16606
[INFO] [stdout]                                at /rustc/82e1608dfa6e0b5569232559e3d385fea5a93112/library/core/src/panic/unwind_safe.rs:272:9
[INFO] [stdout]   66:     0x556c894102a7 - std::panicking::try::do_call::h9057517f80303cd4
[INFO] [stdout]                                at /rustc/82e1608dfa6e0b5569232559e3d385fea5a93112/library/std/src/panicking.rs:552:40
[INFO] [stdout]   67:     0x556c894102a7 - std::panicking::try::he3a30b11ee45340c
[INFO] [stdout]                                at /rustc/82e1608dfa6e0b5569232559e3d385fea5a93112/library/std/src/panicking.rs:516:19
[INFO] [stdout]   68:     0x556c894102a7 - std::panic::catch_unwind::h410458cfd3528b8b
[INFO] [stdout]                                at /rustc/82e1608dfa6e0b5569232559e3d385fea5a93112/library/std/src/panic.rs:142:14
[INFO] [stdout]   69:     0x556c894102a7 - std::thread::Builder::spawn_unchecked_::{{closure}}::h72ac3bdb567b737b
[INFO] [stdout]                                at /rustc/82e1608dfa6e0b5569232559e3d385fea5a93112/library/std/src/thread/mod.rs:528:30
[INFO] [stdout]   70:     0x556c894102a7 - core::ops::function::FnOnce::call_once{{vtable.shim}}::h38f34da3654a8344
[INFO] [stdout]                                at /rustc/82e1608dfa6e0b5569232559e3d385fea5a93112/library/core/src/ops/function.rs:250:5
[INFO] [stdout]   71:     0x556c89996bb5 - <alloc::boxed::Box<F,A> as core::ops::function::FnOnce<Args>>::call_once::hc7eafaff61e32df9
[INFO] [stdout]                                at /rustc/82e1608dfa6e0b5569232559e3d385fea5a93112/library/alloc/src/boxed.rs:2007:9
[INFO] [stdout]   72:     0x556c89996bb5 - <alloc::boxed::Box<F,A> as core::ops::function::FnOnce<Args>>::call_once::h6ba4a5de48dd2304
[INFO] [stdout]                                at /rustc/82e1608dfa6e0b5569232559e3d385fea5a93112/library/alloc/src/boxed.rs:2007:9
[INFO] [stdout]   73:     0x556c89996bb5 - std::sys::unix::thread::Thread::new::thread_start::he469335aef763e45
[INFO] [stdout]                                at /rustc/82e1608dfa6e0b5569232559e3d385fea5a93112/library/std/src/sys/unix/thread.rs:108:17
[INFO] [stdout]   74:     0x7fdc805c9ac3 - <unknown>
[INFO] [stdout]   75:     0x7fdc8065abf4 - __clone
[INFO] [stdout]   76:                0x0 - <unknown>
[INFO] [stdout] 
[INFO] [stdout] 
[INFO] [stdout] failures:
[INFO] [stdout]     copier::tests::copy_flat_from_flat_with_hash_tables
[INFO] [stdout]     copier::tests::copy_flat_from_normalized_tables
[INFO] [stdout]     copier::tests::copy_flat_tables
[INFO] [stdout]     copier::tests::copy_flat_with_hash_from_flat_tables
[INFO] [stdout]     copier::tests::copy_flat_with_hash_from_normalized_tables
[INFO] [stdout]     copier::tests::copy_flat_with_hash_tables
[INFO] [stdout]     copier::tests::copy_normalized_from_flat_tables
[INFO] [stdout]     copier::tests::copy_normalized_from_flat_with_hash_tables
[INFO] [stdout]     copier::tests::copy_normalized_tables
[INFO] [stdout]     copier::tests::copy_to_existing_abort_mode
[INFO] [stdout]     copier::tests::copy_to_existing_ignore_mode
[INFO] [stdout]     copier::tests::copy_to_existing_override_mode
[INFO] [stdout]     copier::tests::copy_with_diff_with_file
[INFO] [stdout]     copier::tests::copy_with_min_max_zoom
[INFO] [stdout]     copier::tests::copy_with_zoom_levels
[INFO] [stdout]     metadata::tests::metadata_get_key
[INFO] [stdout]     metadata::tests::metadata_jpeg
[INFO] [stdout]     metadata::tests::metadata_mvt
[INFO] [stdout]     patcher::tests::apply_flat_patch_file
[INFO] [stdout]     patcher::tests::apply_normalized_patch_file
[INFO] [stdout]     summary::tests::summary
[INFO] [stdout]     validation::tests::detect_type
[INFO] [stdout]     validation::tests::validate_invalid_file
[INFO] [stdout]     validation::tests::validate_valid_file
[INFO] [stdout] 
[INFO] [stdout] test result: FAILED. 4 passed; 24 failed; 0 ignored; 0 measured; 0 filtered out; finished in 0.52s
[INFO] [stdout] 
[INFO] running `Command { std: "docker" "inspect" "1ca690a3787c933eb68c734d726da2559066f14e7d23c77d7a4c5628f8213a93", kill_on_drop: false }`
[INFO] running `Command { std: "docker" "rm" "-f" "1ca690a3787c933eb68c734d726da2559066f14e7d23c77d7a4c5628f8213a93", kill_on_drop: false }`
[INFO] [stdout] 1ca690a3787c933eb68c734d726da2559066f14e7d23c77d7a4c5628f8213a93
[INFO] testing mbtiles-0.8.1 against beta-2023-12-22 for beta-1.76-1
[INFO] extracting crate mbtiles 0.8.1 into /workspace/builds/worker-4-tc2/source
[INFO] validating manifest of crates.io crate mbtiles 0.8.1 on toolchain beta-2023-12-22
[INFO] running `Command { std: CARGO_HOME="/workspace/cargo-home" RUSTUP_HOME="/workspace/rustup-home" "/workspace/cargo-home/bin/cargo" "+beta-2023-12-22" "metadata" "--manifest-path" "Cargo.toml" "--no-deps", kill_on_drop: false }`
[INFO] started tweaking crates.io crate mbtiles 0.8.1
[INFO] finished tweaking crates.io crate mbtiles 0.8.1
[INFO] tweaked toml for crates.io crate mbtiles 0.8.1 written to /workspace/builds/worker-4-tc2/source/Cargo.toml
[INFO] crate crates.io crate mbtiles 0.8.1 already has a lockfile, it will not be regenerated
[INFO] running `Command { std: CARGO_HOME="/workspace/cargo-home" RUSTUP_HOME="/workspace/rustup-home" "/workspace/cargo-home/bin/cargo" "+beta-2023-12-22" "fetch" "--manifest-path" "Cargo.toml", kill_on_drop: false }`
[INFO] running `Command { std: "docker" "create" "-v" "/var/lib/crater-agent-workspace/builds/worker-4-tc2/target:/opt/rustwide/target:rw,Z" "-v" "/var/lib/crater-agent-workspace/builds/worker-4-tc2/source:/opt/rustwide/workdir:ro,Z" "-v" "/var/lib/crater-agent-workspace/cargo-home:/opt/rustwide/cargo-home:ro,Z" "-v" "/var/lib/crater-agent-workspace/rustup-home:/opt/rustwide/rustup-home:ro,Z" "-e" "SOURCE_DIR=/opt/rustwide/workdir" "-e" "CARGO_TARGET_DIR=/opt/rustwide/target" "-e" "CARGO_HOME=/opt/rustwide/cargo-home" "-e" "RUSTUP_HOME=/opt/rustwide/rustup-home" "-w" "/opt/rustwide/workdir" "-m" "1610612736" "--user" "0:0" "--network" "none" "ghcr.io/rust-lang/crates-build-env/linux@sha256:2788e3201cd34a07e3172128adcd8b3090168a8e3bcc40d7c032b9dda1df7d1c" "/opt/rustwide/cargo-home/bin/cargo" "+beta-2023-12-22" "metadata" "--no-deps" "--format-version=1", kill_on_drop: false }`
[INFO] [stdout] fd44d63c75fe9c1bc025c74b13edbdc5db4285426bf8a944571fa6145877048e
[INFO] running `Command { std: "docker" "start" "-a" "fd44d63c75fe9c1bc025c74b13edbdc5db4285426bf8a944571fa6145877048e", kill_on_drop: false }`
[INFO] running `Command { std: "docker" "inspect" "fd44d63c75fe9c1bc025c74b13edbdc5db4285426bf8a944571fa6145877048e", kill_on_drop: false }`
[INFO] running `Command { std: "docker" "rm" "-f" "fd44d63c75fe9c1bc025c74b13edbdc5db4285426bf8a944571fa6145877048e", kill_on_drop: false }`
[INFO] [stdout] fd44d63c75fe9c1bc025c74b13edbdc5db4285426bf8a944571fa6145877048e
[INFO] running `Command { std: "docker" "create" "-v" "/var/lib/crater-agent-workspace/builds/worker-4-tc2/target:/opt/rustwide/target:rw,Z" "-v" "/var/lib/crater-agent-workspace/builds/worker-4-tc2/source:/opt/rustwide/workdir:ro,Z" "-v" "/var/lib/crater-agent-workspace/cargo-home:/opt/rustwide/cargo-home:ro,Z" "-v" "/var/lib/crater-agent-workspace/rustup-home:/opt/rustwide/rustup-home:ro,Z" "-e" "SOURCE_DIR=/opt/rustwide/workdir" "-e" "CARGO_TARGET_DIR=/opt/rustwide/target" "-e" "CARGO_INCREMENTAL=0" "-e" "RUST_BACKTRACE=full" "-e" "RUSTFLAGS=--cap-lints=warn" "-e" "RUSTDOCFLAGS=--cap-lints=warn" "-e" "CARGO_HOME=/opt/rustwide/cargo-home" "-e" "RUSTUP_HOME=/opt/rustwide/rustup-home" "-w" "/opt/rustwide/workdir" "-m" "1610612736" "--user" "0:0" "--network" "none" "ghcr.io/rust-lang/crates-build-env/linux@sha256:2788e3201cd34a07e3172128adcd8b3090168a8e3bcc40d7c032b9dda1df7d1c" "/opt/rustwide/cargo-home/bin/cargo" "+beta-2023-12-22" "build" "--frozen" "--message-format=json", kill_on_drop: false }`
[INFO] [stdout] 7309941d7d4fabf39e7c935f3c29ef05c175b72cd7fe533218a68430621c2b2c
[INFO] running `Command { std: "docker" "start" "-a" "7309941d7d4fabf39e7c935f3c29ef05c175b72cd7fe533218a68430621c2b2c", kill_on_drop: false }`
[INFO] [stderr]    Compiling proc-macro2 v1.0.69
[INFO] [stderr]    Compiling futures-core v0.3.29
[INFO] [stderr]    Compiling memchr v2.6.4
[INFO] [stderr]    Compiling once_cell v1.18.0
[INFO] [stderr]    Compiling generic-array v0.14.7
[INFO] [stderr]    Compiling num-traits v0.2.17
[INFO] [stderr]    Compiling ahash v0.8.6
[INFO] [stderr]    Compiling getrandom v0.2.11
[INFO] [stderr]    Compiling zerocopy v0.7.26
[INFO] [stderr]    Compiling futures-task v0.3.29
[INFO] [stderr]    Compiling cc v1.0.83
[INFO] [stderr]    Compiling serde v1.0.193
[INFO] [stderr]    Compiling allocator-api2 v0.2.16
[INFO] [stderr]    Compiling futures-channel v0.3.29
[INFO] [stderr]    Compiling quote v1.0.33
[INFO] [stderr]    Compiling hashbrown v0.14.2
[INFO] [stderr]    Compiling syn v2.0.39
[INFO] [stderr]    Compiling block-buffer v0.10.4
[INFO] [stderr]    Compiling crypto-common v0.1.6
[INFO] [stderr]    Compiling futures-io v0.3.29
[INFO] [stderr]    Compiling digest v0.10.7
[INFO] [stderr]    Compiling socket2 v0.5.5
[INFO] [stderr]    Compiling mio v0.8.9
[INFO] [stderr]    Compiling ryu v1.0.15
[INFO] [stderr]    Compiling serde_json v1.0.108
[INFO] [stderr]    Compiling itoa v1.0.9
[INFO] [stderr]    Compiling thiserror v1.0.50
[INFO] [stderr]    Compiling crossbeam-utils v0.8.16
[INFO] [stderr]    Compiling nom v7.1.3
[INFO] [stderr]    Compiling parking_lot_core v0.9.9
[INFO] [stderr]    Compiling hashlink v0.8.4
[INFO] [stderr]    Compiling tracing-core v0.1.32
[INFO] [stderr]    Compiling unicode_categories v0.1.1
[INFO] [stderr]    Compiling crossbeam-queue v0.3.8
[INFO] [stderr]    Compiling cpufeatures v0.2.11
[INFO] [stderr]    Compiling futures-sink v0.3.29
[INFO] [stderr]    Compiling percent-encoding v2.3.0
[INFO] [stderr]    Compiling unicode-bidi v0.3.13
[INFO] [stderr]    Compiling parking_lot v0.12.1
[INFO] [stderr]    Compiling form_urlencoded v1.2.0
[INFO] [stderr]    Compiling indexmap v2.1.0
[INFO] [stderr]    Compiling syn v1.0.109
[INFO] [stderr]    Compiling idna v0.4.0
[INFO] [stderr]    Compiling futures-util v0.3.29
[INFO] [stderr]    Compiling hex v0.4.3
[INFO] [stderr]    Compiling linux-raw-sys v0.4.11
[INFO] [stderr]    Compiling crc-catalog v2.4.0
[INFO] [stderr]    Compiling futures-intrusive v0.5.0
[INFO] [stderr]    Compiling crc v3.0.1
[INFO] [stderr]    Compiling url v2.4.1
[INFO] [stderr]    Compiling atoi v2.0.0
[INFO] [stderr]    Compiling spin v0.9.8
[INFO] [stderr]    Compiling strsim v0.10.0
[INFO] [stderr]    Compiling event-listener v2.5.3
[INFO] [stderr]    Compiling byteorder v1.5.0
[INFO] [stderr]    Compiling dotenvy v0.15.7
[INFO] [stderr]    Compiling libsqlite3-sys v0.26.0
[INFO] [stderr]    Compiling tokio v1.34.0
[INFO] [stderr]    Compiling num-integer v0.1.45
[INFO] [stderr]    Compiling log v0.4.20
[INFO] [stderr]    Compiling rustix v0.38.25
[INFO] [stderr]    Compiling heck v0.4.1
[INFO] [stderr]    Compiling sha2 v0.10.8
[INFO] [stderr]    Compiling num_cpus v1.16.0
[INFO] [stderr]    Compiling fnv v1.0.7
[INFO] [stderr]    Compiling ident_case v1.0.1
[INFO] [stderr]    Compiling darling_core v0.20.3
[INFO] [stderr]    Compiling futures-executor v0.3.29
[INFO] [stderr]    Compiling flume v0.11.0
[INFO] [stderr]    Compiling num-rational v0.2.4
[INFO] [stderr]    Compiling serde_derive v1.0.193
[INFO] [stderr]    Compiling tracing-attributes v0.1.27
[INFO] [stderr]    Compiling thiserror-impl v1.0.50
[INFO] [stderr]    Compiling futures-macro v0.3.29
[INFO] [stderr]    Compiling tokio-stream v0.1.14
[INFO] [stderr]    Compiling tokio-macros v2.2.0
[INFO] [stderr]    Compiling tracing v0.1.40
[INFO] [stderr]    Compiling num-complex v0.2.4
[INFO] [stderr]    Compiling num-iter v0.1.43
[INFO] [stderr]    Compiling utf8parse v0.2.1
[INFO] [stderr]    Compiling fastrand v2.0.1
[INFO] [stderr]    Compiling anstyle-parse v0.2.2
[INFO] [stderr]    Compiling tempfile v3.8.1
[INFO] [stderr]    Compiling darling_macro v0.20.3
[INFO] [stderr]    Compiling aho-corasick v1.1.2
[INFO] [stderr]    Compiling anstyle v1.0.4
[INFO] [stderr]    Compiling colorchoice v1.0.0
[INFO] [stderr]    Compiling anstyle-query v1.0.0
[INFO] [stderr]    Compiling darling v0.20.3
[INFO] [stderr]    Compiling anstream v0.6.4
[INFO] [stderr]    Compiling regex-automata v0.4.3
[INFO] [stderr]    Compiling serde_tuple_macros v0.5.0
[INFO] [stderr]    Compiling anyhow v1.0.75
[INFO] [stderr]    Compiling fallible-streaming-iterator v0.1.9
[INFO] [stderr]    Compiling clap_lex v0.6.0
[INFO] [stderr]    Compiling fallible-iterator v0.2.0
[INFO] [stderr]    Compiling clap_builder v4.4.8
[INFO] [stderr]    Compiling rusqlite v0.29.0
[INFO] [stderr]    Compiling num v0.2.1
[INFO] [stderr]    Compiling enum-display-macro v0.1.3
[INFO] [stderr]    Compiling regex v1.10.2
[INFO] [stderr]    Compiling either v1.9.0
[INFO] [stderr]    Compiling itertools v0.11.0
[INFO] [stderr]    Compiling serde_tuple v0.5.0
[INFO] [stderr]    Compiling is-terminal v0.4.9
[INFO] [stderr]    Compiling serde_with_macros v3.4.0
[INFO] [stderr]    Compiling sqlformat v0.2.2
[INFO] [stderr]    Compiling clap_derive v4.4.7
[INFO] [stderr]    Compiling md-5 v0.10.6
[INFO] [stderr]    Compiling unsafe-libyaml v0.2.9
[INFO] [stderr]    Compiling env_logger v0.10.1
[INFO] [stderr]    Compiling sqlx-core v0.7.2
[INFO] [stderr]    Compiling serde_yaml v0.9.27
[INFO] [stderr]    Compiling serde_with v3.4.0
[INFO] [stderr]    Compiling sqlite-hashes v0.5.0
[INFO] [stderr]    Compiling size_format v1.0.2
[INFO] [stderr]    Compiling tilejson v0.4.0
[INFO] [stderr]    Compiling enum-display v0.1.3
[INFO] [stderr]    Compiling clap v4.4.8
[INFO] [stderr]    Compiling futures v0.3.29
[INFO] [stderr]    Compiling martin-tile-utils v0.1.5
[INFO] [stderr]    Compiling sqlx-sqlite v0.7.2
[INFO] [stderr]    Compiling sqlx-macros-core v0.7.2
[INFO] [stderr]    Compiling sqlx-macros v0.7.2
[INFO] [stderr]    Compiling sqlx v0.7.2
[INFO] [stderr]    Compiling mbtiles v0.8.1 (/opt/rustwide/workdir)
[INFO] [stderr]     Finished dev [unoptimized + debuginfo] target(s) in 57.02s
[INFO] running `Command { std: "docker" "inspect" "7309941d7d4fabf39e7c935f3c29ef05c175b72cd7fe533218a68430621c2b2c", kill_on_drop: false }`
[INFO] running `Command { std: "docker" "rm" "-f" "7309941d7d4fabf39e7c935f3c29ef05c175b72cd7fe533218a68430621c2b2c", kill_on_drop: false }`
[INFO] [stdout] 7309941d7d4fabf39e7c935f3c29ef05c175b72cd7fe533218a68430621c2b2c
[INFO] running `Command { std: "docker" "create" "-v" "/var/lib/crater-agent-workspace/builds/worker-4-tc2/target:/opt/rustwide/target:rw,Z" "-v" "/var/lib/crater-agent-workspace/builds/worker-4-tc2/source:/opt/rustwide/workdir:ro,Z" "-v" "/var/lib/crater-agent-workspace/cargo-home:/opt/rustwide/cargo-home:ro,Z" "-v" "/var/lib/crater-agent-workspace/rustup-home:/opt/rustwide/rustup-home:ro,Z" "-e" "SOURCE_DIR=/opt/rustwide/workdir" "-e" "CARGO_TARGET_DIR=/opt/rustwide/target" "-e" "CARGO_INCREMENTAL=0" "-e" "RUST_BACKTRACE=full" "-e" "RUSTFLAGS=--cap-lints=warn" "-e" "RUSTDOCFLAGS=--cap-lints=warn" "-e" "CARGO_HOME=/opt/rustwide/cargo-home" "-e" "RUSTUP_HOME=/opt/rustwide/rustup-home" "-w" "/opt/rustwide/workdir" "-m" "1610612736" "--user" "0:0" "--network" "none" "ghcr.io/rust-lang/crates-build-env/linux@sha256:2788e3201cd34a07e3172128adcd8b3090168a8e3bcc40d7c032b9dda1df7d1c" "/opt/rustwide/cargo-home/bin/cargo" "+beta-2023-12-22" "test" "--frozen" "--no-run" "--message-format=json", kill_on_drop: false }`
[INFO] [stdout] 9671b09fd070b9b54981c4fa8c3f36e0eaeb5e2375baa25e241fd4a0376bad41
[INFO] running `Command { std: "docker" "start" "-a" "9671b09fd070b9b54981c4fa8c3f36e0eaeb5e2375baa25e241fd4a0376bad41", kill_on_drop: false }`
[INFO] [stderr]    Compiling syn v2.0.39
[INFO] [stderr]    Compiling signal-hook-registry v1.4.1
[INFO] [stderr]    Compiling semver v1.0.20
[INFO] [stderr]    Compiling regex-syntax v0.8.2
[INFO] [stderr]    Compiling glob v0.3.1
[INFO] [stderr]    Compiling relative-path v1.9.0
[INFO] [stderr]    Compiling console v0.15.7
[INFO] [stderr]    Compiling futures-timer v3.0.2
[INFO] [stderr]    Compiling similar v2.3.0
[INFO] [stderr]    Compiling yansi v0.5.1
[INFO] [stderr]    Compiling diff v0.1.13
[INFO] [stderr]    Compiling approx v0.5.1
[INFO] [stderr]    Compiling rustc_version v0.4.0
[INFO] [stderr]    Compiling pretty_assertions v1.4.0
[INFO] [stderr]    Compiling rstest_macros v0.18.2
[INFO] [stderr]    Compiling regex-automata v0.4.3
[INFO] [stderr]    Compiling darling_core v0.20.3
[INFO] [stderr]    Compiling regex v1.10.2
[INFO] [stderr]    Compiling serde_derive v1.0.193
[INFO] [stderr]    Compiling thiserror-impl v1.0.50
[INFO] [stderr]    Compiling tracing-attributes v0.1.27
[INFO] [stderr]    Compiling futures-macro v0.3.29
[INFO] [stderr]    Compiling tokio-macros v2.2.0
[INFO] [stderr]    Compiling clap_derive v4.4.7
[INFO] [stderr]    Compiling tokio v1.34.0
[INFO] [stderr]    Compiling futures-util v0.3.29
[INFO] [stderr]    Compiling thiserror v1.0.50
[INFO] [stderr]    Compiling actix-macros v0.2.4
[INFO] [stderr]    Compiling tracing v0.1.40
[INFO] [stderr]    Compiling darling_macro v0.20.3
[INFO] [stderr]    Compiling ctor v0.2.5
[INFO] [stderr]    Compiling clap v4.4.8
[INFO] [stderr]    Compiling darling v0.20.3
[INFO] [stderr]    Compiling serde_with_macros v3.4.0
[INFO] [stderr]    Compiling serde v1.0.193
[INFO] [stderr]    Compiling futures-executor v0.3.29
[INFO] [stderr]    Compiling futures v0.3.29
[INFO] [stderr]    Compiling rstest v0.18.2
[INFO] [stderr]    Compiling tokio-stream v0.1.14
[INFO] [stderr]    Compiling actix-rt v2.9.0
[INFO] [stderr]    Compiling either v1.9.0
[INFO] [stderr]    Compiling serde_json v1.0.108
[INFO] [stderr]    Compiling itertools v0.11.0
[INFO] [stderr]    Compiling serde_tuple v0.5.0
[INFO] [stderr]    Compiling serde_yaml v0.9.27
[INFO] [stderr]    Compiling serde_with v3.4.0
[INFO] [stderr]    Compiling toml v0.5.11
[INFO] [stderr]    Compiling tilejson v0.4.0
[INFO] [stderr]    Compiling sqlformat v0.2.2
[INFO] [stderr]    Compiling insta v1.34.0
[INFO] [stderr]    Compiling sqlx-core v0.7.2
[INFO] [stderr]    Compiling sqlx-sqlite v0.7.2
[INFO] [stderr]    Compiling sqlx-macros-core v0.7.2
[INFO] [stderr]    Compiling sqlx-macros v0.7.2
[INFO] [stderr]    Compiling sqlx v0.7.2
[INFO] [stderr]    Compiling mbtiles v0.8.1 (/opt/rustwide/workdir)
[INFO] [stderr]     Finished test [unoptimized + debuginfo] target(s) in 58.88s
[INFO] running `Command { std: "docker" "inspect" "9671b09fd070b9b54981c4fa8c3f36e0eaeb5e2375baa25e241fd4a0376bad41", kill_on_drop: false }`
[INFO] running `Command { std: "docker" "rm" "-f" "9671b09fd070b9b54981c4fa8c3f36e0eaeb5e2375baa25e241fd4a0376bad41", kill_on_drop: false }`
[INFO] [stdout] 9671b09fd070b9b54981c4fa8c3f36e0eaeb5e2375baa25e241fd4a0376bad41
[INFO] running `Command { std: "docker" "create" "-v" "/var/lib/crater-agent-workspace/builds/worker-4-tc2/target:/opt/rustwide/target:rw,Z" "-v" "/var/lib/crater-agent-workspace/builds/worker-4-tc2/source:/opt/rustwide/workdir:ro,Z" "-v" "/var/lib/crater-agent-workspace/cargo-home:/opt/rustwide/cargo-home:ro,Z" "-v" "/var/lib/crater-agent-workspace/rustup-home:/opt/rustwide/rustup-home:ro,Z" "-e" "SOURCE_DIR=/opt/rustwide/workdir" "-e" "CARGO_TARGET_DIR=/opt/rustwide/target" "-e" "CARGO_INCREMENTAL=0" "-e" "RUST_BACKTRACE=full" "-e" "RUSTFLAGS=--cap-lints=warn" "-e" "RUSTDOCFLAGS=--cap-lints=warn" "-e" "CARGO_HOME=/opt/rustwide/cargo-home" "-e" "RUSTUP_HOME=/opt/rustwide/rustup-home" "-w" "/opt/rustwide/workdir" "-m" "1610612736" "--user" "0:0" "--network" "none" "ghcr.io/rust-lang/crates-build-env/linux@sha256:2788e3201cd34a07e3172128adcd8b3090168a8e3bcc40d7c032b9dda1df7d1c" "/opt/rustwide/cargo-home/bin/cargo" "+beta-2023-12-22" "test" "--frozen", kill_on_drop: false }`
[INFO] [stdout] 1ddcafe80bf6bf01cc19e9bbc3d6ffe88e51e4a8e99d84a9960bf5c0867645dd
[INFO] running `Command { std: "docker" "start" "-a" "1ddcafe80bf6bf01cc19e9bbc3d6ffe88e51e4a8e99d84a9960bf5c0867645dd", kill_on_drop: false }`
[INFO] [stderr]     Finished test [unoptimized + debuginfo] target(s) in 0.40s
[INFO] [stderr]      Running unittests src/lib.rs (/opt/rustwide/target/debug/deps/mbtiles-d5d21acebb6c4c62)
[INFO] [stdout] 
[INFO] [stdout] running 28 tests
[INFO] [stdout] test copier::tests::copy_flat_tables ... FAILED
[INFO] [stdout] test copier::tests::copy_flat_with_hash_from_flat_tables ... FAILED
[INFO] [stdout] test copier::tests::copy_normalized_from_flat_tables ... FAILED
[INFO] [stdout] test copier::tests::copy_flat_from_flat_with_hash_tables ... FAILED
[INFO] [stdout] test copier::tests::copy_flat_with_hash_from_normalized_tables ... FAILED
[INFO] [stdout] test copier::tests::copy_with_diff_with_file ... FAILED
[INFO] [stdout] test copier::tests::copy_to_existing_override_mode ... FAILED
[INFO] [stdout] test copier::tests::copy_flat_from_normalized_tables ... FAILED
[INFO] [stdout] test metadata::tests::mbtiles_meta ... ok
[INFO] [stdout] test copier::tests::copy_with_min_max_zoom ... FAILED
[INFO] [stdout] test metadata::tests::metadata_get_key ... FAILED
[INFO] [stdout] test copier::tests::copy_flat_with_hash_tables ... FAILED
[INFO] [stdout] test copier::tests::copy_to_existing_ignore_mode ... FAILED
[INFO] [stdout] test copier::tests::copy_normalized_from_flat_with_hash_tables ... FAILED
[INFO] [stdout] test copier::tests::copy_normalized_tables ... FAILED
[INFO] [stdout] test patcher::tests::apply_flat_patch_file ... FAILED
[INFO] [stdout] test copier::tests::copy_with_zoom_levels ... FAILED
[INFO] [stdout] test metadata::tests::metadata_jpeg ... FAILED
[INFO] [stdout] test metadata::tests::metadata_mvt ... FAILED
[INFO] [stdout] test metadata::tests::metadata_set_key ... ok
[INFO] [stdout] test validation::tests::validate_invalid_file ... FAILED
[INFO] [stdout] test validation::tests::validate_valid_file ... FAILED
[INFO] [stdout] test validation::tests::detect_type ... FAILED
[INFO] [stdout] test summary::tests::summary ... FAILED
[INFO] [stdout] test summary::tests::meter_to_lng_lat ... ok
[INFO] [stdout] test patcher::tests::apply_normalized_patch_file ... FAILED
[INFO] [stdout] test summary::tests::summary_empty_file ... ok
[INFO] [stdout] test copier::tests::copy_to_existing_abort_mode ... FAILED
[INFO] [stdout] 
[INFO] [stdout] failures:
[INFO] [stdout] 
[INFO] [stdout] ---- copier::tests::copy_flat_tables stdout ----
[INFO] [stdout] Error: SqlxError(Database(SqliteError { code: 14, message: "unable to open database file" }))
[INFO] [stdout] 
[INFO] [stdout] ---- copier::tests::copy_flat_with_hash_from_flat_tables stdout ----
[INFO] [stdout] Error: SqlxError(Database(SqliteError { code: 14, message: "unable to open database file" }))
[INFO] [stdout] 
[INFO] [stdout] ---- copier::tests::copy_normalized_from_flat_tables stdout ----
[INFO] [stdout] Error: SqlxError(Database(SqliteError { code: 14, message: "unable to open database file" }))
[INFO] [stdout] 
[INFO] [stdout] ---- copier::tests::copy_flat_from_flat_with_hash_tables stdout ----
[INFO] [stdout] Error: SqlxError(Database(SqliteError { code: 14, message: "unable to open database file" }))
[INFO] [stdout] 
[INFO] [stdout] ---- copier::tests::copy_flat_with_hash_from_normalized_tables stdout ----
[INFO] [stdout] Error: SqlxError(Database(SqliteError { code: 14, message: "unable to open database file" }))
[INFO] [stdout] 
[INFO] [stdout] ---- copier::tests::copy_with_diff_with_file stdout ----
[INFO] [stdout] Error: SqlxError(Database(SqliteError { code: 14, message: "unable to open database file" }))
[INFO] [stdout] 
[INFO] [stdout] ---- copier::tests::copy_to_existing_override_mode stdout ----
[INFO] [stdout] Error: SqlxError(Database(SqliteError { code: 14, message: "unable to open database file" }))
[INFO] [stdout] 
[INFO] [stdout] ---- copier::tests::copy_flat_from_normalized_tables stdout ----
[INFO] [stdout] Error: SqlxError(Database(SqliteError { code: 14, message: "unable to open database file" }))
[INFO] [stdout] 
[INFO] [stdout] ---- copier::tests::copy_with_min_max_zoom stdout ----
[INFO] [stdout] Error: SqlxError(Database(SqliteError { code: 14, message: "unable to open database file" }))
[INFO] [stdout] 
[INFO] [stdout] ---- metadata::tests::metadata_get_key stdout ----
[INFO] [stdout] Error: SqlxError(Database(SqliteError { code: 14, message: "unable to open database file" }))
[INFO] [stdout] 
[INFO] [stdout] ---- copier::tests::copy_flat_with_hash_tables stdout ----
[INFO] [stdout] Error: SqlxError(Database(SqliteError { code: 14, message: "unable to open database file" }))
[INFO] [stdout] 
[INFO] [stdout] ---- copier::tests::copy_to_existing_ignore_mode stdout ----
[INFO] [stdout] Error: SqlxError(Database(SqliteError { code: 14, message: "unable to open database file" }))
[INFO] [stdout] 
[INFO] [stdout] ---- copier::tests::copy_normalized_from_flat_with_hash_tables stdout ----
[INFO] [stdout] Error: SqlxError(Database(SqliteError { code: 14, message: "unable to open database file" }))
[INFO] [stdout] 
[INFO] [stdout] ---- copier::tests::copy_normalized_tables stdout ----
[INFO] [stdout] Error: SqlxError(Database(SqliteError { code: 14, message: "unable to open database file" }))
[INFO] [stdout] 
[INFO] [stdout] ---- patcher::tests::apply_flat_patch_file stdout ----
[INFO] [stdout] Error: SqlxError(Database(SqliteError { code: 14, message: "unable to open database file" }))
[INFO] [stdout] 
[INFO] [stdout] ---- copier::tests::copy_with_zoom_levels stdout ----
[INFO] [stdout] Error: SqlxError(Database(SqliteError { code: 14, message: "unable to open database file" }))
[INFO] [stdout] 
[INFO] [stdout] ---- metadata::tests::metadata_jpeg stdout ----
[INFO] [stdout] Error: SqlxError(Database(SqliteError { code: 14, message: "unable to open database file" }))
[INFO] [stdout] 
[INFO] [stdout] ---- metadata::tests::metadata_mvt stdout ----
[INFO] [stdout] Error: SqlxError(Database(SqliteError { code: 14, message: "unable to open database file" }))
[INFO] [stdout] 
[INFO] [stdout] ---- validation::tests::validate_invalid_file stdout ----
[INFO] [stdout] Error: SqlxError(Database(SqliteError { code: 14, message: "unable to open database file" }))
[INFO] [stdout] 
[INFO] [stdout] ---- validation::tests::validate_valid_file stdout ----
[INFO] [stdout] Error: SqlxError(Database(SqliteError { code: 14, message: "unable to open database file" }))
[INFO] [stdout] 
[INFO] [stdout] ---- validation::tests::detect_type stdout ----
[INFO] [stdout] Error: SqlxError(Database(SqliteError { code: 14, message: "unable to open database file" }))
[INFO] [stdout] 
[INFO] [stdout] ---- summary::tests::summary stdout ----
[INFO] [stdout] Error: SqlxError(Database(SqliteError { code: 14, message: "unable to open database file" }))
[INFO] [stdout] 
[INFO] [stdout] ---- patcher::tests::apply_normalized_patch_file stdout ----
[INFO] [stdout] Error: SqlxError(Database(SqliteError { code: 14, message: "unable to open database file" }))
[INFO] [stdout] 
[INFO] [stdout] ---- copier::tests::copy_to_existing_abort_mode stdout ----
[INFO] [stdout] thread 'copier::tests::copy_to_existing_abort_mode' panicked at src/copier.rs:823:9:
[INFO] [stdout] assertion failed: matches!(opt.run().await.unwrap_err(), MbtError::RusqliteError(..))
[INFO] [stdout] stack backtrace:
[INFO] [stdout]    0:     0x55cec143af56 - std::backtrace_rs::backtrace::libunwind::trace::h261606ad26a499c1
[INFO] [stdout]                                at /rustc/0e09125c6c3c2fd70d7de961bcf0e51575235fad/library/std/src/../../backtrace/src/backtrace/libunwind.rs:104:5
[INFO] [stdout]    1:     0x55cec143af56 - std::backtrace_rs::backtrace::trace_unsynchronized::hd183f0625477fb28
[INFO] [stdout]                                at /rustc/0e09125c6c3c2fd70d7de961bcf0e51575235fad/library/std/src/../../backtrace/src/backtrace/mod.rs:66:5
[INFO] [stdout]    2:     0x55cec143af56 - std::sys_common::backtrace::_print_fmt::hd7f8fef21b4eda67
[INFO] [stdout]                                at /rustc/0e09125c6c3c2fd70d7de961bcf0e51575235fad/library/std/src/sys_common/backtrace.rs:68:5
[INFO] [stdout]    3:     0x55cec143af56 - <std::sys_common::backtrace::_print::DisplayBacktrace as core::fmt::Display>::fmt::h623d9b51f2f453f1
[INFO] [stdout]                                at /rustc/0e09125c6c3c2fd70d7de961bcf0e51575235fad/library/std/src/sys_common/backtrace.rs:44:22
[INFO] [stdout]    4:     0x55cec1467170 - core::fmt::rt::Argument::fmt::h9f417ac76a86f368
[INFO] [stdout]                                at /rustc/0e09125c6c3c2fd70d7de961bcf0e51575235fad/library/core/src/fmt/rt.rs:142:9
[INFO] [stdout]    5:     0x55cec1467170 - core::fmt::write::hc9b6faf4ac2aeff7
[INFO] [stdout]                                at /rustc/0e09125c6c3c2fd70d7de961bcf0e51575235fad/library/core/src/fmt/mod.rs:1120:17
[INFO] [stdout]    6:     0x55cec1437ebf - std::io::Write::write_fmt::he04625a3a989fec3
[INFO] [stdout]                                at /rustc/0e09125c6c3c2fd70d7de961bcf0e51575235fad/library/std/src/io/mod.rs:1810:15
[INFO] [stdout]    7:     0x55cec143ad34 - std::sys_common::backtrace::_print::hd5d66399c7df88a2
[INFO] [stdout]                                at /rustc/0e09125c6c3c2fd70d7de961bcf0e51575235fad/library/std/src/sys_common/backtrace.rs:47:5
[INFO] [stdout]    8:     0x55cec143ad34 - std::sys_common::backtrace::print::he81ed2da642d37e5
[INFO] [stdout]                                at /rustc/0e09125c6c3c2fd70d7de961bcf0e51575235fad/library/std/src/sys_common/backtrace.rs:34:9
[INFO] [stdout]    9:     0x55cec143caa7 - std::panicking::default_hook::{{closure}}::h85773f4fa117163d
[INFO] [stdout]   10:     0x55cec143c78d - std::panicking::default_hook::h6a1694a91d09b278
[INFO] [stdout]                                at /rustc/0e09125c6c3c2fd70d7de961bcf0e51575235fad/library/std/src/panicking.rs:289:9
[INFO] [stdout]   11:     0x55cec0eda487 - <alloc::boxed::Box<F,A> as core::ops::function::Fn<Args>>::call::h616ac37fa3cd6c8f
[INFO] [stdout]                                at /rustc/0e09125c6c3c2fd70d7de961bcf0e51575235fad/library/alloc/src/boxed.rs:2029:9
[INFO] [stdout]   12:     0x55cec0eda487 - test::test_main::{{closure}}::h00d84697cefdcbb6
[INFO] [stdout]                                at /rustc/0e09125c6c3c2fd70d7de961bcf0e51575235fad/library/test/src/lib.rs:138:21
[INFO] [stdout]   13:     0x55cec143d0c6 - <alloc::boxed::Box<F,A> as core::ops::function::Fn<Args>>::call::hcb3fe3b9bb537ba8
[INFO] [stdout]                                at /rustc/0e09125c6c3c2fd70d7de961bcf0e51575235fad/library/alloc/src/boxed.rs:2029:9
[INFO] [stdout]   14:     0x55cec143d0c6 - std::panicking::rust_panic_with_hook::h0a7ad96e90f7145b
[INFO] [stdout]                                at /rustc/0e09125c6c3c2fd70d7de961bcf0e51575235fad/library/std/src/panicking.rs:783:13
[INFO] [stdout]   15:     0x55cec143cdd9 - std::panicking::begin_panic_handler::{{closure}}::h7919090525c6485e
[INFO] [stdout]                                at /rustc/0e09125c6c3c2fd70d7de961bcf0e51575235fad/library/std/src/panicking.rs:649:13
[INFO] [stdout]   16:     0x55cec143b456 - std::sys_common::backtrace::__rust_end_short_backtrace::hf3289479464f7dfe
[INFO] [stdout]                                at /rustc/0e09125c6c3c2fd70d7de961bcf0e51575235fad/library/std/src/sys_common/backtrace.rs:171:18
[INFO] [stdout]   17:     0x55cec143cb70 - rust_begin_unwind
[INFO] [stdout]                                at /rustc/0e09125c6c3c2fd70d7de961bcf0e51575235fad/library/std/src/panicking.rs:645:5
[INFO] [stdout]   18:     0x55cec0d4b165 - core::panicking::panic_fmt::hcc9f77c5c132af55
[INFO] [stdout]                                at /rustc/0e09125c6c3c2fd70d7de961bcf0e51575235fad/library/core/src/panicking.rs:72:14
[INFO] [stdout]   19:     0x55cec0d4b223 - core::panicking::panic::h5a1259c1164bd480
[INFO] [stdout]                                at /rustc/0e09125c6c3c2fd70d7de961bcf0e51575235fad/library/core/src/panicking.rs:144:5
[INFO] [stdout]   20:     0x55cec0e487ee - mbtiles::copier::tests::copy_to_existing_abort_mode::{{closure}}::h2269334b7942e394
[INFO] [stdout]                                at /opt/rustwide/workdir/src/copier.rs:823:9
[INFO] [stdout]   21:     0x55cec0e1a23e - <tokio::task::local::RunUntil<T> as core::future::future::Future>::poll::{{closure}}::h9c58128c9ff52114
[INFO] [stdout]                                at /opt/rustwide/cargo-home/registry/src/index.crates.io-6f17d22bba15001f/tokio-1.34.0/src/task/local.rs:974:42
[INFO] [stdout]   22:     0x55cec0e0c880 - tokio::task::local::LocalSet::with::{{closure}}::hf8737384a1d75976
[INFO] [stdout]                                at /opt/rustwide/cargo-home/registry/src/index.crates.io-6f17d22bba15001f/tokio-1.34.0/src/task/local.rs:726:13
[INFO] [stdout]   23:     0x55cec0d96ed4 - std::thread::local::LocalKey<T>::try_with::hbc123fda5f28bc90
[INFO] [stdout]                                at /rustc/0e09125c6c3c2fd70d7de961bcf0e51575235fad/library/std/src/thread/local.rs:270:16
[INFO] [stdout]   24:     0x55cec0d872ba - std::thread::local::LocalKey<T>::with::h97f684016d0c2ea5
[INFO] [stdout]                                at /rustc/0e09125c6c3c2fd70d7de961bcf0e51575235fad/library/std/src/thread/local.rs:246:9
[INFO] [stdout]   25:     0x55cec0e0ac16 - tokio::task::local::LocalSet::with::h7995327dfeeaf9ee
[INFO] [stdout]                                at /opt/rustwide/cargo-home/registry/src/index.crates.io-6f17d22bba15001f/tokio-1.34.0/src/task/local.rs:724:9
[INFO] [stdout]   26:     0x55cec0e18505 - <tokio::task::local::RunUntil<T> as core::future::future::Future>::poll::hff31999bc29ed32f
[INFO] [stdout]                                at /opt/rustwide/cargo-home/registry/src/index.crates.io-6f17d22bba15001f/tokio-1.34.0/src/task/local.rs:964:9
[INFO] [stdout]   27:     0x55cec0e0f1af - tokio::task::local::LocalSet::run_until::{{closure}}::h3e01a9e99770d1f3
[INFO] [stdout]                                at /opt/rustwide/cargo-home/registry/src/index.crates.io-6f17d22bba15001f/tokio-1.34.0/src/task/local.rs:631:19
[INFO] [stdout]   28:     0x55cec0e95e2b - <core::pin::Pin<P> as core::future::future::Future>::poll::h9103050bb03e9300
[INFO] [stdout]                                at /rustc/0e09125c6c3c2fd70d7de961bcf0e51575235fad/library/core/src/future/future.rs:124:9
[INFO] [stdout]   29:     0x55cec0d854c4 - tokio::runtime::scheduler::current_thread::CoreGuard::block_on::{{closure}}::{{closure}}::{{closure}}::h68a5c7a5be8e47ec
[INFO] [stdout]                                at /opt/rustwide/cargo-home/registry/src/index.crates.io-6f17d22bba15001f/tokio-1.34.0/src/runtime/scheduler/current_thread/mod.rs:665:57
[INFO] [stdout]   30:     0x55cec0d81b2a - tokio::runtime::coop::with_budget::h0c2367964b94da22
[INFO] [stdout]                                at /opt/rustwide/cargo-home/registry/src/index.crates.io-6f17d22bba15001f/tokio-1.34.0/src/runtime/coop.rs:107:5
[INFO] [stdout]   31:     0x55cec0d81b2a - tokio::runtime::coop::budget::hd163053a32eb1e28
[INFO] [stdout]                                at /opt/rustwide/cargo-home/registry/src/index.crates.io-6f17d22bba15001f/tokio-1.34.0/src/runtime/coop.rs:73:5
[INFO] [stdout]   32:     0x55cec0d81b2a - tokio::runtime::scheduler::current_thread::CoreGuard::block_on::{{closure}}::{{closure}}::h067955fb12f7d981
[INFO] [stdout]                                at /opt/rustwide/cargo-home/registry/src/index.crates.io-6f17d22bba15001f/tokio-1.34.0/src/runtime/scheduler/current_thread/mod.rs:665:25
[INFO] [stdout]   33:     0x55cec0d5969c - tokio::runtime::scheduler::current_thread::Context::enter::h23ab40d90aec0862
[INFO] [stdout]                                at /opt/rustwide/cargo-home/registry/src/index.crates.io-6f17d22bba15001f/tokio-1.34.0/src/runtime/scheduler/current_thread/mod.rs:410:19
[INFO] [stdout]   34:     0x55cec0d79d8e - tokio::runtime::scheduler::current_thread::CoreGuard::block_on::{{closure}}::h92f7af6d3cf1509d
[INFO] [stdout]                                at /opt/rustwide/cargo-home/registry/src/index.crates.io-6f17d22bba15001f/tokio-1.34.0/src/runtime/scheduler/current_thread/mod.rs:664:36
[INFO] [stdout]   35:     0x55cec0d6f25b - tokio::runtime::scheduler::current_thread::CoreGuard::enter::{{closure}}::h2022a0a7101917b9
[INFO] [stdout]                                at /opt/rustwide/cargo-home/registry/src/index.crates.io-6f17d22bba15001f/tokio-1.34.0/src/runtime/scheduler/current_thread/mod.rs:743:68
[INFO] [stdout]   36:     0x55cec0e54eeb - tokio::runtime::context::scoped::Scoped<T>::set::h2aba07e4706a4b6b
[INFO] [stdout]                                at /opt/rustwide/cargo-home/registry/src/index.crates.io-6f17d22bba15001f/tokio-1.34.0/src/runtime/context/scoped.rs:40:9
[INFO] [stdout]   37:     0x55cec0e13ae9 - tokio::runtime::context::set_scheduler::{{closure}}::hc953f7cb9e641c85
[INFO] [stdout]                                at /opt/rustwide/cargo-home/registry/src/index.crates.io-6f17d22bba15001f/tokio-1.34.0/src/runtime/context.rs:176:26
[INFO] [stdout]   38:     0x55cec0d8a136 - std::thread::local::LocalKey<T>::try_with::h1e0f3cca7af612a5
[INFO] [stdout]                                at /rustc/0e09125c6c3c2fd70d7de961bcf0e51575235fad/library/std/src/thread/local.rs:270:16
[INFO] [stdout]   39:     0x55cec0d86f3a - std::thread::local::LocalKey<T>::with::h82aa157866e4c654
[INFO] [stdout]                                at /rustc/0e09125c6c3c2fd70d7de961bcf0e51575235fad/library/std/src/thread/local.rs:246:9
[INFO] [stdout]   40:     0x55cec0e132bd - tokio::runtime::context::set_scheduler::he5dfb78b8135f8bf
[INFO] [stdout]                                at /opt/rustwide/cargo-home/registry/src/index.crates.io-6f17d22bba15001f/tokio-1.34.0/src/runtime/context.rs:176:9
[INFO] [stdout]   41:     0x55cec0d69010 - tokio::runtime::scheduler::current_thread::CoreGuard::enter::h680e96654917d920
[INFO] [stdout]                                at /opt/rustwide/cargo-home/registry/src/index.crates.io-6f17d22bba15001f/tokio-1.34.0/src/runtime/scheduler/current_thread/mod.rs:743:27
[INFO] [stdout]   42:     0x55cec0d7065d - tokio::runtime::scheduler::current_thread::CoreGuard::block_on::hcac35fd43f39f73c
[INFO] [stdout]                                at /opt/rustwide/cargo-home/registry/src/index.crates.io-6f17d22bba15001f/tokio-1.34.0/src/runtime/scheduler/current_thread/mod.rs:652:19
[INFO] [stdout]   43:     0x55cec0d52c8d - tokio::runtime::scheduler::current_thread::CurrentThread::block_on::{{closure}}::hc3dfbf3dd1292e7a
[INFO] [stdout]                                at /opt/rustwide/cargo-home/registry/src/index.crates.io-6f17d22bba15001f/tokio-1.34.0/src/runtime/scheduler/current_thread/mod.rs:175:28
[INFO] [stdout]   44:     0x55cec0e65c5a - tokio::runtime::context::runtime::enter_runtime::hcfbd311e0b3e508f
[INFO] [stdout]                                at /opt/rustwide/cargo-home/registry/src/index.crates.io-6f17d22bba15001f/tokio-1.34.0/src/runtime/context/runtime.rs:65:16
[INFO] [stdout]   45:     0x55cec0d4bd60 - tokio::runtime::scheduler::current_thread::CurrentThread::block_on::h07634fd8b091eb29
[INFO] [stdout]                                at /opt/rustwide/cargo-home/registry/src/index.crates.io-6f17d22bba15001f/tokio-1.34.0/src/runtime/scheduler/current_thread/mod.rs:167:9
[INFO] [stdout]   46:     0x55cec0dceac7 - tokio::runtime::runtime::Runtime::block_on::hc93f1bc2bebf266d
[INFO] [stdout]                                at /opt/rustwide/cargo-home/registry/src/index.crates.io-6f17d22bba15001f/tokio-1.34.0/src/runtime/runtime.rs:348:47
[INFO] [stdout]   47:     0x55cec0e0d553 - tokio::task::local::LocalSet::block_on::hedb419d25013c613
[INFO] [stdout]                                at /opt/rustwide/cargo-home/registry/src/index.crates.io-6f17d22bba15001f/tokio-1.34.0/src/task/local.rs:592:9
[INFO] [stdout]   48:     0x55cec0e75f7a - actix_rt::runtime::Runtime::block_on::hbbef31c52c92a17d
[INFO] [stdout]                                at /opt/rustwide/cargo-home/registry/src/index.crates.io-6f17d22bba15001f/actix-rt-2.9.0/src/runtime.rs:138:9
[INFO] [stdout]   49:     0x55cec0dd1b8a - actix_rt::system::SystemRunner::block_on::hdf5644f016cfdcb1
[INFO] [stdout]                                at /opt/rustwide/cargo-home/registry/src/index.crates.io-6f17d22bba15001f/actix-rt-2.9.0/src/system.rs:245:9
[INFO] [stdout]   50:     0x55cec0e482d8 - mbtiles::copier::tests::copy_to_existing_abort_mode::h8ac22413f3372cf4
[INFO] [stdout]                                at /opt/rustwide/workdir/src/copier.rs:815:5
[INFO] [stdout]   51:     0x55cec0e48287 - mbtiles::copier::tests::copy_to_existing_abort_mode::{{closure}}::h1d22c6282cdaf4f1
[INFO] [stdout]                                at /opt/rustwide/workdir/src/copier.rs:816:43
[INFO] [stdout]   52:     0x55cec0d9d606 - core::ops::function::FnOnce::call_once::hc470457949c0aa58
[INFO] [stdout]                                at /rustc/0e09125c6c3c2fd70d7de961bcf0e51575235fad/library/core/src/ops/function.rs:250:5
[INFO] [stdout]   53:     0x55cec0edfd5f - core::ops::function::FnOnce::call_once::hd64d26f405258157
[INFO] [stdout]                                at /rustc/0e09125c6c3c2fd70d7de961bcf0e51575235fad/library/core/src/ops/function.rs:250:5
[INFO] [stdout]   54:     0x55cec0edfd5f - test::__rust_begin_short_backtrace::he21b0b7a6d731bf9
[INFO] [stdout]                                at /rustc/0e09125c6c3c2fd70d7de961bcf0e51575235fad/library/test/src/lib.rs:627:18
[INFO] [stdout]   55:     0x55cec0edeae1 - test::run_test_in_process::{{closure}}::hf5c73986d7bdfde2
[INFO] [stdout]                                at /rustc/0e09125c6c3c2fd70d7de961bcf0e51575235fad/library/test/src/lib.rs:650:60
[INFO] [stdout]   56:     0x55cec0edeae1 - <core::panic::unwind_safe::AssertUnwindSafe<F> as core::ops::function::FnOnce<()>>::call_once::h330011ad032aadc0
[INFO] [stdout]                                at /rustc/0e09125c6c3c2fd70d7de961bcf0e51575235fad/library/core/src/panic/unwind_safe.rs:272:9
[INFO] [stdout]   57:     0x55cec0edeae1 - std::panicking::try::do_call::he61b0a958b795a41
[INFO] [stdout]                                at /rustc/0e09125c6c3c2fd70d7de961bcf0e51575235fad/library/std/src/panicking.rs:552:40
[INFO] [stdout]   58:     0x55cec0edeae1 - std::panicking::try::h7309da130f906eb7
[INFO] [stdout]                                at /rustc/0e09125c6c3c2fd70d7de961bcf0e51575235fad/library/std/src/panicking.rs:516:19
[INFO] [stdout]   59:     0x55cec0edeae1 - std::panic::catch_unwind::hc5c3a06fdaf0a92a
[INFO] [stdout]                                at /rustc/0e09125c6c3c2fd70d7de961bcf0e51575235fad/library/std/src/panic.rs:142:14
[INFO] [stdout]   60:     0x55cec0edeae1 - test::run_test_in_process::h7e7b7c71c3324e0f
[INFO] [stdout]                                at /rustc/0e09125c6c3c2fd70d7de961bcf0e51575235fad/library/test/src/lib.rs:650:27
[INFO] [stdout]   61:     0x55cec0edeae1 - test::run_test::{{closure}}::h1f509f28f5cf20b1
[INFO] [stdout]                                at /rustc/0e09125c6c3c2fd70d7de961bcf0e51575235fad/library/test/src/lib.rs:573:43
[INFO] [stdout]   62:     0x55cec0ea5e16 - test::run_test::{{closure}}::h1754218abf443f6d
[INFO] [stdout]                                at /rustc/0e09125c6c3c2fd70d7de961bcf0e51575235fad/library/test/src/lib.rs:601:41
[INFO] [stdout]   63:     0x55cec0ea5e16 - std::sys_common::backtrace::__rust_begin_short_backtrace::h2ee174b9d5954948
[INFO] [stdout]                                at /rustc/0e09125c6c3c2fd70d7de961bcf0e51575235fad/library/std/src/sys_common/backtrace.rs:155:18
[INFO] [stdout]   64:     0x55cec0eaae77 - std::thread::Builder::spawn_unchecked_::{{closure}}::{{closure}}::hf60bee9c1a17ef09
[INFO] [stdout]                                at /rustc/0e09125c6c3c2fd70d7de961bcf0e51575235fad/library/std/src/thread/mod.rs:529:17
[INFO] [stdout]   65:     0x55cec0eaae77 - <core::panic::unwind_safe::AssertUnwindSafe<F> as core::ops::function::FnOnce<()>>::call_once::h33d0dddec5216160
[INFO] [stdout]                                at /rustc/0e09125c6c3c2fd70d7de961bcf0e51575235fad/library/core/src/panic/unwind_safe.rs:272:9
[INFO] [stdout]   66:     0x55cec0eaae77 - std::panicking::try::do_call::h144b3048b546f835
[INFO] [stdout]                                at /rustc/0e09125c6c3c2fd70d7de961bcf0e51575235fad/library/std/src/panicking.rs:552:40
[INFO] [stdout]   67:     0x55cec0eaae77 - std::panicking::try::h978244d04646189f
[INFO] [stdout]                                at /rustc/0e09125c6c3c2fd70d7de961bcf0e51575235fad/library/std/src/panicking.rs:516:19
[INFO] [stdout]   68:     0x55cec0eaae77 - std::panic::catch_unwind::hdf436369d188fe86
[INFO] [stdout]                                at /rustc/0e09125c6c3c2fd70d7de961bcf0e51575235fad/library/std/src/panic.rs:142:14
[INFO] [stdout]   69:     0x55cec0eaae77 - std::thread::Builder::spawn_unchecked_::{{closure}}::h87329cbdd33c79ec
[INFO] [stdout]                                at /rustc/0e09125c6c3c2fd70d7de961bcf0e51575235fad/library/std/src/thread/mod.rs:528:30
[INFO] [stdout]   70:     0x55cec0eaae77 - core::ops::function::FnOnce::call_once{{vtable.shim}}::h401abbe67897d450
[INFO] [stdout]                                at /rustc/0e09125c6c3c2fd70d7de961bcf0e51575235fad/library/core/src/ops/function.rs:250:5
[INFO] [stdout]   71:     0x55cec1441fa5 - <alloc::boxed::Box<F,A> as core::ops::function::FnOnce<Args>>::call_once::h5d7c8f150ab9c84c
[INFO] [stdout]                                at /rustc/0e09125c6c3c2fd70d7de961bcf0e51575235fad/library/alloc/src/boxed.rs:2015:9
[INFO] [stdout]   72:     0x55cec1441fa5 - <alloc::boxed::Box<F,A> as core::ops::function::FnOnce<Args>>::call_once::h570d5b005c242c15
[INFO] [stdout]                                at /rustc/0e09125c6c3c2fd70d7de961bcf0e51575235fad/library/alloc/src/boxed.rs:2015:9
[INFO] [stdout]   73:     0x55cec1441fa5 - std::sys::unix::thread::Thread::new::thread_start::h36b0a20c0b2361ad
[INFO] [stdout]                                at /rustc/0e09125c6c3c2fd70d7de961bcf0e51575235fad/library/std/src/sys/unix/thread.rs:108:17
[INFO] [stdout]   74:     0x7f42ee464ac3 - <unknown>
[INFO] [stdout]   75:     0x7f42ee4f5bf4 - __clone
[INFO] [stdout]   76:                0x0 - <unknown>
[INFO] [stdout] 
[INFO] [stdout] 
[INFO] [stdout] failures:
[INFO] [stdout]     copier::tests::copy_flat_from_flat_with_hash_tables
[INFO] [stdout]     copier::tests::copy_flat_from_normalized_tables
[INFO] [stdout]     copier::tests::copy_flat_tables
[INFO] [stdout]     copier::tests::copy_flat_with_hash_from_flat_tables
[INFO] [stdout]     copier::tests::copy_flat_with_hash_from_normalized_tables
[INFO] [stdout]     copier::tests::copy_flat_with_hash_tables
[INFO] [stdout]     copier::tests::copy_normalized_from_flat_tables
[INFO] [stdout]     copier::tests::copy_normalized_from_flat_with_hash_tables
[INFO] [stdout]     copier::tests::copy_normalized_tables
[INFO] [stdout]     copier::tests::copy_to_existing_abort_mode
[INFO] [stdout]     copier::tests::copy_to_existing_ignore_mode
[INFO] [stdout]     copier::tests::copy_to_existing_override_mode
[INFO] [stdout]     copier::tests::copy_with_diff_with_file
[INFO] [stdout]     copier::tests::copy_with_min_max_zoom
[INFO] [stdout]     copier::tests::copy_with_zoom_levels
[INFO] [stdout]     metadata::tests::metadata_get_key
[INFO] [stdout]     metadata::tests::metadata_jpeg
[INFO] [stdout]     metadata::tests::metadata_mvt
[INFO] [stdout]     patcher::tests::apply_flat_patch_file
[INFO] [stdout]     patcher::tests::apply_normalized_patch_file
[INFO] [stdout]     summary::tests::summary
[INFO] [stdout]     validation::tests::detect_type
[INFO] [stdout]     validation::tests::validate_invalid_file
[INFO] [stdout]     validation::tests::validate_valid_file
[INFO] [stdout] 
[INFO] [stdout] test result: FAILED. 4 passed; 24 failed; 0 ignored; 0 measured; 0 filtered out; finished in 0.12s
[INFO] [stdout] 
[INFO] [stderr] error: test failed, to rerun pass `--lib`
[INFO] running `Command { std: "docker" "inspect" "1ddcafe80bf6bf01cc19e9bbc3d6ffe88e51e4a8e99d84a9960bf5c0867645dd", kill_on_drop: false }`
[INFO] running `Command { std: "docker" "rm" "-f" "1ddcafe80bf6bf01cc19e9bbc3d6ffe88e51e4a8e99d84a9960bf5c0867645dd", kill_on_drop: false }`
[INFO] [stdout] 1ddcafe80bf6bf01cc19e9bbc3d6ffe88e51e4a8e99d84a9960bf5c0867645dd
