[INFO] fetching crate maybe_macro 1.0.0...
[INFO] testing maybe_macro-1.0.0 against 1.75.0 for beta-1.76-1
[INFO] extracting crate maybe_macro 1.0.0 into /workspace/builds/worker-0-tc1/source
[INFO] validating manifest of crates.io crate maybe_macro 1.0.0 on toolchain 1.75.0
[INFO] running `Command { std: CARGO_HOME="/workspace/cargo-home" RUSTUP_HOME="/workspace/rustup-home" "/workspace/cargo-home/bin/cargo" "+1.75.0" "metadata" "--manifest-path" "Cargo.toml" "--no-deps", kill_on_drop: false }`
[INFO] started tweaking crates.io crate maybe_macro 1.0.0
[INFO] finished tweaking crates.io crate maybe_macro 1.0.0
[INFO] tweaked toml for crates.io crate maybe_macro 1.0.0 written to /workspace/builds/worker-0-tc1/source/Cargo.toml
[INFO] running `Command { std: CARGO_HOME="/workspace/cargo-home" RUSTUP_HOME="/workspace/rustup-home" "/workspace/cargo-home/bin/cargo" "+1.75.0" "generate-lockfile" "--manifest-path" "Cargo.toml", kill_on_drop: false }`
[INFO] running `Command { std: CARGO_HOME="/workspace/cargo-home" RUSTUP_HOME="/workspace/rustup-home" "/workspace/cargo-home/bin/cargo" "+1.75.0" "fetch" "--manifest-path" "Cargo.toml", kill_on_drop: false }`
[INFO] running `Command { std: "docker" "create" "-v" "/var/lib/crater-agent-workspace/builds/worker-0-tc1/target:/opt/rustwide/target:rw,Z" "-v" "/var/lib/crater-agent-workspace/builds/worker-0-tc1/source:/opt/rustwide/workdir:ro,Z" "-v" "/var/lib/crater-agent-workspace/cargo-home:/opt/rustwide/cargo-home:ro,Z" "-v" "/var/lib/crater-agent-workspace/rustup-home:/opt/rustwide/rustup-home:ro,Z" "-e" "SOURCE_DIR=/opt/rustwide/workdir" "-e" "CARGO_TARGET_DIR=/opt/rustwide/target" "-e" "CARGO_HOME=/opt/rustwide/cargo-home" "-e" "RUSTUP_HOME=/opt/rustwide/rustup-home" "-w" "/opt/rustwide/workdir" "-m" "1610612736" "--user" "0:0" "--network" "none" "ghcr.io/rust-lang/crates-build-env/linux@sha256:2788e3201cd34a07e3172128adcd8b3090168a8e3bcc40d7c032b9dda1df7d1c" "/opt/rustwide/cargo-home/bin/cargo" "+1.75.0" "metadata" "--no-deps" "--format-version=1", kill_on_drop: false }`
[INFO] [stdout] 4b7b0874146027ed943779793230338e9c73fb8fbb579fed40b27b0be5a5e421
[INFO] running `Command { std: "docker" "start" "-a" "4b7b0874146027ed943779793230338e9c73fb8fbb579fed40b27b0be5a5e421", kill_on_drop: false }`
[INFO] running `Command { std: "docker" "inspect" "4b7b0874146027ed943779793230338e9c73fb8fbb579fed40b27b0be5a5e421", kill_on_drop: false }`
[INFO] running `Command { std: "docker" "rm" "-f" "4b7b0874146027ed943779793230338e9c73fb8fbb579fed40b27b0be5a5e421", kill_on_drop: false }`
[INFO] [stdout] 4b7b0874146027ed943779793230338e9c73fb8fbb579fed40b27b0be5a5e421
[INFO] running `Command { std: "docker" "create" "-v" "/var/lib/crater-agent-workspace/builds/worker-0-tc1/target:/opt/rustwide/target:rw,Z" "-v" "/var/lib/crater-agent-workspace/builds/worker-0-tc1/source:/opt/rustwide/workdir:ro,Z" "-v" "/var/lib/crater-agent-workspace/cargo-home:/opt/rustwide/cargo-home:ro,Z" "-v" "/var/lib/crater-agent-workspace/rustup-home:/opt/rustwide/rustup-home:ro,Z" "-e" "SOURCE_DIR=/opt/rustwide/workdir" "-e" "CARGO_TARGET_DIR=/opt/rustwide/target" "-e" "CARGO_INCREMENTAL=0" "-e" "RUST_BACKTRACE=full" "-e" "RUSTFLAGS=--cap-lints=warn" "-e" "RUSTDOCFLAGS=--cap-lints=warn" "-e" "CARGO_HOME=/opt/rustwide/cargo-home" "-e" "RUSTUP_HOME=/opt/rustwide/rustup-home" "-w" "/opt/rustwide/workdir" "-m" "1610612736" "--user" "0:0" "--network" "none" "ghcr.io/rust-lang/crates-build-env/linux@sha256:2788e3201cd34a07e3172128adcd8b3090168a8e3bcc40d7c032b9dda1df7d1c" "/opt/rustwide/cargo-home/bin/cargo" "+1.75.0" "build" "--frozen" "--message-format=json", kill_on_drop: false }`
[INFO] [stdout] b5a70656cf89c0e1e7d93873999d8ae960cc52644b22d016e0db819df1a209ae
[INFO] running `Command { std: "docker" "start" "-a" "b5a70656cf89c0e1e7d93873999d8ae960cc52644b22d016e0db819df1a209ae", kill_on_drop: false }`
[INFO] [stderr]    Compiling maybe_macro v1.0.0 (/opt/rustwide/workdir)
[INFO] [stderr]     Finished dev [unoptimized + debuginfo] target(s) in 0.03s
[INFO] running `Command { std: "docker" "inspect" "b5a70656cf89c0e1e7d93873999d8ae960cc52644b22d016e0db819df1a209ae", kill_on_drop: false }`
[INFO] running `Command { std: "docker" "rm" "-f" "b5a70656cf89c0e1e7d93873999d8ae960cc52644b22d016e0db819df1a209ae", kill_on_drop: false }`
[INFO] [stdout] b5a70656cf89c0e1e7d93873999d8ae960cc52644b22d016e0db819df1a209ae
[INFO] running `Command { std: "docker" "create" "-v" "/var/lib/crater-agent-workspace/builds/worker-0-tc1/target:/opt/rustwide/target:rw,Z" "-v" "/var/lib/crater-agent-workspace/builds/worker-0-tc1/source:/opt/rustwide/workdir:ro,Z" "-v" "/var/lib/crater-agent-workspace/cargo-home:/opt/rustwide/cargo-home:ro,Z" "-v" "/var/lib/crater-agent-workspace/rustup-home:/opt/rustwide/rustup-home:ro,Z" "-e" "SOURCE_DIR=/opt/rustwide/workdir" "-e" "CARGO_TARGET_DIR=/opt/rustwide/target" "-e" "CARGO_INCREMENTAL=0" "-e" "RUST_BACKTRACE=full" "-e" "RUSTFLAGS=--cap-lints=warn" "-e" "RUSTDOCFLAGS=--cap-lints=warn" "-e" "CARGO_HOME=/opt/rustwide/cargo-home" "-e" "RUSTUP_HOME=/opt/rustwide/rustup-home" "-w" "/opt/rustwide/workdir" "-m" "1610612736" "--user" "0:0" "--network" "none" "ghcr.io/rust-lang/crates-build-env/linux@sha256:2788e3201cd34a07e3172128adcd8b3090168a8e3bcc40d7c032b9dda1df7d1c" "/opt/rustwide/cargo-home/bin/cargo" "+1.75.0" "test" "--frozen" "--no-run" "--message-format=json", kill_on_drop: false }`
[INFO] [stdout] b86f1eefbdf65d1918d0718d413639be9d8c007941569bf5dfc177161a94fe43
[INFO] running `Command { std: "docker" "start" "-a" "b86f1eefbdf65d1918d0718d413639be9d8c007941569bf5dfc177161a94fe43", kill_on_drop: false }`
[INFO] [stderr]    Compiling maybe_macro v1.0.0 (/opt/rustwide/workdir)
[INFO] [stdout] warning: `...` range patterns are deprecated
[INFO] [stdout]   --> src/lib.rs:62:34
[INFO] [stdout]    |
[INFO] [stdout] 62 |         let x = maybe!(x if let 1...10 = x);
[INFO] [stdout]    |                                  ^^^ help: use `..=` for an inclusive range
[INFO] [stdout]    |
[INFO] [stdout]    = warning: this is accepted in the current edition (Rust 2015) but is a hard error in Rust 2021!
[INFO] [stdout]    = note: for more information, see <https://doc.rust-lang.org/nightly/edition-guide/rust-2021/warnings-promoted-to-error.html>
[INFO] [stdout]    = note: `#[warn(ellipsis_inclusive_range_patterns)]` on by default
[INFO] [stdout] 
[INFO] [stdout] 
[INFO] [stdout] warning: `...` range patterns are deprecated
[INFO] [stdout]   --> src/lib.rs:65:34
[INFO] [stdout]    |
[INFO] [stdout] 65 |         let x = maybe!(x if let 1...10 = x);
[INFO] [stdout]    |                                  ^^^ help: use `..=` for an inclusive range
[INFO] [stdout]    |
[INFO] [stdout]    = warning: this is accepted in the current edition (Rust 2015) but is a hard error in Rust 2021!
[INFO] [stdout]    = note: for more information, see <https://doc.rust-lang.org/nightly/edition-guide/rust-2021/warnings-promoted-to-error.html>
[INFO] [stdout] 
[INFO] [stdout] 
[INFO] [stdout] warning: 2 warnings emitted
[INFO] [stdout] 
[INFO] [stdout] 
[INFO] [stderr]     Finished test [unoptimized + debuginfo] target(s) in 0.21s
[INFO] running `Command { std: "docker" "inspect" "b86f1eefbdf65d1918d0718d413639be9d8c007941569bf5dfc177161a94fe43", kill_on_drop: false }`
[INFO] running `Command { std: "docker" "rm" "-f" "b86f1eefbdf65d1918d0718d413639be9d8c007941569bf5dfc177161a94fe43", kill_on_drop: false }`
[INFO] [stdout] b86f1eefbdf65d1918d0718d413639be9d8c007941569bf5dfc177161a94fe43
[INFO] running `Command { std: "docker" "create" "-v" "/var/lib/crater-agent-workspace/builds/worker-0-tc1/target:/opt/rustwide/target:rw,Z" "-v" "/var/lib/crater-agent-workspace/builds/worker-0-tc1/source:/opt/rustwide/workdir:ro,Z" "-v" "/var/lib/crater-agent-workspace/cargo-home:/opt/rustwide/cargo-home:ro,Z" "-v" "/var/lib/crater-agent-workspace/rustup-home:/opt/rustwide/rustup-home:ro,Z" "-e" "SOURCE_DIR=/opt/rustwide/workdir" "-e" "CARGO_TARGET_DIR=/opt/rustwide/target" "-e" "CARGO_INCREMENTAL=0" "-e" "RUST_BACKTRACE=full" "-e" "RUSTFLAGS=--cap-lints=warn" "-e" "RUSTDOCFLAGS=--cap-lints=warn" "-e" "CARGO_HOME=/opt/rustwide/cargo-home" "-e" "RUSTUP_HOME=/opt/rustwide/rustup-home" "-w" "/opt/rustwide/workdir" "-m" "1610612736" "--user" "0:0" "--network" "none" "ghcr.io/rust-lang/crates-build-env/linux@sha256:2788e3201cd34a07e3172128adcd8b3090168a8e3bcc40d7c032b9dda1df7d1c" "/opt/rustwide/cargo-home/bin/cargo" "+1.75.0" "test" "--frozen", kill_on_drop: false }`
[INFO] [stdout] 00997ab79948d709555077f5c7ce2dbc84eb02cfbfbe6cef442ec50c7fab3f4c
[INFO] running `Command { std: "docker" "start" "-a" "00997ab79948d709555077f5c7ce2dbc84eb02cfbfbe6cef442ec50c7fab3f4c", kill_on_drop: false }`
[INFO] [stderr] warning: `...` range patterns are deprecated
[INFO] [stderr]   --> src/lib.rs:62:34
[INFO] [stderr]    |
[INFO] [stderr] 62 |         let x = maybe!(x if let 1...10 = x);
[INFO] [stderr]    |                                  ^^^ help: use `..=` for an inclusive range
[INFO] [stderr]    |
[INFO] [stderr]    = warning: this is accepted in the current edition (Rust 2015) but is a hard error in Rust 2021!
[INFO] [stderr]    = note: for more information, see <https://doc.rust-lang.org/nightly/edition-guide/rust-2021/warnings-promoted-to-error.html>
[INFO] [stderr]    = note: `#[warn(ellipsis_inclusive_range_patterns)]` on by default
[INFO] [stderr] 
[INFO] [stderr] warning: `...` range patterns are deprecated
[INFO] [stderr]   --> src/lib.rs:65:34
[INFO] [stderr]    |
[INFO] [stderr] 65 |         let x = maybe!(x if let 1...10 = x);
[INFO] [stderr]    |                                  ^^^ help: use `..=` for an inclusive range
[INFO] [stderr]    |
[INFO] [stderr]    = warning: this is accepted in the current edition (Rust 2015) but is a hard error in Rust 2021!
[INFO] [stderr]    = note: for more information, see <https://doc.rust-lang.org/nightly/edition-guide/rust-2021/warnings-promoted-to-error.html>
[INFO] [stderr] 
[INFO] [stderr] warning: `maybe_macro` (lib test) generated 2 warnings (run `cargo fix --lib -p maybe_macro --tests` to apply 2 suggestions)
[INFO] [stderr]     Finished test [unoptimized + debuginfo] target(s) in 0.00s
[INFO] [stderr]      Running unittests src/lib.rs (/opt/rustwide/target/debug/deps/maybe_macro-cfcea0de85b41eaf)
[INFO] [stdout] 
[INFO] [stdout] running 3 tests
[INFO] [stdout] test tests::conditional ... ok
[INFO] [stdout] test tests::destructure ... ok
[INFO] [stdout] test tests::pattern ... ok
[INFO] [stdout] 
[INFO] [stdout] test result: ok. 3 passed; 0 failed; 0 ignored; 0 measured; 0 filtered out; finished in 0.00s
[INFO] [stdout] 
[INFO] [stderr]    Doc-tests maybe_macro
[INFO] [stdout] 
[INFO] [stdout] running 3 tests
[INFO] [stdout] test src/lib.rs - maybe (line 26) ... FAILED
[INFO] [stdout] test src/lib.rs - maybe (line 19) ... FAILED
[INFO] [stdout] test src/lib.rs - maybe (line 34) ... FAILED
[INFO] [stdout] 
[INFO] [stdout] failures:
[INFO] [stdout] 
[INFO] [stdout] ---- src/lib.rs - maybe (line 26) stdout ----
[INFO] [stdout] error: cannot find macro `maybe` in this scope
[INFO] [stdout]  --> src/lib.rs:28:29
[INFO] [stdout]   |
[INFO] [stdout] 4 | slice.iter().filter_map(|x| maybe!(x if let Ok(_) = x));
[INFO] [stdout]   |                             ^^^^^
[INFO] [stdout] 
[INFO] [stdout] error[E0425]: cannot find value `slice` in this scope
[INFO] [stdout]  --> src/lib.rs:28:1
[INFO] [stdout]   |
[INFO] [stdout] 4 | slice.iter().filter_map(|x| maybe!(x if let Ok(_) = x));
[INFO] [stdout]   | ^^^^^ not found in this scope
[INFO] [stdout] 
[INFO] [stdout] error: aborting due to 2 previous errors
[INFO] [stdout] 
[INFO] [stdout] For more information about this error, try `rustc --explain E0425`.
[INFO] [stdout] Couldn't compile the test.
[INFO] [stdout] ---- src/lib.rs - maybe (line 19) stdout ----
[INFO] [stdout] error: cannot find macro `maybe` in this scope
[INFO] [stdout]  --> src/lib.rs:21:30
[INFO] [stdout]   |
[INFO] [stdout] 4 | slice.iter().filter_map(|&x| maybe!(x if < 10))
[INFO] [stdout]   |                              ^^^^^
[INFO] [stdout] 
[INFO] [stdout] error[E0425]: cannot find value `slice` in this scope
[INFO] [stdout]  --> src/lib.rs:21:1
[INFO] [stdout]   |
[INFO] [stdout] 4 | slice.iter().filter_map(|&x| maybe!(x if < 10))
[INFO] [stdout]   | ^^^^^ not found in this scope
[INFO] [stdout] 
[INFO] [stdout] error: aborting due to 2 previous errors
[INFO] [stdout] 
[INFO] [stdout] For more information about this error, try `rustc --explain E0425`.
[INFO] [stdout] Couldn't compile the test.
[INFO] [stdout] ---- src/lib.rs - maybe (line 34) stdout ----
[INFO] [stdout] error: cannot find macro `maybe` in this scope
[INFO] [stdout]  --> src/lib.rs:35:29
[INFO] [stdout]   |
[INFO] [stdout] 3 | slice.iter().filter_map(|x| maybe!(inner if let Ok(inner) = x));
[INFO] [stdout]   |                             ^^^^^
[INFO] [stdout] 
[INFO] [stdout] error[E0425]: cannot find value `slice` in this scope
[INFO] [stdout]  --> src/lib.rs:35:1
[INFO] [stdout]   |
[INFO] [stdout] 3 | slice.iter().filter_map(|x| maybe!(inner if let Ok(inner) = x));
[INFO] [stdout]   | ^^^^^ not found in this scope
[INFO] [stdout] 
[INFO] [stdout] error: aborting due to 2 previous errors
[INFO] [stdout] 
[INFO] [stdout] For more information about this error, try `rustc --explain E0425`.
[INFO] [stdout] Couldn't compile the test.
[INFO] [stdout] 
[INFO] [stdout] failures:
[INFO] [stdout]     src/lib.rs - maybe (line 19)
[INFO] [stdout]     src/lib.rs - maybe (line 26)
[INFO] [stdout]     src/lib.rs - maybe (line 34)
[INFO] [stdout] 
[INFO] [stdout] test result: FAILED. 0 passed; 3 failed; 0 ignored; 0 measured; 0 filtered out; finished in 0.04s
[INFO] [stdout] 
[INFO] [stderr] error: doctest failed, to rerun pass `--doc`
[INFO] running `Command { std: "docker" "inspect" "00997ab79948d709555077f5c7ce2dbc84eb02cfbfbe6cef442ec50c7fab3f4c", kill_on_drop: false }`
[INFO] running `Command { std: "docker" "rm" "-f" "00997ab79948d709555077f5c7ce2dbc84eb02cfbfbe6cef442ec50c7fab3f4c", kill_on_drop: false }`
[INFO] [stdout] 00997ab79948d709555077f5c7ce2dbc84eb02cfbfbe6cef442ec50c7fab3f4c
[INFO] testing maybe_macro-1.0.0 against beta-2023-12-22 for beta-1.76-1
[INFO] extracting crate maybe_macro 1.0.0 into /workspace/builds/worker-0-tc2/source
[INFO] validating manifest of crates.io crate maybe_macro 1.0.0 on toolchain beta-2023-12-22
[INFO] running `Command { std: CARGO_HOME="/workspace/cargo-home" RUSTUP_HOME="/workspace/rustup-home" "/workspace/cargo-home/bin/cargo" "+beta-2023-12-22" "metadata" "--manifest-path" "Cargo.toml" "--no-deps", kill_on_drop: false }`
[INFO] started tweaking crates.io crate maybe_macro 1.0.0
[INFO] finished tweaking crates.io crate maybe_macro 1.0.0
[INFO] tweaked toml for crates.io crate maybe_macro 1.0.0 written to /workspace/builds/worker-0-tc2/source/Cargo.toml
[INFO] running `Command { std: CARGO_HOME="/workspace/cargo-home" RUSTUP_HOME="/workspace/rustup-home" "/workspace/cargo-home/bin/cargo" "+beta-2023-12-22" "generate-lockfile" "--manifest-path" "Cargo.toml", kill_on_drop: false }`
[INFO] running `Command { std: CARGO_HOME="/workspace/cargo-home" RUSTUP_HOME="/workspace/rustup-home" "/workspace/cargo-home/bin/cargo" "+beta-2023-12-22" "fetch" "--manifest-path" "Cargo.toml", kill_on_drop: false }`
[INFO] running `Command { std: "docker" "create" "-v" "/var/lib/crater-agent-workspace/builds/worker-0-tc2/target:/opt/rustwide/target:rw,Z" "-v" "/var/lib/crater-agent-workspace/builds/worker-0-tc2/source:/opt/rustwide/workdir:ro,Z" "-v" "/var/lib/crater-agent-workspace/cargo-home:/opt/rustwide/cargo-home:ro,Z" "-v" "/var/lib/crater-agent-workspace/rustup-home:/opt/rustwide/rustup-home:ro,Z" "-e" "SOURCE_DIR=/opt/rustwide/workdir" "-e" "CARGO_TARGET_DIR=/opt/rustwide/target" "-e" "CARGO_HOME=/opt/rustwide/cargo-home" "-e" "RUSTUP_HOME=/opt/rustwide/rustup-home" "-w" "/opt/rustwide/workdir" "-m" "1610612736" "--user" "0:0" "--network" "none" "ghcr.io/rust-lang/crates-build-env/linux@sha256:2788e3201cd34a07e3172128adcd8b3090168a8e3bcc40d7c032b9dda1df7d1c" "/opt/rustwide/cargo-home/bin/cargo" "+beta-2023-12-22" "metadata" "--no-deps" "--format-version=1", kill_on_drop: false }`
[INFO] [stdout] 08e467e86a25dbfd981761d328918710e74d9bc9b342be25194a452e90d66c00
[INFO] running `Command { std: "docker" "start" "-a" "08e467e86a25dbfd981761d328918710e74d9bc9b342be25194a452e90d66c00", kill_on_drop: false }`
[INFO] running `Command { std: "docker" "inspect" "08e467e86a25dbfd981761d328918710e74d9bc9b342be25194a452e90d66c00", kill_on_drop: false }`
[INFO] running `Command { std: "docker" "rm" "-f" "08e467e86a25dbfd981761d328918710e74d9bc9b342be25194a452e90d66c00", kill_on_drop: false }`
[INFO] [stdout] 08e467e86a25dbfd981761d328918710e74d9bc9b342be25194a452e90d66c00
[INFO] running `Command { std: "docker" "create" "-v" "/var/lib/crater-agent-workspace/builds/worker-0-tc2/target:/opt/rustwide/target:rw,Z" "-v" "/var/lib/crater-agent-workspace/builds/worker-0-tc2/source:/opt/rustwide/workdir:ro,Z" "-v" "/var/lib/crater-agent-workspace/cargo-home:/opt/rustwide/cargo-home:ro,Z" "-v" "/var/lib/crater-agent-workspace/rustup-home:/opt/rustwide/rustup-home:ro,Z" "-e" "SOURCE_DIR=/opt/rustwide/workdir" "-e" "CARGO_TARGET_DIR=/opt/rustwide/target" "-e" "CARGO_INCREMENTAL=0" "-e" "RUST_BACKTRACE=full" "-e" "RUSTFLAGS=--cap-lints=warn" "-e" "RUSTDOCFLAGS=--cap-lints=warn" "-e" "CARGO_HOME=/opt/rustwide/cargo-home" "-e" "RUSTUP_HOME=/opt/rustwide/rustup-home" "-w" "/opt/rustwide/workdir" "-m" "1610612736" "--user" "0:0" "--network" "none" "ghcr.io/rust-lang/crates-build-env/linux@sha256:2788e3201cd34a07e3172128adcd8b3090168a8e3bcc40d7c032b9dda1df7d1c" "/opt/rustwide/cargo-home/bin/cargo" "+beta-2023-12-22" "build" "--frozen" "--message-format=json", kill_on_drop: false }`
[INFO] [stdout] 5e3cf0365b15b45661b7303df9211f5419ab9e48ea610d5ed3880f4c51efb7ba
[INFO] running `Command { std: "docker" "start" "-a" "5e3cf0365b15b45661b7303df9211f5419ab9e48ea610d5ed3880f4c51efb7ba", kill_on_drop: false }`
[INFO] [stderr]    Compiling maybe_macro v1.0.0 (/opt/rustwide/workdir)
[INFO] [stderr]     Finished dev [unoptimized + debuginfo] target(s) in 0.03s
[INFO] running `Command { std: "docker" "inspect" "5e3cf0365b15b45661b7303df9211f5419ab9e48ea610d5ed3880f4c51efb7ba", kill_on_drop: false }`
[INFO] running `Command { std: "docker" "rm" "-f" "5e3cf0365b15b45661b7303df9211f5419ab9e48ea610d5ed3880f4c51efb7ba", kill_on_drop: false }`
[INFO] [stdout] 5e3cf0365b15b45661b7303df9211f5419ab9e48ea610d5ed3880f4c51efb7ba
[INFO] running `Command { std: "docker" "create" "-v" "/var/lib/crater-agent-workspace/builds/worker-0-tc2/target:/opt/rustwide/target:rw,Z" "-v" "/var/lib/crater-agent-workspace/builds/worker-0-tc2/source:/opt/rustwide/workdir:ro,Z" "-v" "/var/lib/crater-agent-workspace/cargo-home:/opt/rustwide/cargo-home:ro,Z" "-v" "/var/lib/crater-agent-workspace/rustup-home:/opt/rustwide/rustup-home:ro,Z" "-e" "SOURCE_DIR=/opt/rustwide/workdir" "-e" "CARGO_TARGET_DIR=/opt/rustwide/target" "-e" "CARGO_INCREMENTAL=0" "-e" "RUST_BACKTRACE=full" "-e" "RUSTFLAGS=--cap-lints=warn" "-e" "RUSTDOCFLAGS=--cap-lints=warn" "-e" "CARGO_HOME=/opt/rustwide/cargo-home" "-e" "RUSTUP_HOME=/opt/rustwide/rustup-home" "-w" "/opt/rustwide/workdir" "-m" "1610612736" "--user" "0:0" "--network" "none" "ghcr.io/rust-lang/crates-build-env/linux@sha256:2788e3201cd34a07e3172128adcd8b3090168a8e3bcc40d7c032b9dda1df7d1c" "/opt/rustwide/cargo-home/bin/cargo" "+beta-2023-12-22" "test" "--frozen" "--no-run" "--message-format=json", kill_on_drop: false }`
[INFO] [stdout] 14ba1438328a195e1ef1883ab71cd79537396b31aefcb15c8da11e7f56affb22
[INFO] running `Command { std: "docker" "start" "-a" "14ba1438328a195e1ef1883ab71cd79537396b31aefcb15c8da11e7f56affb22", kill_on_drop: false }`
[INFO] [stderr]    Compiling maybe_macro v1.0.0 (/opt/rustwide/workdir)
[INFO] [stdout] warning: `...` range patterns are deprecated
[INFO] [stdout]   --> src/lib.rs:62:34
[INFO] [stdout]    |
[INFO] [stdout] 62 |         let x = maybe!(x if let 1...10 = x);
[INFO] [stdout]    |                                  ^^^ help: use `..=` for an inclusive range
[INFO] [stdout]    |
[INFO] [stdout]    = warning: this is accepted in the current edition (Rust 2015) but is a hard error in Rust 2021!
[INFO] [stdout]    = note: for more information, see <https://doc.rust-lang.org/nightly/edition-guide/rust-2021/warnings-promoted-to-error.html>
[INFO] [stdout]    = note: `#[warn(ellipsis_inclusive_range_patterns)]` on by default
[INFO] [stdout] 
[INFO] [stdout] 
[INFO] [stdout] warning: `...` range patterns are deprecated
[INFO] [stdout]   --> src/lib.rs:65:34
[INFO] [stdout]    |
[INFO] [stdout] 65 |         let x = maybe!(x if let 1...10 = x);
[INFO] [stdout]    |                                  ^^^ help: use `..=` for an inclusive range
[INFO] [stdout]    |
[INFO] [stdout]    = warning: this is accepted in the current edition (Rust 2015) but is a hard error in Rust 2021!
[INFO] [stdout]    = note: for more information, see <https://doc.rust-lang.org/nightly/edition-guide/rust-2021/warnings-promoted-to-error.html>
[INFO] [stdout] 
[INFO] [stdout] 
[INFO] [stdout] warning: 2 warnings emitted
[INFO] [stdout] 
[INFO] [stdout] 
[INFO] [stderr]     Finished test [unoptimized + debuginfo] target(s) in 0.21s
[INFO] running `Command { std: "docker" "inspect" "14ba1438328a195e1ef1883ab71cd79537396b31aefcb15c8da11e7f56affb22", kill_on_drop: false }`
[INFO] running `Command { std: "docker" "rm" "-f" "14ba1438328a195e1ef1883ab71cd79537396b31aefcb15c8da11e7f56affb22", kill_on_drop: false }`
[INFO] [stdout] 14ba1438328a195e1ef1883ab71cd79537396b31aefcb15c8da11e7f56affb22
[INFO] running `Command { std: "docker" "create" "-v" "/var/lib/crater-agent-workspace/builds/worker-0-tc2/target:/opt/rustwide/target:rw,Z" "-v" "/var/lib/crater-agent-workspace/builds/worker-0-tc2/source:/opt/rustwide/workdir:ro,Z" "-v" "/var/lib/crater-agent-workspace/cargo-home:/opt/rustwide/cargo-home:ro,Z" "-v" "/var/lib/crater-agent-workspace/rustup-home:/opt/rustwide/rustup-home:ro,Z" "-e" "SOURCE_DIR=/opt/rustwide/workdir" "-e" "CARGO_TARGET_DIR=/opt/rustwide/target" "-e" "CARGO_INCREMENTAL=0" "-e" "RUST_BACKTRACE=full" "-e" "RUSTFLAGS=--cap-lints=warn" "-e" "RUSTDOCFLAGS=--cap-lints=warn" "-e" "CARGO_HOME=/opt/rustwide/cargo-home" "-e" "RUSTUP_HOME=/opt/rustwide/rustup-home" "-w" "/opt/rustwide/workdir" "-m" "1610612736" "--user" "0:0" "--network" "none" "ghcr.io/rust-lang/crates-build-env/linux@sha256:2788e3201cd34a07e3172128adcd8b3090168a8e3bcc40d7c032b9dda1df7d1c" "/opt/rustwide/cargo-home/bin/cargo" "+beta-2023-12-22" "test" "--frozen", kill_on_drop: false }`
[INFO] [stdout] 3f2dcf97c5bc98f887c76851454fa71b27eec758936b33e81d23085ecb2947f6
[INFO] running `Command { std: "docker" "start" "-a" "3f2dcf97c5bc98f887c76851454fa71b27eec758936b33e81d23085ecb2947f6", kill_on_drop: false }`
[INFO] [stderr] warning: `...` range patterns are deprecated
[INFO] [stderr]   --> src/lib.rs:62:34
[INFO] [stderr]    |
[INFO] [stderr] 62 |         let x = maybe!(x if let 1...10 = x);
[INFO] [stderr]    |                                  ^^^ help: use `..=` for an inclusive range
[INFO] [stderr]    |
[INFO] [stderr]    = warning: this is accepted in the current edition (Rust 2015) but is a hard error in Rust 2021!
[INFO] [stderr]    = note: for more information, see <https://doc.rust-lang.org/nightly/edition-guide/rust-2021/warnings-promoted-to-error.html>
[INFO] [stderr]    = note: `#[warn(ellipsis_inclusive_range_patterns)]` on by default
[INFO] [stderr] 
[INFO] [stderr] warning: `...` range patterns are deprecated
[INFO] [stderr]   --> src/lib.rs:65:34
[INFO] [stderr]    |
[INFO] [stderr] 65 |         let x = maybe!(x if let 1...10 = x);
[INFO] [stderr]    |                                  ^^^ help: use `..=` for an inclusive range
[INFO] [stderr]    |
[INFO] [stderr]    = warning: this is accepted in the current edition (Rust 2015) but is a hard error in Rust 2021!
[INFO] [stderr]    = note: for more information, see <https://doc.rust-lang.org/nightly/edition-guide/rust-2021/warnings-promoted-to-error.html>
[INFO] [stderr] 
[INFO] [stderr] warning: `maybe_macro` (lib test) generated 2 warnings (run `cargo fix --lib -p maybe_macro --tests` to apply 2 suggestions)
[INFO] [stderr]     Finished test [unoptimized + debuginfo] target(s) in 0.00s
[INFO] [stderr]      Running unittests src/lib.rs (/opt/rustwide/target/debug/deps/maybe_macro-903f249cc509de0b)
[INFO] [stdout] 
[INFO] [stdout] running 3 tests
[INFO] [stdout] test tests::destructure ... ok
[INFO] [stdout] test tests::pattern ... ok
[INFO] [stdout] test tests::conditional ... ok
[INFO] [stdout] 
[INFO] [stdout] test result: ok. 3 passed; 0 failed; 0 ignored; 0 measured; 0 filtered out; finished in 0.00s
[INFO] [stdout] 
[INFO] [stderr]    Doc-tests maybe_macro
[INFO] [stdout] 
[INFO] [stdout] running 3 tests
[INFO] [stdout] test src/lib.rs - maybe (line 19) ... FAILED
[INFO] [stdout] test src/lib.rs - maybe (line 26) ... FAILED
[INFO] [stdout] test src/lib.rs - maybe (line 34) ... FAILED
[INFO] [stdout] 
[INFO] [stdout] failures:
[INFO] [stdout] 
[INFO] [stdout] ---- src/lib.rs - maybe (line 19) stdout ----
[INFO] [stdout] error: cannot find macro `maybe` in this scope
[INFO] [stdout]  --> src/lib.rs:21:30
[INFO] [stdout]   |
[INFO] [stdout] 4 | slice.iter().filter_map(|&x| maybe!(x if < 10))
[INFO] [stdout]   |                              ^^^^^
[INFO] [stdout] 
[INFO] [stdout] error[E0425]: cannot find value `slice` in this scope
[INFO] [stdout]  --> src/lib.rs:21:1
[INFO] [stdout]   |
[INFO] [stdout] 4 | slice.iter().filter_map(|&x| maybe!(x if < 10))
[INFO] [stdout]   | ^^^^^ not found in this scope
[INFO] [stdout] 
[INFO] [stdout] error: aborting due to 2 previous errors
[INFO] [stdout] 
[INFO] [stdout] For more information about this error, try `rustc --explain E0425`.
[INFO] [stdout] Couldn't compile the test.
[INFO] [stdout] ---- src/lib.rs - maybe (line 26) stdout ----
[INFO] [stdout] error: cannot find macro `maybe` in this scope
[INFO] [stdout]  --> src/lib.rs:28:29
[INFO] [stdout]   |
[INFO] [stdout] 4 | slice.iter().filter_map(|x| maybe!(x if let Ok(_) = x));
[INFO] [stdout]   |                             ^^^^^
[INFO] [stdout] 
[INFO] [stdout] error[E0425]: cannot find value `slice` in this scope
[INFO] [stdout]  --> src/lib.rs:28:1
[INFO] [stdout]   |
[INFO] [stdout] 4 | slice.iter().filter_map(|x| maybe!(x if let Ok(_) = x));
[INFO] [stdout]   | ^^^^^ not found in this scope
[INFO] [stdout] 
[INFO] [stdout] error: aborting due to 2 previous errors
[INFO] [stdout] 
[INFO] [stdout] For more information about this error, try `rustc --explain E0425`.
[INFO] [stdout] Couldn't compile the test.
[INFO] [stdout] ---- src/lib.rs - maybe (line 34) stdout ----
[INFO] [stdout] error: cannot find macro `maybe` in this scope
[INFO] [stdout]  --> src/lib.rs:35:29
[INFO] [stdout]   |
[INFO] [stdout] 3 | slice.iter().filter_map(|x| maybe!(inner if let Ok(inner) = x));
[INFO] [stdout]   |                             ^^^^^
[INFO] [stdout] 
[INFO] [stdout] error[E0425]: cannot find value `slice` in this scope
[INFO] [stdout]  --> src/lib.rs:35:1
[INFO] [stdout]   |
[INFO] [stdout] 3 | slice.iter().filter_map(|x| maybe!(inner if let Ok(inner) = x));
[INFO] [stdout]   | ^^^^^ not found in this scope
[INFO] [stdout] 
[INFO] [stdout] error: aborting due to 2 previous errors
[INFO] [stdout] 
[INFO] [stdout] For more information about this error, try `rustc --explain E0425`.
[INFO] [stdout] Couldn't compile the test.
[INFO] [stdout] 
[INFO] [stdout] failures:
[INFO] [stdout]     src/lib.rs - maybe (line 19)
[INFO] [stdout]     src/lib.rs - maybe (line 26)
[INFO] [stdout]     src/lib.rs - maybe (line 34)
[INFO] [stdout] 
[INFO] [stdout] test result: FAILED. 0 passed; 3 failed; 0 ignored; 0 measured; 0 filtered out; finished in 0.04s
[INFO] [stdout] 
[INFO] [stderr] error: doctest failed, to rerun pass `--doc`
[INFO] running `Command { std: "docker" "inspect" "3f2dcf97c5bc98f887c76851454fa71b27eec758936b33e81d23085ecb2947f6", kill_on_drop: false }`
[INFO] running `Command { std: "docker" "rm" "-f" "3f2dcf97c5bc98f887c76851454fa71b27eec758936b33e81d23085ecb2947f6", kill_on_drop: false }`
[INFO] [stdout] 3f2dcf97c5bc98f887c76851454fa71b27eec758936b33e81d23085ecb2947f6
