[INFO] fetching crate max11300 0.1.1...
[INFO] testing max11300-0.1.1 against 1.75.0 for beta-1.76-1
[INFO] extracting crate max11300 0.1.1 into /workspace/builds/worker-5-tc1/source
[INFO] validating manifest of crates.io crate max11300 0.1.1 on toolchain 1.75.0
[INFO] running `Command { std: CARGO_HOME="/workspace/cargo-home" RUSTUP_HOME="/workspace/rustup-home" "/workspace/cargo-home/bin/cargo" "+1.75.0" "metadata" "--manifest-path" "Cargo.toml" "--no-deps", kill_on_drop: false }`
[INFO] started tweaking crates.io crate max11300 0.1.1
[INFO] finished tweaking crates.io crate max11300 0.1.1
[INFO] tweaked toml for crates.io crate max11300 0.1.1 written to /workspace/builds/worker-5-tc1/source/Cargo.toml
[INFO] running `Command { std: CARGO_HOME="/workspace/cargo-home" RUSTUP_HOME="/workspace/rustup-home" "/workspace/cargo-home/bin/cargo" "+1.75.0" "generate-lockfile" "--manifest-path" "Cargo.toml", kill_on_drop: false }`
[INFO] [stderr]     Updating crates.io index
[INFO] running `Command { std: CARGO_HOME="/workspace/cargo-home" RUSTUP_HOME="/workspace/rustup-home" "/workspace/cargo-home/bin/cargo" "+1.75.0" "fetch" "--manifest-path" "Cargo.toml", kill_on_drop: false }`
[INFO] running `Command { std: "docker" "create" "-v" "/var/lib/crater-agent-workspace/builds/worker-5-tc1/target:/opt/rustwide/target:rw,Z" "-v" "/var/lib/crater-agent-workspace/builds/worker-5-tc1/source:/opt/rustwide/workdir:ro,Z" "-v" "/var/lib/crater-agent-workspace/cargo-home:/opt/rustwide/cargo-home:ro,Z" "-v" "/var/lib/crater-agent-workspace/rustup-home:/opt/rustwide/rustup-home:ro,Z" "-e" "SOURCE_DIR=/opt/rustwide/workdir" "-e" "CARGO_TARGET_DIR=/opt/rustwide/target" "-e" "CARGO_HOME=/opt/rustwide/cargo-home" "-e" "RUSTUP_HOME=/opt/rustwide/rustup-home" "-w" "/opt/rustwide/workdir" "-m" "1610612736" "--user" "0:0" "--network" "none" "ghcr.io/rust-lang/crates-build-env/linux@sha256:2788e3201cd34a07e3172128adcd8b3090168a8e3bcc40d7c032b9dda1df7d1c" "/opt/rustwide/cargo-home/bin/cargo" "+1.75.0" "metadata" "--no-deps" "--format-version=1", kill_on_drop: false }`
[INFO] [stdout] 29b6efee5b6ba87699df44b0694bf384614fe6f62fb84d2ba6aeb9b6f5a9cc47
[INFO] running `Command { std: "docker" "start" "-a" "29b6efee5b6ba87699df44b0694bf384614fe6f62fb84d2ba6aeb9b6f5a9cc47", kill_on_drop: false }`
[INFO] running `Command { std: "docker" "inspect" "29b6efee5b6ba87699df44b0694bf384614fe6f62fb84d2ba6aeb9b6f5a9cc47", kill_on_drop: false }`
[INFO] running `Command { std: "docker" "rm" "-f" "29b6efee5b6ba87699df44b0694bf384614fe6f62fb84d2ba6aeb9b6f5a9cc47", kill_on_drop: false }`
[INFO] [stdout] 29b6efee5b6ba87699df44b0694bf384614fe6f62fb84d2ba6aeb9b6f5a9cc47
[INFO] running `Command { std: "docker" "create" "-v" "/var/lib/crater-agent-workspace/builds/worker-5-tc1/target:/opt/rustwide/target:rw,Z" "-v" "/var/lib/crater-agent-workspace/builds/worker-5-tc1/source:/opt/rustwide/workdir:ro,Z" "-v" "/var/lib/crater-agent-workspace/cargo-home:/opt/rustwide/cargo-home:ro,Z" "-v" "/var/lib/crater-agent-workspace/rustup-home:/opt/rustwide/rustup-home:ro,Z" "-e" "SOURCE_DIR=/opt/rustwide/workdir" "-e" "CARGO_TARGET_DIR=/opt/rustwide/target" "-e" "CARGO_INCREMENTAL=0" "-e" "RUST_BACKTRACE=full" "-e" "RUSTFLAGS=--cap-lints=warn" "-e" "RUSTDOCFLAGS=--cap-lints=warn" "-e" "CARGO_HOME=/opt/rustwide/cargo-home" "-e" "RUSTUP_HOME=/opt/rustwide/rustup-home" "-w" "/opt/rustwide/workdir" "-m" "1610612736" "--user" "0:0" "--network" "none" "ghcr.io/rust-lang/crates-build-env/linux@sha256:2788e3201cd34a07e3172128adcd8b3090168a8e3bcc40d7c032b9dda1df7d1c" "/opt/rustwide/cargo-home/bin/cargo" "+1.75.0" "build" "--frozen" "--message-format=json", kill_on_drop: false }`
[INFO] [stdout] b61369e0c26ad04f19715452b96f09f329b08ca2d5eac9b38589b8fedfc66bfc
[INFO] running `Command { std: "docker" "start" "-a" "b61369e0c26ad04f19715452b96f09f329b08ca2d5eac9b38589b8fedfc66bfc", kill_on_drop: false }`
[INFO] [stderr]    Compiling semver v1.0.21
[INFO] [stderr]    Compiling lock_api v0.4.11
[INFO] [stderr]    Compiling scopeguard v1.2.0
[INFO] [stderr]    Compiling nb v1.1.0
[INFO] [stderr]    Compiling byteorder v1.5.0
[INFO] [stderr]    Compiling stable_deref_trait v1.2.0
[INFO] [stderr]    Compiling void v1.0.2
[INFO] [stderr]    Compiling seq-macro v0.3.5
[INFO] [stderr]    Compiling nb v0.1.3
[INFO] [stderr]    Compiling embedded-hal v0.2.7
[INFO] [stderr]    Compiling hash32 v0.2.1
[INFO] [stderr]    Compiling spin v0.9.8
[INFO] [stderr]    Compiling rustc_version v0.4.0
[INFO] [stderr]    Compiling heapless v0.7.17
[INFO] [stderr]    Compiling max11300 v0.1.1 (/opt/rustwide/workdir)
[INFO] [stderr]     Finished dev [unoptimized + debuginfo] target(s) in 1.09s
[INFO] running `Command { std: "docker" "inspect" "b61369e0c26ad04f19715452b96f09f329b08ca2d5eac9b38589b8fedfc66bfc", kill_on_drop: false }`
[INFO] running `Command { std: "docker" "rm" "-f" "b61369e0c26ad04f19715452b96f09f329b08ca2d5eac9b38589b8fedfc66bfc", kill_on_drop: false }`
[INFO] [stdout] b61369e0c26ad04f19715452b96f09f329b08ca2d5eac9b38589b8fedfc66bfc
[INFO] running `Command { std: "docker" "create" "-v" "/var/lib/crater-agent-workspace/builds/worker-5-tc1/target:/opt/rustwide/target:rw,Z" "-v" "/var/lib/crater-agent-workspace/builds/worker-5-tc1/source:/opt/rustwide/workdir:ro,Z" "-v" "/var/lib/crater-agent-workspace/cargo-home:/opt/rustwide/cargo-home:ro,Z" "-v" "/var/lib/crater-agent-workspace/rustup-home:/opt/rustwide/rustup-home:ro,Z" "-e" "SOURCE_DIR=/opt/rustwide/workdir" "-e" "CARGO_TARGET_DIR=/opt/rustwide/target" "-e" "CARGO_INCREMENTAL=0" "-e" "RUST_BACKTRACE=full" "-e" "RUSTFLAGS=--cap-lints=warn" "-e" "RUSTDOCFLAGS=--cap-lints=warn" "-e" "CARGO_HOME=/opt/rustwide/cargo-home" "-e" "RUSTUP_HOME=/opt/rustwide/rustup-home" "-w" "/opt/rustwide/workdir" "-m" "1610612736" "--user" "0:0" "--network" "none" "ghcr.io/rust-lang/crates-build-env/linux@sha256:2788e3201cd34a07e3172128adcd8b3090168a8e3bcc40d7c032b9dda1df7d1c" "/opt/rustwide/cargo-home/bin/cargo" "+1.75.0" "test" "--frozen" "--no-run" "--message-format=json", kill_on_drop: false }`
[INFO] [stdout] d6005d186d135cdd9ca0c65dd8b137fbe1f5c19f62c49594d80af299184cd2ca
[INFO] running `Command { std: "docker" "start" "-a" "d6005d186d135cdd9ca0c65dd8b137fbe1f5c19f62c49594d80af299184cd2ca", kill_on_drop: false }`
[INFO] [stderr]    Compiling nb v0.1.3
[INFO] [stderr]    Compiling embedded-hal v0.2.7
[INFO] [stderr]    Compiling embedded-hal-mock v0.8.0
[INFO] [stderr]    Compiling max11300 v0.1.1 (/opt/rustwide/workdir)
[INFO] [stderr]     Finished test [unoptimized + debuginfo] target(s) in 0.63s
[INFO] running `Command { std: "docker" "inspect" "d6005d186d135cdd9ca0c65dd8b137fbe1f5c19f62c49594d80af299184cd2ca", kill_on_drop: false }`
[INFO] running `Command { std: "docker" "rm" "-f" "d6005d186d135cdd9ca0c65dd8b137fbe1f5c19f62c49594d80af299184cd2ca", kill_on_drop: false }`
[INFO] [stdout] d6005d186d135cdd9ca0c65dd8b137fbe1f5c19f62c49594d80af299184cd2ca
[INFO] running `Command { std: "docker" "create" "-v" "/var/lib/crater-agent-workspace/builds/worker-5-tc1/target:/opt/rustwide/target:rw,Z" "-v" "/var/lib/crater-agent-workspace/builds/worker-5-tc1/source:/opt/rustwide/workdir:ro,Z" "-v" "/var/lib/crater-agent-workspace/cargo-home:/opt/rustwide/cargo-home:ro,Z" "-v" "/var/lib/crater-agent-workspace/rustup-home:/opt/rustwide/rustup-home:ro,Z" "-e" "SOURCE_DIR=/opt/rustwide/workdir" "-e" "CARGO_TARGET_DIR=/opt/rustwide/target" "-e" "CARGO_INCREMENTAL=0" "-e" "RUST_BACKTRACE=full" "-e" "RUSTFLAGS=--cap-lints=warn" "-e" "RUSTDOCFLAGS=--cap-lints=warn" "-e" "CARGO_HOME=/opt/rustwide/cargo-home" "-e" "RUSTUP_HOME=/opt/rustwide/rustup-home" "-w" "/opt/rustwide/workdir" "-m" "1610612736" "--user" "0:0" "--network" "none" "ghcr.io/rust-lang/crates-build-env/linux@sha256:2788e3201cd34a07e3172128adcd8b3090168a8e3bcc40d7c032b9dda1df7d1c" "/opt/rustwide/cargo-home/bin/cargo" "+1.75.0" "test" "--frozen", kill_on_drop: false }`
[INFO] [stdout] 00d667d4faefe0ffd18b372cfbc8cc9d213ebafa35dcddd8c3999c533ba89665
[INFO] running `Command { std: "docker" "start" "-a" "00d667d4faefe0ffd18b372cfbc8cc9d213ebafa35dcddd8c3999c533ba89665", kill_on_drop: false }`
[INFO] [stderr]     Finished test [unoptimized + debuginfo] target(s) in 0.01s
[INFO] [stderr]      Running unittests src/lib.rs (/opt/rustwide/target/debug/deps/max11300-d99e33bf8e7e14c5)
[INFO] [stdout] 
[INFO] [stdout] running 3 tests
[INFO] [stdout] test tests::init ... ok
[INFO] [stdout] test tests::default_config ... ok
[INFO] [stdout] test tests::configure_port ... ok
[INFO] [stdout] 
[INFO] [stdout] test result: ok. 3 passed; 0 failed; 0 ignored; 0 measured; 0 filtered out; finished in 0.00s
[INFO] [stdout] 
[INFO] [stderr]    Doc-tests max11300
[INFO] [stdout] 
[INFO] [stdout] running 2 tests
[INFO] [stdout] test src/lib.rs - MAX11300<SPI,EN>::init (line 859) ... FAILED
[INFO] [stdout] test src/lib.rs - IntoConfiguredPort::into_configured_port (line 737) ... FAILED
[INFO] [stdout] 
[INFO] [stdout] failures:
[INFO] [stdout] 
[INFO] [stdout] ---- src/lib.rs - MAX11300<SPI,EN>::init (line 859) stdout ----
[INFO] [stdout] error[E0422]: cannot find struct, variant or union type `DeviceConfig` in this scope
[INFO] [stdout]  --> src/lib.rs:861:14
[INFO] [stdout]   |
[INFO] [stdout] 4 | let config = DeviceConfig {
[INFO] [stdout]   |              ^^^^^^^^^^^^ not found in this scope
[INFO] [stdout]   |
[INFO] [stdout] help: consider importing this struct
[INFO] [stdout]   |
[INFO] [stdout] 3 + use max11300::DeviceConfig;
[INFO] [stdout]   |
[INFO] [stdout] 
[INFO] [stdout] error[E0433]: failed to resolve: use of undeclared type `DACREF`
[INFO] [stdout]  --> src/lib.rs:863:13
[INFO] [stdout]   |
[INFO] [stdout] 6 |     dacref: DACREF::InternalRef,
[INFO] [stdout]   |             ^^^^^^ use of undeclared type `DACREF`
[INFO] [stdout]   |
[INFO] [stdout] help: consider importing this enum
[INFO] [stdout]   |
[INFO] [stdout] 3 + use max11300::DACREF;
[INFO] [stdout]   |
[INFO] [stdout] 
[INFO] [stdout] error[E0433]: failed to resolve: use of undeclared type `DeviceConfig`
[INFO] [stdout]  --> src/lib.rs:864:7
[INFO] [stdout]   |
[INFO] [stdout] 7 |     ..DeviceConfig::default()
[INFO] [stdout]   |       ^^^^^^^^^^^^ use of undeclared type `DeviceConfig`
[INFO] [stdout]   |
[INFO] [stdout] help: consider importing this struct
[INFO] [stdout]   |
[INFO] [stdout] 3 + use max11300::DeviceConfig;
[INFO] [stdout]   |
[INFO] [stdout] 
[INFO] [stdout] error[E0433]: failed to resolve: use of undeclared type `MAX11300`
[INFO] [stdout]  --> src/lib.rs:866:11
[INFO] [stdout]   |
[INFO] [stdout] 9 | let max = MAX11300::init(spi, enable, config).unwrap();
[INFO] [stdout]   |           ^^^^^^^^ use of undeclared type `MAX11300`
[INFO] [stdout]   |
[INFO] [stdout] help: consider importing this struct
[INFO] [stdout]   |
[INFO] [stdout] 3 + use max11300::MAX11300;
[INFO] [stdout]   |
[INFO] [stdout] 
[INFO] [stdout] error[E0425]: cannot find value `spi` in this scope
[INFO] [stdout]  --> src/lib.rs:866:26
[INFO] [stdout]   |
[INFO] [stdout] 9 | let max = MAX11300::init(spi, enable, config).unwrap();
[INFO] [stdout]   |                          ^^^ not found in this scope
[INFO] [stdout] 
[INFO] [stdout] error[E0425]: cannot find value `enable` in this scope
[INFO] [stdout]  --> src/lib.rs:866:31
[INFO] [stdout]   |
[INFO] [stdout] 9 | let max = MAX11300::init(spi, enable, config).unwrap();
[INFO] [stdout]   |                               ^^^^^^ not found in this scope
[INFO] [stdout] 
[INFO] [stdout] error: aborting due to 6 previous errors
[INFO] [stdout] 
[INFO] [stdout] Some errors have detailed explanations: E0422, E0425, E0433.
[INFO] [stdout] For more information about an error, try `rustc --explain E0422`.
[INFO] [stdout] Couldn't compile the test.
[INFO] [stdout] ---- src/lib.rs - IntoConfiguredPort::into_configured_port (line 737) stdout ----
[INFO] [stdout] error[E0433]: failed to resolve: use of undeclared type `MAXPorts`
[INFO] [stdout]  --> src/lib.rs:738:17
[INFO] [stdout]   |
[INFO] [stdout] 3 | let max_ports = MAXPorts::take().unwrap();
[INFO] [stdout]   |                 ^^^^^^^^ use of undeclared type `MAXPorts`
[INFO] [stdout]   |
[INFO] [stdout] help: consider importing this struct
[INFO] [stdout]   |
[INFO] [stdout] 2 + use max11300::MAXPorts;
[INFO] [stdout]   |
[INFO] [stdout] 
[INFO] [stdout] error[E0425]: cannot find function, tuple struct or tuple variant `ConfigMode5` in this scope
[INFO] [stdout]  --> src/lib.rs:742:27
[INFO] [stdout]   |
[INFO] [stdout] 7 |     .into_configured_port(ConfigMode5(DACRANGE::Rg0_10v), &max)
[INFO] [stdout]   |                           ^^^^^^^^^^^ not found in this scope
[INFO] [stdout]   |
[INFO] [stdout] help: consider importing this tuple struct
[INFO] [stdout]   |
[INFO] [stdout] 2 + use max11300::ConfigMode5;
[INFO] [stdout]   |
[INFO] [stdout] 
[INFO] [stdout] error[E0433]: failed to resolve: use of undeclared type `DACRANGE`
[INFO] [stdout]  --> src/lib.rs:742:39
[INFO] [stdout]   |
[INFO] [stdout] 7 |     .into_configured_port(ConfigMode5(DACRANGE::Rg0_10v), &max)
[INFO] [stdout]   |                                       ^^^^^^^^ use of undeclared type `DACRANGE`
[INFO] [stdout]   |
[INFO] [stdout] help: consider importing this enum
[INFO] [stdout]   |
[INFO] [stdout] 2 + use max11300::DACRANGE;
[INFO] [stdout]   |
[INFO] [stdout] 
[INFO] [stdout] error[E0425]: cannot find value `max` in this scope
[INFO] [stdout]  --> src/lib.rs:742:60
[INFO] [stdout]   |
[INFO] [stdout] 7 |     .into_configured_port(ConfigMode5(DACRANGE::Rg0_10v), &max)
[INFO] [stdout]   |                                                            ^^^ not found in this scope
[INFO] [stdout]   |
[INFO] [stdout] help: consider importing one of these items
[INFO] [stdout]   |
[INFO] [stdout] 2 + use core::cmp::max;
[INFO] [stdout]   |
[INFO] [stdout] 2 + use std::cmp::max;
[INFO] [stdout]   |
[INFO] [stdout] 
[INFO] [stdout] error: aborting due to 4 previous errors
[INFO] [stdout] 
[INFO] [stdout] Some errors have detailed explanations: E0425, E0433.
[INFO] [stdout] For more information about an error, try `rustc --explain E0425`.
[INFO] [stdout] Couldn't compile the test.
[INFO] [stdout] 
[INFO] [stdout] failures:
[INFO] [stdout]     src/lib.rs - IntoConfiguredPort::into_configured_port (line 737)
[INFO] [stdout]     src/lib.rs - MAX11300<SPI,EN>::init (line 859)
[INFO] [stdout] 
[INFO] [stdout] test result: FAILED. 0 passed; 2 failed; 0 ignored; 0 measured; 0 filtered out; finished in 0.04s
[INFO] [stdout] 
[INFO] [stderr] error: doctest failed, to rerun pass `--doc`
[INFO] running `Command { std: "docker" "inspect" "00d667d4faefe0ffd18b372cfbc8cc9d213ebafa35dcddd8c3999c533ba89665", kill_on_drop: false }`
[INFO] running `Command { std: "docker" "rm" "-f" "00d667d4faefe0ffd18b372cfbc8cc9d213ebafa35dcddd8c3999c533ba89665", kill_on_drop: false }`
[INFO] [stdout] 00d667d4faefe0ffd18b372cfbc8cc9d213ebafa35dcddd8c3999c533ba89665
