[INFO] fetching crate material-dioxus 0.0.3-dev...
[INFO] testing material-dioxus-0.0.3-dev against 1.75.0 for beta-1.76-1
[INFO] extracting crate material-dioxus 0.0.3-dev into /workspace/builds/worker-3-tc1/source
[INFO] validating manifest of crates.io crate material-dioxus 0.0.3-dev on toolchain 1.75.0
[INFO] running `Command { std: CARGO_HOME="/workspace/cargo-home" RUSTUP_HOME="/workspace/rustup-home" "/workspace/cargo-home/bin/cargo" "+1.75.0" "metadata" "--manifest-path" "Cargo.toml" "--no-deps", kill_on_drop: false }`
[INFO] started tweaking crates.io crate material-dioxus 0.0.3-dev
[INFO] finished tweaking crates.io crate material-dioxus 0.0.3-dev
[INFO] tweaked toml for crates.io crate material-dioxus 0.0.3-dev written to /workspace/builds/worker-3-tc1/source/Cargo.toml
[INFO] running `Command { std: CARGO_HOME="/workspace/cargo-home" RUSTUP_HOME="/workspace/rustup-home" "/workspace/cargo-home/bin/cargo" "+1.75.0" "generate-lockfile" "--manifest-path" "Cargo.toml", kill_on_drop: false }`
[INFO] [stderr]     Updating crates.io index
[INFO] running `Command { std: CARGO_HOME="/workspace/cargo-home" RUSTUP_HOME="/workspace/rustup-home" "/workspace/cargo-home/bin/cargo" "+1.75.0" "fetch" "--manifest-path" "Cargo.toml", kill_on_drop: false }`
[INFO] [stderr]  Downloading crates ...
[INFO] [stderr]   Downloaded gloo-events v0.2.0
[INFO] [stderr]   Downloaded fast-srgb8 v1.0.0
[INFO] [stderr]   Downloaded gloo-history v0.2.2
[INFO] [stderr]   Downloaded pinned v0.1.0
[INFO] [stderr]   Downloaded gloo-console v0.3.0
[INFO] [stderr]   Downloaded gloo-dialogs v0.2.0
[INFO] [stderr]   Downloaded gloo-file v0.3.0
[INFO] [stderr]   Downloaded gloo-net v0.4.0
[INFO] [stderr]   Downloaded gloo-timers v0.3.0
[INFO] [stderr]   Downloaded gloo-worker-macros v0.1.0
[INFO] [stderr]   Downloaded gloo-render v0.2.0
[INFO] [stderr]   Downloaded gloo-storage v0.3.0
[INFO] [stderr]   Downloaded gloo-utils v0.2.0
[INFO] [stderr]   Downloaded palette_derive v0.7.3
[INFO] [stderr]   Downloaded gloo-worker v0.4.0
[INFO] [stderr]   Downloaded palette v0.7.3
[INFO] [stderr]   Downloaded gloo v0.10.0
[INFO] running `Command { std: "docker" "create" "-v" "/var/lib/crater-agent-workspace/builds/worker-3-tc1/target:/opt/rustwide/target:rw,Z" "-v" "/var/lib/crater-agent-workspace/builds/worker-3-tc1/source:/opt/rustwide/workdir:ro,Z" "-v" "/var/lib/crater-agent-workspace/cargo-home:/opt/rustwide/cargo-home:ro,Z" "-v" "/var/lib/crater-agent-workspace/rustup-home:/opt/rustwide/rustup-home:ro,Z" "-e" "SOURCE_DIR=/opt/rustwide/workdir" "-e" "CARGO_TARGET_DIR=/opt/rustwide/target" "-e" "CARGO_HOME=/opt/rustwide/cargo-home" "-e" "RUSTUP_HOME=/opt/rustwide/rustup-home" "-w" "/opt/rustwide/workdir" "-m" "1610612736" "--user" "0:0" "--network" "none" "ghcr.io/rust-lang/crates-build-env/linux@sha256:2788e3201cd34a07e3172128adcd8b3090168a8e3bcc40d7c032b9dda1df7d1c" "/opt/rustwide/cargo-home/bin/cargo" "+1.75.0" "metadata" "--no-deps" "--format-version=1", kill_on_drop: false }`
[INFO] [stdout] fdadb02cded339eea23afc9e86958264591909603ad6c1c185cc50f9fd19d233
[INFO] running `Command { std: "docker" "start" "-a" "fdadb02cded339eea23afc9e86958264591909603ad6c1c185cc50f9fd19d233", kill_on_drop: false }`
[INFO] running `Command { std: "docker" "inspect" "fdadb02cded339eea23afc9e86958264591909603ad6c1c185cc50f9fd19d233", kill_on_drop: false }`
[INFO] running `Command { std: "docker" "rm" "-f" "fdadb02cded339eea23afc9e86958264591909603ad6c1c185cc50f9fd19d233", kill_on_drop: false }`
[INFO] [stdout] fdadb02cded339eea23afc9e86958264591909603ad6c1c185cc50f9fd19d233
[INFO] running `Command { std: "docker" "create" "-v" "/var/lib/crater-agent-workspace/builds/worker-3-tc1/target:/opt/rustwide/target:rw,Z" "-v" "/var/lib/crater-agent-workspace/builds/worker-3-tc1/source:/opt/rustwide/workdir:ro,Z" "-v" "/var/lib/crater-agent-workspace/cargo-home:/opt/rustwide/cargo-home:ro,Z" "-v" "/var/lib/crater-agent-workspace/rustup-home:/opt/rustwide/rustup-home:ro,Z" "-e" "SOURCE_DIR=/opt/rustwide/workdir" "-e" "CARGO_TARGET_DIR=/opt/rustwide/target" "-e" "CARGO_INCREMENTAL=0" "-e" "RUST_BACKTRACE=full" "-e" "RUSTFLAGS=--cap-lints=warn" "-e" "RUSTDOCFLAGS=--cap-lints=warn" "-e" "CARGO_HOME=/opt/rustwide/cargo-home" "-e" "RUSTUP_HOME=/opt/rustwide/rustup-home" "-w" "/opt/rustwide/workdir" "-m" "1610612736" "--user" "0:0" "--network" "none" "ghcr.io/rust-lang/crates-build-env/linux@sha256:2788e3201cd34a07e3172128adcd8b3090168a8e3bcc40d7c032b9dda1df7d1c" "/opt/rustwide/cargo-home/bin/cargo" "+1.75.0" "build" "--frozen" "--message-format=json", kill_on_drop: false }`
[INFO] [stdout] b878a5b447b25455af1c7155080db3edd2c2de2738ff740a2171d738d1859369
[INFO] running `Command { std: "docker" "start" "-a" "b878a5b447b25455af1c7155080db3edd2c2de2738ff740a2171d738d1859369", kill_on_drop: false }`
[INFO] [stderr]    Compiling proc-macro2 v1.0.75
[INFO] [stderr]    Compiling unicode-ident v1.0.12
[INFO] [stderr]    Compiling once_cell v1.19.0
[INFO] [stderr]    Compiling cfg-if v1.0.0
[INFO] [stderr]    Compiling bumpalo v3.14.0
[INFO] [stderr]    Compiling wasm-bindgen-shared v0.2.89
[INFO] [stderr]    Compiling pin-project-lite v0.2.13
[INFO] [stderr]    Compiling serde v1.0.194
[INFO] [stderr]    Compiling log v0.4.20
[INFO] [stderr]    Compiling wasm-bindgen v0.2.89
[INFO] [stderr]    Compiling futures-core v0.3.30
[INFO] [stderr]    Compiling pin-utils v0.1.0
[INFO] [stderr]    Compiling futures-io v0.3.30
[INFO] [stderr]    Compiling futures-sink v0.3.30
[INFO] [stderr]    Compiling crossbeam-utils v0.8.18
[INFO] [stderr]    Compiling slab v0.4.9
[INFO] [stderr]    Compiling itoa v1.0.10
[INFO] [stderr]    Compiling serde_json v1.0.111
[INFO] [stderr]    Compiling thiserror v1.0.56
[INFO] [stderr]    Compiling ryu v1.0.16
[INFO] [stderr]    Compiling futures-task v0.3.30
[INFO] [stderr]    Compiling futures-channel v0.3.30
[INFO] [stderr]    Compiling tracing-core v0.1.32
[INFO] [stderr]    Compiling memchr v2.7.1
[INFO] [stderr]    Compiling fnv v1.0.7
[INFO] [stderr]    Compiling libc v0.2.151
[INFO] [stderr]    Compiling rustc-hash v1.1.0
[INFO] [stderr]    Compiling smallbox v0.8.2
[INFO] [stderr]    Compiling longest-increasing-subsequence v0.1.0
[INFO] [stderr]    Compiling num-traits v0.2.17
[INFO] [stderr]    Compiling parking v2.2.0
[INFO] [stderr]    Compiling ident_case v1.0.1
[INFO] [stderr]    Compiling semver v1.0.21
[INFO] [stderr]    Compiling lock_api v0.4.11
[INFO] [stderr]    Compiling equivalent v1.0.1
[INFO] [stderr]    Compiling hashbrown v0.14.3
[INFO] [stderr]    Compiling scopeguard v1.2.0
[INFO] [stderr]    Compiling toml_datetime v0.6.5
[INFO] [stderr]    Compiling async-trait v0.1.77
[INFO] [stderr]    Compiling atomic-waker v1.1.2
[INFO] [stderr]    Compiling fastrand v2.0.1
[INFO] [stderr]    Compiling winnow v0.5.32
[INFO] [stderr]    Compiling rustversion v1.0.14
[INFO] [stderr]    Compiling futures-util v0.3.30
[INFO] [stderr]    Compiling concurrent-queue v2.4.0
[INFO] [stderr]    Compiling piper v0.2.1
[INFO] [stderr]    Compiling futures-lite v2.1.0
[INFO] [stderr]    Compiling percent-encoding v2.3.1
[INFO] [stderr]    Compiling event-listener v2.5.3
[INFO] [stderr]    Compiling quote v1.0.35
[INFO] [stderr]    Compiling event-listener v4.0.2
[INFO] [stderr]    Compiling rustc_version v0.4.0
[INFO] [stderr]    Compiling async-task v4.7.0
[INFO] [stderr]    Compiling unicode-segmentation v1.10.1
[INFO] [stderr]    Compiling prettyplease v0.2.16
[INFO] [stderr]    Compiling async-channel v1.9.0
[INFO] [stderr]    Compiling syn v2.0.48
[INFO] [stderr]    Compiling event-listener-strategy v0.4.0
[INFO] [stderr]    Compiling indexmap v2.1.0
[INFO] [stderr]    Compiling async-lock v3.2.0
[INFO] [stderr]    Compiling async-channel v2.1.1
[INFO] [stderr]    Compiling spinning v0.1.0
[INFO] [stderr]    Compiling form_urlencoded v1.2.1
[INFO] [stderr]    Compiling interprocess-docfix v1.2.2
[INFO] [stderr]    Compiling intmap v0.7.1
[INFO] [stderr]    Compiling to_method v1.1.0
[INFO] [stderr]    Compiling bytes v1.5.0
[INFO] [stderr]    Compiling ppv-lite86 v0.2.17
[INFO] [stderr]    Compiling paste v1.0.14
[INFO] [stderr]    Compiling constcat v0.3.1
[INFO] [stderr]    Compiling dioxus-debug-cell v0.1.1
[INFO] [stderr]    Compiling ordered-float v2.10.1
[INFO] [stderr]    Compiling http v0.2.11
[INFO] [stderr]    Compiling getrandom v0.2.11
[INFO] [stderr]    Compiling rand_core v0.6.4
[INFO] [stderr]    Compiling rand_chacha v0.3.1
[INFO] [stderr]    Compiling rand v0.8.5
[INFO] [stderr]    Compiling toml_edit v0.19.15
[INFO] [stderr]    Compiling proc-macro-crate v1.3.1
[INFO] [stderr]    Compiling wasm-bindgen-backend v0.2.89
[INFO] [stderr]    Compiling darling_core v0.20.3
[INFO] [stderr]    Compiling serde_derive v1.0.194
[INFO] [stderr]    Compiling tracing-attributes v0.1.27
[INFO] [stderr]    Compiling thiserror-impl v1.0.56
[INFO] [stderr]    Compiling futures-macro v0.3.30
[INFO] [stderr]    Compiling pin-project-internal v1.1.3
[INFO] [stderr]    Compiling serde_repr v0.1.18
[INFO] [stderr]    Compiling gloo-worker-macros v0.1.0
[INFO] [stderr]    Compiling wasm-bindgen-macro-support v0.2.89
[INFO] [stderr]    Compiling wasm-bindgen-macro v0.2.89
[INFO] [stderr]    Compiling darling_macro v0.20.3
[INFO] [stderr]    Compiling pin-project v1.1.3
[INFO] [stderr]    Compiling tracing v0.1.40
[INFO] [stderr]    Compiling dioxus-core v0.4.3
[INFO] [stderr]    Compiling blocking v1.5.1
[INFO] [stderr]    Compiling darling v0.20.3
[INFO] [stderr]    Compiling enumset_derive v0.8.1
[INFO] [stderr]    Compiling js-sys v0.3.66
[INFO] [stderr]    Compiling dioxus-rsx v0.4.3
[INFO] [stderr]    Compiling enumset v1.1.3
[INFO] [stderr]    Compiling dioxus-core-macro v0.4.3
[INFO] [stderr]    Compiling futures v0.3.30
[INFO] [stderr]    Compiling pinned v0.1.0
[INFO] [stderr]    Compiling web-sys v0.3.66
[INFO] [stderr]    Compiling wasm-bindgen-futures v0.4.39
[INFO] [stderr]    Compiling gloo-timers v0.3.0
[INFO] [stderr]    Compiling bitflags v2.4.1
[INFO] [stderr]    Compiling serde-value v0.7.0
[INFO] [stderr]    Compiling euclid v0.22.9
[INFO] [stderr]    Compiling serde_urlencoded v0.7.1
[INFO] [stderr]    Compiling bincode v1.3.3
[INFO] [stderr]    Compiling serde-wasm-bindgen v0.6.3
[INFO] [stderr]    Compiling keyboard-types v0.7.0
[INFO] [stderr]    Compiling dioxus-hooks v0.4.3
[INFO] [stderr]    Compiling gloo-utils v0.2.0
[INFO] [stderr]    Compiling gloo-events v0.2.0
[INFO] [stderr]    Compiling dioxus-html v0.4.3
[INFO] [stderr]    Compiling gloo-dialogs v0.2.0
[INFO] [stderr]    Compiling gloo-render v0.2.0
[INFO] [stderr]    Compiling gloo-worker v0.4.0
[INFO] [stderr]    Compiling gloo-storage v0.3.0
[INFO] [stderr]    Compiling gloo-console v0.3.0
[INFO] [stderr]    Compiling gloo-net v0.4.0
[INFO] [stderr]    Compiling gloo-file v0.3.0
[INFO] [stderr]    Compiling gloo-history v0.2.2
[INFO] [stderr]    Compiling gloo v0.10.0
[INFO] [stderr]    Compiling dioxus-hot-reload v0.4.3
[INFO] [stderr]    Compiling dioxus v0.4.3
[INFO] [stderr]    Compiling material-dioxus v0.0.3-dev (/opt/rustwide/workdir)
[INFO] [stderr]     Finished dev [unoptimized + debuginfo] target(s) in 15.84s
[INFO] running `Command { std: "docker" "inspect" "b878a5b447b25455af1c7155080db3edd2c2de2738ff740a2171d738d1859369", kill_on_drop: false }`
[INFO] running `Command { std: "docker" "rm" "-f" "b878a5b447b25455af1c7155080db3edd2c2de2738ff740a2171d738d1859369", kill_on_drop: false }`
[INFO] [stdout] b878a5b447b25455af1c7155080db3edd2c2de2738ff740a2171d738d1859369
[INFO] running `Command { std: "docker" "create" "-v" "/var/lib/crater-agent-workspace/builds/worker-3-tc1/target:/opt/rustwide/target:rw,Z" "-v" "/var/lib/crater-agent-workspace/builds/worker-3-tc1/source:/opt/rustwide/workdir:ro,Z" "-v" "/var/lib/crater-agent-workspace/cargo-home:/opt/rustwide/cargo-home:ro,Z" "-v" "/var/lib/crater-agent-workspace/rustup-home:/opt/rustwide/rustup-home:ro,Z" "-e" "SOURCE_DIR=/opt/rustwide/workdir" "-e" "CARGO_TARGET_DIR=/opt/rustwide/target" "-e" "CARGO_INCREMENTAL=0" "-e" "RUST_BACKTRACE=full" "-e" "RUSTFLAGS=--cap-lints=warn" "-e" "RUSTDOCFLAGS=--cap-lints=warn" "-e" "CARGO_HOME=/opt/rustwide/cargo-home" "-e" "RUSTUP_HOME=/opt/rustwide/rustup-home" "-w" "/opt/rustwide/workdir" "-m" "1610612736" "--user" "0:0" "--network" "none" "ghcr.io/rust-lang/crates-build-env/linux@sha256:2788e3201cd34a07e3172128adcd8b3090168a8e3bcc40d7c032b9dda1df7d1c" "/opt/rustwide/cargo-home/bin/cargo" "+1.75.0" "test" "--frozen" "--no-run" "--message-format=json", kill_on_drop: false }`
[INFO] [stdout] b8ebca45497c32d623995b6a35f5564bcd4f0e5017e566a8904ee7e5d6b9333c
[INFO] running `Command { std: "docker" "start" "-a" "b8ebca45497c32d623995b6a35f5564bcd4f0e5017e566a8904ee7e5d6b9333c", kill_on_drop: false }`
[INFO] [stderr]    Compiling material-dioxus v0.0.3-dev (/opt/rustwide/workdir)
[INFO] [stderr]     Finished test [unoptimized + debuginfo] target(s) in 0.36s
[INFO] running `Command { std: "docker" "inspect" "b8ebca45497c32d623995b6a35f5564bcd4f0e5017e566a8904ee7e5d6b9333c", kill_on_drop: false }`
[INFO] running `Command { std: "docker" "rm" "-f" "b8ebca45497c32d623995b6a35f5564bcd4f0e5017e566a8904ee7e5d6b9333c", kill_on_drop: false }`
[INFO] [stdout] b8ebca45497c32d623995b6a35f5564bcd4f0e5017e566a8904ee7e5d6b9333c
[INFO] running `Command { std: "docker" "create" "-v" "/var/lib/crater-agent-workspace/builds/worker-3-tc1/target:/opt/rustwide/target:rw,Z" "-v" "/var/lib/crater-agent-workspace/builds/worker-3-tc1/source:/opt/rustwide/workdir:ro,Z" "-v" "/var/lib/crater-agent-workspace/cargo-home:/opt/rustwide/cargo-home:ro,Z" "-v" "/var/lib/crater-agent-workspace/rustup-home:/opt/rustwide/rustup-home:ro,Z" "-e" "SOURCE_DIR=/opt/rustwide/workdir" "-e" "CARGO_TARGET_DIR=/opt/rustwide/target" "-e" "CARGO_INCREMENTAL=0" "-e" "RUST_BACKTRACE=full" "-e" "RUSTFLAGS=--cap-lints=warn" "-e" "RUSTDOCFLAGS=--cap-lints=warn" "-e" "CARGO_HOME=/opt/rustwide/cargo-home" "-e" "RUSTUP_HOME=/opt/rustwide/rustup-home" "-w" "/opt/rustwide/workdir" "-m" "1610612736" "--user" "0:0" "--network" "none" "ghcr.io/rust-lang/crates-build-env/linux@sha256:2788e3201cd34a07e3172128adcd8b3090168a8e3bcc40d7c032b9dda1df7d1c" "/opt/rustwide/cargo-home/bin/cargo" "+1.75.0" "test" "--frozen", kill_on_drop: false }`
[INFO] [stdout] 22dbfdb27cbef80ba97a0994927b054bfd481756a0829e5605118319ed557bba
[INFO] running `Command { std: "docker" "start" "-a" "22dbfdb27cbef80ba97a0994927b054bfd481756a0829e5605118319ed557bba", kill_on_drop: false }`
[INFO] [stderr]     Finished test [unoptimized + debuginfo] target(s) in 0.08s
[INFO] [stderr]      Running unittests src/lib.rs (/opt/rustwide/target/debug/deps/material_dioxus-320e0db289270978)
[INFO] [stdout] 
[INFO] [stdout] running 0 tests
[INFO] [stdout] 
[INFO] [stdout] test result: ok. 0 passed; 0 failed; 0 ignored; 0 measured; 0 filtered out; finished in 0.00s
[INFO] [stdout] 
[INFO] [stderr]    Doc-tests material-dioxus
[INFO] [stdout] 
[INFO] [stdout] running 2 tests
[INFO] [stdout] test src/lib.rs - (line 13) ... FAILED
[INFO] [stdout] test src/lib.rs - (line 104) ... FAILED
[INFO] [stdout] 
[INFO] [stdout] failures:
[INFO] [stdout] 
[INFO] [stdout] ---- src/lib.rs - (line 13) stdout ----
[INFO] [stdout] error[E0432]: unresolved import `material_dioxus::MatButton`
[INFO] [stdout]    --> src/lib.rs:15:5
[INFO] [stdout]     |
[INFO] [stdout] 5   | use material_dioxus::MatButton;
[INFO] [stdout]     |     ^^^^^^^^^^^^^^^^^^^^^^^^^^ no `MatButton` in the root
[INFO] [stdout]     |
[INFO] [stdout] note: found an item that was configured out
[INFO] [stdout]    --> /opt/rustwide/workdir/src/lib.rs:129:17
[INFO] [stdout]     |
[INFO] [stdout] 129 | pub use button::MatButton;
[INFO] [stdout]     |                 ^^^^^^^^^
[INFO] [stdout]     = note: the item is gated behind the `button` feature
[INFO] [stdout] 
[INFO] [stdout] error: aborting due to previous error
[INFO] [stdout] 
[INFO] [stdout] For more information about this error, try `rustc --explain E0432`.
[INFO] [stdout] Couldn't compile the test.
[INFO] [stdout] ---- src/lib.rs - (line 104) stdout ----
[INFO] [stdout] error[E0432]: unresolved import `material_dioxus::MatButton`
[INFO] [stdout]    --> src/lib.rs:107:5
[INFO] [stdout]     |
[INFO] [stdout] 6   | use material_dioxus::MatButton;
[INFO] [stdout]     |     ^^^^^^^^^^^^^^^^^^^^^^^^^^ no `MatButton` in the root
[INFO] [stdout]     |
[INFO] [stdout] note: found an item that was configured out
[INFO] [stdout]    --> /opt/rustwide/workdir/src/lib.rs:129:17
[INFO] [stdout]     |
[INFO] [stdout] 129 | pub use button::MatButton;
[INFO] [stdout]     |                 ^^^^^^^^^
[INFO] [stdout]     = note: the item is gated behind the `button` feature
[INFO] [stdout] 
[INFO] [stdout] error: aborting due to previous error
[INFO] [stdout] 
[INFO] [stdout] For more information about this error, try `rustc --explain E0432`.
[INFO] [stdout] Couldn't compile the test.
[INFO] [stdout] 
[INFO] [stdout] failures:
[INFO] [stdout]     src/lib.rs - (line 104)
[INFO] [stdout]     src/lib.rs - (line 13)
[INFO] [stdout] 
[INFO] [stdout] test result: FAILED. 0 passed; 2 failed; 0 ignored; 0 measured; 0 filtered out; finished in 0.07s
[INFO] [stdout] 
[INFO] [stderr] error: doctest failed, to rerun pass `--doc`
[INFO] running `Command { std: "docker" "inspect" "22dbfdb27cbef80ba97a0994927b054bfd481756a0829e5605118319ed557bba", kill_on_drop: false }`
[INFO] running `Command { std: "docker" "rm" "-f" "22dbfdb27cbef80ba97a0994927b054bfd481756a0829e5605118319ed557bba", kill_on_drop: false }`
[INFO] [stdout] 22dbfdb27cbef80ba97a0994927b054bfd481756a0829e5605118319ed557bba
