[INFO] fetching crate marine-wasm-backend-traits 0.4.0...
[INFO] testing marine-wasm-backend-traits-0.4.0 against 1.75.0 for beta-1.76-1
[INFO] extracting crate marine-wasm-backend-traits 0.4.0 into /workspace/builds/worker-7-tc1/source
[INFO] validating manifest of crates.io crate marine-wasm-backend-traits 0.4.0 on toolchain 1.75.0
[INFO] running `Command { std: CARGO_HOME="/workspace/cargo-home" RUSTUP_HOME="/workspace/rustup-home" "/workspace/cargo-home/bin/cargo" "+1.75.0" "metadata" "--manifest-path" "Cargo.toml" "--no-deps", kill_on_drop: false }`
[INFO] started tweaking crates.io crate marine-wasm-backend-traits 0.4.0
[INFO] finished tweaking crates.io crate marine-wasm-backend-traits 0.4.0
[INFO] tweaked toml for crates.io crate marine-wasm-backend-traits 0.4.0 written to /workspace/builds/worker-7-tc1/source/Cargo.toml
[INFO] running `Command { std: CARGO_HOME="/workspace/cargo-home" RUSTUP_HOME="/workspace/rustup-home" "/workspace/cargo-home/bin/cargo" "+1.75.0" "generate-lockfile" "--manifest-path" "Cargo.toml", kill_on_drop: false }`
[INFO] [stderr]     Updating crates.io index
[INFO] running `Command { std: CARGO_HOME="/workspace/cargo-home" RUSTUP_HOME="/workspace/rustup-home" "/workspace/cargo-home/bin/cargo" "+1.75.0" "fetch" "--manifest-path" "Cargo.toml", kill_on_drop: false }`
[INFO] running `Command { std: "docker" "create" "-v" "/var/lib/crater-agent-workspace/builds/worker-7-tc1/target:/opt/rustwide/target:rw,Z" "-v" "/var/lib/crater-agent-workspace/builds/worker-7-tc1/source:/opt/rustwide/workdir:ro,Z" "-v" "/var/lib/crater-agent-workspace/cargo-home:/opt/rustwide/cargo-home:ro,Z" "-v" "/var/lib/crater-agent-workspace/rustup-home:/opt/rustwide/rustup-home:ro,Z" "-e" "SOURCE_DIR=/opt/rustwide/workdir" "-e" "CARGO_TARGET_DIR=/opt/rustwide/target" "-e" "CARGO_HOME=/opt/rustwide/cargo-home" "-e" "RUSTUP_HOME=/opt/rustwide/rustup-home" "-w" "/opt/rustwide/workdir" "-m" "1610612736" "--user" "0:0" "--network" "none" "ghcr.io/rust-lang/crates-build-env/linux@sha256:2788e3201cd34a07e3172128adcd8b3090168a8e3bcc40d7c032b9dda1df7d1c" "/opt/rustwide/cargo-home/bin/cargo" "+1.75.0" "metadata" "--no-deps" "--format-version=1", kill_on_drop: false }`
[INFO] [stdout] 494ad59da0c095208b8a01872652ae16739d52712dc535e73bd6e774a7d20e2b
[INFO] running `Command { std: "docker" "start" "-a" "494ad59da0c095208b8a01872652ae16739d52712dc535e73bd6e774a7d20e2b", kill_on_drop: false }`
[INFO] running `Command { std: "docker" "inspect" "494ad59da0c095208b8a01872652ae16739d52712dc535e73bd6e774a7d20e2b", kill_on_drop: false }`
[INFO] running `Command { std: "docker" "rm" "-f" "494ad59da0c095208b8a01872652ae16739d52712dc535e73bd6e774a7d20e2b", kill_on_drop: false }`
[INFO] [stdout] 494ad59da0c095208b8a01872652ae16739d52712dc535e73bd6e774a7d20e2b
[INFO] running `Command { std: "docker" "create" "-v" "/var/lib/crater-agent-workspace/builds/worker-7-tc1/target:/opt/rustwide/target:rw,Z" "-v" "/var/lib/crater-agent-workspace/builds/worker-7-tc1/source:/opt/rustwide/workdir:ro,Z" "-v" "/var/lib/crater-agent-workspace/cargo-home:/opt/rustwide/cargo-home:ro,Z" "-v" "/var/lib/crater-agent-workspace/rustup-home:/opt/rustwide/rustup-home:ro,Z" "-e" "SOURCE_DIR=/opt/rustwide/workdir" "-e" "CARGO_TARGET_DIR=/opt/rustwide/target" "-e" "CARGO_INCREMENTAL=0" "-e" "RUST_BACKTRACE=full" "-e" "RUSTFLAGS=--cap-lints=warn" "-e" "RUSTDOCFLAGS=--cap-lints=warn" "-e" "CARGO_HOME=/opt/rustwide/cargo-home" "-e" "RUSTUP_HOME=/opt/rustwide/rustup-home" "-w" "/opt/rustwide/workdir" "-m" "1610612736" "--user" "0:0" "--network" "none" "ghcr.io/rust-lang/crates-build-env/linux@sha256:2788e3201cd34a07e3172128adcd8b3090168a8e3bcc40d7c032b9dda1df7d1c" "/opt/rustwide/cargo-home/bin/cargo" "+1.75.0" "build" "--frozen" "--message-format=json", kill_on_drop: false }`
[INFO] [stdout] 0995b8a300facc5b583d179bdb5f2cfa5065f2da04beb7421cb0bafff3643ac5
[INFO] running `Command { std: "docker" "start" "-a" "0995b8a300facc5b583d179bdb5f2cfa5065f2da04beb7421cb0bafff3643ac5", kill_on_drop: false }`
[INFO] [stderr]    Compiling serde v1.0.194
[INFO] [stderr]    Compiling syn v1.0.109
[INFO] [stderr]    Compiling tinyvec_macros v0.1.1
[INFO] [stderr]    Compiling memchr v2.7.1
[INFO] [stderr]    Compiling leb128 v0.2.5
[INFO] [stderr]    Compiling anyhow v1.0.79
[INFO] [stderr]    Compiling autocfg v1.1.0
[INFO] [stderr]    Compiling minimal-lexical v0.2.1
[INFO] [stderr]    Compiling tinyvec v1.6.0
[INFO] [stderr]    Compiling wast v8.0.0
[INFO] [stderr]    Compiling indexmap v1.9.3
[INFO] [stderr]    Compiling serde_json v1.0.111
[INFO] [stderr]    Compiling it-to-bytes v0.1.0
[INFO] [stderr]    Compiling semver v1.0.21
[INFO] [stderr]    Compiling unicode-bidi v0.3.14
[INFO] [stderr]    Compiling percent-encoding v2.3.1
[INFO] [stderr]    Compiling nom v7.1.3
[INFO] [stderr]    Compiling form_urlencoded v1.2.1
[INFO] [stderr]    Compiling unicode-normalization v0.1.22
[INFO] [stderr]    Compiling it-memory-traits v0.4.0
[INFO] [stderr]    Compiling either v1.9.0
[INFO] [stderr]    Compiling hashbrown v0.12.3
[INFO] [stderr]    Compiling itoa v1.0.10
[INFO] [stderr]    Compiling log v0.4.20
[INFO] [stderr]    Compiling ryu v1.0.16
[INFO] [stderr]    Compiling idna v0.5.0
[INFO] [stderr]    Compiling itertools v0.10.5
[INFO] [stderr]    Compiling safe-transmute v0.11.2
[INFO] [stderr]    Compiling url v2.5.0
[INFO] [stderr]    Compiling variant_count v1.1.0
[INFO] [stderr]    Compiling wasmparser v0.101.1
[INFO] [stderr]    Compiling fluence-it-types v0.4.1
[INFO] [stderr]    Compiling multimap v0.8.3
[INFO] [stderr]    Compiling it-lilo v0.6.0
[INFO] [stderr]    Compiling wasmer-interface-types-fl v0.27.0
[INFO] [stderr]    Compiling marine-wasm-backend-traits v0.4.0 (/opt/rustwide/workdir)
[INFO] [stdout] warning: unused import: `macros::*`
[INFO] [stdout]   --> src/lib.rs:49:9
[INFO] [stdout]    |
[INFO] [stdout] 49 | pub use macros::*;
[INFO] [stdout]    |         ^^^^^^^^^
[INFO] [stdout]    |
[INFO] [stdout]    = note: `#[warn(unused_imports)]` on by default
[INFO] [stdout] 
[INFO] [stdout] 
[INFO] [stdout] warning: 1 warning emitted
[INFO] [stdout] 
[INFO] [stdout] 
[INFO] [stderr]     Finished dev [unoptimized + debuginfo] target(s) in 19.56s
[INFO] running `Command { std: "docker" "inspect" "0995b8a300facc5b583d179bdb5f2cfa5065f2da04beb7421cb0bafff3643ac5", kill_on_drop: false }`
[INFO] running `Command { std: "docker" "rm" "-f" "0995b8a300facc5b583d179bdb5f2cfa5065f2da04beb7421cb0bafff3643ac5", kill_on_drop: false }`
[INFO] [stdout] 0995b8a300facc5b583d179bdb5f2cfa5065f2da04beb7421cb0bafff3643ac5
[INFO] running `Command { std: "docker" "create" "-v" "/var/lib/crater-agent-workspace/builds/worker-7-tc1/target:/opt/rustwide/target:rw,Z" "-v" "/var/lib/crater-agent-workspace/builds/worker-7-tc1/source:/opt/rustwide/workdir:ro,Z" "-v" "/var/lib/crater-agent-workspace/cargo-home:/opt/rustwide/cargo-home:ro,Z" "-v" "/var/lib/crater-agent-workspace/rustup-home:/opt/rustwide/rustup-home:ro,Z" "-e" "SOURCE_DIR=/opt/rustwide/workdir" "-e" "CARGO_TARGET_DIR=/opt/rustwide/target" "-e" "CARGO_INCREMENTAL=0" "-e" "RUST_BACKTRACE=full" "-e" "RUSTFLAGS=--cap-lints=warn" "-e" "RUSTDOCFLAGS=--cap-lints=warn" "-e" "CARGO_HOME=/opt/rustwide/cargo-home" "-e" "RUSTUP_HOME=/opt/rustwide/rustup-home" "-w" "/opt/rustwide/workdir" "-m" "1610612736" "--user" "0:0" "--network" "none" "ghcr.io/rust-lang/crates-build-env/linux@sha256:2788e3201cd34a07e3172128adcd8b3090168a8e3bcc40d7c032b9dda1df7d1c" "/opt/rustwide/cargo-home/bin/cargo" "+1.75.0" "test" "--frozen" "--no-run" "--message-format=json", kill_on_drop: false }`
[INFO] [stdout] 4f281d569a1443616df2cea1b65d2018c959ce1d0727e6cbe46c8445a656ac79
[INFO] running `Command { std: "docker" "start" "-a" "4f281d569a1443616df2cea1b65d2018c959ce1d0727e6cbe46c8445a656ac79", kill_on_drop: false }`
[INFO] [stdout] warning: unused import: `macros::*`
[INFO] [stdout]   --> src/lib.rs:49:9
[INFO] [stdout]    |
[INFO] [stdout] 49 | pub use macros::*;
[INFO] [stdout]    |         ^^^^^^^^^
[INFO] [stdout]    |
[INFO] [stdout]    = note: `#[warn(unused_imports)]` on by default
[INFO] [stdout] 
[INFO] [stdout] 
[INFO] [stdout] warning: 1 warning emitted
[INFO] [stdout] 
[INFO] [stdout] 
[INFO] [stderr]    Compiling marine-wasm-backend-traits v0.4.0 (/opt/rustwide/workdir)
[INFO] [stdout] warning: unused import: `macros::*`
[INFO] [stdout]   --> src/lib.rs:49:9
[INFO] [stdout]    |
[INFO] [stdout] 49 | pub use macros::*;
[INFO] [stdout]    |         ^^^^^^^^^
[INFO] [stdout]    |
[INFO] [stdout]    = note: `#[warn(unused_imports)]` on by default
[INFO] [stdout] 
[INFO] [stdout] 
[INFO] [stdout] warning: 1 warning emitted
[INFO] [stdout] 
[INFO] [stdout] 
[INFO] [stderr]     Finished test [unoptimized + debuginfo] target(s) in 0.63s
[INFO] running `Command { std: "docker" "inspect" "4f281d569a1443616df2cea1b65d2018c959ce1d0727e6cbe46c8445a656ac79", kill_on_drop: false }`
[INFO] running `Command { std: "docker" "rm" "-f" "4f281d569a1443616df2cea1b65d2018c959ce1d0727e6cbe46c8445a656ac79", kill_on_drop: false }`
[INFO] [stdout] 4f281d569a1443616df2cea1b65d2018c959ce1d0727e6cbe46c8445a656ac79
[INFO] running `Command { std: "docker" "create" "-v" "/var/lib/crater-agent-workspace/builds/worker-7-tc1/target:/opt/rustwide/target:rw,Z" "-v" "/var/lib/crater-agent-workspace/builds/worker-7-tc1/source:/opt/rustwide/workdir:ro,Z" "-v" "/var/lib/crater-agent-workspace/cargo-home:/opt/rustwide/cargo-home:ro,Z" "-v" "/var/lib/crater-agent-workspace/rustup-home:/opt/rustwide/rustup-home:ro,Z" "-e" "SOURCE_DIR=/opt/rustwide/workdir" "-e" "CARGO_TARGET_DIR=/opt/rustwide/target" "-e" "CARGO_INCREMENTAL=0" "-e" "RUST_BACKTRACE=full" "-e" "RUSTFLAGS=--cap-lints=warn" "-e" "RUSTDOCFLAGS=--cap-lints=warn" "-e" "CARGO_HOME=/opt/rustwide/cargo-home" "-e" "RUSTUP_HOME=/opt/rustwide/rustup-home" "-w" "/opt/rustwide/workdir" "-m" "1610612736" "--user" "0:0" "--network" "none" "ghcr.io/rust-lang/crates-build-env/linux@sha256:2788e3201cd34a07e3172128adcd8b3090168a8e3bcc40d7c032b9dda1df7d1c" "/opt/rustwide/cargo-home/bin/cargo" "+1.75.0" "test" "--frozen", kill_on_drop: false }`
[INFO] [stdout] 7819f6d39b4a45c7a9c68e194008ee5a60c0ccacbff55d71d86f709e89f81418
[INFO] running `Command { std: "docker" "start" "-a" "7819f6d39b4a45c7a9c68e194008ee5a60c0ccacbff55d71d86f709e89f81418", kill_on_drop: false }`
[INFO] [stderr] warning: unused import: `macros::*`
[INFO] [stdout] 
[INFO] [stderr]   --> src/lib.rs:49:9
[INFO] [stdout] running 0 tests
[INFO] [stderr]    |
[INFO] [stdout] 
[INFO] [stderr] 49 | pub use macros::*;
[INFO] [stdout] test result: ok. 0 passed; 0 failed; 0 ignored; 0 measured; 0 filtered out; finished in 0.00s
[INFO] [stderr]    |         ^^^^^^^^^
[INFO] [stdout] 
[INFO] [stderr]    |
[INFO] [stderr]    = note: `#[warn(unused_imports)]` on by default
[INFO] [stderr] 
[INFO] [stderr] warning: `marine-wasm-backend-traits` (lib) generated 1 warning (run `cargo fix --lib -p marine-wasm-backend-traits` to apply 1 suggestion)
[INFO] [stderr] warning: `marine-wasm-backend-traits` (lib test) generated 1 warning (1 duplicate)
[INFO] [stderr]     Finished test [unoptimized + debuginfo] target(s) in 0.05s
[INFO] [stderr]      Running unittests src/lib.rs (/opt/rustwide/target/debug/deps/marine_wasm_backend_traits-b39364ba26122ec0)
[INFO] [stderr]    Doc-tests marine-wasm-backend-traits
[INFO] [stdout] 
[INFO] [stdout] running 9 tests
[INFO] [stdout] test src/module.rs - module::Module::instantiate (line 34) ... FAILED
[INFO] [stdout] test src/imports.rs - imports::Imports::register (line 45) ... FAILED
[INFO] [stdout] test src/function.rs - function::ExportFunction::call (line 69) ... FAILED
[INFO] [stdout] test src/instance.rs - instance::Instance::get_function (line 50) ... FAILED
[INFO] [stdout] test src/instance.rs - instance::Instance::get_memory (line 41) ... FAILED
[INFO] [stdout] test src/function.rs - function::ExportFunction::call (line 67) ... FAILED
[INFO] [stdout] test src/imports.rs - imports::Imports::insert (line 34) ... FAILED
[INFO] [stdout] test src/wasi.rs - wasi::WasiImplementation::register_in_linker (line 28) ... FAILED
[INFO] [stdout] test src/macros.rs - macros::impl_for_each_function_signature (line 20) ... ok
[INFO] [stderr] error: doctest failed, to rerun pass `--doc`
[INFO] [stdout] 
[INFO] [stdout] failures:
[INFO] [stdout] 
[INFO] [stdout] ---- src/module.rs - module::Module::instantiate (line 34) stdout ----
[INFO] [stdout] error: unknown start of token: `
[INFO] [stdout]  --> src/module.rs:35:8
[INFO] [stdout]   |
[INFO] [stdout] 3 | If the `Store` given is not the same with `Store` used to create `Imports` and this object.
[INFO] [stdout]   |        ^
[INFO] [stdout]   |
[INFO] [stdout] help: Unicode character '`' (Grave Accent) looks like ''' (Single Quote), but it is not
[INFO] [stdout]   |
[INFO] [stdout] 3 | If the 'Store` given is not the same with `Store` used to create `Imports` and this object.
[INFO] [stdout]   |        ~
[INFO] [stdout] 
[INFO] [stdout] error: unknown start of token: `
[INFO] [stdout]  --> src/module.rs:35:14
[INFO] [stdout]   |
[INFO] [stdout] 3 | If the `Store` given is not the same with `Store` used to create `Imports` and this object.
[INFO] [stdout]   |              ^
[INFO] [stdout]   |
[INFO] [stdout] help: Unicode character '`' (Grave Accent) looks like ''' (Single Quote), but it is not
[INFO] [stdout]   |
[INFO] [stdout] 3 | If the `Store' given is not the same with `Store` used to create `Imports` and this object.
[INFO] [stdout]   |              ~
[INFO] [stdout] 
[INFO] [stdout] error: unknown start of token: `
[INFO] [stdout]  --> src/module.rs:35:43
[INFO] [stdout]   |
[INFO] [stdout] 3 | If the `Store` given is not the same with `Store` used to create `Imports` and this object.
[INFO] [stdout]   |                                           ^
[INFO] [stdout]   |
[INFO] [stdout] help: Unicode character '`' (Grave Accent) looks like ''' (Single Quote), but it is not
[INFO] [stdout]   |
[INFO] [stdout] 3 | If the `Store` given is not the same with 'Store` used to create `Imports` and this object.
[INFO] [stdout]   |                                           ~
[INFO] [stdout] 
[INFO] [stdout] error: unknown start of token: `
[INFO] [stdout]  --> src/module.rs:35:49
[INFO] [stdout]   |
[INFO] [stdout] 3 | If the `Store` given is not the same with `Store` used to create `Imports` and this object.
[INFO] [stdout]   |                                                 ^
[INFO] [stdout]   |
[INFO] [stdout] help: Unicode character '`' (Grave Accent) looks like ''' (Single Quote), but it is not
[INFO] [stdout]   |
[INFO] [stdout] 3 | If the `Store` given is not the same with `Store' used to create `Imports` and this object.
[INFO] [stdout]   |                                                 ~
[INFO] [stdout] 
[INFO] [stdout] error: unknown start of token: `
[INFO] [stdout]  --> src/module.rs:35:66
[INFO] [stdout]   |
[INFO] [stdout] 3 | If the `Store` given is not the same with `Store` used to create `Imports` and this object.
[INFO] [stdout]   |                                                                  ^
[INFO] [stdout]   |
[INFO] [stdout] help: Unicode character '`' (Grave Accent) looks like ''' (Single Quote), but it is not
[INFO] [stdout]   |
[INFO] [stdout] 3 | If the `Store` given is not the same with `Store` used to create 'Imports` and this object.
[INFO] [stdout]   |                                                                  ~
[INFO] [stdout] 
[INFO] [stdout] error: unknown start of token: `
[INFO] [stdout]  --> src/module.rs:35:74
[INFO] [stdout]   |
[INFO] [stdout] 3 | If the `Store` given is not the same with `Store` used to create `Imports` and this object.
[INFO] [stdout]   |                                                                          ^
[INFO] [stdout]   |
[INFO] [stdout] help: Unicode character '`' (Grave Accent) looks like ''' (Single Quote), but it is not
[INFO] [stdout]   |
[INFO] [stdout] 3 | If the `Store` given is not the same with `Store` used to create `Imports' and this object.
[INFO] [stdout]   |                                                                          ~
[INFO] [stdout] 
[INFO] [stdout] error: expected one of `!`, `.`, `::`, `;`, `?`, `{`, `}`, or an operator, found `the`
[INFO] [stdout]  --> src/module.rs:35:4
[INFO] [stdout]   |
[INFO] [stdout] 3 | If the `Store` given is not the same with `Store` used to create `Imports` and this object.
[INFO] [stdout]   |    ^^^ expected one of 8 possible tokens
[INFO] [stdout] 
[INFO] [stdout] error: aborting due to 7 previous errors
[INFO] [stdout] 
[INFO] [stdout] Couldn't compile the test.
[INFO] [stdout] ---- src/imports.rs - imports::Imports::register (line 45) stdout ----
[INFO] [stdout] error: unknown start of token: `
[INFO] [stdout]  --> src/imports.rs:46:42
[INFO] [stdout]   |
[INFO] [stdout] 3 | An error returned if such combination of `module` and `name` already has an associated function.
[INFO] [stdout]   |                                          ^
[INFO] [stdout]   |
[INFO] [stdout] help: Unicode character '`' (Grave Accent) looks like ''' (Single Quote), but it is not
[INFO] [stdout]   |
[INFO] [stdout] 3 | An error returned if such combination of 'module` and `name` already has an associated function.
[INFO] [stdout]   |                                          ~
[INFO] [stdout] 
[INFO] [stdout] error: unknown start of token: `
[INFO] [stdout]  --> src/imports.rs:46:49
[INFO] [stdout]   |
[INFO] [stdout] 3 | An error returned if such combination of `module` and `name` already has an associated function.
[INFO] [stdout]   |                                                 ^
[INFO] [stdout]   |
[INFO] [stdout] help: Unicode character '`' (Grave Accent) looks like ''' (Single Quote), but it is not
[INFO] [stdout]   |
[INFO] [stdout] 3 | An error returned if such combination of `module' and `name` already has an associated function.
[INFO] [stdout]   |                                                 ~
[INFO] [stdout] 
[INFO] [stdout] error: unknown start of token: `
[INFO] [stdout]  --> src/imports.rs:46:55
[INFO] [stdout]   |
[INFO] [stdout] 3 | An error returned if such combination of `module` and `name` already has an associated function.
[INFO] [stdout]   |                                                       ^
[INFO] [stdout]   |
[INFO] [stdout] help: Unicode character '`' (Grave Accent) looks like ''' (Single Quote), but it is not
[INFO] [stdout]   |
[INFO] [stdout] 3 | An error returned if such combination of `module` and 'name` already has an associated function.
[INFO] [stdout]   |                                                       ~
[INFO] [stdout] 
[INFO] [stdout] error: unknown start of token: `
[INFO] [stdout]  --> src/imports.rs:46:60
[INFO] [stdout]   |
[INFO] [stdout] 3 | An error returned if such combination of `module` and `name` already has an associated function.
[INFO] [stdout]   |                                                            ^
[INFO] [stdout]   |
[INFO] [stdout] help: Unicode character '`' (Grave Accent) looks like ''' (Single Quote), but it is not
[INFO] [stdout]   |
[INFO] [stdout] 3 | An error returned if such combination of `module` and `name' already has an associated function.
[INFO] [stdout]   |                                                            ~
[INFO] [stdout] 
[INFO] [stdout] error: expected one of `!`, `.`, `::`, `;`, `?`, `{`, `}`, or an operator, found `error`
[INFO] [stdout]  --> src/imports.rs:46:4
[INFO] [stdout]   |
[INFO] [stdout] 3 | An error returned if such combination of `module` and `name` already has an associated function.
[INFO] [stdout]   |    ^^^^^ expected one of 8 possible tokens
[INFO] [stdout] 
[INFO] [stdout] error: aborting due to 5 previous errors
[INFO] [stdout] 
[INFO] [stdout] Couldn't compile the test.
[INFO] [stdout] ---- src/function.rs - function::ExportFunction::call (line 69) stdout ----
[INFO] [stdout] error: unknown start of token: `
[INFO] [stdout]  --> src/function.rs:70:5
[INFO] [stdout]   |
[INFO] [stdout] 3 | See `RuntimeError` documentation.
[INFO] [stdout]   |     ^
[INFO] [stdout]   |
[INFO] [stdout] help: Unicode character '`' (Grave Accent) looks like ''' (Single Quote), but it is not
[INFO] [stdout]   |
[INFO] [stdout] 3 | See 'RuntimeError` documentation.
[INFO] [stdout]   |     ~
[INFO] [stdout] 
[INFO] [stdout] error: unknown start of token: `
[INFO] [stdout]  --> src/function.rs:70:18
[INFO] [stdout]   |
[INFO] [stdout] 3 | See `RuntimeError` documentation.
[INFO] [stdout]   |                  ^
[INFO] [stdout]   |
[INFO] [stdout] help: Unicode character '`' (Grave Accent) looks like ''' (Single Quote), but it is not
[INFO] [stdout]   |
[INFO] [stdout] 3 | See `RuntimeError' documentation.
[INFO] [stdout]   |                  ~
[INFO] [stdout] 
[INFO] [stdout] error: expected one of `!`, `.`, `::`, `;`, `?`, `{`, `}`, or an operator, found `RuntimeError`
[INFO] [stdout]  --> src/function.rs:70:6
[INFO] [stdout]   |
[INFO] [stdout] 3 | See `RuntimeError` documentation.
[INFO] [stdout]   |      ^^^^^^^^^^^^ expected one of 8 possible tokens
[INFO] [stdout] 
[INFO] [stdout] error: aborting due to 3 previous errors
[INFO] [stdout] 
[INFO] [stdout] Couldn't compile the test.
[INFO] [stdout] ---- src/instance.rs - instance::Instance::get_function (line 50) stdout ----
[INFO] [stdout] error: expected one of `!`, `.`, `::`, `;`, `?`, `{`, `}`, or an operator, found `an`
[INFO] [stdout]  --> src/instance.rs:51:9
[INFO] [stdout]   |
[INFO] [stdout] 3 | Returns an error if there is no export with such name, or it is not a function.
[INFO] [stdout]   |         ^^ expected one of 8 possible tokens
[INFO] [stdout] 
[INFO] [stdout] error: aborting due to previous error
[INFO] [stdout] 
[INFO] [stdout] Couldn't compile the test.
[INFO] [stdout] ---- src/instance.rs - instance::Instance::get_memory (line 41) stdout ----
[INFO] [stdout] error: expected one of `!`, `.`, `::`, `;`, `?`, `{`, `}`, or an operator, found `an`
[INFO] [stdout]  --> src/instance.rs:42:9
[INFO] [stdout]   |
[INFO] [stdout] 3 | Returns an error if there is no export with such name, or it is not a memory.
[INFO] [stdout]   |         ^^ expected one of 8 possible tokens
[INFO] [stdout] 
[INFO] [stdout] error: aborting due to previous error
[INFO] [stdout] 
[INFO] [stdout] Couldn't compile the test.
[INFO] [stdout] ---- src/function.rs - function::ExportFunction::call (line 67) stdout ----
[INFO] [stdout] error: expected one of `!`, `.`, `::`, `;`, `?`, `{`, `}`, or an operator, found `given`
[INFO] [stdout]  --> src/function.rs:68:4
[INFO] [stdout]   |
[INFO] [stdout] 3 | If given a store different from the one that stores the function.
[INFO] [stdout]   |    ^^^^^ expected one of 8 possible tokens
[INFO] [stdout] 
[INFO] [stdout] error: aborting due to previous error
[INFO] [stdout] 
[INFO] [stdout] Couldn't compile the test.
[INFO] [stdout] ---- src/imports.rs - imports::Imports::insert (line 34) stdout ----
[INFO] [stdout] error: unknown start of token: `
[INFO] [stdout]  --> src/imports.rs:35:42
[INFO] [stdout]   |
[INFO] [stdout] 3 | An error returned if such combination of `module` and `name` already has an associated function.
[INFO] [stdout]   |                                          ^
[INFO] [stdout]   |
[INFO] [stdout] help: Unicode character '`' (Grave Accent) looks like ''' (Single Quote), but it is not
[INFO] [stdout]   |
[INFO] [stdout] 3 | An error returned if such combination of 'module` and `name` already has an associated function.
[INFO] [stdout]   |                                          ~
[INFO] [stdout] 
[INFO] [stdout] error: unknown start of token: `
[INFO] [stdout]  --> src/imports.rs:35:49
[INFO] [stdout]   |
[INFO] [stdout] 3 | An error returned if such combination of `module` and `name` already has an associated function.
[INFO] [stdout]   |                                                 ^
[INFO] [stdout]   |
[INFO] [stdout] help: Unicode character '`' (Grave Accent) looks like ''' (Single Quote), but it is not
[INFO] [stdout]   |
[INFO] [stdout] 3 | An error returned if such combination of `module' and `name` already has an associated function.
[INFO] [stdout]   |                                                 ~
[INFO] [stdout] 
[INFO] [stdout] error: unknown start of token: `
[INFO] [stdout]  --> src/imports.rs:35:55
[INFO] [stdout]   |
[INFO] [stdout] 3 | An error returned if such combination of `module` and `name` already has an associated function.
[INFO] [stdout]   |                                                       ^
[INFO] [stdout]   |
[INFO] [stdout] help: Unicode character '`' (Grave Accent) looks like ''' (Single Quote), but it is not
[INFO] [stdout]   |
[INFO] [stdout] 3 | An error returned if such combination of `module` and 'name` already has an associated function.
[INFO] [stdout]   |                                                       ~
[INFO] [stdout] 
[INFO] [stdout] error: unknown start of token: `
[INFO] [stdout]  --> src/imports.rs:35:60
[INFO] [stdout]   |
[INFO] [stdout] 3 | An error returned if such combination of `module` and `name` already has an associated function.
[INFO] [stdout]   |                                                            ^
[INFO] [stdout]   |
[INFO] [stdout] help: Unicode character '`' (Grave Accent) looks like ''' (Single Quote), but it is not
[INFO] [stdout]   |
[INFO] [stdout] 3 | An error returned if such combination of `module` and `name' already has an associated function.
[INFO] [stdout]   |                                                            ~
[INFO] [stdout] 
[INFO] [stdout] error: expected one of `!`, `.`, `::`, `;`, `?`, `{`, `}`, or an operator, found `error`
[INFO] [stdout]  --> src/imports.rs:35:4
[INFO] [stdout]   |
[INFO] [stdout] 3 | An error returned if such combination of `module` and `name` already has an associated function.
[INFO] [stdout]   |    ^^^^^ expected one of 8 possible tokens
[INFO] [stdout] 
[INFO] [stdout] error: aborting due to 5 previous errors
[INFO] [stdout] 
[INFO] [stdout] Couldn't compile the test.
[INFO] [stdout] ---- src/wasi.rs - wasi::WasiImplementation::register_in_linker (line 28) stdout ----
[INFO] [stdout] error: expected one of `!`, `.`, `::`, `;`, `?`, `{`, `}`, or an operator, found `an`
[INFO] [stdout]  --> src/wasi.rs:29:9
[INFO] [stdout]   |
[INFO] [stdout] 3 | Returns an error if failed to open a preopen directory/file.
[INFO] [stdout]   |         ^^ expected one of 8 possible tokens
[INFO] [stdout] 
[INFO] [stdout] error: aborting due to previous error
[INFO] [stdout] 
[INFO] [stdout] Couldn't compile the test.
[INFO] [stdout] 
[INFO] [stdout] failures:
[INFO] [stdout]     src/function.rs - function::ExportFunction::call (line 67)
[INFO] [stdout]     src/function.rs - function::ExportFunction::call (line 69)
[INFO] [stdout]     src/imports.rs - imports::Imports::insert (line 34)
[INFO] [stdout]     src/imports.rs - imports::Imports::register (line 45)
[INFO] [stdout]     src/instance.rs - instance::Instance::get_function (line 50)
[INFO] [stdout]     src/instance.rs - instance::Instance::get_memory (line 41)
[INFO] [stdout]     src/module.rs - module::Module::instantiate (line 34)
[INFO] [stdout]     src/wasi.rs - wasi::WasiImplementation::register_in_linker (line 28)
[INFO] [stdout] 
[INFO] [stdout] test result: FAILED. 1 passed; 8 failed; 0 ignored; 0 measured; 0 filtered out; finished in 0.38s
[INFO] [stdout] 
[INFO] running `Command { std: "docker" "inspect" "7819f6d39b4a45c7a9c68e194008ee5a60c0ccacbff55d71d86f709e89f81418", kill_on_drop: false }`
[INFO] running `Command { std: "docker" "rm" "-f" "7819f6d39b4a45c7a9c68e194008ee5a60c0ccacbff55d71d86f709e89f81418", kill_on_drop: false }`
[INFO] [stdout] 7819f6d39b4a45c7a9c68e194008ee5a60c0ccacbff55d71d86f709e89f81418
