[INFO] fetching crate manual-serializer 0.1.0...
[INFO] testing manual-serializer-0.1.0 against 1.75.0 for beta-1.76-1
[INFO] extracting crate manual-serializer 0.1.0 into /workspace/builds/worker-4-tc1/source
[INFO] validating manifest of crates.io crate manual-serializer 0.1.0 on toolchain 1.75.0
[INFO] running `Command { std: CARGO_HOME="/workspace/cargo-home" RUSTUP_HOME="/workspace/rustup-home" "/workspace/cargo-home/bin/cargo" "+1.75.0" "metadata" "--manifest-path" "Cargo.toml" "--no-deps", kill_on_drop: false }`
[INFO] started tweaking crates.io crate manual-serializer 0.1.0
[INFO] finished tweaking crates.io crate manual-serializer 0.1.0
[INFO] tweaked toml for crates.io crate manual-serializer 0.1.0 written to /workspace/builds/worker-4-tc1/source/Cargo.toml
[INFO] running `Command { std: CARGO_HOME="/workspace/cargo-home" RUSTUP_HOME="/workspace/rustup-home" "/workspace/cargo-home/bin/cargo" "+1.75.0" "generate-lockfile" "--manifest-path" "Cargo.toml", kill_on_drop: false }`
[INFO] [stderr]     Updating crates.io index
[INFO] running `Command { std: CARGO_HOME="/workspace/cargo-home" RUSTUP_HOME="/workspace/rustup-home" "/workspace/cargo-home/bin/cargo" "+1.75.0" "fetch" "--manifest-path" "Cargo.toml", kill_on_drop: false }`
[INFO] running `Command { std: "docker" "create" "-v" "/var/lib/crater-agent-workspace/builds/worker-4-tc1/target:/opt/rustwide/target:rw,Z" "-v" "/var/lib/crater-agent-workspace/builds/worker-4-tc1/source:/opt/rustwide/workdir:ro,Z" "-v" "/var/lib/crater-agent-workspace/cargo-home:/opt/rustwide/cargo-home:ro,Z" "-v" "/var/lib/crater-agent-workspace/rustup-home:/opt/rustwide/rustup-home:ro,Z" "-e" "SOURCE_DIR=/opt/rustwide/workdir" "-e" "CARGO_TARGET_DIR=/opt/rustwide/target" "-e" "CARGO_HOME=/opt/rustwide/cargo-home" "-e" "RUSTUP_HOME=/opt/rustwide/rustup-home" "-w" "/opt/rustwide/workdir" "-m" "1610612736" "--user" "0:0" "--network" "none" "ghcr.io/rust-lang/crates-build-env/linux@sha256:2788e3201cd34a07e3172128adcd8b3090168a8e3bcc40d7c032b9dda1df7d1c" "/opt/rustwide/cargo-home/bin/cargo" "+1.75.0" "metadata" "--no-deps" "--format-version=1", kill_on_drop: false }`
[INFO] [stdout] f9591e67a82a771e438695890c0befa06f3b26086490582ac07ab3eebd2d8a52
[INFO] running `Command { std: "docker" "start" "-a" "f9591e67a82a771e438695890c0befa06f3b26086490582ac07ab3eebd2d8a52", kill_on_drop: false }`
[INFO] running `Command { std: "docker" "inspect" "f9591e67a82a771e438695890c0befa06f3b26086490582ac07ab3eebd2d8a52", kill_on_drop: false }`
[INFO] running `Command { std: "docker" "rm" "-f" "f9591e67a82a771e438695890c0befa06f3b26086490582ac07ab3eebd2d8a52", kill_on_drop: false }`
[INFO] [stdout] f9591e67a82a771e438695890c0befa06f3b26086490582ac07ab3eebd2d8a52
[INFO] running `Command { std: "docker" "create" "-v" "/var/lib/crater-agent-workspace/builds/worker-4-tc1/target:/opt/rustwide/target:rw,Z" "-v" "/var/lib/crater-agent-workspace/builds/worker-4-tc1/source:/opt/rustwide/workdir:ro,Z" "-v" "/var/lib/crater-agent-workspace/cargo-home:/opt/rustwide/cargo-home:ro,Z" "-v" "/var/lib/crater-agent-workspace/rustup-home:/opt/rustwide/rustup-home:ro,Z" "-e" "SOURCE_DIR=/opt/rustwide/workdir" "-e" "CARGO_TARGET_DIR=/opt/rustwide/target" "-e" "CARGO_INCREMENTAL=0" "-e" "RUST_BACKTRACE=full" "-e" "RUSTFLAGS=--cap-lints=warn" "-e" "RUSTDOCFLAGS=--cap-lints=warn" "-e" "CARGO_HOME=/opt/rustwide/cargo-home" "-e" "RUSTUP_HOME=/opt/rustwide/rustup-home" "-w" "/opt/rustwide/workdir" "-m" "1610612736" "--user" "0:0" "--network" "none" "ghcr.io/rust-lang/crates-build-env/linux@sha256:2788e3201cd34a07e3172128adcd8b3090168a8e3bcc40d7c032b9dda1df7d1c" "/opt/rustwide/cargo-home/bin/cargo" "+1.75.0" "build" "--frozen" "--message-format=json", kill_on_drop: false }`
[INFO] [stdout] a92a52128fc0629f5b3a5cc11e5baf65acc819a73afcb5003bf6e6f829e12e0d
[INFO] running `Command { std: "docker" "start" "-a" "a92a52128fc0629f5b3a5cc11e5baf65acc819a73afcb5003bf6e6f829e12e0d", kill_on_drop: false }`
[INFO] [stderr]    Compiling proc-macro2 v1.0.75
[INFO] [stderr]    Compiling unicode-ident v1.0.12
[INFO] [stderr]    Compiling thiserror v1.0.56
[INFO] [stderr]    Compiling quote v1.0.35
[INFO] [stderr]    Compiling syn v2.0.48
[INFO] [stderr]    Compiling thiserror-impl v1.0.56
[INFO] [stderr]    Compiling manual-serializer v0.1.0 (/opt/rustwide/workdir)
[INFO] [stderr]     Finished dev [unoptimized + debuginfo] target(s) in 2.86s
[INFO] running `Command { std: "docker" "inspect" "a92a52128fc0629f5b3a5cc11e5baf65acc819a73afcb5003bf6e6f829e12e0d", kill_on_drop: false }`
[INFO] running `Command { std: "docker" "rm" "-f" "a92a52128fc0629f5b3a5cc11e5baf65acc819a73afcb5003bf6e6f829e12e0d", kill_on_drop: false }`
[INFO] [stdout] a92a52128fc0629f5b3a5cc11e5baf65acc819a73afcb5003bf6e6f829e12e0d
[INFO] running `Command { std: "docker" "create" "-v" "/var/lib/crater-agent-workspace/builds/worker-4-tc1/target:/opt/rustwide/target:rw,Z" "-v" "/var/lib/crater-agent-workspace/builds/worker-4-tc1/source:/opt/rustwide/workdir:ro,Z" "-v" "/var/lib/crater-agent-workspace/cargo-home:/opt/rustwide/cargo-home:ro,Z" "-v" "/var/lib/crater-agent-workspace/rustup-home:/opt/rustwide/rustup-home:ro,Z" "-e" "SOURCE_DIR=/opt/rustwide/workdir" "-e" "CARGO_TARGET_DIR=/opt/rustwide/target" "-e" "CARGO_INCREMENTAL=0" "-e" "RUST_BACKTRACE=full" "-e" "RUSTFLAGS=--cap-lints=warn" "-e" "RUSTDOCFLAGS=--cap-lints=warn" "-e" "CARGO_HOME=/opt/rustwide/cargo-home" "-e" "RUSTUP_HOME=/opt/rustwide/rustup-home" "-w" "/opt/rustwide/workdir" "-m" "1610612736" "--user" "0:0" "--network" "none" "ghcr.io/rust-lang/crates-build-env/linux@sha256:2788e3201cd34a07e3172128adcd8b3090168a8e3bcc40d7c032b9dda1df7d1c" "/opt/rustwide/cargo-home/bin/cargo" "+1.75.0" "test" "--frozen" "--no-run" "--message-format=json", kill_on_drop: false }`
[INFO] [stdout] a1271b3a8ff13720bfe91e247a6aae6e1b81437a83da793f2c80e83d5c12c035
[INFO] running `Command { std: "docker" "start" "-a" "a1271b3a8ff13720bfe91e247a6aae6e1b81437a83da793f2c80e83d5c12c035", kill_on_drop: false }`
[INFO] [stderr]    Compiling manual-serializer v0.1.0 (/opt/rustwide/workdir)
[INFO] [stderr]     Finished test [unoptimized + debuginfo] target(s) in 0.21s
[INFO] running `Command { std: "docker" "inspect" "a1271b3a8ff13720bfe91e247a6aae6e1b81437a83da793f2c80e83d5c12c035", kill_on_drop: false }`
[INFO] running `Command { std: "docker" "rm" "-f" "a1271b3a8ff13720bfe91e247a6aae6e1b81437a83da793f2c80e83d5c12c035", kill_on_drop: false }`
[INFO] [stdout] a1271b3a8ff13720bfe91e247a6aae6e1b81437a83da793f2c80e83d5c12c035
[INFO] running `Command { std: "docker" "create" "-v" "/var/lib/crater-agent-workspace/builds/worker-4-tc1/target:/opt/rustwide/target:rw,Z" "-v" "/var/lib/crater-agent-workspace/builds/worker-4-tc1/source:/opt/rustwide/workdir:ro,Z" "-v" "/var/lib/crater-agent-workspace/cargo-home:/opt/rustwide/cargo-home:ro,Z" "-v" "/var/lib/crater-agent-workspace/rustup-home:/opt/rustwide/rustup-home:ro,Z" "-e" "SOURCE_DIR=/opt/rustwide/workdir" "-e" "CARGO_TARGET_DIR=/opt/rustwide/target" "-e" "CARGO_INCREMENTAL=0" "-e" "RUST_BACKTRACE=full" "-e" "RUSTFLAGS=--cap-lints=warn" "-e" "RUSTDOCFLAGS=--cap-lints=warn" "-e" "CARGO_HOME=/opt/rustwide/cargo-home" "-e" "RUSTUP_HOME=/opt/rustwide/rustup-home" "-w" "/opt/rustwide/workdir" "-m" "1610612736" "--user" "0:0" "--network" "none" "ghcr.io/rust-lang/crates-build-env/linux@sha256:2788e3201cd34a07e3172128adcd8b3090168a8e3bcc40d7c032b9dda1df7d1c" "/opt/rustwide/cargo-home/bin/cargo" "+1.75.0" "test" "--frozen", kill_on_drop: false }`
[INFO] [stdout] 0cd3131f31037ac48443fb62e492e554297adadc057a7a7a47c00664587b63e4
[INFO] running `Command { std: "docker" "start" "-a" "0cd3131f31037ac48443fb62e492e554297adadc057a7a7a47c00664587b63e4", kill_on_drop: false }`
[INFO] [stderr]     Finished test [unoptimized + debuginfo] target(s) in 0.01s
[INFO] [stderr]      Running unittests src/lib.rs (/opt/rustwide/target/debug/deps/manual_serializer-38ae4b68aa6ceb0a)
[INFO] [stdout] 
[INFO] [stdout] running 0 tests
[INFO] [stdout] 
[INFO] [stdout] test result: ok. 0 passed; 0 failed; 0 ignored; 0 measured; 0 filtered out; finished in 0.00s
[INFO] [stdout] 
[INFO] [stderr]    Doc-tests manual-serializer
[INFO] [stdout] 
[INFO] [stdout] running 2 tests
[INFO] [stdout] test src/lib.rs - Deserializer<'data>::try_align (line 117) ... FAILED
[INFO] [stdout] test src/lib.rs - (line 13) ... FAILED
[INFO] [stdout] 
[INFO] [stdout] failures:
[INFO] [stdout] 
[INFO] [stdout] ---- src/lib.rs - Deserializer<'data>::try_align (line 117) stdout ----
[INFO] [stdout] error[E0425]: cannot find value `deser` in this scope
[INFO] [stdout]  --> src/lib.rs:118:1
[INFO] [stdout]   |
[INFO] [stdout] 3 | deser.try_align(16)?;
[INFO] [stdout]   | ^^^^^ not found in this scope
[INFO] [stdout] 
[INFO] [stdout] error: aborting due to previous error
[INFO] [stdout] 
[INFO] [stdout] For more information about this error, try `rustc --explain E0425`.
[INFO] [stdout] Couldn't compile the test.
[INFO] [stdout] ---- src/lib.rs - (line 13) stdout ----
[INFO] [stdout] error[E0405]: cannot find trait `TrySerialize` in this scope
[INFO] [stdout]   --> src/lib.rs:22:6
[INFO] [stdout]    |
[INFO] [stdout] 11 | impl TrySerialize for Header {
[INFO] [stdout]    |      ^^^^^^^^^^^^ not found in this scope
[INFO] [stdout]    |
[INFO] [stdout] help: consider importing this trait
[INFO] [stdout]    |
[INFO] [stdout] 3  + use manual_serializer::TrySerialize;
[INFO] [stdout]    |
[INFO] [stdout] 
[INFO] [stdout] error[E0412]: cannot find type `Error` in this scope
[INFO] [stdout]   --> src/lib.rs:23:18
[INFO] [stdout]    |
[INFO] [stdout] 12 |     type Error = Error;
[INFO] [stdout]    |                  ^^^^^ not found in this scope
[INFO] [stdout]    |
[INFO] [stdout] help: consider importing one of these items
[INFO] [stdout]    |
[INFO] [stdout] 3  + use core::error::Error;
[INFO] [stdout]    |
[INFO] [stdout] 3  + use core::fmt::Error;
[INFO] [stdout]    |
[INFO] [stdout] 3  + use manual_serializer::Error;
[INFO] [stdout]    |
[INFO] [stdout] 3  + use std::error::Error;
[INFO] [stdout]    |
[INFO] [stdout]      and 2 other candidates
[INFO] [stdout] 
[INFO] [stdout] error[E0412]: cannot find type `Serializer` in this scope
[INFO] [stdout]   --> src/lib.rs:24:40
[INFO] [stdout]    |
[INFO] [stdout] 13 |     fn try_serialize(&self, dest: &mut Serializer) -> Result<()> {
[INFO] [stdout]    |                                        ^^^^^^^^^^ not found in this scope
[INFO] [stdout]    |
[INFO] [stdout] help: consider importing this struct
[INFO] [stdout]    |
[INFO] [stdout] 3  + use manual_serializer::Serializer;
[INFO] [stdout]    |
[INFO] [stdout] 
[INFO] [stdout] error[E0433]: failed to resolve: use of undeclared type `Serializer`
[INFO] [stdout]   --> src/lib.rs:35:20
[INFO] [stdout]    |
[INFO] [stdout] 24 |     let mut dest = Serializer::new(4096);
[INFO] [stdout]    |                    ^^^^^^^^^^ use of undeclared type `Serializer`
[INFO] [stdout]    |
[INFO] [stdout] help: consider importing this struct
[INFO] [stdout]    |
[INFO] [stdout] 3  + use manual_serializer::Serializer;
[INFO] [stdout]    |
[INFO] [stdout] 
[INFO] [stdout] error[E0405]: cannot find trait `TryDeserialize` in this scope
[INFO] [stdout]   --> src/lib.rs:40:6
[INFO] [stdout]    |
[INFO] [stdout] 29 | impl TryDeserialize for Header {
[INFO] [stdout]    |      ^^^^^^^^^^^^^^ not found in this scope
[INFO] [stdout]    |
[INFO] [stdout] help: consider importing this trait
[INFO] [stdout]    |
[INFO] [stdout] 3  + use manual_serializer::TryDeserialize;
[INFO] [stdout]    |
[INFO] [stdout] 
[INFO] [stdout] error[E0412]: cannot find type `Error` in this scope
[INFO] [stdout]   --> src/lib.rs:41:18
[INFO] [stdout]    |
[INFO] [stdout] 30 |     type Error = Error;
[INFO] [stdout]    |                  ^^^^^ not found in this scope
[INFO] [stdout]    |
[INFO] [stdout] help: consider importing one of these items
[INFO] [stdout]    |
[INFO] [stdout] 3  + use core::error::Error;
[INFO] [stdout]    |
[INFO] [stdout] 3  + use core::fmt::Error;
[INFO] [stdout]    |
[INFO] [stdout] 3  + use manual_serializer::Error;
[INFO] [stdout]    |
[INFO] [stdout] 3  + use std::error::Error;
[INFO] [stdout]    |
[INFO] [stdout]      and 2 other candidates
[INFO] [stdout] 
[INFO] [stdout] error[E0412]: cannot find type `Deserializer` in this scope
[INFO] [stdout]   --> src/lib.rs:43:34
[INFO] [stdout]    |
[INFO] [stdout] 32 |     fn try_deserialize(src: &mut Deserializer) -> Result<Header> {
[INFO] [stdout]    |                                  ^^^^^^^^^^^^ not found in this scope
[INFO] [stdout]    |
[INFO] [stdout] help: consider importing this struct
[INFO] [stdout]    |
[INFO] [stdout] 3  + use manual_serializer::Deserializer;
[INFO] [stdout]    |
[INFO] [stdout] 
[INFO] [stdout] error[E0433]: failed to resolve: use of undeclared type `Deserializer`
[INFO] [stdout]   --> src/lib.rs:56:19
[INFO] [stdout]    |
[INFO] [stdout] 45 |     let mut src = Deserializer::new(data);
[INFO] [stdout]    |                   ^^^^^^^^^^^^ use of undeclared type `Deserializer`
[INFO] [stdout]    |
[INFO] [stdout] help: consider importing this struct
[INFO] [stdout]    |
[INFO] [stdout] 3  + use manual_serializer::Deserializer;
[INFO] [stdout]    |
[INFO] [stdout] 
[INFO] [stdout] error: aborting due to 8 previous errors
[INFO] [stdout] 
[INFO] [stdout] Some errors have detailed explanations: E0405, E0412, E0433.
[INFO] [stdout] For more information about an error, try `rustc --explain E0405`.
[INFO] [stdout] Couldn't compile the test.
[INFO] [stdout] 
[INFO] [stdout] failures:
[INFO] [stdout]     src/lib.rs - (line 13)
[INFO] [stdout]     src/lib.rs - Deserializer<'data>::try_align (line 117)
[INFO] [stdout] 
[INFO] [stdout] test result: FAILED. 0 passed; 2 failed; 0 ignored; 0 measured; 0 filtered out; finished in 0.04s
[INFO] [stdout] 
[INFO] [stderr] error: doctest failed, to rerun pass `--doc`
[INFO] running `Command { std: "docker" "inspect" "0cd3131f31037ac48443fb62e492e554297adadc057a7a7a47c00664587b63e4", kill_on_drop: false }`
[INFO] running `Command { std: "docker" "rm" "-f" "0cd3131f31037ac48443fb62e492e554297adadc057a7a7a47c00664587b63e4", kill_on_drop: false }`
[INFO] [stdout] 0cd3131f31037ac48443fb62e492e554297adadc057a7a7a47c00664587b63e4
