[INFO] fetching crate makeup 0.0.6...
[INFO] testing makeup-0.0.6 against 1.75.0 for beta-1.76-1
[INFO] extracting crate makeup 0.0.6 into /workspace/builds/worker-6-tc1/source
[INFO] validating manifest of crates.io crate makeup 0.0.6 on toolchain 1.75.0
[INFO] running `Command { std: CARGO_HOME="/workspace/cargo-home" RUSTUP_HOME="/workspace/rustup-home" "/workspace/cargo-home/bin/cargo" "+1.75.0" "metadata" "--manifest-path" "Cargo.toml" "--no-deps", kill_on_drop: false }`
[INFO] started tweaking crates.io crate makeup 0.0.6
[INFO] finished tweaking crates.io crate makeup 0.0.6
[INFO] tweaked toml for crates.io crate makeup 0.0.6 written to /workspace/builds/worker-6-tc1/source/Cargo.toml
[INFO] crate crates.io crate makeup 0.0.6 already has a lockfile, it will not be regenerated
[INFO] running `Command { std: CARGO_HOME="/workspace/cargo-home" RUSTUP_HOME="/workspace/rustup-home" "/workspace/cargo-home/bin/cargo" "+1.75.0" "fetch" "--manifest-path" "Cargo.toml", kill_on_drop: false }`
[INFO] [stderr]     Updating crates.io index
[INFO] [stderr]  Downloading crates ...
[INFO] [stderr]   Downloaded makeup-macros v0.0.1
[INFO] [stderr]   Downloaded makeup-ansi v0.0.2
[INFO] [stderr]   Downloaded makeup-console v0.0.5
[INFO] [stderr]   Downloaded colorgrad v0.6.2
[INFO] running `Command { std: "docker" "create" "-v" "/var/lib/crater-agent-workspace/builds/worker-6-tc1/target:/opt/rustwide/target:rw,Z" "-v" "/var/lib/crater-agent-workspace/builds/worker-6-tc1/source:/opt/rustwide/workdir:ro,Z" "-v" "/var/lib/crater-agent-workspace/cargo-home:/opt/rustwide/cargo-home:ro,Z" "-v" "/var/lib/crater-agent-workspace/rustup-home:/opt/rustwide/rustup-home:ro,Z" "-e" "SOURCE_DIR=/opt/rustwide/workdir" "-e" "CARGO_TARGET_DIR=/opt/rustwide/target" "-e" "CARGO_HOME=/opt/rustwide/cargo-home" "-e" "RUSTUP_HOME=/opt/rustwide/rustup-home" "-w" "/opt/rustwide/workdir" "-m" "1610612736" "--user" "0:0" "--network" "none" "ghcr.io/rust-lang/crates-build-env/linux@sha256:2788e3201cd34a07e3172128adcd8b3090168a8e3bcc40d7c032b9dda1df7d1c" "/opt/rustwide/cargo-home/bin/cargo" "+1.75.0" "metadata" "--no-deps" "--format-version=1", kill_on_drop: false }`
[INFO] [stdout] 691540a2bb8a663e598f6a1912937a728b5465442af800a2f10b99dd232bffcb
[INFO] running `Command { std: "docker" "start" "-a" "691540a2bb8a663e598f6a1912937a728b5465442af800a2f10b99dd232bffcb", kill_on_drop: false }`
[INFO] running `Command { std: "docker" "inspect" "691540a2bb8a663e598f6a1912937a728b5465442af800a2f10b99dd232bffcb", kill_on_drop: false }`
[INFO] running `Command { std: "docker" "rm" "-f" "691540a2bb8a663e598f6a1912937a728b5465442af800a2f10b99dd232bffcb", kill_on_drop: false }`
[INFO] [stdout] 691540a2bb8a663e598f6a1912937a728b5465442af800a2f10b99dd232bffcb
[INFO] running `Command { std: "docker" "create" "-v" "/var/lib/crater-agent-workspace/builds/worker-6-tc1/target:/opt/rustwide/target:rw,Z" "-v" "/var/lib/crater-agent-workspace/builds/worker-6-tc1/source:/opt/rustwide/workdir:ro,Z" "-v" "/var/lib/crater-agent-workspace/cargo-home:/opt/rustwide/cargo-home:ro,Z" "-v" "/var/lib/crater-agent-workspace/rustup-home:/opt/rustwide/rustup-home:ro,Z" "-e" "SOURCE_DIR=/opt/rustwide/workdir" "-e" "CARGO_TARGET_DIR=/opt/rustwide/target" "-e" "CARGO_INCREMENTAL=0" "-e" "RUST_BACKTRACE=full" "-e" "RUSTFLAGS=--cap-lints=warn" "-e" "RUSTDOCFLAGS=--cap-lints=warn" "-e" "CARGO_HOME=/opt/rustwide/cargo-home" "-e" "RUSTUP_HOME=/opt/rustwide/rustup-home" "-w" "/opt/rustwide/workdir" "-m" "1610612736" "--user" "0:0" "--network" "none" "ghcr.io/rust-lang/crates-build-env/linux@sha256:2788e3201cd34a07e3172128adcd8b3090168a8e3bcc40d7c032b9dda1df7d1c" "/opt/rustwide/cargo-home/bin/cargo" "+1.75.0" "build" "--frozen" "--message-format=json", kill_on_drop: false }`
[INFO] [stdout] 7286acee6b8a366646fb5a763e713c1d0a77eaae4ca0b329d22b919e96bb8d47
[INFO] running `Command { std: "docker" "start" "-a" "7286acee6b8a366646fb5a763e713c1d0a77eaae4ca0b329d22b919e96bb8d47", kill_on_drop: false }`
[INFO] [stderr]    Compiling proc-macro2 v1.0.67
[INFO] [stderr]    Compiling libc v0.2.148
[INFO] [stderr]    Compiling parking_lot_core v0.9.4
[INFO] [stderr]    Compiling smallvec v1.10.0
[INFO] [stderr]    Compiling rustversion v1.0.13
[INFO] [stderr]    Compiling lock_api v0.4.9
[INFO] [stderr]    Compiling eyre v0.6.8
[INFO] [stderr]    Compiling slab v0.4.7
[INFO] [stderr]    Compiling futures-core v0.3.28
[INFO] [stderr]    Compiling thiserror v1.0.49
[INFO] [stderr]    Compiling indenter v0.3.3
[INFO] [stderr]    Compiling pin-project-lite v0.2.12
[INFO] [stderr]    Compiling futures-task v0.3.28
[INFO] [stderr]    Compiling bytes v1.2.1
[INFO] [stderr]    Compiling bitflags v2.4.0
[INFO] [stderr]    Compiling futures-util v0.3.28
[INFO] [stderr]    Compiling async-trait v0.1.73
[INFO] [stderr]    Compiling indoc v2.0.4
[INFO] [stderr]    Compiling either v1.9.0
[INFO] [stderr]    Compiling makeup-ansi v0.0.2
[INFO] [stderr]    Compiling quote v1.0.33
[INFO] [stderr]    Compiling syn v2.0.37
[INFO] [stderr]    Compiling getrandom v0.2.8
[INFO] [stderr]    Compiling num_cpus v1.14.0
[INFO] [stderr]    Compiling mio v0.8.8
[INFO] [stderr]    Compiling signal-hook-registry v1.4.0
[INFO] [stderr]    Compiling socket2 v0.5.3
[INFO] [stderr]    Compiling nix v0.27.1
[INFO] [stderr]    Compiling rand_core v0.6.4
[INFO] [stderr]    Compiling parking_lot v0.12.1
[INFO] [stderr]    Compiling rand_chacha v0.3.1
[INFO] [stderr]    Compiling rand v0.8.5
[INFO] [stderr]    Compiling thiserror-impl v1.0.49
[INFO] [stderr]    Compiling tokio-macros v2.1.0
[INFO] [stderr]    Compiling strum_macros v0.25.1
[INFO] [stderr]    Compiling futures-macro v0.3.28
[INFO] [stderr]    Compiling async-recursion v1.0.5
[INFO] [stderr]    Compiling makeup-macros v0.0.1
[INFO] [stderr]    Compiling tokio v1.32.0
[INFO] [stderr]    Compiling strum v0.25.0
[INFO] [stderr]    Compiling makeup-console v0.0.5
[INFO] [stderr]    Compiling makeup v0.0.6 (/opt/rustwide/workdir)
[INFO] [stderr]     Finished dev [unoptimized + debuginfo] target(s) in 9.58s
[INFO] running `Command { std: "docker" "inspect" "7286acee6b8a366646fb5a763e713c1d0a77eaae4ca0b329d22b919e96bb8d47", kill_on_drop: false }`
[INFO] running `Command { std: "docker" "rm" "-f" "7286acee6b8a366646fb5a763e713c1d0a77eaae4ca0b329d22b919e96bb8d47", kill_on_drop: false }`
[INFO] [stdout] 7286acee6b8a366646fb5a763e713c1d0a77eaae4ca0b329d22b919e96bb8d47
[INFO] running `Command { std: "docker" "create" "-v" "/var/lib/crater-agent-workspace/builds/worker-6-tc1/target:/opt/rustwide/target:rw,Z" "-v" "/var/lib/crater-agent-workspace/builds/worker-6-tc1/source:/opt/rustwide/workdir:ro,Z" "-v" "/var/lib/crater-agent-workspace/cargo-home:/opt/rustwide/cargo-home:ro,Z" "-v" "/var/lib/crater-agent-workspace/rustup-home:/opt/rustwide/rustup-home:ro,Z" "-e" "SOURCE_DIR=/opt/rustwide/workdir" "-e" "CARGO_TARGET_DIR=/opt/rustwide/target" "-e" "CARGO_INCREMENTAL=0" "-e" "RUST_BACKTRACE=full" "-e" "RUSTFLAGS=--cap-lints=warn" "-e" "RUSTDOCFLAGS=--cap-lints=warn" "-e" "CARGO_HOME=/opt/rustwide/cargo-home" "-e" "RUSTUP_HOME=/opt/rustwide/rustup-home" "-w" "/opt/rustwide/workdir" "-m" "1610612736" "--user" "0:0" "--network" "none" "ghcr.io/rust-lang/crates-build-env/linux@sha256:2788e3201cd34a07e3172128adcd8b3090168a8e3bcc40d7c032b9dda1df7d1c" "/opt/rustwide/cargo-home/bin/cargo" "+1.75.0" "test" "--frozen" "--no-run" "--message-format=json", kill_on_drop: false }`
[INFO] [stdout] 3671c6005123a3fd622f44789c830d0be85b710211294f5ca3b620f16bc464f3
[INFO] running `Command { std: "docker" "start" "-a" "3671c6005123a3fd622f44789c830d0be85b710211294f5ca3b620f16bc464f3", kill_on_drop: false }`
[INFO] [stderr]    Compiling siphasher v0.3.10
[INFO] [stderr]    Compiling syn v1.0.103
[INFO] [stderr]    Compiling phf_shared v0.11.1
[INFO] [stderr]    Compiling phf_generator v0.11.1
[INFO] [stderr]    Compiling phf_macros v0.11.1
[INFO] [stderr]    Compiling phf v0.11.1
[INFO] [stderr]    Compiling csscolorparser v0.6.2
[INFO] [stderr]    Compiling colorgrad v0.6.2
[INFO] [stderr]    Compiling makeup v0.0.6 (/opt/rustwide/workdir)
[INFO] [stderr]     Finished test [unoptimized + debuginfo] target(s) in 5.59s
[INFO] running `Command { std: "docker" "inspect" "3671c6005123a3fd622f44789c830d0be85b710211294f5ca3b620f16bc464f3", kill_on_drop: false }`
[INFO] running `Command { std: "docker" "rm" "-f" "3671c6005123a3fd622f44789c830d0be85b710211294f5ca3b620f16bc464f3", kill_on_drop: false }`
[INFO] [stdout] 3671c6005123a3fd622f44789c830d0be85b710211294f5ca3b620f16bc464f3
[INFO] running `Command { std: "docker" "create" "-v" "/var/lib/crater-agent-workspace/builds/worker-6-tc1/target:/opt/rustwide/target:rw,Z" "-v" "/var/lib/crater-agent-workspace/builds/worker-6-tc1/source:/opt/rustwide/workdir:ro,Z" "-v" "/var/lib/crater-agent-workspace/cargo-home:/opt/rustwide/cargo-home:ro,Z" "-v" "/var/lib/crater-agent-workspace/rustup-home:/opt/rustwide/rustup-home:ro,Z" "-e" "SOURCE_DIR=/opt/rustwide/workdir" "-e" "CARGO_TARGET_DIR=/opt/rustwide/target" "-e" "CARGO_INCREMENTAL=0" "-e" "RUST_BACKTRACE=full" "-e" "RUSTFLAGS=--cap-lints=warn" "-e" "RUSTDOCFLAGS=--cap-lints=warn" "-e" "CARGO_HOME=/opt/rustwide/cargo-home" "-e" "RUSTUP_HOME=/opt/rustwide/rustup-home" "-w" "/opt/rustwide/workdir" "-m" "1610612736" "--user" "0:0" "--network" "none" "ghcr.io/rust-lang/crates-build-env/linux@sha256:2788e3201cd34a07e3172128adcd8b3090168a8e3bcc40d7c032b9dda1df7d1c" "/opt/rustwide/cargo-home/bin/cargo" "+1.75.0" "test" "--frozen", kill_on_drop: false }`
[INFO] [stdout] d4fb618c4c30417ea8cb04263e169230be21063f7e7d26b299ffcd23d98bcb61
[INFO] running `Command { std: "docker" "start" "-a" "d4fb618c4c30417ea8cb04263e169230be21063f7e7d26b299ffcd23d98bcb61", kill_on_drop: false }`
[INFO] [stderr]     Finished test [unoptimized + debuginfo] target(s) in 0.04s
[INFO] [stderr]      Running unittests src/lib.rs (/opt/rustwide/target/debug/deps/makeup-4bc7295c69127d3c)
[INFO] [stdout] 
[INFO] [stdout] running 11 tests
[INFO] [stdout] test render::tests::test_it_works ... FAILED
[INFO] [stdout] test components::positioned_text::tests::test_it_works ... FAILED
[INFO] [stdout] test ui::tests::test_ui_messaging_works ... FAILED
[INFO] [stdout] test tests::test_it_renders_children ... FAILED
[INFO] [stdout] test tests::test_it_works ... FAILED
[INFO] [stdout] test ui::tests::test_messaging_works ... FAILED
[INFO] [stdout] test components::echo_text::tests::test_it_works ... ok
[INFO] [stdout] test components::fps::tests::test_it_works ... ok
[INFO] [stdout] test test::diff::tests::test_diff_works - should panic ... ok
[INFO] [stdout] test components::text_input::tests::test_it_works ... ok
[INFO] [stdout] test components::spinner::tests::test_it_works ... ok
[INFO] [stdout] 
[INFO] [stdout] failures:
[INFO] [stdout] 
[INFO] [stdout] ---- render::tests::test_it_works stdout ----
[INFO] [stdout] Error: No such device or address (os error 6)
[INFO] [stdout] 
[INFO] [stdout] Location:
[INFO] [stdout]     /opt/rustwide/cargo-home/registry/src/index.crates.io-6f17d22bba15001f/makeup-console-0.0.5/src/lib.rs:26:13
[INFO] [stdout] 
[INFO] [stdout] ---- components::positioned_text::tests::test_it_works stdout ----
[INFO] [stdout] Error: No such device or address (os error 6)
[INFO] [stdout] 
[INFO] [stdout] Location:
[INFO] [stdout]     /opt/rustwide/cargo-home/registry/src/index.crates.io-6f17d22bba15001f/makeup-console-0.0.5/src/lib.rs:26:13
[INFO] [stdout] 
[INFO] [stdout] ---- ui::tests::test_ui_messaging_works stdout ----
[INFO] [stdout] Error: No such device or address (os error 6)
[INFO] [stdout] 
[INFO] [stdout] Location:
[INFO] [stdout]     /opt/rustwide/cargo-home/registry/src/index.crates.io-6f17d22bba15001f/makeup-console-0.0.5/src/lib.rs:26:13
[INFO] [stdout] 
[INFO] [stdout] ---- tests::test_it_renders_children stdout ----
[INFO] [stdout] Error: No such device or address (os error 6)
[INFO] [stdout] 
[INFO] [stdout] Location:
[INFO] [stdout]     /opt/rustwide/cargo-home/registry/src/index.crates.io-6f17d22bba15001f/makeup-console-0.0.5/src/lib.rs:26:13
[INFO] [stdout] 
[INFO] [stdout] ---- tests::test_it_works stdout ----
[INFO] [stdout] Error: No such device or address (os error 6)
[INFO] [stdout] 
[INFO] [stdout] Location:
[INFO] [stdout]     /opt/rustwide/cargo-home/registry/src/index.crates.io-6f17d22bba15001f/makeup-console-0.0.5/src/lib.rs:26:13
[INFO] [stdout] 
[INFO] [stdout] ---- ui::tests::test_messaging_works stdout ----
[INFO] [stdout] Error: No such device or address (os error 6)
[INFO] [stdout] 
[INFO] [stdout] Location:
[INFO] [stdout]     /opt/rustwide/cargo-home/registry/src/index.crates.io-6f17d22bba15001f/makeup-console-0.0.5/src/lib.rs:26:13
[INFO] [stdout] 
[INFO] [stdout] 
[INFO] [stdout] failures:
[INFO] [stdout]     components::positioned_text::tests::test_it_works
[INFO] [stdout]     render::tests::test_it_works
[INFO] [stdout]     tests::test_it_renders_children
[INFO] [stdout]     tests::test_it_works
[INFO] [stdout]     ui::tests::test_messaging_works
[INFO] [stdout]     ui::tests::test_ui_messaging_works
[INFO] [stdout] 
[INFO] [stdout] test result: FAILED. 5 passed; 6 failed; 0 ignored; 0 measured; 0 filtered out; finished in 0.06s
[INFO] [stdout] 
[INFO] [stderr] error: test failed, to rerun pass `--lib`
[INFO] running `Command { std: "docker" "inspect" "d4fb618c4c30417ea8cb04263e169230be21063f7e7d26b299ffcd23d98bcb61", kill_on_drop: false }`
[INFO] running `Command { std: "docker" "rm" "-f" "d4fb618c4c30417ea8cb04263e169230be21063f7e7d26b299ffcd23d98bcb61", kill_on_drop: false }`
[INFO] [stdout] d4fb618c4c30417ea8cb04263e169230be21063f7e7d26b299ffcd23d98bcb61
