[INFO] fetching crate makepad-zune-jpeg 0.3.17...
[INFO] testing makepad-zune-jpeg-0.3.17 against 1.75.0 for beta-1.76-1
[INFO] extracting crate makepad-zune-jpeg 0.3.17 into /workspace/builds/worker-1-tc1/source
[INFO] validating manifest of crates.io crate makepad-zune-jpeg 0.3.17 on toolchain 1.75.0
[INFO] running `Command { std: CARGO_HOME="/workspace/cargo-home" RUSTUP_HOME="/workspace/rustup-home" "/workspace/cargo-home/bin/cargo" "+1.75.0" "metadata" "--manifest-path" "Cargo.toml" "--no-deps", kill_on_drop: false }`
[INFO] started tweaking crates.io crate makepad-zune-jpeg 0.3.17
[INFO] finished tweaking crates.io crate makepad-zune-jpeg 0.3.17
[INFO] tweaked toml for crates.io crate makepad-zune-jpeg 0.3.17 written to /workspace/builds/worker-1-tc1/source/Cargo.toml
[INFO] running `Command { std: CARGO_HOME="/workspace/cargo-home" RUSTUP_HOME="/workspace/rustup-home" "/workspace/cargo-home/bin/cargo" "+1.75.0" "generate-lockfile" "--manifest-path" "Cargo.toml", kill_on_drop: false }`
[INFO] [stderr]     Updating crates.io index
[INFO] running `Command { std: CARGO_HOME="/workspace/cargo-home" RUSTUP_HOME="/workspace/rustup-home" "/workspace/cargo-home/bin/cargo" "+1.75.0" "fetch" "--manifest-path" "Cargo.toml", kill_on_drop: false }`
[INFO] [stderr]  Downloading crates ...
[INFO] [stderr]   Downloaded makepad-zune-core v0.2.14
[INFO] running `Command { std: "docker" "create" "-v" "/var/lib/crater-agent-workspace/builds/worker-1-tc1/target:/opt/rustwide/target:rw,Z" "-v" "/var/lib/crater-agent-workspace/builds/worker-1-tc1/source:/opt/rustwide/workdir:ro,Z" "-v" "/var/lib/crater-agent-workspace/cargo-home:/opt/rustwide/cargo-home:ro,Z" "-v" "/var/lib/crater-agent-workspace/rustup-home:/opt/rustwide/rustup-home:ro,Z" "-e" "SOURCE_DIR=/opt/rustwide/workdir" "-e" "CARGO_TARGET_DIR=/opt/rustwide/target" "-e" "CARGO_HOME=/opt/rustwide/cargo-home" "-e" "RUSTUP_HOME=/opt/rustwide/rustup-home" "-w" "/opt/rustwide/workdir" "-m" "1610612736" "--user" "0:0" "--network" "none" "ghcr.io/rust-lang/crates-build-env/linux@sha256:2788e3201cd34a07e3172128adcd8b3090168a8e3bcc40d7c032b9dda1df7d1c" "/opt/rustwide/cargo-home/bin/cargo" "+1.75.0" "metadata" "--no-deps" "--format-version=1", kill_on_drop: false }`
[INFO] [stdout] 81d544c0eb5742de206ef735ff734c6024145d5865baf70002ed7089ba3fbc10
[INFO] running `Command { std: "docker" "start" "-a" "81d544c0eb5742de206ef735ff734c6024145d5865baf70002ed7089ba3fbc10", kill_on_drop: false }`
[INFO] running `Command { std: "docker" "inspect" "81d544c0eb5742de206ef735ff734c6024145d5865baf70002ed7089ba3fbc10", kill_on_drop: false }`
[INFO] running `Command { std: "docker" "rm" "-f" "81d544c0eb5742de206ef735ff734c6024145d5865baf70002ed7089ba3fbc10", kill_on_drop: false }`
[INFO] [stdout] 81d544c0eb5742de206ef735ff734c6024145d5865baf70002ed7089ba3fbc10
[INFO] running `Command { std: "docker" "create" "-v" "/var/lib/crater-agent-workspace/builds/worker-1-tc1/target:/opt/rustwide/target:rw,Z" "-v" "/var/lib/crater-agent-workspace/builds/worker-1-tc1/source:/opt/rustwide/workdir:ro,Z" "-v" "/var/lib/crater-agent-workspace/cargo-home:/opt/rustwide/cargo-home:ro,Z" "-v" "/var/lib/crater-agent-workspace/rustup-home:/opt/rustwide/rustup-home:ro,Z" "-e" "SOURCE_DIR=/opt/rustwide/workdir" "-e" "CARGO_TARGET_DIR=/opt/rustwide/target" "-e" "CARGO_INCREMENTAL=0" "-e" "RUST_BACKTRACE=full" "-e" "RUSTFLAGS=--cap-lints=warn" "-e" "RUSTDOCFLAGS=--cap-lints=warn" "-e" "CARGO_HOME=/opt/rustwide/cargo-home" "-e" "RUSTUP_HOME=/opt/rustwide/rustup-home" "-w" "/opt/rustwide/workdir" "-m" "1610612736" "--user" "0:0" "--network" "none" "ghcr.io/rust-lang/crates-build-env/linux@sha256:2788e3201cd34a07e3172128adcd8b3090168a8e3bcc40d7c032b9dda1df7d1c" "/opt/rustwide/cargo-home/bin/cargo" "+1.75.0" "build" "--frozen" "--message-format=json", kill_on_drop: false }`
[INFO] [stdout] e90de370630a21119891c5d796e0716512754a619c4b15e321b91dfdfeebe009
[INFO] running `Command { std: "docker" "start" "-a" "e90de370630a21119891c5d796e0716512754a619c4b15e321b91dfdfeebe009", kill_on_drop: false }`
[INFO] [stderr]    Compiling bitflags v2.4.1
[INFO] [stderr]    Compiling makepad-zune-core v0.2.14
[INFO] [stderr]    Compiling makepad-zune-jpeg v0.3.17 (/opt/rustwide/workdir)
[INFO] [stderr]     Finished dev [unoptimized + debuginfo] target(s) in 0.74s
[INFO] running `Command { std: "docker" "inspect" "e90de370630a21119891c5d796e0716512754a619c4b15e321b91dfdfeebe009", kill_on_drop: false }`
[INFO] running `Command { std: "docker" "rm" "-f" "e90de370630a21119891c5d796e0716512754a619c4b15e321b91dfdfeebe009", kill_on_drop: false }`
[INFO] [stdout] e90de370630a21119891c5d796e0716512754a619c4b15e321b91dfdfeebe009
[INFO] running `Command { std: "docker" "create" "-v" "/var/lib/crater-agent-workspace/builds/worker-1-tc1/target:/opt/rustwide/target:rw,Z" "-v" "/var/lib/crater-agent-workspace/builds/worker-1-tc1/source:/opt/rustwide/workdir:ro,Z" "-v" "/var/lib/crater-agent-workspace/cargo-home:/opt/rustwide/cargo-home:ro,Z" "-v" "/var/lib/crater-agent-workspace/rustup-home:/opt/rustwide/rustup-home:ro,Z" "-e" "SOURCE_DIR=/opt/rustwide/workdir" "-e" "CARGO_TARGET_DIR=/opt/rustwide/target" "-e" "CARGO_INCREMENTAL=0" "-e" "RUST_BACKTRACE=full" "-e" "RUSTFLAGS=--cap-lints=warn" "-e" "RUSTDOCFLAGS=--cap-lints=warn" "-e" "CARGO_HOME=/opt/rustwide/cargo-home" "-e" "RUSTUP_HOME=/opt/rustwide/rustup-home" "-w" "/opt/rustwide/workdir" "-m" "1610612736" "--user" "0:0" "--network" "none" "ghcr.io/rust-lang/crates-build-env/linux@sha256:2788e3201cd34a07e3172128adcd8b3090168a8e3bcc40d7c032b9dda1df7d1c" "/opt/rustwide/cargo-home/bin/cargo" "+1.75.0" "test" "--frozen" "--no-run" "--message-format=json", kill_on_drop: false }`
[INFO] [stdout] e70bb61c1d1aa1a1cf0262ca0aa37aa85d64a70080487d8bc25e5390016c9f43
[INFO] running `Command { std: "docker" "start" "-a" "e70bb61c1d1aa1a1cf0262ca0aa37aa85d64a70080487d8bc25e5390016c9f43", kill_on_drop: false }`
[INFO] [stderr]    Compiling makepad-zune-jpeg v0.3.17 (/opt/rustwide/workdir)
[INFO] [stderr]     Finished test [unoptimized + debuginfo] target(s) in 0.63s
[INFO] running `Command { std: "docker" "inspect" "e70bb61c1d1aa1a1cf0262ca0aa37aa85d64a70080487d8bc25e5390016c9f43", kill_on_drop: false }`
[INFO] running `Command { std: "docker" "rm" "-f" "e70bb61c1d1aa1a1cf0262ca0aa37aa85d64a70080487d8bc25e5390016c9f43", kill_on_drop: false }`
[INFO] [stdout] e70bb61c1d1aa1a1cf0262ca0aa37aa85d64a70080487d8bc25e5390016c9f43
[INFO] running `Command { std: "docker" "create" "-v" "/var/lib/crater-agent-workspace/builds/worker-1-tc1/target:/opt/rustwide/target:rw,Z" "-v" "/var/lib/crater-agent-workspace/builds/worker-1-tc1/source:/opt/rustwide/workdir:ro,Z" "-v" "/var/lib/crater-agent-workspace/cargo-home:/opt/rustwide/cargo-home:ro,Z" "-v" "/var/lib/crater-agent-workspace/rustup-home:/opt/rustwide/rustup-home:ro,Z" "-e" "SOURCE_DIR=/opt/rustwide/workdir" "-e" "CARGO_TARGET_DIR=/opt/rustwide/target" "-e" "CARGO_INCREMENTAL=0" "-e" "RUST_BACKTRACE=full" "-e" "RUSTFLAGS=--cap-lints=warn" "-e" "RUSTDOCFLAGS=--cap-lints=warn" "-e" "CARGO_HOME=/opt/rustwide/cargo-home" "-e" "RUSTUP_HOME=/opt/rustwide/rustup-home" "-w" "/opt/rustwide/workdir" "-m" "1610612736" "--user" "0:0" "--network" "none" "ghcr.io/rust-lang/crates-build-env/linux@sha256:2788e3201cd34a07e3172128adcd8b3090168a8e3bcc40d7c032b9dda1df7d1c" "/opt/rustwide/cargo-home/bin/cargo" "+1.75.0" "test" "--frozen", kill_on_drop: false }`
[INFO] [stdout] 955f99085ef0d996c0e9b8b24dcb74fd5f4348d8a14cafbf3f7a4ec74f132a8a
[INFO] running `Command { std: "docker" "start" "-a" "955f99085ef0d996c0e9b8b24dcb74fd5f4348d8a14cafbf3f7a4ec74f132a8a", kill_on_drop: false }`
[INFO] [stderr]     Finished test [unoptimized + debuginfo] target(s) in 0.00s
[INFO] [stderr]      Running unittests src/lib.rs (/opt/rustwide/target/debug/deps/makepad_zune_jpeg-68ff91b20cb740c4)
[INFO] [stdout] 
[INFO] [stdout] running 4 tests
[INFO] [stdout] test idct::tests::do_idct_test2 ... ok
[INFO] [stdout] test idct::tests::do_idct_test1 ... ok
[INFO] [stdout] test idct::tests::idct_test0 ... ok
[INFO] [stdout] test idct::tests::do_idct_zeros ... ok
[INFO] [stdout] 
[INFO] [stdout] test result: ok. 4 passed; 0 failed; 0 ignored; 0 measured; 0 filtered out; finished in 0.00s
[INFO] [stdout] 
[INFO] [stderr]    Doc-tests makepad-zune-jpeg
[INFO] [stdout] 
[INFO] [stdout] running 7 tests
[INFO] [stdout] test src/decoder.rs - decoder::JpegDecoder<T>::get_options (line 274) - compile ... FAILED
[INFO] [stdout] test src/lib.rs - (line 31) - compile ... FAILED
[INFO] [stdout] test src/lib.rs - (line 43) - compile ... FAILED
[INFO] [stdout] test src/decoder.rs - decoder::JpegDecoder<T>::set_options (line 316) - compile ... FAILED
[INFO] [stdout] test src/decoder.rs - decoder::JpegDecoder<T>::decode_headers (line 718) - compile ... FAILED
[INFO] [stdout] test src/decoder.rs - decoder::JpegDecoder<T>::decode_into (line 678) - compile ... FAILED
[INFO] [stdout] test src/lib.rs - (line 55) - compile ... FAILED
[INFO] [stdout] 
[INFO] [stdout] failures:
[INFO] [stdout] 
[INFO] [stdout] ---- src/decoder.rs - decoder::JpegDecoder<T>::get_options (line 274) stdout ----
[INFO] [stdout] error[E0432]: unresolved import `zune_jpeg`
[INFO] [stdout]  --> src/decoder.rs:275:5
[INFO] [stdout]   |
[INFO] [stdout] 3 | use zune_jpeg::JpegDecoder;
[INFO] [stdout]   |     ^^^^^^^^^ use of undeclared crate or module `zune_jpeg`
[INFO] [stdout] 
[INFO] [stdout] error: aborting due to previous error
[INFO] [stdout] 
[INFO] [stdout] For more information about this error, try `rustc --explain E0432`.
[INFO] [stdout] Couldn't compile the test.
[INFO] [stdout] ---- src/lib.rs - (line 31) stdout ----
[INFO] [stdout] error[E0432]: unresolved import `zune_jpeg`
[INFO] [stdout]  --> src/lib.rs:33:6
[INFO] [stdout]   |
[INFO] [stdout] 4 |  use zune_jpeg::JpegDecoder;
[INFO] [stdout]   |      ^^^^^^^^^ use of undeclared crate or module `zune_jpeg`
[INFO] [stdout] 
[INFO] [stdout] error: aborting due to previous error
[INFO] [stdout] 
[INFO] [stdout] For more information about this error, try `rustc --explain E0432`.
[INFO] [stdout] Couldn't compile the test.
[INFO] [stdout] ---- src/lib.rs - (line 43) stdout ----
[INFO] [stdout] error[E0433]: failed to resolve: use of undeclared crate or module `zune_core`
[INFO] [stdout]  --> src/lib.rs:44:5
[INFO] [stdout]   |
[INFO] [stdout] 3 | use zune_core::colorspace::ColorSpace;
[INFO] [stdout]   |     ^^^^^^^^^ use of undeclared crate or module `zune_core`
[INFO] [stdout] 
[INFO] [stdout] error[E0433]: failed to resolve: use of undeclared crate or module `zune_core`
[INFO] [stdout]  --> src/lib.rs:45:6
[INFO] [stdout]   |
[INFO] [stdout] 4 |  use zune_core::options::DecoderOptions;
[INFO] [stdout]   |      ^^^^^^^^^ use of undeclared crate or module `zune_core`
[INFO] [stdout] 
[INFO] [stdout] error[E0432]: unresolved import `zune_jpeg`
[INFO] [stdout]  --> src/lib.rs:46:6
[INFO] [stdout]   |
[INFO] [stdout] 5 |  use zune_jpeg::JpegDecoder;
[INFO] [stdout]   |      ^^^^^^^^^ use of undeclared crate or module `zune_jpeg`
[INFO] [stdout] 
[INFO] [stdout] error: aborting due to 3 previous errors
[INFO] [stdout] 
[INFO] [stdout] Some errors have detailed explanations: E0432, E0433.
[INFO] [stdout] For more information about an error, try `rustc --explain E0432`.
[INFO] [stdout] Couldn't compile the test.
[INFO] [stdout] ---- src/decoder.rs - decoder::JpegDecoder<T>::set_options (line 316) stdout ----
[INFO] [stdout] error[E0432]: unresolved import `zune_jpeg`
[INFO] [stdout]  --> src/decoder.rs:317:5
[INFO] [stdout]   |
[INFO] [stdout] 3 | use zune_jpeg::JpegDecoder;
[INFO] [stdout]   |     ^^^^^^^^^ use of undeclared crate or module `zune_jpeg`
[INFO] [stdout] 
[INFO] [stdout] error: aborting due to previous error
[INFO] [stdout] 
[INFO] [stdout] For more information about this error, try `rustc --explain E0432`.
[INFO] [stdout] Couldn't compile the test.
[INFO] [stdout] ---- src/decoder.rs - decoder::JpegDecoder<T>::decode_headers (line 718) stdout ----
[INFO] [stdout] error[E0432]: unresolved import `zune_jpeg`
[INFO] [stdout]  --> src/decoder.rs:719:5
[INFO] [stdout]   |
[INFO] [stdout] 3 | use zune_jpeg::{JpegDecoder};
[INFO] [stdout]   |     ^^^^^^^^^ use of undeclared crate or module `zune_jpeg`
[INFO] [stdout] 
[INFO] [stdout] error: aborting due to previous error
[INFO] [stdout] 
[INFO] [stdout] For more information about this error, try `rustc --explain E0432`.
[INFO] [stdout] Couldn't compile the test.
[INFO] [stdout] ---- src/decoder.rs - decoder::JpegDecoder<T>::decode_into (line 678) stdout ----
[INFO] [stdout] error[E0432]: unresolved import `zune_jpeg`
[INFO] [stdout]  --> src/decoder.rs:679:5
[INFO] [stdout]   |
[INFO] [stdout] 3 | use zune_jpeg::JpegDecoder;
[INFO] [stdout]   |     ^^^^^^^^^ use of undeclared crate or module `zune_jpeg`
[INFO] [stdout] 
[INFO] [stdout] error: aborting due to previous error
[INFO] [stdout] 
[INFO] [stdout] For more information about this error, try `rustc --explain E0432`.
[INFO] [stdout] Couldn't compile the test.
[INFO] [stdout] ---- src/lib.rs - (line 55) stdout ----
[INFO] [stdout] error[E0432]: unresolved import `zune_jpeg`
[INFO] [stdout]  --> src/lib.rs:56:5
[INFO] [stdout]   |
[INFO] [stdout] 3 | use zune_jpeg::JpegDecoder;
[INFO] [stdout]   |     ^^^^^^^^^ use of undeclared crate or module `zune_jpeg`
[INFO] [stdout] 
[INFO] [stdout] error: aborting due to previous error
[INFO] [stdout] 
[INFO] [stdout] For more information about this error, try `rustc --explain E0432`.
[INFO] [stdout] Couldn't compile the test.
[INFO] [stdout] 
[INFO] [stdout] failures:
[INFO] [stdout]     src/decoder.rs - decoder::JpegDecoder<T>::decode_headers (line 718)
[INFO] [stdout]     src/decoder.rs - decoder::JpegDecoder<T>::decode_into (line 678)
[INFO] [stdout]     src/decoder.rs - decoder::JpegDecoder<T>::get_options (line 274)
[INFO] [stdout]     src/decoder.rs - decoder::JpegDecoder<T>::set_options (line 316)
[INFO] [stdout]     src/lib.rs - (line 31)
[INFO] [stdout]     src/lib.rs - (line 43)
[INFO] [stdout]     src/lib.rs - (line 55)
[INFO] [stdout] 
[INFO] [stdout] test result: FAILED. 0 passed; 7 failed; 0 ignored; 0 measured; 0 filtered out; finished in 0.04s
[INFO] [stdout] 
[INFO] [stderr] error: doctest failed, to rerun pass `--doc`
[INFO] running `Command { std: "docker" "inspect" "955f99085ef0d996c0e9b8b24dcb74fd5f4348d8a14cafbf3f7a4ec74f132a8a", kill_on_drop: false }`
[INFO] running `Command { std: "docker" "rm" "-f" "955f99085ef0d996c0e9b8b24dcb74fd5f4348d8a14cafbf3f7a4ec74f132a8a", kill_on_drop: false }`
[INFO] [stdout] 955f99085ef0d996c0e9b8b24dcb74fd5f4348d8a14cafbf3f7a4ec74f132a8a
