[INFO] fetching crate makepad-zune-core 0.2.14...
[INFO] testing makepad-zune-core-0.2.14 against 1.75.0 for beta-1.76-1
[INFO] extracting crate makepad-zune-core 0.2.14 into /workspace/builds/worker-5-tc1/source
[INFO] validating manifest of crates.io crate makepad-zune-core 0.2.14 on toolchain 1.75.0
[INFO] running `Command { std: CARGO_HOME="/workspace/cargo-home" RUSTUP_HOME="/workspace/rustup-home" "/workspace/cargo-home/bin/cargo" "+1.75.0" "metadata" "--manifest-path" "Cargo.toml" "--no-deps", kill_on_drop: false }`
[INFO] started tweaking crates.io crate makepad-zune-core 0.2.14
[INFO] finished tweaking crates.io crate makepad-zune-core 0.2.14
[INFO] tweaked toml for crates.io crate makepad-zune-core 0.2.14 written to /workspace/builds/worker-5-tc1/source/Cargo.toml
[INFO] running `Command { std: CARGO_HOME="/workspace/cargo-home" RUSTUP_HOME="/workspace/rustup-home" "/workspace/cargo-home/bin/cargo" "+1.75.0" "generate-lockfile" "--manifest-path" "Cargo.toml", kill_on_drop: false }`
[INFO] [stderr]     Updating crates.io index
[INFO] running `Command { std: CARGO_HOME="/workspace/cargo-home" RUSTUP_HOME="/workspace/rustup-home" "/workspace/cargo-home/bin/cargo" "+1.75.0" "fetch" "--manifest-path" "Cargo.toml", kill_on_drop: false }`
[INFO] running `Command { std: "docker" "create" "-v" "/var/lib/crater-agent-workspace/builds/worker-5-tc1/target:/opt/rustwide/target:rw,Z" "-v" "/var/lib/crater-agent-workspace/builds/worker-5-tc1/source:/opt/rustwide/workdir:ro,Z" "-v" "/var/lib/crater-agent-workspace/cargo-home:/opt/rustwide/cargo-home:ro,Z" "-v" "/var/lib/crater-agent-workspace/rustup-home:/opt/rustwide/rustup-home:ro,Z" "-e" "SOURCE_DIR=/opt/rustwide/workdir" "-e" "CARGO_TARGET_DIR=/opt/rustwide/target" "-e" "CARGO_HOME=/opt/rustwide/cargo-home" "-e" "RUSTUP_HOME=/opt/rustwide/rustup-home" "-w" "/opt/rustwide/workdir" "-m" "1610612736" "--user" "0:0" "--network" "none" "ghcr.io/rust-lang/crates-build-env/linux@sha256:2788e3201cd34a07e3172128adcd8b3090168a8e3bcc40d7c032b9dda1df7d1c" "/opt/rustwide/cargo-home/bin/cargo" "+1.75.0" "metadata" "--no-deps" "--format-version=1", kill_on_drop: false }`
[INFO] [stdout] 1a1a5f7e0dff1af61f7c642fbac29ceabe5d635a2c73ba55a780b23eae7c673b
[INFO] running `Command { std: "docker" "start" "-a" "1a1a5f7e0dff1af61f7c642fbac29ceabe5d635a2c73ba55a780b23eae7c673b", kill_on_drop: false }`
[INFO] running `Command { std: "docker" "inspect" "1a1a5f7e0dff1af61f7c642fbac29ceabe5d635a2c73ba55a780b23eae7c673b", kill_on_drop: false }`
[INFO] running `Command { std: "docker" "rm" "-f" "1a1a5f7e0dff1af61f7c642fbac29ceabe5d635a2c73ba55a780b23eae7c673b", kill_on_drop: false }`
[INFO] [stdout] 1a1a5f7e0dff1af61f7c642fbac29ceabe5d635a2c73ba55a780b23eae7c673b
[INFO] running `Command { std: "docker" "create" "-v" "/var/lib/crater-agent-workspace/builds/worker-5-tc1/target:/opt/rustwide/target:rw,Z" "-v" "/var/lib/crater-agent-workspace/builds/worker-5-tc1/source:/opt/rustwide/workdir:ro,Z" "-v" "/var/lib/crater-agent-workspace/cargo-home:/opt/rustwide/cargo-home:ro,Z" "-v" "/var/lib/crater-agent-workspace/rustup-home:/opt/rustwide/rustup-home:ro,Z" "-e" "SOURCE_DIR=/opt/rustwide/workdir" "-e" "CARGO_TARGET_DIR=/opt/rustwide/target" "-e" "CARGO_INCREMENTAL=0" "-e" "RUST_BACKTRACE=full" "-e" "RUSTFLAGS=--cap-lints=warn" "-e" "RUSTDOCFLAGS=--cap-lints=warn" "-e" "CARGO_HOME=/opt/rustwide/cargo-home" "-e" "RUSTUP_HOME=/opt/rustwide/rustup-home" "-w" "/opt/rustwide/workdir" "-m" "1610612736" "--user" "0:0" "--network" "none" "ghcr.io/rust-lang/crates-build-env/linux@sha256:2788e3201cd34a07e3172128adcd8b3090168a8e3bcc40d7c032b9dda1df7d1c" "/opt/rustwide/cargo-home/bin/cargo" "+1.75.0" "build" "--frozen" "--message-format=json", kill_on_drop: false }`
[INFO] [stdout] 2c8bbe67d28e4c55904e3581af773e66af6b9a1823d140c8c277c404b453c478
[INFO] running `Command { std: "docker" "start" "-a" "2c8bbe67d28e4c55904e3581af773e66af6b9a1823d140c8c277c404b453c478", kill_on_drop: false }`
[INFO] [stderr]    Compiling makepad-zune-core v0.2.14 (/opt/rustwide/workdir)
[INFO] [stderr]     Finished dev [unoptimized + debuginfo] target(s) in 0.29s
[INFO] running `Command { std: "docker" "inspect" "2c8bbe67d28e4c55904e3581af773e66af6b9a1823d140c8c277c404b453c478", kill_on_drop: false }`
[INFO] running `Command { std: "docker" "rm" "-f" "2c8bbe67d28e4c55904e3581af773e66af6b9a1823d140c8c277c404b453c478", kill_on_drop: false }`
[INFO] [stdout] 2c8bbe67d28e4c55904e3581af773e66af6b9a1823d140c8c277c404b453c478
[INFO] running `Command { std: "docker" "create" "-v" "/var/lib/crater-agent-workspace/builds/worker-5-tc1/target:/opt/rustwide/target:rw,Z" "-v" "/var/lib/crater-agent-workspace/builds/worker-5-tc1/source:/opt/rustwide/workdir:ro,Z" "-v" "/var/lib/crater-agent-workspace/cargo-home:/opt/rustwide/cargo-home:ro,Z" "-v" "/var/lib/crater-agent-workspace/rustup-home:/opt/rustwide/rustup-home:ro,Z" "-e" "SOURCE_DIR=/opt/rustwide/workdir" "-e" "CARGO_TARGET_DIR=/opt/rustwide/target" "-e" "CARGO_INCREMENTAL=0" "-e" "RUST_BACKTRACE=full" "-e" "RUSTFLAGS=--cap-lints=warn" "-e" "RUSTDOCFLAGS=--cap-lints=warn" "-e" "CARGO_HOME=/opt/rustwide/cargo-home" "-e" "RUSTUP_HOME=/opt/rustwide/rustup-home" "-w" "/opt/rustwide/workdir" "-m" "1610612736" "--user" "0:0" "--network" "none" "ghcr.io/rust-lang/crates-build-env/linux@sha256:2788e3201cd34a07e3172128adcd8b3090168a8e3bcc40d7c032b9dda1df7d1c" "/opt/rustwide/cargo-home/bin/cargo" "+1.75.0" "test" "--frozen" "--no-run" "--message-format=json", kill_on_drop: false }`
[INFO] [stdout] c2d8a68830fd320181dd662238aa693e36ff9dc672c1d6c24cf4715daeede77a
[INFO] running `Command { std: "docker" "start" "-a" "c2d8a68830fd320181dd662238aa693e36ff9dc672c1d6c24cf4715daeede77a", kill_on_drop: false }`
[INFO] [stderr]    Compiling makepad-zune-core v0.2.14 (/opt/rustwide/workdir)
[INFO] [stderr]     Finished test [unoptimized + debuginfo] target(s) in 0.43s
[INFO] running `Command { std: "docker" "inspect" "c2d8a68830fd320181dd662238aa693e36ff9dc672c1d6c24cf4715daeede77a", kill_on_drop: false }`
[INFO] running `Command { std: "docker" "rm" "-f" "c2d8a68830fd320181dd662238aa693e36ff9dc672c1d6c24cf4715daeede77a", kill_on_drop: false }`
[INFO] [stdout] c2d8a68830fd320181dd662238aa693e36ff9dc672c1d6c24cf4715daeede77a
[INFO] running `Command { std: "docker" "create" "-v" "/var/lib/crater-agent-workspace/builds/worker-5-tc1/target:/opt/rustwide/target:rw,Z" "-v" "/var/lib/crater-agent-workspace/builds/worker-5-tc1/source:/opt/rustwide/workdir:ro,Z" "-v" "/var/lib/crater-agent-workspace/cargo-home:/opt/rustwide/cargo-home:ro,Z" "-v" "/var/lib/crater-agent-workspace/rustup-home:/opt/rustwide/rustup-home:ro,Z" "-e" "SOURCE_DIR=/opt/rustwide/workdir" "-e" "CARGO_TARGET_DIR=/opt/rustwide/target" "-e" "CARGO_INCREMENTAL=0" "-e" "RUST_BACKTRACE=full" "-e" "RUSTFLAGS=--cap-lints=warn" "-e" "RUSTDOCFLAGS=--cap-lints=warn" "-e" "CARGO_HOME=/opt/rustwide/cargo-home" "-e" "RUSTUP_HOME=/opt/rustwide/rustup-home" "-w" "/opt/rustwide/workdir" "-m" "1610612736" "--user" "0:0" "--network" "none" "ghcr.io/rust-lang/crates-build-env/linux@sha256:2788e3201cd34a07e3172128adcd8b3090168a8e3bcc40d7c032b9dda1df7d1c" "/opt/rustwide/cargo-home/bin/cargo" "+1.75.0" "test" "--frozen", kill_on_drop: false }`
[INFO] [stdout] 05d1c315ebdc165f54addce753817cec872d1612fc8b64df49616efa0e4a3d9b
[INFO] running `Command { std: "docker" "start" "-a" "05d1c315ebdc165f54addce753817cec872d1612fc8b64df49616efa0e4a3d9b", kill_on_drop: false }`
[INFO] [stderr]     Finished test [unoptimized + debuginfo] target(s) in 0.01s
[INFO] [stderr]      Running unittests src/lib.rs (/opt/rustwide/target/debug/deps/makepad_zune_core-4b5e785b1a09a4dc)
[INFO] [stdout] 
[INFO] [stdout] running 0 tests
[INFO] [stdout] 
[INFO] [stdout] test result: ok. 0 passed; 0 failed; 0 ignored; 0 measured; 0 filtered out; finished in 0.00s
[INFO] [stdout] 
[INFO] [stderr]    Doc-tests makepad-zune-core
[INFO] [stdout] 
[INFO] [stdout] running 16 tests
[INFO] [stdout] test src/bit_depth.rs - bit_depth::BitDepth::size_of (line 128) ... FAILED
[INFO] [stdout] test src/bit_depth.rs - bit_depth::BitDepth::bit_type (line 103) ... FAILED
[INFO] [stdout] test src/bytestream/reader.rs - bytestream::reader::ZByteReader<T>::skip (line 73) ... FAILED
[INFO] [stdout] test src/bytestream/reader.rs - bytestream::reader::ZByteReader<T>::has (line 101) ... FAILED
[INFO] [stdout] test src/bytestream/reader.rs - bytestream::reader::ZByteReader<T>::get_fixed_bytes_or_zero (line 228) ... FAILED
[INFO] [stdout] test src/bytestream/reader.rs - bytestream::reader::ZByteReader<T>::get_fixed_bytes_or_err (line 195) ... FAILED
[INFO] [stdout] test src/bytestream/reader.rs - bytestream::reader::ZByteReader<T>::skip_until_false (line 256) ... FAILED
[INFO] [stdout] test src/bytestream/traits.rs - bytestream::traits::ZReaderTrait::get_slice (line 45) ... FAILED
[INFO] [stdout] test src/bytestream/writer.rs - bytestream::writer::ZByteWriter<'a>::bytes_left (line 82) ... FAILED
[INFO] [stdout] test src/bytestream/writer.rs - bytestream::writer::ZByteWriter<'a>::rewind (line 187) ... FAILED
[INFO] [stdout] test src/bytestream/writer.rs - bytestream::writer::ZByteWriter<'a>::position (line 95) ... FAILED
[INFO] [stdout] test src/bytestream/writer.rs - bytestream::writer::ZByteWriter<'a>::has (line 147) ... FAILED
[INFO] [stdout] test src/bytestream/writer.rs - bytestream::writer::ZByteWriter<'a>::write_u8_err (line 108) ... FAILED
[INFO] [stdout] test src/result.rs - result::DecodingResult::u16 (line 54) ... FAILED
[INFO] [stdout] test src/bytestream/writer.rs - bytestream::writer::ZByteWriter<'a>::write_u8_err (line 115) ... FAILED
[INFO] [stdout] test src/result.rs - result::DecodingResult::u8 (line 29) ... FAILED
[INFO] [stdout] 
[INFO] [stdout] failures:
[INFO] [stdout] 
[INFO] [stdout] ---- src/bit_depth.rs - bit_depth::BitDepth::size_of (line 128) stdout ----
[INFO] [stdout] error[E0433]: failed to resolve: use of undeclared crate or module `zune_core`
[INFO] [stdout]  --> src/bit_depth.rs:129:5
[INFO] [stdout]   |
[INFO] [stdout] 3 | use zune_core::bit_depth::BitDepth;
[INFO] [stdout]   |     ^^^^^^^^^ use of undeclared crate or module `zune_core`
[INFO] [stdout] 
[INFO] [stdout] error: aborting due to previous error
[INFO] [stdout] 
[INFO] [stdout] For more information about this error, try `rustc --explain E0433`.
[INFO] [stdout] Couldn't compile the test.
[INFO] [stdout] ---- src/bit_depth.rs - bit_depth::BitDepth::bit_type (line 103) stdout ----
[INFO] [stdout] error[E0433]: failed to resolve: use of undeclared crate or module `zune_core`
[INFO] [stdout]  --> src/bit_depth.rs:104:5
[INFO] [stdout]   |
[INFO] [stdout] 3 | use zune_core::bit_depth::{BitDepth, BitType};
[INFO] [stdout]   |     ^^^^^^^^^ use of undeclared crate or module `zune_core`
[INFO] [stdout] 
[INFO] [stdout] error: aborting due to previous error
[INFO] [stdout] 
[INFO] [stdout] For more information about this error, try `rustc --explain E0433`.
[INFO] [stdout] Couldn't compile the test.
[INFO] [stdout] ---- src/bytestream/reader.rs - bytestream::reader::ZByteReader<T>::skip (line 73) stdout ----
[INFO] [stdout] error[E0433]: failed to resolve: use of undeclared crate or module `zune_core`
[INFO] [stdout]  --> src/bytestream/reader.rs:74:5
[INFO] [stdout]   |
[INFO] [stdout] 3 | use zune_core::bytestream::ZByteReader;
[INFO] [stdout]   |     ^^^^^^^^^ use of undeclared crate or module `zune_core`
[INFO] [stdout] 
[INFO] [stdout] error: aborting due to previous error
[INFO] [stdout] 
[INFO] [stdout] For more information about this error, try `rustc --explain E0433`.
[INFO] [stdout] Couldn't compile the test.
[INFO] [stdout] ---- src/bytestream/reader.rs - bytestream::reader::ZByteReader<T>::has (line 101) stdout ----
[INFO] [stdout] error[E0433]: failed to resolve: use of undeclared crate or module `zune_core`
[INFO] [stdout]  --> src/bytestream/reader.rs:102:5
[INFO] [stdout]   |
[INFO] [stdout] 3 | use zune_core::bytestream::ZByteReader;
[INFO] [stdout]   |     ^^^^^^^^^ use of undeclared crate or module `zune_core`
[INFO] [stdout] 
[INFO] [stdout] error: aborting due to previous error
[INFO] [stdout] 
[INFO] [stdout] For more information about this error, try `rustc --explain E0433`.
[INFO] [stdout] Couldn't compile the test.
[INFO] [stdout] ---- src/bytestream/reader.rs - bytestream::reader::ZByteReader<T>::get_fixed_bytes_or_zero (line 228) stdout ----
[INFO] [stdout] error[E0433]: failed to resolve: use of undeclared crate or module `zune_core`
[INFO] [stdout]  --> src/bytestream/reader.rs:229:5
[INFO] [stdout]   |
[INFO] [stdout] 3 | use zune_core::bytestream::ZByteReader;
[INFO] [stdout]   |     ^^^^^^^^^ use of undeclared crate or module `zune_core`
[INFO] [stdout] 
[INFO] [stdout] error: aborting due to previous error
[INFO] [stdout] 
[INFO] [stdout] For more information about this error, try `rustc --explain E0433`.
[INFO] [stdout] Couldn't compile the test.
[INFO] [stdout] ---- src/bytestream/reader.rs - bytestream::reader::ZByteReader<T>::get_fixed_bytes_or_err (line 195) stdout ----
[INFO] [stdout] error[E0433]: failed to resolve: use of undeclared crate or module `zune_core`
[INFO] [stdout]  --> src/bytestream/reader.rs:196:5
[INFO] [stdout]   |
[INFO] [stdout] 3 | use zune_core::bytestream::ZByteReader;
[INFO] [stdout]   |     ^^^^^^^^^ use of undeclared crate or module `zune_core`
[INFO] [stdout] 
[INFO] [stdout] error: aborting due to previous error
[INFO] [stdout] 
[INFO] [stdout] For more information about this error, try `rustc --explain E0433`.
[INFO] [stdout] Couldn't compile the test.
[INFO] [stdout] ---- src/bytestream/reader.rs - bytestream::reader::ZByteReader<T>::skip_until_false (line 256) stdout ----
[INFO] [stdout] error[E0433]: failed to resolve: use of undeclared crate or module `zune_core`
[INFO] [stdout]  --> src/bytestream/reader.rs:257:5
[INFO] [stdout]   |
[INFO] [stdout] 3 | use zune_core::bytestream::ZByteReader;
[INFO] [stdout]   |     ^^^^^^^^^ use of undeclared crate or module `zune_core`
[INFO] [stdout] 
[INFO] [stdout] error: aborting due to previous error
[INFO] [stdout] 
[INFO] [stdout] For more information about this error, try `rustc --explain E0433`.
[INFO] [stdout] Couldn't compile the test.
[INFO] [stdout] ---- src/bytestream/traits.rs - bytestream::traits::ZReaderTrait::get_slice (line 45) stdout ----
[INFO] [stdout] error[E0433]: failed to resolve: use of undeclared crate or module `zune_core`
[INFO] [stdout]  --> src/bytestream/traits.rs:48:5
[INFO] [stdout]   |
[INFO] [stdout] 5 | use zune_core::bytestream::ZReaderTrait;
[INFO] [stdout]   |     ^^^^^^^^^ use of undeclared crate or module `zune_core`
[INFO] [stdout] 
[INFO] [stdout] error[E0599]: no method named `get_slice` found for struct `Vec<u8>` in the current scope
[INFO] [stdout]   --> src/bytestream/traits.rs:53:16
[INFO] [stdout]    |
[INFO] [stdout] 10 | let re = bytes.get_slice(0..10).unwrap();
[INFO] [stdout]    |                ^^^^^^^^^ help: there is a method with a similar name: `as_slice`
[INFO] [stdout] 
[INFO] [stdout] error: aborting due to 2 previous errors
[INFO] [stdout] 
[INFO] [stdout] Some errors have detailed explanations: E0433, E0599.
[INFO] [stdout] For more information about an error, try `rustc --explain E0433`.
[INFO] [stdout] Couldn't compile the test.
[INFO] [stdout] ---- src/bytestream/writer.rs - bytestream::writer::ZByteWriter<'a>::bytes_left (line 82) stdout ----
[INFO] [stdout] error[E0433]: failed to resolve: use of undeclared crate or module `zune_core`
[INFO] [stdout]  --> src/bytestream/writer.rs:83:5
[INFO] [stdout]   |
[INFO] [stdout] 3 | use zune_core::bytestream::ZByteWriter;
[INFO] [stdout]   |     ^^^^^^^^^ use of undeclared crate or module `zune_core`
[INFO] [stdout] 
[INFO] [stdout] error: aborting due to previous error
[INFO] [stdout] 
[INFO] [stdout] For more information about this error, try `rustc --explain E0433`.
[INFO] [stdout] Couldn't compile the test.
[INFO] [stdout] ---- src/bytestream/writer.rs - bytestream::writer::ZByteWriter<'a>::rewind (line 187) stdout ----
[INFO] [stdout] error[E0433]: failed to resolve: use of undeclared crate or module `zune_core`
[INFO] [stdout]  --> src/bytestream/writer.rs:188:5
[INFO] [stdout]   |
[INFO] [stdout] 3 | use zune_core::bytestream::ZByteWriter;
[INFO] [stdout]   |     ^^^^^^^^^ use of undeclared crate or module `zune_core`
[INFO] [stdout] 
[INFO] [stdout] error: aborting due to previous error
[INFO] [stdout] 
[INFO] [stdout] For more information about this error, try `rustc --explain E0433`.
[INFO] [stdout] Couldn't compile the test.
[INFO] [stdout] ---- src/bytestream/writer.rs - bytestream::writer::ZByteWriter<'a>::position (line 95) stdout ----
[INFO] [stdout] error[E0433]: failed to resolve: use of undeclared crate or module `zune_core`
[INFO] [stdout]  --> src/bytestream/writer.rs:96:5
[INFO] [stdout]   |
[INFO] [stdout] 3 | use zune_core::bytestream::ZByteWriter;
[INFO] [stdout]   |     ^^^^^^^^^ use of undeclared crate or module `zune_core`
[INFO] [stdout] 
[INFO] [stdout] error: aborting due to previous error
[INFO] [stdout] 
[INFO] [stdout] For more information about this error, try `rustc --explain E0433`.
[INFO] [stdout] Couldn't compile the test.
[INFO] [stdout] ---- src/bytestream/writer.rs - bytestream::writer::ZByteWriter<'a>::has (line 147) stdout ----
[INFO] [stdout] error[E0433]: failed to resolve: use of undeclared crate or module `zune_core`
[INFO] [stdout]  --> src/bytestream/writer.rs:148:5
[INFO] [stdout]   |
[INFO] [stdout] 3 | use zune_core::bytestream::ZByteWriter;
[INFO] [stdout]   |     ^^^^^^^^^ use of undeclared crate or module `zune_core`
[INFO] [stdout] 
[INFO] [stdout] error: aborting due to previous error
[INFO] [stdout] 
[INFO] [stdout] For more information about this error, try `rustc --explain E0433`.
[INFO] [stdout] Couldn't compile the test.
[INFO] [stdout] ---- src/bytestream/writer.rs - bytestream::writer::ZByteWriter<'a>::write_u8_err (line 108) stdout ----
[INFO] [stdout] error[E0433]: failed to resolve: use of undeclared crate or module `zune_core`
[INFO] [stdout]  --> src/bytestream/writer.rs:109:5
[INFO] [stdout]   |
[INFO] [stdout] 3 | use zune_core::bytestream::ZByteWriter;
[INFO] [stdout]   |     ^^^^^^^^^ use of undeclared crate or module `zune_core`
[INFO] [stdout] 
[INFO] [stdout] error: aborting due to previous error
[INFO] [stdout] 
[INFO] [stdout] For more information about this error, try `rustc --explain E0433`.
[INFO] [stdout] Couldn't compile the test.
[INFO] [stdout] ---- src/result.rs - result::DecodingResult::u16 (line 54) stdout ----
[INFO] [stdout] error[E0433]: failed to resolve: use of undeclared crate or module `zune_core`
[INFO] [stdout]  --> src/result.rs:55:5
[INFO] [stdout]   |
[INFO] [stdout] 3 | use zune_core::result::DecodingResult;
[INFO] [stdout]   |     ^^^^^^^^^ use of undeclared crate or module `zune_core`
[INFO] [stdout] 
[INFO] [stdout] error: aborting due to previous error
[INFO] [stdout] 
[INFO] [stdout] For more information about this error, try `rustc --explain E0433`.
[INFO] [stdout] Couldn't compile the test.
[INFO] [stdout] ---- src/bytestream/writer.rs - bytestream::writer::ZByteWriter<'a>::write_u8_err (line 115) stdout ----
[INFO] [stdout] error[E0433]: failed to resolve: use of undeclared crate or module `zune_core`
[INFO] [stdout]  --> src/bytestream/writer.rs:116:5
[INFO] [stdout]   |
[INFO] [stdout] 3 | use zune_core::bytestream::ZByteWriter;
[INFO] [stdout]   |     ^^^^^^^^^ use of undeclared crate or module `zune_core`
[INFO] [stdout] 
[INFO] [stdout] error: aborting due to previous error
[INFO] [stdout] 
[INFO] [stdout] For more information about this error, try `rustc --explain E0433`.
[INFO] [stdout] Couldn't compile the test.
[INFO] [stdout] ---- src/result.rs - result::DecodingResult::u8 (line 29) stdout ----
[INFO] [stdout] error[E0433]: failed to resolve: use of undeclared crate or module `zune_core`
[INFO] [stdout]  --> src/result.rs:30:5
[INFO] [stdout]   |
[INFO] [stdout] 3 | use zune_core::result::DecodingResult;
[INFO] [stdout]   |     ^^^^^^^^^ use of undeclared crate or module `zune_core`
[INFO] [stdout] 
[INFO] [stdout] error: aborting due to previous error
[INFO] [stdout] 
[INFO] [stdout] For more information about this error, try `rustc --explain E0433`.
[INFO] [stdout] Couldn't compile the test.
[INFO] [stdout] 
[INFO] [stdout] failures:
[INFO] [stdout]     src/bit_depth.rs - bit_depth::BitDepth::bit_type (line 103)
[INFO] [stdout]     src/bit_depth.rs - bit_depth::BitDepth::size_of (line 128)
[INFO] [stdout]     src/bytestream/reader.rs - bytestream::reader::ZByteReader<T>::get_fixed_bytes_or_err (line 195)
[INFO] [stdout]     src/bytestream/reader.rs - bytestream::reader::ZByteReader<T>::get_fixed_bytes_or_zero (line 228)
[INFO] [stdout]     src/bytestream/reader.rs - bytestream::reader::ZByteReader<T>::has (line 101)
[INFO] [stdout]     src/bytestream/reader.rs - bytestream::reader::ZByteReader<T>::skip (line 73)
[INFO] [stdout]     src/bytestream/reader.rs - bytestream::reader::ZByteReader<T>::skip_until_false (line 256)
[INFO] [stdout]     src/bytestream/traits.rs - bytestream::traits::ZReaderTrait::get_slice (line 45)
[INFO] [stdout]     src/bytestream/writer.rs - bytestream::writer::ZByteWriter<'a>::bytes_left (line 82)
[INFO] [stdout]     src/bytestream/writer.rs - bytestream::writer::ZByteWriter<'a>::has (line 147)
[INFO] [stdout]     src/bytestream/writer.rs - bytestream::writer::ZByteWriter<'a>::position (line 95)
[INFO] [stdout]     src/bytestream/writer.rs - bytestream::writer::ZByteWriter<'a>::rewind (line 187)
[INFO] [stdout]     src/bytestream/writer.rs - bytestream::writer::ZByteWriter<'a>::write_u8_err (line 108)
[INFO] [stdout]     src/bytestream/writer.rs - bytestream::writer::ZByteWriter<'a>::write_u8_err (line 115)
[INFO] [stdout]     src/result.rs - result::DecodingResult::u16 (line 54)
[INFO] [stdout]     src/result.rs - result::DecodingResult::u8 (line 29)
[INFO] [stdout] 
[INFO] [stdout] test result: FAILED. 0 passed; 16 failed; 0 ignored; 0 measured; 0 filtered out; finished in 0.17s
[INFO] [stdout] 
[INFO] [stderr] error: doctest failed, to rerun pass `--doc`
[INFO] running `Command { std: "docker" "inspect" "05d1c315ebdc165f54addce753817cec872d1612fc8b64df49616efa0e4a3d9b", kill_on_drop: false }`
[INFO] running `Command { std: "docker" "rm" "-f" "05d1c315ebdc165f54addce753817cec872d1612fc8b64df49616efa0e4a3d9b", kill_on_drop: false }`
[INFO] [stdout] 05d1c315ebdc165f54addce753817cec872d1612fc8b64df49616efa0e4a3d9b
