[INFO] fetching crate magic-switcheroo 1.0.1...
[INFO] testing magic-switcheroo-1.0.1 against 1.75.0 for beta-1.76-1
[INFO] extracting crate magic-switcheroo 1.0.1 into /workspace/builds/worker-2-tc1/source
[INFO] validating manifest of crates.io crate magic-switcheroo 1.0.1 on toolchain 1.75.0
[INFO] running `Command { std: CARGO_HOME="/workspace/cargo-home" RUSTUP_HOME="/workspace/rustup-home" "/workspace/cargo-home/bin/cargo" "+1.75.0" "metadata" "--manifest-path" "Cargo.toml" "--no-deps", kill_on_drop: false }`
[INFO] started tweaking crates.io crate magic-switcheroo 1.0.1
[INFO] finished tweaking crates.io crate magic-switcheroo 1.0.1
[INFO] tweaked toml for crates.io crate magic-switcheroo 1.0.1 written to /workspace/builds/worker-2-tc1/source/Cargo.toml
[INFO] crate crates.io crate magic-switcheroo 1.0.1 already has a lockfile, it will not be regenerated
[INFO] running `Command { std: CARGO_HOME="/workspace/cargo-home" RUSTUP_HOME="/workspace/rustup-home" "/workspace/cargo-home/bin/cargo" "+1.75.0" "fetch" "--manifest-path" "Cargo.toml", kill_on_drop: false }`
[INFO] [stderr]     Updating crates.io index
[INFO] [stderr]  Downloading crates ...
[INFO] [stderr]   Downloaded k9 v0.11.6
[INFO] [stderr]   Downloaded serde_json v1.0.97
[INFO] running `Command { std: "docker" "create" "-v" "/var/lib/crater-agent-workspace/builds/worker-2-tc1/target:/opt/rustwide/target:rw,Z" "-v" "/var/lib/crater-agent-workspace/builds/worker-2-tc1/source:/opt/rustwide/workdir:ro,Z" "-v" "/var/lib/crater-agent-workspace/cargo-home:/opt/rustwide/cargo-home:ro,Z" "-v" "/var/lib/crater-agent-workspace/rustup-home:/opt/rustwide/rustup-home:ro,Z" "-e" "SOURCE_DIR=/opt/rustwide/workdir" "-e" "CARGO_TARGET_DIR=/opt/rustwide/target" "-e" "CARGO_HOME=/opt/rustwide/cargo-home" "-e" "RUSTUP_HOME=/opt/rustwide/rustup-home" "-w" "/opt/rustwide/workdir" "-m" "1610612736" "--user" "0:0" "--network" "none" "ghcr.io/rust-lang/crates-build-env/linux@sha256:2788e3201cd34a07e3172128adcd8b3090168a8e3bcc40d7c032b9dda1df7d1c" "/opt/rustwide/cargo-home/bin/cargo" "+1.75.0" "metadata" "--no-deps" "--format-version=1", kill_on_drop: false }`
[INFO] [stdout] 1a5ea36876130ecf029ae56a209f5515458713f9b41124ab564acd3578050994
[INFO] running `Command { std: "docker" "start" "-a" "1a5ea36876130ecf029ae56a209f5515458713f9b41124ab564acd3578050994", kill_on_drop: false }`
[INFO] running `Command { std: "docker" "inspect" "1a5ea36876130ecf029ae56a209f5515458713f9b41124ab564acd3578050994", kill_on_drop: false }`
[INFO] running `Command { std: "docker" "rm" "-f" "1a5ea36876130ecf029ae56a209f5515458713f9b41124ab564acd3578050994", kill_on_drop: false }`
[INFO] [stdout] 1a5ea36876130ecf029ae56a209f5515458713f9b41124ab564acd3578050994
[INFO] running `Command { std: "docker" "create" "-v" "/var/lib/crater-agent-workspace/builds/worker-2-tc1/target:/opt/rustwide/target:rw,Z" "-v" "/var/lib/crater-agent-workspace/builds/worker-2-tc1/source:/opt/rustwide/workdir:ro,Z" "-v" "/var/lib/crater-agent-workspace/cargo-home:/opt/rustwide/cargo-home:ro,Z" "-v" "/var/lib/crater-agent-workspace/rustup-home:/opt/rustwide/rustup-home:ro,Z" "-e" "SOURCE_DIR=/opt/rustwide/workdir" "-e" "CARGO_TARGET_DIR=/opt/rustwide/target" "-e" "CARGO_INCREMENTAL=0" "-e" "RUST_BACKTRACE=full" "-e" "RUSTFLAGS=--cap-lints=warn" "-e" "RUSTDOCFLAGS=--cap-lints=warn" "-e" "CARGO_HOME=/opt/rustwide/cargo-home" "-e" "RUSTUP_HOME=/opt/rustwide/rustup-home" "-w" "/opt/rustwide/workdir" "-m" "1610612736" "--user" "0:0" "--network" "none" "ghcr.io/rust-lang/crates-build-env/linux@sha256:2788e3201cd34a07e3172128adcd8b3090168a8e3bcc40d7c032b9dda1df7d1c" "/opt/rustwide/cargo-home/bin/cargo" "+1.75.0" "build" "--frozen" "--message-format=json", kill_on_drop: false }`
[INFO] [stdout] c38f71c9ade9a6aab6c3f91dd8392da3aeed05edcb2878c96ebb0d873f1c7559
[INFO] running `Command { std: "docker" "start" "-a" "c38f71c9ade9a6aab6c3f91dd8392da3aeed05edcb2878c96ebb0d873f1c7559", kill_on_drop: false }`
[INFO] [stderr]    Compiling proc-macro2 v1.0.60
[INFO] [stderr]    Compiling unicode-ident v1.0.9
[INFO] [stderr]    Compiling quote v1.0.28
[INFO] [stderr]    Compiling libc v0.2.146
[INFO] [stderr]    Compiling io-lifetimes v1.0.11
[INFO] [stderr]    Compiling rustix v0.37.20
[INFO] [stderr]    Compiling bitflags v1.3.2
[INFO] [stderr]    Compiling serde v1.0.164
[INFO] [stderr]    Compiling linux-raw-sys v0.3.8
[INFO] [stderr]    Compiling utf8parse v0.2.1
[INFO] [stderr]    Compiling anstyle v1.0.0
[INFO] [stderr]    Compiling colorchoice v1.0.0
[INFO] [stderr]    Compiling anstyle-query v1.0.0
[INFO] [stderr]    Compiling strsim v0.10.0
[INFO] [stderr]    Compiling unicase v2.6.0
[INFO] [stderr]    Compiling indexmap v1.9.3
[INFO] [stderr]    Compiling unicode-width v0.1.10
[INFO] [stderr]    Compiling anstyle-parse v0.2.0
[INFO] [stderr]    Compiling serde_json v1.0.97
[INFO] [stderr]    Compiling heck v0.4.1
[INFO] [stderr]    Compiling hashbrown v0.12.3
[INFO] [stderr]    Compiling clap_lex v0.5.0
[INFO] [stderr]    Compiling once_cell v1.18.0
[INFO] [stderr]    Compiling ryu v1.0.13
[INFO] [stderr]    Compiling crc-catalog v2.2.0
[INFO] [stderr]    Compiling itoa v1.0.6
[INFO] [stderr]    Compiling crc v3.0.1
[INFO] [stderr]    Compiling syn v2.0.18
[INFO] [stderr]    Compiling is-terminal v0.4.7
[INFO] [stderr]    Compiling anstream v0.3.2
[INFO] [stderr]    Compiling clap_builder v4.3.3
[INFO] [stderr]    Compiling serde_derive v1.0.164
[INFO] [stderr]    Compiling clap_derive v4.3.2
[INFO] [stderr]    Compiling clap v4.3.3
[INFO] [stderr]    Compiling ansi_term v0.12.1
[INFO] [stderr]    Compiling hex v0.4.3
[INFO] [stderr]    Compiling magic-switcheroo v1.0.1 (/opt/rustwide/workdir)
[INFO] [stderr]     Finished dev [unoptimized + debuginfo] target(s) in 8.07s
[INFO] running `Command { std: "docker" "inspect" "c38f71c9ade9a6aab6c3f91dd8392da3aeed05edcb2878c96ebb0d873f1c7559", kill_on_drop: false }`
[INFO] running `Command { std: "docker" "rm" "-f" "c38f71c9ade9a6aab6c3f91dd8392da3aeed05edcb2878c96ebb0d873f1c7559", kill_on_drop: false }`
[INFO] [stdout] c38f71c9ade9a6aab6c3f91dd8392da3aeed05edcb2878c96ebb0d873f1c7559
[INFO] running `Command { std: "docker" "create" "-v" "/var/lib/crater-agent-workspace/builds/worker-2-tc1/target:/opt/rustwide/target:rw,Z" "-v" "/var/lib/crater-agent-workspace/builds/worker-2-tc1/source:/opt/rustwide/workdir:ro,Z" "-v" "/var/lib/crater-agent-workspace/cargo-home:/opt/rustwide/cargo-home:ro,Z" "-v" "/var/lib/crater-agent-workspace/rustup-home:/opt/rustwide/rustup-home:ro,Z" "-e" "SOURCE_DIR=/opt/rustwide/workdir" "-e" "CARGO_TARGET_DIR=/opt/rustwide/target" "-e" "CARGO_INCREMENTAL=0" "-e" "RUST_BACKTRACE=full" "-e" "RUSTFLAGS=--cap-lints=warn" "-e" "RUSTDOCFLAGS=--cap-lints=warn" "-e" "CARGO_HOME=/opt/rustwide/cargo-home" "-e" "RUSTUP_HOME=/opt/rustwide/rustup-home" "-w" "/opt/rustwide/workdir" "-m" "1610612736" "--user" "0:0" "--network" "none" "ghcr.io/rust-lang/crates-build-env/linux@sha256:2788e3201cd34a07e3172128adcd8b3090168a8e3bcc40d7c032b9dda1df7d1c" "/opt/rustwide/cargo-home/bin/cargo" "+1.75.0" "test" "--frozen" "--no-run" "--message-format=json", kill_on_drop: false }`
[INFO] [stdout] b09b9ee98ab8f19ec434ba3dcd407b25589814e49e905cbccb9d619ee0cb2741
[INFO] running `Command { std: "docker" "start" "-a" "b09b9ee98ab8f19ec434ba3dcd407b25589814e49e905cbccb9d619ee0cb2741", kill_on_drop: false }`
[INFO] [stderr]    Compiling unicode-ident v1.0.9
[INFO] [stderr]    Compiling rustix v0.37.20
[INFO] [stderr]    Compiling proc-macro2 v1.0.60
[INFO] [stderr]    Compiling memchr v2.5.0
[INFO] [stderr]    Compiling quote v1.0.28
[INFO] [stderr]    Compiling anyhow v1.0.71
[INFO] [stderr]    Compiling syn v1.0.109
[INFO] [stderr]    Compiling atty v0.2.14
[INFO] [stderr]    Compiling tempfile v3.6.0
[INFO] [stderr]    Compiling regex-syntax v0.7.2
[INFO] [stderr]    Compiling term_size v0.3.2
[INFO] [stderr]    Compiling fastrand v1.9.0
[INFO] [stderr]    Compiling diff v0.1.13
[INFO] [stderr]    Compiling colored v1.9.3
[INFO] [stderr]    Compiling syn v2.0.18
[INFO] [stderr]    Compiling aho-corasick v1.0.2
[INFO] [stderr]    Compiling regex v1.8.4
[INFO] [stderr]    Compiling is-terminal v0.4.7
[INFO] [stderr]    Compiling anstream v0.3.2
[INFO] [stderr]    Compiling clap_builder v4.3.3
[INFO] [stderr]    Compiling serde_derive v1.0.164
[INFO] [stderr]    Compiling clap_derive v4.3.2
[INFO] [stderr]    Compiling k9 v0.11.6
[INFO] [stderr]    Compiling clap v4.3.3
[INFO] [stderr]    Compiling serde v1.0.164
[INFO] [stderr]    Compiling hex v0.4.3
[INFO] [stderr]    Compiling ansi_term v0.12.1
[INFO] [stderr]    Compiling serde_json v1.0.97
[INFO] [stderr]    Compiling magic-switcheroo v1.0.1 (/opt/rustwide/workdir)
[INFO] [stderr]     Finished test [unoptimized + debuginfo] target(s) in 9.44s
[INFO] running `Command { std: "docker" "inspect" "b09b9ee98ab8f19ec434ba3dcd407b25589814e49e905cbccb9d619ee0cb2741", kill_on_drop: false }`
[INFO] running `Command { std: "docker" "rm" "-f" "b09b9ee98ab8f19ec434ba3dcd407b25589814e49e905cbccb9d619ee0cb2741", kill_on_drop: false }`
[INFO] [stdout] b09b9ee98ab8f19ec434ba3dcd407b25589814e49e905cbccb9d619ee0cb2741
[INFO] running `Command { std: "docker" "create" "-v" "/var/lib/crater-agent-workspace/builds/worker-2-tc1/target:/opt/rustwide/target:rw,Z" "-v" "/var/lib/crater-agent-workspace/builds/worker-2-tc1/source:/opt/rustwide/workdir:ro,Z" "-v" "/var/lib/crater-agent-workspace/cargo-home:/opt/rustwide/cargo-home:ro,Z" "-v" "/var/lib/crater-agent-workspace/rustup-home:/opt/rustwide/rustup-home:ro,Z" "-e" "SOURCE_DIR=/opt/rustwide/workdir" "-e" "CARGO_TARGET_DIR=/opt/rustwide/target" "-e" "CARGO_INCREMENTAL=0" "-e" "RUST_BACKTRACE=full" "-e" "RUSTFLAGS=--cap-lints=warn" "-e" "RUSTDOCFLAGS=--cap-lints=warn" "-e" "CARGO_HOME=/opt/rustwide/cargo-home" "-e" "RUSTUP_HOME=/opt/rustwide/rustup-home" "-w" "/opt/rustwide/workdir" "-m" "1610612736" "--user" "0:0" "--network" "none" "ghcr.io/rust-lang/crates-build-env/linux@sha256:2788e3201cd34a07e3172128adcd8b3090168a8e3bcc40d7c032b9dda1df7d1c" "/opt/rustwide/cargo-home/bin/cargo" "+1.75.0" "test" "--frozen", kill_on_drop: false }`
[INFO] [stdout] 8ac90a78ce009368fad41ff77dadecd8dd3acf115219bd635967eb5fbd878b8f
[INFO] running `Command { std: "docker" "start" "-a" "8ac90a78ce009368fad41ff77dadecd8dd3acf115219bd635967eb5fbd878b8f", kill_on_drop: false }`
[INFO] [stderr]     Finished test [unoptimized + debuginfo] target(s) in 0.04s
[INFO] [stderr]      Running unittests src/lib.rs (/opt/rustwide/target/debug/deps/magic_switcheroo-cdaf0f8a667fceee)
[INFO] [stdout] 
[INFO] [stdout] running 34 tests
[INFO] [stdout] test fs::tests::test_delete_end_file ... FAILED
[INFO] [stdout] test fs::tests::test_enchant_file ... FAILED
[INFO] [stdout] test fs::tests::test_restore_file ... FAILED
[INFO] [stdout] test fs::tests::test_delete_start_file ... FAILED
[INFO] [stdout] test fs::tests::test_prefix_file ... FAILED
[INFO] [stdout] test fs::tests::test_suffix_file ... FAILED
[INFO] [stdout] test p::tests::test_str_to_u128 ... ok
[INFO] [stdout] test pad::test_ipad32::lt_0x5ffff ... ok
[INFO] [stdout] test pad::test_ipad32::lt_0x6ffff ... ok
[INFO] [stdout] test pad::test_ipad32::lt_0x7ffffff ... ok
[INFO] [stdout] test pad::test_ipad32::lt_0x8fffffff ... ok
[INFO] [stdout] test pad::test_ipad32::lt_0xf1 ... ok
[INFO] [stdout] test pad::test_ipad32::lt_0xfeff ... ok
[INFO] [stdout] test pad::test_ipad32::lt_0xff2 ... ok
[INFO] [stdout] test pad::test_ipad32::lt_16 ... ok
[INFO] [stdout] test pad::test_pad32::test_pad32 ... ok
[INFO] [stdout] test pad::test_unpad32::test_unpad32 ... ok
[INFO] [stdout] test pad::test_unpad32::test_unpad32_beca_bf ... ok
[INFO] [stdout] test ram::tests::test_getmark ... ok
[INFO] [stdout] test ram::tests::test_enchant_string ... ok
[INFO] [stdout] test ram::tests::test_hex_to_u8 ... ok
[INFO] [stdout] test ram::vecs::test_rsubnseq::test_replace_first_occurrence ... ok
[INFO] [stdout] test ram::vecs::test_rsubnseq::test_replace_first_occurrence_complex ... ok
[INFO] [stdout] test ram::vecs::test_rsubnseq::test_replace_no_occurrences ... ok
[INFO] [stdout] test ram::tests::test_metamagic_eq ... ok
[INFO] [stdout] test ram::vecs::test_rsubnseq::test_replace_only_first_occurrence_complex ... ok
[INFO] [stdout] test ram::vecs::test_rsubnseq::test_replace_two_occurrences_complex ... ok
[INFO] [stdout] test ram::tests::test_metamagic_restore ... ok
[INFO] [stdout] test ram::vecs::test_rsubseq::test_replace_first_occurrence_complex ... ok
[INFO] [stdout] test ram::vecs::test_rsubseq::test_replace_first_occurrence ... ok
[INFO] [stdout] test ram::vecs::test_rsubseq::test_replace_last_occurrence_complex ... ok
[INFO] [stdout] test ram::tests::test_usize_to_hex ... ok
[INFO] [stdout] test ram::vecs::test_rsubnseq::test_replace_zero_occurrences ... ok
[INFO] [stdout] test ram::tests::test_metamagic_datum ... ok
[INFO] [stdout] 
[INFO] [stdout] failures:
[INFO] [stdout] 
[INFO] [stdout] ---- fs::tests::test_delete_end_file stdout ----
[INFO] [stdout] Error: IOError("Read-only file system (os error 30)")
[INFO] [stdout] 
[INFO] [stdout] ---- fs::tests::test_enchant_file stdout ----
[INFO] [stdout] Error: IOError("Read-only file system (os error 30)")
[INFO] [stdout] 
[INFO] [stdout] ---- fs::tests::test_restore_file stdout ----
[INFO] [stdout] Error: IOError("Read-only file system (os error 30)")
[INFO] [stdout] 
[INFO] [stdout] ---- fs::tests::test_delete_start_file stdout ----
[INFO] [stdout] Error: IOError("Read-only file system (os error 30)")
[INFO] [stdout] 
[INFO] [stdout] ---- fs::tests::test_prefix_file stdout ----
[INFO] [stdout] Error: IOError("Read-only file system (os error 30)")
[INFO] [stdout] 
[INFO] [stdout] ---- fs::tests::test_suffix_file stdout ----
[INFO] [stdout] Error: IOError("Read-only file system (os error 30)")
[INFO] [stdout] 
[INFO] [stdout] 
[INFO] [stdout] failures:
[INFO] [stdout]     fs::tests::test_delete_end_file
[INFO] [stdout]     fs::tests::test_delete_start_file
[INFO] [stdout]     fs::tests::test_enchant_file
[INFO] [stdout]     fs::tests::test_prefix_file
[INFO] [stdout]     fs::tests::test_restore_file
[INFO] [stdout]     fs::tests::test_suffix_file
[INFO] [stdout] 
[INFO] [stdout] test result: FAILED. 28 passed; 6 failed; 0 ignored; 0 measured; 0 filtered out; finished in 0.00s
[INFO] [stdout] 
[INFO] [stderr] error: test failed, to rerun pass `--lib`
[INFO] running `Command { std: "docker" "inspect" "8ac90a78ce009368fad41ff77dadecd8dd3acf115219bd635967eb5fbd878b8f", kill_on_drop: false }`
[INFO] running `Command { std: "docker" "rm" "-f" "8ac90a78ce009368fad41ff77dadecd8dd3acf115219bd635967eb5fbd878b8f", kill_on_drop: false }`
[INFO] [stdout] 8ac90a78ce009368fad41ff77dadecd8dd3acf115219bd635967eb5fbd878b8f
