[INFO] fetching crate macrofied-toolbox 0.4.2...
[INFO] testing macrofied-toolbox-0.4.2 against 1.75.0 for beta-1.76-1
[INFO] extracting crate macrofied-toolbox 0.4.2 into /workspace/builds/worker-2-tc1/source
[INFO] validating manifest of crates.io crate macrofied-toolbox 0.4.2 on toolchain 1.75.0
[INFO] running `Command { std: CARGO_HOME="/workspace/cargo-home" RUSTUP_HOME="/workspace/rustup-home" "/workspace/cargo-home/bin/cargo" "+1.75.0" "metadata" "--manifest-path" "Cargo.toml" "--no-deps", kill_on_drop: false }`
[INFO] started tweaking crates.io crate macrofied-toolbox 0.4.2
[INFO] removed 2 missing examples
[INFO] removed 1 missing tests
[INFO] finished tweaking crates.io crate macrofied-toolbox 0.4.2
[INFO] tweaked toml for crates.io crate macrofied-toolbox 0.4.2 written to /workspace/builds/worker-2-tc1/source/Cargo.toml
[INFO] crate crates.io crate macrofied-toolbox 0.4.2 already has a lockfile, it will not be regenerated
[INFO] running `Command { std: CARGO_HOME="/workspace/cargo-home" RUSTUP_HOME="/workspace/rustup-home" "/workspace/cargo-home/bin/cargo" "+1.75.0" "fetch" "--manifest-path" "Cargo.toml", kill_on_drop: false }`
[INFO] [stderr]     Updating crates.io index
[INFO] [stderr]  Downloading crates ...
[INFO] [stderr]   Downloaded test-toolbox v0.5.0
[INFO] [stderr]   Downloaded gag v1.0.0
[INFO] [stderr]   Downloaded version-sync v0.9.3
[INFO] [stderr]   Downloaded filedescriptor v0.8.1
[INFO] [stderr]   Downloaded trybuild v1.0.52
[INFO] [stderr]   Downloaded libc v0.2.106
[INFO] running `Command { std: "docker" "create" "-v" "/var/lib/crater-agent-workspace/builds/worker-2-tc1/target:/opt/rustwide/target:rw,Z" "-v" "/var/lib/crater-agent-workspace/builds/worker-2-tc1/source:/opt/rustwide/workdir:ro,Z" "-v" "/var/lib/crater-agent-workspace/cargo-home:/opt/rustwide/cargo-home:ro,Z" "-v" "/var/lib/crater-agent-workspace/rustup-home:/opt/rustwide/rustup-home:ro,Z" "-e" "SOURCE_DIR=/opt/rustwide/workdir" "-e" "CARGO_TARGET_DIR=/opt/rustwide/target" "-e" "CARGO_HOME=/opt/rustwide/cargo-home" "-e" "RUSTUP_HOME=/opt/rustwide/rustup-home" "-w" "/opt/rustwide/workdir" "-m" "1610612736" "--user" "0:0" "--network" "none" "ghcr.io/rust-lang/crates-build-env/linux@sha256:2788e3201cd34a07e3172128adcd8b3090168a8e3bcc40d7c032b9dda1df7d1c" "/opt/rustwide/cargo-home/bin/cargo" "+1.75.0" "metadata" "--no-deps" "--format-version=1", kill_on_drop: false }`
[INFO] [stdout] af43fdc6db9e8823bef2ab9f5b3d0a180612228774ae87752d7e407a3064c015
[INFO] running `Command { std: "docker" "start" "-a" "af43fdc6db9e8823bef2ab9f5b3d0a180612228774ae87752d7e407a3064c015", kill_on_drop: false }`
[INFO] running `Command { std: "docker" "inspect" "af43fdc6db9e8823bef2ab9f5b3d0a180612228774ae87752d7e407a3064c015", kill_on_drop: false }`
[INFO] running `Command { std: "docker" "rm" "-f" "af43fdc6db9e8823bef2ab9f5b3d0a180612228774ae87752d7e407a3064c015", kill_on_drop: false }`
[INFO] [stdout] af43fdc6db9e8823bef2ab9f5b3d0a180612228774ae87752d7e407a3064c015
[INFO] running `Command { std: "docker" "create" "-v" "/var/lib/crater-agent-workspace/builds/worker-2-tc1/target:/opt/rustwide/target:rw,Z" "-v" "/var/lib/crater-agent-workspace/builds/worker-2-tc1/source:/opt/rustwide/workdir:ro,Z" "-v" "/var/lib/crater-agent-workspace/cargo-home:/opt/rustwide/cargo-home:ro,Z" "-v" "/var/lib/crater-agent-workspace/rustup-home:/opt/rustwide/rustup-home:ro,Z" "-e" "SOURCE_DIR=/opt/rustwide/workdir" "-e" "CARGO_TARGET_DIR=/opt/rustwide/target" "-e" "CARGO_INCREMENTAL=0" "-e" "RUST_BACKTRACE=full" "-e" "RUSTFLAGS=--cap-lints=warn" "-e" "RUSTDOCFLAGS=--cap-lints=warn" "-e" "CARGO_HOME=/opt/rustwide/cargo-home" "-e" "RUSTUP_HOME=/opt/rustwide/rustup-home" "-w" "/opt/rustwide/workdir" "-m" "1610612736" "--user" "0:0" "--network" "none" "ghcr.io/rust-lang/crates-build-env/linux@sha256:2788e3201cd34a07e3172128adcd8b3090168a8e3bcc40d7c032b9dda1df7d1c" "/opt/rustwide/cargo-home/bin/cargo" "+1.75.0" "build" "--frozen" "--message-format=json", kill_on_drop: false }`
[INFO] [stdout] 52824ff8bd2e54c6b4ebd433402b5585e75595b78ae89304d111c4ebd788916c
[INFO] running `Command { std: "docker" "start" "-a" "52824ff8bd2e54c6b4ebd433402b5585e75595b78ae89304d111c4ebd788916c", kill_on_drop: false }`
[INFO] [stderr]    Compiling macrofied-toolbox v0.4.2 (/opt/rustwide/workdir)
[INFO] [stderr]     Finished dev [unoptimized + debuginfo] target(s) in 0.11s
[INFO] running `Command { std: "docker" "inspect" "52824ff8bd2e54c6b4ebd433402b5585e75595b78ae89304d111c4ebd788916c", kill_on_drop: false }`
[INFO] running `Command { std: "docker" "rm" "-f" "52824ff8bd2e54c6b4ebd433402b5585e75595b78ae89304d111c4ebd788916c", kill_on_drop: false }`
[INFO] [stdout] 52824ff8bd2e54c6b4ebd433402b5585e75595b78ae89304d111c4ebd788916c
[INFO] running `Command { std: "docker" "create" "-v" "/var/lib/crater-agent-workspace/builds/worker-2-tc1/target:/opt/rustwide/target:rw,Z" "-v" "/var/lib/crater-agent-workspace/builds/worker-2-tc1/source:/opt/rustwide/workdir:ro,Z" "-v" "/var/lib/crater-agent-workspace/cargo-home:/opt/rustwide/cargo-home:ro,Z" "-v" "/var/lib/crater-agent-workspace/rustup-home:/opt/rustwide/rustup-home:ro,Z" "-e" "SOURCE_DIR=/opt/rustwide/workdir" "-e" "CARGO_TARGET_DIR=/opt/rustwide/target" "-e" "CARGO_INCREMENTAL=0" "-e" "RUST_BACKTRACE=full" "-e" "RUSTFLAGS=--cap-lints=warn" "-e" "RUSTDOCFLAGS=--cap-lints=warn" "-e" "CARGO_HOME=/opt/rustwide/cargo-home" "-e" "RUSTUP_HOME=/opt/rustwide/rustup-home" "-w" "/opt/rustwide/workdir" "-m" "1610612736" "--user" "0:0" "--network" "none" "ghcr.io/rust-lang/crates-build-env/linux@sha256:2788e3201cd34a07e3172128adcd8b3090168a8e3bcc40d7c032b9dda1df7d1c" "/opt/rustwide/cargo-home/bin/cargo" "+1.75.0" "test" "--frozen" "--no-run" "--message-format=json", kill_on_drop: false }`
[INFO] [stdout] 111bd791dcf6a81858efb7b247477c562a374bf47865610b23ea9fe09a13b243
[INFO] running `Command { std: "docker" "start" "-a" "111bd791dcf6a81858efb7b247477c562a374bf47865610b23ea9fe09a13b243", kill_on_drop: false }`
[INFO] [stderr]    Compiling proc-macro2 v1.0.32
[INFO] [stderr]    Compiling unicode-xid v0.2.2
[INFO] [stderr]    Compiling syn v1.0.81
[INFO] [stderr]    Compiling libc v0.2.106
[INFO] [stderr]    Compiling serde_derive v1.0.130
[INFO] [stderr]    Compiling cfg-if v1.0.0
[INFO] [stderr]    Compiling serde v1.0.130
[INFO] [stderr]    Compiling ppv-lite86 v0.2.15
[INFO] [stderr]    Compiling version_check v0.9.3
[INFO] [stderr]    Compiling tinyvec_macros v0.1.0
[INFO] [stderr]    Compiling tinyvec v1.5.0
[INFO] [stderr]    Compiling memchr v2.4.1
[INFO] [stderr]    Compiling matches v0.1.9
[INFO] [stderr]    Compiling ryu v1.0.5
[INFO] [stderr]    Compiling unicode-bidi v0.3.7
[INFO] [stderr]    Compiling unicase v2.6.0
[INFO] [stderr]    Compiling serde_json v1.0.68
[INFO] [stderr]    Compiling remove_dir_all v0.5.3
[INFO] [stderr]    Compiling percent-encoding v2.1.0
[INFO] [stderr]    Compiling pulldown-cmark v0.8.0
[INFO] [stderr]    Compiling quote v1.0.10
[INFO] [stderr]    Compiling form_urlencoded v1.0.1
[INFO] [stderr]    Compiling bitflags v1.3.2
[INFO] [stderr]    Compiling getrandom v0.2.3
[INFO] [stderr]    Compiling trybuild v1.0.52
[INFO] [stderr]    Compiling itoa v0.4.8
[INFO] [stderr]    Compiling regex-syntax v0.6.25
[INFO] [stderr]    Compiling rand_core v0.6.3
[INFO] [stderr]    Compiling unicode-normalization v0.1.19
[INFO] [stderr]    Compiling semver-parser v0.9.0
[INFO] [stderr]    Compiling rand_chacha v0.3.1
[INFO] [stderr]    Compiling glob v0.3.0
[INFO] [stderr]    Compiling dissimilar v1.0.3
[INFO] [stderr]    Compiling rand v0.8.4
[INFO] [stderr]    Compiling lazy_static v1.4.0
[INFO] [stderr]    Compiling termcolor v1.1.2
[INFO] [stderr]    Compiling macrofied-toolbox v0.4.2 (/opt/rustwide/workdir)
[INFO] [stderr]    Compiling idna v0.2.3
[INFO] [stderr]    Compiling tempfile v3.2.0
[INFO] [stderr]    Compiling url v2.2.2
[INFO] [stderr]    Compiling regex v1.5.4
[INFO] [stderr]    Compiling thiserror-impl v1.0.30
[INFO] [stderr]    Compiling thiserror v1.0.30
[INFO] [stderr]    Compiling filedescriptor v0.8.1
[INFO] [stderr]    Compiling gag v1.0.0
[INFO] [stderr]    Compiling test-toolbox v0.5.0
[INFO] [stderr]    Compiling toml v0.5.8
[INFO] [stderr]    Compiling version-sync v0.9.3
[INFO] [stderr]     Finished test [unoptimized + debuginfo] target(s) in 8.31s
[INFO] running `Command { std: "docker" "inspect" "111bd791dcf6a81858efb7b247477c562a374bf47865610b23ea9fe09a13b243", kill_on_drop: false }`
[INFO] running `Command { std: "docker" "rm" "-f" "111bd791dcf6a81858efb7b247477c562a374bf47865610b23ea9fe09a13b243", kill_on_drop: false }`
[INFO] [stdout] 111bd791dcf6a81858efb7b247477c562a374bf47865610b23ea9fe09a13b243
[INFO] running `Command { std: "docker" "create" "-v" "/var/lib/crater-agent-workspace/builds/worker-2-tc1/target:/opt/rustwide/target:rw,Z" "-v" "/var/lib/crater-agent-workspace/builds/worker-2-tc1/source:/opt/rustwide/workdir:ro,Z" "-v" "/var/lib/crater-agent-workspace/cargo-home:/opt/rustwide/cargo-home:ro,Z" "-v" "/var/lib/crater-agent-workspace/rustup-home:/opt/rustwide/rustup-home:ro,Z" "-e" "SOURCE_DIR=/opt/rustwide/workdir" "-e" "CARGO_TARGET_DIR=/opt/rustwide/target" "-e" "CARGO_INCREMENTAL=0" "-e" "RUST_BACKTRACE=full" "-e" "RUSTFLAGS=--cap-lints=warn" "-e" "RUSTDOCFLAGS=--cap-lints=warn" "-e" "CARGO_HOME=/opt/rustwide/cargo-home" "-e" "RUSTUP_HOME=/opt/rustwide/rustup-home" "-w" "/opt/rustwide/workdir" "-m" "1610612736" "--user" "0:0" "--network" "none" "ghcr.io/rust-lang/crates-build-env/linux@sha256:2788e3201cd34a07e3172128adcd8b3090168a8e3bcc40d7c032b9dda1df7d1c" "/opt/rustwide/cargo-home/bin/cargo" "+1.75.0" "test" "--frozen", kill_on_drop: false }`
[INFO] [stdout] 31cc77c59f884e23cfb1376558f057a8f8064df0705e24c6fefc775221412f57
[INFO] running `Command { std: "docker" "start" "-a" "31cc77c59f884e23cfb1376558f057a8f8064df0705e24c6fefc775221412f57", kill_on_drop: false }`
[INFO] [stderr]     Finished test [unoptimized + debuginfo] target(s) in 0.02s
[INFO] [stderr]      Running unittests src/lib.rs (/opt/rustwide/target/debug/deps/macrofied_toolbox-4cce2197f1435659)
[INFO] [stdout] 
[INFO] [stdout] running 4 tests
[INFO] [stdout] test tests::readme_usage_version ... ok
[INFO] [stdout] test tests::readme_examples_link_version ... ok
[INFO] [stdout] test tests::readme_docs_link_version ... ok
[INFO] [stdout] test tests::html_root_url ... ok
[INFO] [stdout] 
[INFO] [stdout] test result: ok. 4 passed; 0 failed; 0 ignored; 0 measured; 0 filtered out; finished in 0.01s
[INFO] [stdout] 
[INFO] [stderr]    Doc-tests macrofied-toolbox
[INFO] [stdout] 
[INFO] [stdout] running 2 tests
[INFO] [stdout] test src/lib.rs - (line 24) - compile ... FAILED
[INFO] [stdout] test src/lib.rs - (line 60) - compile ... FAILED
[INFO] [stdout] 
[INFO] [stdout] failures:
[INFO] [stdout] 
[INFO] [stdout] ---- src/lib.rs - (line 24) stdout ----
[INFO] [stdout] error[E0432]: unresolved import `macrofied_toolbox::result`
[INFO] [stdout]    --> src/lib.rs:29:5
[INFO] [stdout]     |
[INFO] [stdout] 7   | use macrofied_toolbox::result;
[INFO] [stdout]     |     ^^^^^^^^^^^^^^^^^^^^^^^^^ no `result` in the root
[INFO] [stdout]     |
[INFO] [stdout] note: found an item that was configured out
[INFO] [stdout]    --> /opt/rustwide/workdir/src/lib.rs:427:8
[INFO] [stdout]     |
[INFO] [stdout] 427 | pub fn result(input: TokenStream) -> TokenStream {
[INFO] [stdout]     |        ^^^^^^
[INFO] [stdout]     = note: the item is gated behind the `result` feature
[INFO] [stdout] help: consider importing one of these items instead
[INFO] [stdout]     |
[INFO] [stdout] 7   | use core::result;
[INFO] [stdout]     |     ~~~~~~~~~~~~
[INFO] [stdout] 7   | use std::result;
[INFO] [stdout]     |     ~~~~~~~~~~~
[INFO] [stdout] 
[INFO] [stdout] error: cannot determine resolution for the macro `result`
[INFO] [stdout]   --> src/lib.rs:35:5
[INFO] [stdout]    |
[INFO] [stdout] 13 |     result! {
[INFO] [stdout]    |     ^^^^^^
[INFO] [stdout]    |
[INFO] [stdout]    = note: import resolution is stuck, try simplifying macro imports
[INFO] [stdout] 
[INFO] [stdout] error: aborting due to 2 previous errors
[INFO] [stdout] 
[INFO] [stdout] For more information about this error, try `rustc --explain E0432`.
[INFO] [stdout] Couldn't compile the test.
[INFO] [stdout] ---- src/lib.rs - (line 60) stdout ----
[INFO] [stdout] error[E0432]: unresolved import `macrofied_toolbox::option`
[INFO] [stdout]    --> src/lib.rs:66:5
[INFO] [stdout]     |
[INFO] [stdout] 8   | use macrofied_toolbox::option;
[INFO] [stdout]     |     ^^^^^^^^^^^^^^^^^^^^^^^^^ no `option` in the root
[INFO] [stdout]     |
[INFO] [stdout] note: found an item that was configured out
[INFO] [stdout]    --> /opt/rustwide/workdir/src/lib.rs:278:8
[INFO] [stdout]     |
[INFO] [stdout] 278 | pub fn option(input: TokenStream) -> TokenStream {
[INFO] [stdout]     |        ^^^^^^
[INFO] [stdout]     = note: the item is gated behind the `option` feature
[INFO] [stdout] help: consider importing one of these items instead
[INFO] [stdout]     |
[INFO] [stdout] 8   | use core::option;
[INFO] [stdout]     |     ~~~~~~~~~~~~
[INFO] [stdout] 8   | use std::option;
[INFO] [stdout]     |     ~~~~~~~~~~~
[INFO] [stdout] 
[INFO] [stdout] error: cannot determine resolution for the macro `option`
[INFO] [stdout]   --> src/lib.rs:79:5
[INFO] [stdout]    |
[INFO] [stdout] 21 |     option! {
[INFO] [stdout]    |     ^^^^^^
[INFO] [stdout]    |
[INFO] [stdout]    = note: import resolution is stuck, try simplifying macro imports
[INFO] [stdout] 
[INFO] [stdout] error: aborting due to 2 previous errors
[INFO] [stdout] 
[INFO] [stdout] For more information about this error, try `rustc --explain E0432`.
[INFO] [stdout] Couldn't compile the test.
[INFO] [stdout] 
[INFO] [stdout] failures:
[INFO] [stdout]     src/lib.rs - (line 24)
[INFO] [stdout]     src/lib.rs - (line 60)
[INFO] [stdout] 
[INFO] [stdout] test result: FAILED. 0 passed; 2 failed; 0 ignored; 0 measured; 0 filtered out; finished in 0.05s
[INFO] [stdout] 
[INFO] [stderr] error: doctest failed, to rerun pass `--doc`
[INFO] running `Command { std: "docker" "inspect" "31cc77c59f884e23cfb1376558f057a8f8064df0705e24c6fefc775221412f57", kill_on_drop: false }`
[INFO] running `Command { std: "docker" "rm" "-f" "31cc77c59f884e23cfb1376558f057a8f8064df0705e24c6fefc775221412f57", kill_on_drop: false }`
[INFO] [stdout] 31cc77c59f884e23cfb1376558f057a8f8064df0705e24c6fefc775221412f57
[INFO] testing macrofied-toolbox-0.4.2 against beta-2023-12-22 for beta-1.76-1
[INFO] extracting crate macrofied-toolbox 0.4.2 into /workspace/builds/worker-2-tc2/source
[INFO] validating manifest of crates.io crate macrofied-toolbox 0.4.2 on toolchain beta-2023-12-22
[INFO] running `Command { std: CARGO_HOME="/workspace/cargo-home" RUSTUP_HOME="/workspace/rustup-home" "/workspace/cargo-home/bin/cargo" "+beta-2023-12-22" "metadata" "--manifest-path" "Cargo.toml" "--no-deps", kill_on_drop: false }`
[INFO] started tweaking crates.io crate macrofied-toolbox 0.4.2
[INFO] removed 2 missing examples
[INFO] removed 1 missing tests
[INFO] finished tweaking crates.io crate macrofied-toolbox 0.4.2
[INFO] tweaked toml for crates.io crate macrofied-toolbox 0.4.2 written to /workspace/builds/worker-2-tc2/source/Cargo.toml
[INFO] crate crates.io crate macrofied-toolbox 0.4.2 already has a lockfile, it will not be regenerated
[INFO] running `Command { std: CARGO_HOME="/workspace/cargo-home" RUSTUP_HOME="/workspace/rustup-home" "/workspace/cargo-home/bin/cargo" "+beta-2023-12-22" "fetch" "--manifest-path" "Cargo.toml", kill_on_drop: false }`
[INFO] running `Command { std: "docker" "create" "-v" "/var/lib/crater-agent-workspace/builds/worker-2-tc2/target:/opt/rustwide/target:rw,Z" "-v" "/var/lib/crater-agent-workspace/builds/worker-2-tc2/source:/opt/rustwide/workdir:ro,Z" "-v" "/var/lib/crater-agent-workspace/cargo-home:/opt/rustwide/cargo-home:ro,Z" "-v" "/var/lib/crater-agent-workspace/rustup-home:/opt/rustwide/rustup-home:ro,Z" "-e" "SOURCE_DIR=/opt/rustwide/workdir" "-e" "CARGO_TARGET_DIR=/opt/rustwide/target" "-e" "CARGO_HOME=/opt/rustwide/cargo-home" "-e" "RUSTUP_HOME=/opt/rustwide/rustup-home" "-w" "/opt/rustwide/workdir" "-m" "1610612736" "--user" "0:0" "--network" "none" "ghcr.io/rust-lang/crates-build-env/linux@sha256:2788e3201cd34a07e3172128adcd8b3090168a8e3bcc40d7c032b9dda1df7d1c" "/opt/rustwide/cargo-home/bin/cargo" "+beta-2023-12-22" "metadata" "--no-deps" "--format-version=1", kill_on_drop: false }`
[INFO] [stdout] d1505c6cc72ee05e7d8959a1eed770fa9148248b582656b91d6dab181fbaf090
[INFO] running `Command { std: "docker" "start" "-a" "d1505c6cc72ee05e7d8959a1eed770fa9148248b582656b91d6dab181fbaf090", kill_on_drop: false }`
[INFO] running `Command { std: "docker" "inspect" "d1505c6cc72ee05e7d8959a1eed770fa9148248b582656b91d6dab181fbaf090", kill_on_drop: false }`
[INFO] running `Command { std: "docker" "rm" "-f" "d1505c6cc72ee05e7d8959a1eed770fa9148248b582656b91d6dab181fbaf090", kill_on_drop: false }`
[INFO] [stdout] d1505c6cc72ee05e7d8959a1eed770fa9148248b582656b91d6dab181fbaf090
[INFO] running `Command { std: "docker" "create" "-v" "/var/lib/crater-agent-workspace/builds/worker-2-tc2/target:/opt/rustwide/target:rw,Z" "-v" "/var/lib/crater-agent-workspace/builds/worker-2-tc2/source:/opt/rustwide/workdir:ro,Z" "-v" "/var/lib/crater-agent-workspace/cargo-home:/opt/rustwide/cargo-home:ro,Z" "-v" "/var/lib/crater-agent-workspace/rustup-home:/opt/rustwide/rustup-home:ro,Z" "-e" "SOURCE_DIR=/opt/rustwide/workdir" "-e" "CARGO_TARGET_DIR=/opt/rustwide/target" "-e" "CARGO_INCREMENTAL=0" "-e" "RUST_BACKTRACE=full" "-e" "RUSTFLAGS=--cap-lints=warn" "-e" "RUSTDOCFLAGS=--cap-lints=warn" "-e" "CARGO_HOME=/opt/rustwide/cargo-home" "-e" "RUSTUP_HOME=/opt/rustwide/rustup-home" "-w" "/opt/rustwide/workdir" "-m" "1610612736" "--user" "0:0" "--network" "none" "ghcr.io/rust-lang/crates-build-env/linux@sha256:2788e3201cd34a07e3172128adcd8b3090168a8e3bcc40d7c032b9dda1df7d1c" "/opt/rustwide/cargo-home/bin/cargo" "+beta-2023-12-22" "build" "--frozen" "--message-format=json", kill_on_drop: false }`
[INFO] [stdout] 9f329edad750f602fd35a9c698d5fb5b395613b7414b9810fff8cbfd4923171f
[INFO] running `Command { std: "docker" "start" "-a" "9f329edad750f602fd35a9c698d5fb5b395613b7414b9810fff8cbfd4923171f", kill_on_drop: false }`
[INFO] [stderr]    Compiling macrofied-toolbox v0.4.2 (/opt/rustwide/workdir)
[INFO] [stderr]     Finished dev [unoptimized + debuginfo] target(s) in 0.11s
[INFO] running `Command { std: "docker" "inspect" "9f329edad750f602fd35a9c698d5fb5b395613b7414b9810fff8cbfd4923171f", kill_on_drop: false }`
[INFO] running `Command { std: "docker" "rm" "-f" "9f329edad750f602fd35a9c698d5fb5b395613b7414b9810fff8cbfd4923171f", kill_on_drop: false }`
[INFO] [stdout] 9f329edad750f602fd35a9c698d5fb5b395613b7414b9810fff8cbfd4923171f
[INFO] running `Command { std: "docker" "create" "-v" "/var/lib/crater-agent-workspace/builds/worker-2-tc2/target:/opt/rustwide/target:rw,Z" "-v" "/var/lib/crater-agent-workspace/builds/worker-2-tc2/source:/opt/rustwide/workdir:ro,Z" "-v" "/var/lib/crater-agent-workspace/cargo-home:/opt/rustwide/cargo-home:ro,Z" "-v" "/var/lib/crater-agent-workspace/rustup-home:/opt/rustwide/rustup-home:ro,Z" "-e" "SOURCE_DIR=/opt/rustwide/workdir" "-e" "CARGO_TARGET_DIR=/opt/rustwide/target" "-e" "CARGO_INCREMENTAL=0" "-e" "RUST_BACKTRACE=full" "-e" "RUSTFLAGS=--cap-lints=warn" "-e" "RUSTDOCFLAGS=--cap-lints=warn" "-e" "CARGO_HOME=/opt/rustwide/cargo-home" "-e" "RUSTUP_HOME=/opt/rustwide/rustup-home" "-w" "/opt/rustwide/workdir" "-m" "1610612736" "--user" "0:0" "--network" "none" "ghcr.io/rust-lang/crates-build-env/linux@sha256:2788e3201cd34a07e3172128adcd8b3090168a8e3bcc40d7c032b9dda1df7d1c" "/opt/rustwide/cargo-home/bin/cargo" "+beta-2023-12-22" "test" "--frozen" "--no-run" "--message-format=json", kill_on_drop: false }`
[INFO] [stdout] f50d3fc7f96c4f60ac3ddbc847d5db275c9950ab5921275df2b9cc463858f490
[INFO] running `Command { std: "docker" "start" "-a" "f50d3fc7f96c4f60ac3ddbc847d5db275c9950ab5921275df2b9cc463858f490", kill_on_drop: false }`
[INFO] [stderr]    Compiling proc-macro2 v1.0.32
[INFO] [stderr]    Compiling unicode-xid v0.2.2
[INFO] [stderr]    Compiling syn v1.0.81
[INFO] [stderr]    Compiling libc v0.2.106
[INFO] [stderr]    Compiling serde_derive v1.0.130
[INFO] [stderr]    Compiling cfg-if v1.0.0
[INFO] [stderr]    Compiling serde v1.0.130
[INFO] [stderr]    Compiling tinyvec_macros v0.1.0
[INFO] [stderr]    Compiling version_check v0.9.3
[INFO] [stderr]    Compiling ppv-lite86 v0.2.15
[INFO] [stderr]    Compiling tinyvec v1.5.0
[INFO] [stderr]    Compiling memchr v2.4.1
[INFO] [stderr]    Compiling ryu v1.0.5
[INFO] [stderr]    Compiling matches v0.1.9
[INFO] [stderr]    Compiling unicase v2.6.0
[INFO] [stderr]    Compiling remove_dir_all v0.5.3
[INFO] [stderr]    Compiling percent-encoding v2.1.0
[INFO] [stderr]    Compiling serde_json v1.0.68
[INFO] [stderr]    Compiling unicode-bidi v0.3.7
[INFO] [stderr]    Compiling pulldown-cmark v0.8.0
[INFO] [stderr]    Compiling quote v1.0.10
[INFO] [stderr]    Compiling form_urlencoded v1.0.1
[INFO] [stderr]    Compiling bitflags v1.3.2
[INFO] [stderr]    Compiling regex-syntax v0.6.25
[INFO] [stderr]    Compiling getrandom v0.2.3
[INFO] [stderr]    Compiling itoa v0.4.8
[INFO] [stderr]    Compiling rand_core v0.6.3
[INFO] [stderr]    Compiling unicode-normalization v0.1.19
[INFO] [stderr]    Compiling trybuild v1.0.52
[INFO] [stderr]    Compiling dissimilar v1.0.3
[INFO] [stderr]    Compiling rand_chacha v0.3.1
[INFO] [stderr]    Compiling semver-parser v0.9.0
[INFO] [stderr]    Compiling rand v0.8.4
[INFO] [stderr]    Compiling termcolor v1.1.2
[INFO] [stderr]    Compiling lazy_static v1.4.0
[INFO] [stderr]    Compiling glob v0.3.0
[INFO] [stderr]    Compiling macrofied-toolbox v0.4.2 (/opt/rustwide/workdir)
[INFO] [stderr]    Compiling idna v0.2.3
[INFO] [stderr]    Compiling tempfile v3.2.0
[INFO] [stderr]    Compiling url v2.2.2
[INFO] [stderr]    Compiling regex v1.5.4
[INFO] [stderr]    Compiling thiserror-impl v1.0.30
[INFO] [stderr]    Compiling thiserror v1.0.30
[INFO] [stderr]    Compiling filedescriptor v0.8.1
[INFO] [stderr]    Compiling gag v1.0.0
[INFO] [stderr]    Compiling test-toolbox v0.5.0
[INFO] [stderr]    Compiling toml v0.5.8
[INFO] [stderr]    Compiling version-sync v0.9.3
[INFO] [stderr]     Finished test [unoptimized + debuginfo] target(s) in 8.61s
[INFO] running `Command { std: "docker" "inspect" "f50d3fc7f96c4f60ac3ddbc847d5db275c9950ab5921275df2b9cc463858f490", kill_on_drop: false }`
[INFO] running `Command { std: "docker" "rm" "-f" "f50d3fc7f96c4f60ac3ddbc847d5db275c9950ab5921275df2b9cc463858f490", kill_on_drop: false }`
[INFO] [stdout] f50d3fc7f96c4f60ac3ddbc847d5db275c9950ab5921275df2b9cc463858f490
[INFO] running `Command { std: "docker" "create" "-v" "/var/lib/crater-agent-workspace/builds/worker-2-tc2/target:/opt/rustwide/target:rw,Z" "-v" "/var/lib/crater-agent-workspace/builds/worker-2-tc2/source:/opt/rustwide/workdir:ro,Z" "-v" "/var/lib/crater-agent-workspace/cargo-home:/opt/rustwide/cargo-home:ro,Z" "-v" "/var/lib/crater-agent-workspace/rustup-home:/opt/rustwide/rustup-home:ro,Z" "-e" "SOURCE_DIR=/opt/rustwide/workdir" "-e" "CARGO_TARGET_DIR=/opt/rustwide/target" "-e" "CARGO_INCREMENTAL=0" "-e" "RUST_BACKTRACE=full" "-e" "RUSTFLAGS=--cap-lints=warn" "-e" "RUSTDOCFLAGS=--cap-lints=warn" "-e" "CARGO_HOME=/opt/rustwide/cargo-home" "-e" "RUSTUP_HOME=/opt/rustwide/rustup-home" "-w" "/opt/rustwide/workdir" "-m" "1610612736" "--user" "0:0" "--network" "none" "ghcr.io/rust-lang/crates-build-env/linux@sha256:2788e3201cd34a07e3172128adcd8b3090168a8e3bcc40d7c032b9dda1df7d1c" "/opt/rustwide/cargo-home/bin/cargo" "+beta-2023-12-22" "test" "--frozen", kill_on_drop: false }`
[INFO] [stdout] 6155d8813f3b105a0154753b18c2a9d3fcc7cd87fe0255a474a1d24b306803b1
[INFO] running `Command { std: "docker" "start" "-a" "6155d8813f3b105a0154753b18c2a9d3fcc7cd87fe0255a474a1d24b306803b1", kill_on_drop: false }`
[INFO] [stderr]     Finished test [unoptimized + debuginfo] target(s) in 0.03s
[INFO] [stderr]      Running unittests src/lib.rs (/opt/rustwide/target/debug/deps/macrofied_toolbox-99351050852ab2e1)
[INFO] [stdout] 
[INFO] [stdout] running 4 tests
[INFO] [stdout] test tests::readme_usage_version ... ok
[INFO] [stdout] test tests::readme_docs_link_version ... ok
[INFO] [stdout] test tests::readme_examples_link_version ... ok
[INFO] [stdout] test tests::html_root_url ... ok
[INFO] [stdout] 
[INFO] [stdout] test result: ok. 4 passed; 0 failed; 0 ignored; 0 measured; 0 filtered out; finished in 0.01s
[INFO] [stdout] 
[INFO] [stderr]    Doc-tests macrofied-toolbox
[INFO] [stdout] 
[INFO] [stdout] running 2 tests
[INFO] [stdout] test src/lib.rs - (line 24) - compile ... FAILED
[INFO] [stdout] test src/lib.rs - (line 60) - compile ... FAILED
[INFO] [stdout] 
[INFO] [stdout] failures:
[INFO] [stdout] 
[INFO] [stdout] ---- src/lib.rs - (line 24) stdout ----
[INFO] [stdout] error[E0432]: unresolved import `macrofied_toolbox::result`
[INFO] [stdout]    --> src/lib.rs:29:5
[INFO] [stdout]     |
[INFO] [stdout] 7   | use macrofied_toolbox::result;
[INFO] [stdout]     |     ^^^^^^^^^^^^^^^^^^^^^^^^^ no `result` in the root
[INFO] [stdout]     |
[INFO] [stdout] note: found an item that was configured out
[INFO] [stdout]    --> /opt/rustwide/workdir/src/lib.rs:427:8
[INFO] [stdout]     |
[INFO] [stdout] 427 | pub fn result(input: TokenStream) -> TokenStream {
[INFO] [stdout]     |        ^^^^^^
[INFO] [stdout]     = note: the item is gated behind the `result` feature
[INFO] [stdout] help: consider importing one of these items instead
[INFO] [stdout]     |
[INFO] [stdout] 7   | use core::result;
[INFO] [stdout]     |     ~~~~~~~~~~~~
[INFO] [stdout] 7   | use std::result;
[INFO] [stdout]     |     ~~~~~~~~~~~
[INFO] [stdout] 
[INFO] [stdout] error: cannot determine resolution for the macro `result`
[INFO] [stdout]   --> src/lib.rs:35:5
[INFO] [stdout]    |
[INFO] [stdout] 13 |     result! {
[INFO] [stdout]    |     ^^^^^^
[INFO] [stdout]    |
[INFO] [stdout]    = note: import resolution is stuck, try simplifying macro imports
[INFO] [stdout] 
[INFO] [stdout] error: aborting due to 2 previous errors
[INFO] [stdout] 
[INFO] [stdout] For more information about this error, try `rustc --explain E0432`.
[INFO] [stdout] Couldn't compile the test.
[INFO] [stdout] ---- src/lib.rs - (line 60) stdout ----
[INFO] [stdout] error[E0432]: unresolved import `macrofied_toolbox::option`
[INFO] [stdout]    --> src/lib.rs:66:5
[INFO] [stdout]     |
[INFO] [stdout] 8   | use macrofied_toolbox::option;
[INFO] [stdout]     |     ^^^^^^^^^^^^^^^^^^^^^^^^^ no `option` in the root
[INFO] [stdout]     |
[INFO] [stdout] note: found an item that was configured out
[INFO] [stdout]    --> /opt/rustwide/workdir/src/lib.rs:278:8
[INFO] [stdout]     |
[INFO] [stdout] 278 | pub fn option(input: TokenStream) -> TokenStream {
[INFO] [stdout]     |        ^^^^^^
[INFO] [stdout]     = note: the item is gated behind the `option` feature
[INFO] [stdout] help: consider importing one of these items instead
[INFO] [stdout]     |
[INFO] [stdout] 8   | use core::option;
[INFO] [stdout]     |     ~~~~~~~~~~~~
[INFO] [stdout] 8   | use std::option;
[INFO] [stdout]     |     ~~~~~~~~~~~
[INFO] [stdout] 
[INFO] [stdout] error: cannot determine resolution for the macro `option`
[INFO] [stdout]   --> src/lib.rs:79:5
[INFO] [stdout]    |
[INFO] [stdout] 21 |     option! {
[INFO] [stdout]    |     ^^^^^^
[INFO] [stdout]    |
[INFO] [stdout]    = note: import resolution is stuck, try simplifying macro imports
[INFO] [stdout] 
[INFO] [stdout] error: aborting due to 2 previous errors
[INFO] [stdout] 
[INFO] [stdout] For more information about this error, try `rustc --explain E0432`.
[INFO] [stdout] Couldn't compile the test.
[INFO] [stdout] 
[INFO] [stdout] failures:
[INFO] [stdout]     src/lib.rs - (line 24)
[INFO] [stdout]     src/lib.rs - (line 60)
[INFO] [stdout] 
[INFO] [stdout] test result: FAILED. 0 passed; 2 failed; 0 ignored; 0 measured; 0 filtered out; finished in 0.05s
[INFO] [stdout] 
[INFO] [stderr] error: doctest failed, to rerun pass `--doc`
[INFO] running `Command { std: "docker" "inspect" "6155d8813f3b105a0154753b18c2a9d3fcc7cd87fe0255a474a1d24b306803b1", kill_on_drop: false }`
[INFO] running `Command { std: "docker" "rm" "-f" "6155d8813f3b105a0154753b18c2a9d3fcc7cd87fe0255a474a1d24b306803b1", kill_on_drop: false }`
[INFO] [stdout] 6155d8813f3b105a0154753b18c2a9d3fcc7cd87fe0255a474a1d24b306803b1
