[INFO] fetching crate macro_clap 0.1.0...
[INFO] testing macro_clap-0.1.0 against 1.75.0 for beta-1.76-1
[INFO] extracting crate macro_clap 0.1.0 into /workspace/builds/worker-7-tc1/source
[INFO] validating manifest of crates.io crate macro_clap 0.1.0 on toolchain 1.75.0
[INFO] running `Command { std: CARGO_HOME="/workspace/cargo-home" RUSTUP_HOME="/workspace/rustup-home" "/workspace/cargo-home/bin/cargo" "+1.75.0" "metadata" "--manifest-path" "Cargo.toml" "--no-deps", kill_on_drop: false }`
[INFO] started tweaking crates.io crate macro_clap 0.1.0
[INFO] finished tweaking crates.io crate macro_clap 0.1.0
[INFO] tweaked toml for crates.io crate macro_clap 0.1.0 written to /workspace/builds/worker-7-tc1/source/Cargo.toml
[INFO] running `Command { std: CARGO_HOME="/workspace/cargo-home" RUSTUP_HOME="/workspace/rustup-home" "/workspace/cargo-home/bin/cargo" "+1.75.0" "generate-lockfile" "--manifest-path" "Cargo.toml", kill_on_drop: false }`
[INFO] running `Command { std: CARGO_HOME="/workspace/cargo-home" RUSTUP_HOME="/workspace/rustup-home" "/workspace/cargo-home/bin/cargo" "+1.75.0" "fetch" "--manifest-path" "Cargo.toml", kill_on_drop: false }`
[INFO] running `Command { std: "docker" "create" "-v" "/var/lib/crater-agent-workspace/builds/worker-7-tc1/target:/opt/rustwide/target:rw,Z" "-v" "/var/lib/crater-agent-workspace/builds/worker-7-tc1/source:/opt/rustwide/workdir:ro,Z" "-v" "/var/lib/crater-agent-workspace/cargo-home:/opt/rustwide/cargo-home:ro,Z" "-v" "/var/lib/crater-agent-workspace/rustup-home:/opt/rustwide/rustup-home:ro,Z" "-e" "SOURCE_DIR=/opt/rustwide/workdir" "-e" "CARGO_TARGET_DIR=/opt/rustwide/target" "-e" "CARGO_HOME=/opt/rustwide/cargo-home" "-e" "RUSTUP_HOME=/opt/rustwide/rustup-home" "-w" "/opt/rustwide/workdir" "-m" "1610612736" "--user" "0:0" "--network" "none" "ghcr.io/rust-lang/crates-build-env/linux@sha256:2788e3201cd34a07e3172128adcd8b3090168a8e3bcc40d7c032b9dda1df7d1c" "/opt/rustwide/cargo-home/bin/cargo" "+1.75.0" "metadata" "--no-deps" "--format-version=1", kill_on_drop: false }`
[INFO] [stdout] 8e7014202a8eb226563aad113f847a330f5c5791107253e0edd9e35c9458751a
[INFO] running `Command { std: "docker" "start" "-a" "8e7014202a8eb226563aad113f847a330f5c5791107253e0edd9e35c9458751a", kill_on_drop: false }`
[INFO] running `Command { std: "docker" "inspect" "8e7014202a8eb226563aad113f847a330f5c5791107253e0edd9e35c9458751a", kill_on_drop: false }`
[INFO] running `Command { std: "docker" "rm" "-f" "8e7014202a8eb226563aad113f847a330f5c5791107253e0edd9e35c9458751a", kill_on_drop: false }`
[INFO] [stdout] 8e7014202a8eb226563aad113f847a330f5c5791107253e0edd9e35c9458751a
[INFO] running `Command { std: "docker" "create" "-v" "/var/lib/crater-agent-workspace/builds/worker-7-tc1/target:/opt/rustwide/target:rw,Z" "-v" "/var/lib/crater-agent-workspace/builds/worker-7-tc1/source:/opt/rustwide/workdir:ro,Z" "-v" "/var/lib/crater-agent-workspace/cargo-home:/opt/rustwide/cargo-home:ro,Z" "-v" "/var/lib/crater-agent-workspace/rustup-home:/opt/rustwide/rustup-home:ro,Z" "-e" "SOURCE_DIR=/opt/rustwide/workdir" "-e" "CARGO_TARGET_DIR=/opt/rustwide/target" "-e" "CARGO_INCREMENTAL=0" "-e" "RUST_BACKTRACE=full" "-e" "RUSTFLAGS=--cap-lints=warn" "-e" "RUSTDOCFLAGS=--cap-lints=warn" "-e" "CARGO_HOME=/opt/rustwide/cargo-home" "-e" "RUSTUP_HOME=/opt/rustwide/rustup-home" "-w" "/opt/rustwide/workdir" "-m" "1610612736" "--user" "0:0" "--network" "none" "ghcr.io/rust-lang/crates-build-env/linux@sha256:2788e3201cd34a07e3172128adcd8b3090168a8e3bcc40d7c032b9dda1df7d1c" "/opt/rustwide/cargo-home/bin/cargo" "+1.75.0" "build" "--frozen" "--message-format=json", kill_on_drop: false }`
[INFO] [stdout] f3325ba1e9c39576cc494d77f01d81fb8145183c062969c2e079e9f84ca20085
[INFO] running `Command { std: "docker" "start" "-a" "f3325ba1e9c39576cc494d77f01d81fb8145183c062969c2e079e9f84ca20085", kill_on_drop: false }`
[INFO] [stderr]    Compiling macro_clap v0.1.0 (/opt/rustwide/workdir)
[INFO] [stderr]     Finished dev [unoptimized + debuginfo] target(s) in 0.16s
[INFO] running `Command { std: "docker" "inspect" "f3325ba1e9c39576cc494d77f01d81fb8145183c062969c2e079e9f84ca20085", kill_on_drop: false }`
[INFO] running `Command { std: "docker" "rm" "-f" "f3325ba1e9c39576cc494d77f01d81fb8145183c062969c2e079e9f84ca20085", kill_on_drop: false }`
[INFO] [stdout] f3325ba1e9c39576cc494d77f01d81fb8145183c062969c2e079e9f84ca20085
[INFO] running `Command { std: "docker" "create" "-v" "/var/lib/crater-agent-workspace/builds/worker-7-tc1/target:/opt/rustwide/target:rw,Z" "-v" "/var/lib/crater-agent-workspace/builds/worker-7-tc1/source:/opt/rustwide/workdir:ro,Z" "-v" "/var/lib/crater-agent-workspace/cargo-home:/opt/rustwide/cargo-home:ro,Z" "-v" "/var/lib/crater-agent-workspace/rustup-home:/opt/rustwide/rustup-home:ro,Z" "-e" "SOURCE_DIR=/opt/rustwide/workdir" "-e" "CARGO_TARGET_DIR=/opt/rustwide/target" "-e" "CARGO_INCREMENTAL=0" "-e" "RUST_BACKTRACE=full" "-e" "RUSTFLAGS=--cap-lints=warn" "-e" "RUSTDOCFLAGS=--cap-lints=warn" "-e" "CARGO_HOME=/opt/rustwide/cargo-home" "-e" "RUSTUP_HOME=/opt/rustwide/rustup-home" "-w" "/opt/rustwide/workdir" "-m" "1610612736" "--user" "0:0" "--network" "none" "ghcr.io/rust-lang/crates-build-env/linux@sha256:2788e3201cd34a07e3172128adcd8b3090168a8e3bcc40d7c032b9dda1df7d1c" "/opt/rustwide/cargo-home/bin/cargo" "+1.75.0" "test" "--frozen" "--no-run" "--message-format=json", kill_on_drop: false }`
[INFO] [stdout] 908ad380206982e277ac3b59357a267cc21b3919f957f9ee2f2e7894c5cf6bc9
[INFO] running `Command { std: "docker" "start" "-a" "908ad380206982e277ac3b59357a267cc21b3919f957f9ee2f2e7894c5cf6bc9", kill_on_drop: false }`
[INFO] [stderr]    Compiling macro_clap v0.1.0 (/opt/rustwide/workdir)
[INFO] [stderr]     Finished test [unoptimized + debuginfo] target(s) in 0.27s
[INFO] running `Command { std: "docker" "inspect" "908ad380206982e277ac3b59357a267cc21b3919f957f9ee2f2e7894c5cf6bc9", kill_on_drop: false }`
[INFO] running `Command { std: "docker" "rm" "-f" "908ad380206982e277ac3b59357a267cc21b3919f957f9ee2f2e7894c5cf6bc9", kill_on_drop: false }`
[INFO] [stdout] 908ad380206982e277ac3b59357a267cc21b3919f957f9ee2f2e7894c5cf6bc9
[INFO] running `Command { std: "docker" "create" "-v" "/var/lib/crater-agent-workspace/builds/worker-7-tc1/target:/opt/rustwide/target:rw,Z" "-v" "/var/lib/crater-agent-workspace/builds/worker-7-tc1/source:/opt/rustwide/workdir:ro,Z" "-v" "/var/lib/crater-agent-workspace/cargo-home:/opt/rustwide/cargo-home:ro,Z" "-v" "/var/lib/crater-agent-workspace/rustup-home:/opt/rustwide/rustup-home:ro,Z" "-e" "SOURCE_DIR=/opt/rustwide/workdir" "-e" "CARGO_TARGET_DIR=/opt/rustwide/target" "-e" "CARGO_INCREMENTAL=0" "-e" "RUST_BACKTRACE=full" "-e" "RUSTFLAGS=--cap-lints=warn" "-e" "RUSTDOCFLAGS=--cap-lints=warn" "-e" "CARGO_HOME=/opt/rustwide/cargo-home" "-e" "RUSTUP_HOME=/opt/rustwide/rustup-home" "-w" "/opt/rustwide/workdir" "-m" "1610612736" "--user" "0:0" "--network" "none" "ghcr.io/rust-lang/crates-build-env/linux@sha256:2788e3201cd34a07e3172128adcd8b3090168a8e3bcc40d7c032b9dda1df7d1c" "/opt/rustwide/cargo-home/bin/cargo" "+1.75.0" "test" "--frozen", kill_on_drop: false }`
[INFO] [stdout] e9e43a03c72c9ba7c77167414db3cbe31733267aa4f09ecde0e089f9bf0be358
[INFO] running `Command { std: "docker" "start" "-a" "e9e43a03c72c9ba7c77167414db3cbe31733267aa4f09ecde0e089f9bf0be358", kill_on_drop: false }`
[INFO] [stderr]     Finished test [unoptimized + debuginfo] target(s) in 0.00s
[INFO] [stderr]      Running unittests src/lib.rs (/opt/rustwide/target/debug/deps/macro_clap-730bb11c5fccd91d)
[INFO] [stdout] 
[INFO] [stdout] running 0 tests
[INFO] [stdout] 
[INFO] [stdout] test result: ok. 0 passed; 0 failed; 0 ignored; 0 measured; 0 filtered out; finished in 0.00s
[INFO] [stdout] 
[INFO] [stderr]    Doc-tests macro_clap
[INFO] [stdout] 
[INFO] [stdout] running 7 tests
[INFO] [stdout] test src/macros.rs - macros::opt (line 440) ... FAILED
[INFO] [stdout] test src/macros.rs - macros::branch (line 379) ... FAILED
[INFO] [stdout] test src/macros.rs - macros::collect (line 492) ... FAILED
[INFO] [stdout] test src/macros.rs - macros::maybe (line 349) ... FAILED
[INFO] [stdout] test src/macros.rs - macros::arg (line 319) ... FAILED
[INFO] [stdout] test src/macros.rs - macros::cli (line 4) ... FAILED
[INFO] [stdout] test src/lib.rs - (line 4) ... ok
[INFO] [stdout] 
[INFO] [stdout] failures:
[INFO] [stdout] 
[INFO] [stdout] ---- src/macros.rs - macros::opt (line 440) stdout ----
[INFO] [stdout] error: cannot find macro `opt` in this scope
[INFO] [stdout]  --> src/macros.rs:441:1
[INFO] [stdout]   |
[INFO] [stdout] 3 | opt!(name as OptionStruct {
[INFO] [stdout]   | ^^^
[INFO] [stdout]   |
[INFO] [stdout] help: consider importing this macro
[INFO] [stdout]   |
[INFO] [stdout] 2 + use macro_clap::opt;
[INFO] [stdout]   |
[INFO] [stdout] 
[INFO] [stdout] error: aborting due to previous error
[INFO] [stdout] 
[INFO] [stdout] Couldn't compile the test.
[INFO] [stdout] ---- src/macros.rs - macros::branch (line 379) stdout ----
[INFO] [stdout] error: cannot find macro `branch` in this scope
[INFO] [stdout]  --> src/macros.rs:380:1
[INFO] [stdout]   |
[INFO] [stdout] 3 | branch!(name as BranchEnum {
[INFO] [stdout]   | ^^^^^^
[INFO] [stdout]   |
[INFO] [stdout] help: consider importing this macro
[INFO] [stdout]   |
[INFO] [stdout] 2 + use macro_clap::branch;
[INFO] [stdout]   |
[INFO] [stdout] 
[INFO] [stdout] error: aborting due to previous error
[INFO] [stdout] 
[INFO] [stdout] Couldn't compile the test.
[INFO] [stdout] ---- src/macros.rs - macros::collect (line 492) stdout ----
[INFO] [stdout] error: cannot find macro `collect` in this scope
[INFO] [stdout]  --> src/macros.rs:493:1
[INFO] [stdout]   |
[INFO] [stdout] 3 | collect!(rest as (Vec<String>))
[INFO] [stdout]   | ^^^^^^^
[INFO] [stdout]   |
[INFO] [stdout] help: consider importing this macro
[INFO] [stdout]   |
[INFO] [stdout] 2 + use macro_clap::collect;
[INFO] [stdout]   |
[INFO] [stdout] 
[INFO] [stdout] error: aborting due to previous error
[INFO] [stdout] 
[INFO] [stdout] Couldn't compile the test.
[INFO] [stdout] ---- src/macros.rs - macros::maybe (line 349) stdout ----
[INFO] [stdout] error: cannot find macro `maybe` in this scope
[INFO] [stdout]  --> src/macros.rs:350:1
[INFO] [stdout]   |
[INFO] [stdout] 3 | maybe!(name as (Option<Type>))
[INFO] [stdout]   | ^^^^^
[INFO] [stdout]   |
[INFO] [stdout] help: consider importing this macro
[INFO] [stdout]   |
[INFO] [stdout] 2 + use macro_clap::maybe;
[INFO] [stdout]   |
[INFO] [stdout] 
[INFO] [stdout] error: aborting due to previous error
[INFO] [stdout] 
[INFO] [stdout] Couldn't compile the test.
[INFO] [stdout] ---- src/macros.rs - macros::arg (line 319) stdout ----
[INFO] [stdout] error: cannot find macro `arg` in this scope
[INFO] [stdout]  --> src/macros.rs:320:1
[INFO] [stdout]   |
[INFO] [stdout] 3 | arg!(name as Type)
[INFO] [stdout]   | ^^^
[INFO] [stdout]   |
[INFO] [stdout] help: consider importing this macro
[INFO] [stdout]   |
[INFO] [stdout] 2 + use macro_clap::arg;
[INFO] [stdout]   |
[INFO] [stdout] 
[INFO] [stdout] error: aborting due to previous error
[INFO] [stdout] 
[INFO] [stdout] Couldn't compile the test.
[INFO] [stdout] ---- src/macros.rs - macros::cli (line 4) stdout ----
[INFO] [stdout] error: cannot find macro `cli` in this scope
[INFO] [stdout]  --> src/macros.rs:5:1
[INFO] [stdout]   |
[INFO] [stdout] 3 | cli!(
[INFO] [stdout]   | ^^^
[INFO] [stdout]   |
[INFO] [stdout] help: consider importing this macro
[INFO] [stdout]   |
[INFO] [stdout] 2 + use macro_clap::cli;
[INFO] [stdout]   |
[INFO] [stdout] 
[INFO] [stdout] error: aborting due to previous error
[INFO] [stdout] 
[INFO] [stdout] Couldn't compile the test.
[INFO] [stdout] 
[INFO] [stdout] failures:
[INFO] [stdout]     src/macros.rs - macros::arg (line 319)
[INFO] [stdout]     src/macros.rs - macros::branch (line 379)
[INFO] [stdout]     src/macros.rs - macros::cli (line 4)
[INFO] [stdout]     src/macros.rs - macros::collect (line 492)
[INFO] [stdout]     src/macros.rs - macros::maybe (line 349)
[INFO] [stdout]     src/macros.rs - macros::opt (line 440)
[INFO] [stdout] 
[INFO] [stdout] test result: FAILED. 1 passed; 6 failed; 0 ignored; 0 measured; 0 filtered out; finished in 0.23s
[INFO] [stdout] 
[INFO] [stderr] error: doctest failed, to rerun pass `--doc`
[INFO] running `Command { std: "docker" "inspect" "e9e43a03c72c9ba7c77167414db3cbe31733267aa4f09ecde0e089f9bf0be358", kill_on_drop: false }`
[INFO] running `Command { std: "docker" "rm" "-f" "e9e43a03c72c9ba7c77167414db3cbe31733267aa4f09ecde0e089f9bf0be358", kill_on_drop: false }`
[INFO] [stdout] e9e43a03c72c9ba7c77167414db3cbe31733267aa4f09ecde0e089f9bf0be358
[INFO] testing macro_clap-0.1.0 against beta-2023-12-22 for beta-1.76-1
[INFO] extracting crate macro_clap 0.1.0 into /workspace/builds/worker-7-tc2/source
[INFO] validating manifest of crates.io crate macro_clap 0.1.0 on toolchain beta-2023-12-22
[INFO] running `Command { std: CARGO_HOME="/workspace/cargo-home" RUSTUP_HOME="/workspace/rustup-home" "/workspace/cargo-home/bin/cargo" "+beta-2023-12-22" "metadata" "--manifest-path" "Cargo.toml" "--no-deps", kill_on_drop: false }`
[INFO] started tweaking crates.io crate macro_clap 0.1.0
[INFO] finished tweaking crates.io crate macro_clap 0.1.0
[INFO] tweaked toml for crates.io crate macro_clap 0.1.0 written to /workspace/builds/worker-7-tc2/source/Cargo.toml
[INFO] running `Command { std: CARGO_HOME="/workspace/cargo-home" RUSTUP_HOME="/workspace/rustup-home" "/workspace/cargo-home/bin/cargo" "+beta-2023-12-22" "generate-lockfile" "--manifest-path" "Cargo.toml", kill_on_drop: false }`
[INFO] running `Command { std: CARGO_HOME="/workspace/cargo-home" RUSTUP_HOME="/workspace/rustup-home" "/workspace/cargo-home/bin/cargo" "+beta-2023-12-22" "fetch" "--manifest-path" "Cargo.toml", kill_on_drop: false }`
[INFO] running `Command { std: "docker" "create" "-v" "/var/lib/crater-agent-workspace/builds/worker-7-tc2/target:/opt/rustwide/target:rw,Z" "-v" "/var/lib/crater-agent-workspace/builds/worker-7-tc2/source:/opt/rustwide/workdir:ro,Z" "-v" "/var/lib/crater-agent-workspace/cargo-home:/opt/rustwide/cargo-home:ro,Z" "-v" "/var/lib/crater-agent-workspace/rustup-home:/opt/rustwide/rustup-home:ro,Z" "-e" "SOURCE_DIR=/opt/rustwide/workdir" "-e" "CARGO_TARGET_DIR=/opt/rustwide/target" "-e" "CARGO_HOME=/opt/rustwide/cargo-home" "-e" "RUSTUP_HOME=/opt/rustwide/rustup-home" "-w" "/opt/rustwide/workdir" "-m" "1610612736" "--user" "0:0" "--network" "none" "ghcr.io/rust-lang/crates-build-env/linux@sha256:2788e3201cd34a07e3172128adcd8b3090168a8e3bcc40d7c032b9dda1df7d1c" "/opt/rustwide/cargo-home/bin/cargo" "+beta-2023-12-22" "metadata" "--no-deps" "--format-version=1", kill_on_drop: false }`
[INFO] [stdout] 8aac7c5b059362a154acc6508ef7239c7358b63efdcbe653501be0b71c602a96
[INFO] running `Command { std: "docker" "start" "-a" "8aac7c5b059362a154acc6508ef7239c7358b63efdcbe653501be0b71c602a96", kill_on_drop: false }`
[INFO] running `Command { std: "docker" "inspect" "8aac7c5b059362a154acc6508ef7239c7358b63efdcbe653501be0b71c602a96", kill_on_drop: false }`
[INFO] running `Command { std: "docker" "rm" "-f" "8aac7c5b059362a154acc6508ef7239c7358b63efdcbe653501be0b71c602a96", kill_on_drop: false }`
[INFO] [stdout] 8aac7c5b059362a154acc6508ef7239c7358b63efdcbe653501be0b71c602a96
[INFO] running `Command { std: "docker" "create" "-v" "/var/lib/crater-agent-workspace/builds/worker-7-tc2/target:/opt/rustwide/target:rw,Z" "-v" "/var/lib/crater-agent-workspace/builds/worker-7-tc2/source:/opt/rustwide/workdir:ro,Z" "-v" "/var/lib/crater-agent-workspace/cargo-home:/opt/rustwide/cargo-home:ro,Z" "-v" "/var/lib/crater-agent-workspace/rustup-home:/opt/rustwide/rustup-home:ro,Z" "-e" "SOURCE_DIR=/opt/rustwide/workdir" "-e" "CARGO_TARGET_DIR=/opt/rustwide/target" "-e" "CARGO_INCREMENTAL=0" "-e" "RUST_BACKTRACE=full" "-e" "RUSTFLAGS=--cap-lints=warn" "-e" "RUSTDOCFLAGS=--cap-lints=warn" "-e" "CARGO_HOME=/opt/rustwide/cargo-home" "-e" "RUSTUP_HOME=/opt/rustwide/rustup-home" "-w" "/opt/rustwide/workdir" "-m" "1610612736" "--user" "0:0" "--network" "none" "ghcr.io/rust-lang/crates-build-env/linux@sha256:2788e3201cd34a07e3172128adcd8b3090168a8e3bcc40d7c032b9dda1df7d1c" "/opt/rustwide/cargo-home/bin/cargo" "+beta-2023-12-22" "build" "--frozen" "--message-format=json", kill_on_drop: false }`
[INFO] [stdout] 777434ec6db73c56a894b28b5f66278972de13af2837b9c860a54ef165b6b60c
[INFO] running `Command { std: "docker" "start" "-a" "777434ec6db73c56a894b28b5f66278972de13af2837b9c860a54ef165b6b60c", kill_on_drop: false }`
[INFO] [stderr]    Compiling macro_clap v0.1.0 (/opt/rustwide/workdir)
[INFO] [stderr]     Finished dev [unoptimized + debuginfo] target(s) in 0.12s
[INFO] running `Command { std: "docker" "inspect" "777434ec6db73c56a894b28b5f66278972de13af2837b9c860a54ef165b6b60c", kill_on_drop: false }`
[INFO] running `Command { std: "docker" "rm" "-f" "777434ec6db73c56a894b28b5f66278972de13af2837b9c860a54ef165b6b60c", kill_on_drop: false }`
[INFO] [stdout] 777434ec6db73c56a894b28b5f66278972de13af2837b9c860a54ef165b6b60c
[INFO] running `Command { std: "docker" "create" "-v" "/var/lib/crater-agent-workspace/builds/worker-7-tc2/target:/opt/rustwide/target:rw,Z" "-v" "/var/lib/crater-agent-workspace/builds/worker-7-tc2/source:/opt/rustwide/workdir:ro,Z" "-v" "/var/lib/crater-agent-workspace/cargo-home:/opt/rustwide/cargo-home:ro,Z" "-v" "/var/lib/crater-agent-workspace/rustup-home:/opt/rustwide/rustup-home:ro,Z" "-e" "SOURCE_DIR=/opt/rustwide/workdir" "-e" "CARGO_TARGET_DIR=/opt/rustwide/target" "-e" "CARGO_INCREMENTAL=0" "-e" "RUST_BACKTRACE=full" "-e" "RUSTFLAGS=--cap-lints=warn" "-e" "RUSTDOCFLAGS=--cap-lints=warn" "-e" "CARGO_HOME=/opt/rustwide/cargo-home" "-e" "RUSTUP_HOME=/opt/rustwide/rustup-home" "-w" "/opt/rustwide/workdir" "-m" "1610612736" "--user" "0:0" "--network" "none" "ghcr.io/rust-lang/crates-build-env/linux@sha256:2788e3201cd34a07e3172128adcd8b3090168a8e3bcc40d7c032b9dda1df7d1c" "/opt/rustwide/cargo-home/bin/cargo" "+beta-2023-12-22" "test" "--frozen" "--no-run" "--message-format=json", kill_on_drop: false }`
[INFO] [stdout] 1f0a39e05a22c02ea365eb86c3f49c1e097e206b2ab04afa11a8e0dff0e7c30c
[INFO] running `Command { std: "docker" "start" "-a" "1f0a39e05a22c02ea365eb86c3f49c1e097e206b2ab04afa11a8e0dff0e7c30c", kill_on_drop: false }`
[INFO] [stderr]    Compiling macro_clap v0.1.0 (/opt/rustwide/workdir)
[INFO] [stderr]     Finished test [unoptimized + debuginfo] target(s) in 0.31s
[INFO] running `Command { std: "docker" "inspect" "1f0a39e05a22c02ea365eb86c3f49c1e097e206b2ab04afa11a8e0dff0e7c30c", kill_on_drop: false }`
[INFO] running `Command { std: "docker" "rm" "-f" "1f0a39e05a22c02ea365eb86c3f49c1e097e206b2ab04afa11a8e0dff0e7c30c", kill_on_drop: false }`
[INFO] [stdout] 1f0a39e05a22c02ea365eb86c3f49c1e097e206b2ab04afa11a8e0dff0e7c30c
[INFO] running `Command { std: "docker" "create" "-v" "/var/lib/crater-agent-workspace/builds/worker-7-tc2/target:/opt/rustwide/target:rw,Z" "-v" "/var/lib/crater-agent-workspace/builds/worker-7-tc2/source:/opt/rustwide/workdir:ro,Z" "-v" "/var/lib/crater-agent-workspace/cargo-home:/opt/rustwide/cargo-home:ro,Z" "-v" "/var/lib/crater-agent-workspace/rustup-home:/opt/rustwide/rustup-home:ro,Z" "-e" "SOURCE_DIR=/opt/rustwide/workdir" "-e" "CARGO_TARGET_DIR=/opt/rustwide/target" "-e" "CARGO_INCREMENTAL=0" "-e" "RUST_BACKTRACE=full" "-e" "RUSTFLAGS=--cap-lints=warn" "-e" "RUSTDOCFLAGS=--cap-lints=warn" "-e" "CARGO_HOME=/opt/rustwide/cargo-home" "-e" "RUSTUP_HOME=/opt/rustwide/rustup-home" "-w" "/opt/rustwide/workdir" "-m" "1610612736" "--user" "0:0" "--network" "none" "ghcr.io/rust-lang/crates-build-env/linux@sha256:2788e3201cd34a07e3172128adcd8b3090168a8e3bcc40d7c032b9dda1df7d1c" "/opt/rustwide/cargo-home/bin/cargo" "+beta-2023-12-22" "test" "--frozen", kill_on_drop: false }`
[INFO] [stdout] 0a3fab68c089b78da5b4cff0ed73593c080a83c99ac4ea7f2da6f9b97e40a348
[INFO] running `Command { std: "docker" "start" "-a" "0a3fab68c089b78da5b4cff0ed73593c080a83c99ac4ea7f2da6f9b97e40a348", kill_on_drop: false }`
[INFO] [stderr]     Finished test [unoptimized + debuginfo] target(s) in 0.00s
[INFO] [stderr]      Running unittests src/lib.rs (/opt/rustwide/target/debug/deps/macro_clap-8e5d1a042a353907)
[INFO] [stdout] 
[INFO] [stdout] running 0 tests
[INFO] [stdout] 
[INFO] [stdout] test result: ok. 0 passed; 0 failed; 0 ignored; 0 measured; 0 filtered out; finished in 0.00s
[INFO] [stdout] 
[INFO] [stderr]    Doc-tests macro_clap
[INFO] [stdout] 
[INFO] [stdout] running 7 tests
[INFO] [stdout] test src/macros.rs - macros::branch (line 379) ... FAILED
[INFO] [stdout] test src/macros.rs - macros::maybe (line 349) ... FAILED
[INFO] [stdout] test src/macros.rs - macros::opt (line 440) ... FAILED
[INFO] [stdout] test src/macros.rs - macros::collect (line 492) ... FAILED
[INFO] [stdout] test src/macros.rs - macros::arg (line 319) ... FAILED
[INFO] [stdout] test src/macros.rs - macros::cli (line 4) ... FAILED
[INFO] [stdout] test src/lib.rs - (line 4) ... ok
[INFO] [stdout] 
[INFO] [stdout] failures:
[INFO] [stdout] 
[INFO] [stdout] ---- src/macros.rs - macros::branch (line 379) stdout ----
[INFO] [stdout] error: cannot find macro `branch` in this scope
[INFO] [stdout]  --> src/macros.rs:380:1
[INFO] [stdout]   |
[INFO] [stdout] 3 | branch!(name as BranchEnum {
[INFO] [stdout]   | ^^^^^^
[INFO] [stdout]   |
[INFO] [stdout] help: consider importing this macro
[INFO] [stdout]   |
[INFO] [stdout] 2 + use macro_clap::branch;
[INFO] [stdout]   |
[INFO] [stdout] 
[INFO] [stdout] error: aborting due to 1 previous error
[INFO] [stdout] 
[INFO] [stdout] Couldn't compile the test.
[INFO] [stdout] ---- src/macros.rs - macros::maybe (line 349) stdout ----
[INFO] [stdout] error: cannot find macro `maybe` in this scope
[INFO] [stdout]  --> src/macros.rs:350:1
[INFO] [stdout]   |
[INFO] [stdout] 3 | maybe!(name as (Option<Type>))
[INFO] [stdout]   | ^^^^^
[INFO] [stdout]   |
[INFO] [stdout] help: consider importing this macro
[INFO] [stdout]   |
[INFO] [stdout] 2 + use macro_clap::maybe;
[INFO] [stdout]   |
[INFO] [stdout] 
[INFO] [stdout] error: aborting due to 1 previous error
[INFO] [stdout] 
[INFO] [stdout] Couldn't compile the test.
[INFO] [stdout] ---- src/macros.rs - macros::opt (line 440) stdout ----
[INFO] [stdout] error: cannot find macro `opt` in this scope
[INFO] [stdout]  --> src/macros.rs:441:1
[INFO] [stdout]   |
[INFO] [stdout] 3 | opt!(name as OptionStruct {
[INFO] [stdout]   | ^^^
[INFO] [stdout]   |
[INFO] [stdout] help: consider importing this macro
[INFO] [stdout]   |
[INFO] [stdout] 2 + use macro_clap::opt;
[INFO] [stdout]   |
[INFO] [stdout] 
[INFO] [stdout] error: aborting due to 1 previous error
[INFO] [stdout] 
[INFO] [stdout] Couldn't compile the test.
[INFO] [stdout] ---- src/macros.rs - macros::collect (line 492) stdout ----
[INFO] [stdout] error: cannot find macro `collect` in this scope
[INFO] [stdout]  --> src/macros.rs:493:1
[INFO] [stdout]   |
[INFO] [stdout] 3 | collect!(rest as (Vec<String>))
[INFO] [stdout]   | ^^^^^^^
[INFO] [stdout]   |
[INFO] [stdout] help: consider importing this macro
[INFO] [stdout]   |
[INFO] [stdout] 2 + use macro_clap::collect;
[INFO] [stdout]   |
[INFO] [stdout] 
[INFO] [stdout] error: aborting due to 1 previous error
[INFO] [stdout] 
[INFO] [stdout] Couldn't compile the test.
[INFO] [stdout] ---- src/macros.rs - macros::arg (line 319) stdout ----
[INFO] [stdout] error: cannot find macro `arg` in this scope
[INFO] [stdout]  --> src/macros.rs:320:1
[INFO] [stdout]   |
[INFO] [stdout] 3 | arg!(name as Type)
[INFO] [stdout]   | ^^^
[INFO] [stdout]   |
[INFO] [stdout] help: consider importing this macro
[INFO] [stdout]   |
[INFO] [stdout] 2 + use macro_clap::arg;
[INFO] [stdout]   |
[INFO] [stdout] 
[INFO] [stdout] error: aborting due to 1 previous error
[INFO] [stdout] 
[INFO] [stdout] Couldn't compile the test.
[INFO] [stdout] ---- src/macros.rs - macros::cli (line 4) stdout ----
[INFO] [stdout] error: cannot find macro `cli` in this scope
[INFO] [stdout]  --> src/macros.rs:5:1
[INFO] [stdout]   |
[INFO] [stdout] 3 | cli!(
[INFO] [stdout]   | ^^^
[INFO] [stdout]   |
[INFO] [stdout] help: consider importing this macro
[INFO] [stdout]   |
[INFO] [stdout] 2 + use macro_clap::cli;
[INFO] [stdout]   |
[INFO] [stdout] 
[INFO] [stdout] error: aborting due to 1 previous error
[INFO] [stdout] 
[INFO] [stdout] Couldn't compile the test.
[INFO] [stdout] 
[INFO] [stdout] failures:
[INFO] [stdout]     src/macros.rs - macros::arg (line 319)
[INFO] [stdout]     src/macros.rs - macros::branch (line 379)
[INFO] [stdout]     src/macros.rs - macros::cli (line 4)
[INFO] [stdout]     src/macros.rs - macros::collect (line 492)
[INFO] [stdout]     src/macros.rs - macros::maybe (line 349)
[INFO] [stdout]     src/macros.rs - macros::opt (line 440)
[INFO] [stdout] 
[INFO] [stdout] test result: FAILED. 1 passed; 6 failed; 0 ignored; 0 measured; 0 filtered out; finished in 0.20s
[INFO] [stdout] 
[INFO] [stderr] error: doctest failed, to rerun pass `--doc`
[INFO] running `Command { std: "docker" "inspect" "0a3fab68c089b78da5b4cff0ed73593c080a83c99ac4ea7f2da6f9b97e40a348", kill_on_drop: false }`
[INFO] running `Command { std: "docker" "rm" "-f" "0a3fab68c089b78da5b4cff0ed73593c080a83c99ac4ea7f2da6f9b97e40a348", kill_on_drop: false }`
[INFO] [stdout] 0a3fab68c089b78da5b4cff0ed73593c080a83c99ac4ea7f2da6f9b97e40a348
