[INFO] fetching crate macademia 0.5.3...
[INFO] testing macademia-0.5.3 against 1.75.0 for beta-1.76-1
[INFO] extracting crate macademia 0.5.3 into /workspace/builds/worker-0-tc1/source
[INFO] validating manifest of crates.io crate macademia 0.5.3 on toolchain 1.75.0
[INFO] running `Command { std: CARGO_HOME="/workspace/cargo-home" RUSTUP_HOME="/workspace/rustup-home" "/workspace/cargo-home/bin/cargo" "+1.75.0" "metadata" "--manifest-path" "Cargo.toml" "--no-deps", kill_on_drop: false }`
[INFO] started tweaking crates.io crate macademia 0.5.3
[INFO] finished tweaking crates.io crate macademia 0.5.3
[INFO] tweaked toml for crates.io crate macademia 0.5.3 written to /workspace/builds/worker-0-tc1/source/Cargo.toml
[INFO] running `Command { std: CARGO_HOME="/workspace/cargo-home" RUSTUP_HOME="/workspace/rustup-home" "/workspace/cargo-home/bin/cargo" "+1.75.0" "generate-lockfile" "--manifest-path" "Cargo.toml", kill_on_drop: false }`
[INFO] [stderr]     Updating crates.io index
[INFO] running `Command { std: CARGO_HOME="/workspace/cargo-home" RUSTUP_HOME="/workspace/rustup-home" "/workspace/cargo-home/bin/cargo" "+1.75.0" "fetch" "--manifest-path" "Cargo.toml", kill_on_drop: false }`
[INFO] running `Command { std: "docker" "create" "-v" "/var/lib/crater-agent-workspace/builds/worker-0-tc1/target:/opt/rustwide/target:rw,Z" "-v" "/var/lib/crater-agent-workspace/builds/worker-0-tc1/source:/opt/rustwide/workdir:ro,Z" "-v" "/var/lib/crater-agent-workspace/cargo-home:/opt/rustwide/cargo-home:ro,Z" "-v" "/var/lib/crater-agent-workspace/rustup-home:/opt/rustwide/rustup-home:ro,Z" "-e" "SOURCE_DIR=/opt/rustwide/workdir" "-e" "CARGO_TARGET_DIR=/opt/rustwide/target" "-e" "CARGO_HOME=/opt/rustwide/cargo-home" "-e" "RUSTUP_HOME=/opt/rustwide/rustup-home" "-w" "/opt/rustwide/workdir" "-m" "1610612736" "--user" "0:0" "--network" "none" "ghcr.io/rust-lang/crates-build-env/linux@sha256:2788e3201cd34a07e3172128adcd8b3090168a8e3bcc40d7c032b9dda1df7d1c" "/opt/rustwide/cargo-home/bin/cargo" "+1.75.0" "metadata" "--no-deps" "--format-version=1", kill_on_drop: false }`
[INFO] [stdout] c55e067d3fcb0b2a24d2aa0416d4659d9d6359521b502139a6a67240cbc45bc2
[INFO] running `Command { std: "docker" "start" "-a" "c55e067d3fcb0b2a24d2aa0416d4659d9d6359521b502139a6a67240cbc45bc2", kill_on_drop: false }`
[INFO] running `Command { std: "docker" "inspect" "c55e067d3fcb0b2a24d2aa0416d4659d9d6359521b502139a6a67240cbc45bc2", kill_on_drop: false }`
[INFO] running `Command { std: "docker" "rm" "-f" "c55e067d3fcb0b2a24d2aa0416d4659d9d6359521b502139a6a67240cbc45bc2", kill_on_drop: false }`
[INFO] [stdout] c55e067d3fcb0b2a24d2aa0416d4659d9d6359521b502139a6a67240cbc45bc2
[INFO] running `Command { std: "docker" "create" "-v" "/var/lib/crater-agent-workspace/builds/worker-0-tc1/target:/opt/rustwide/target:rw,Z" "-v" "/var/lib/crater-agent-workspace/builds/worker-0-tc1/source:/opt/rustwide/workdir:ro,Z" "-v" "/var/lib/crater-agent-workspace/cargo-home:/opt/rustwide/cargo-home:ro,Z" "-v" "/var/lib/crater-agent-workspace/rustup-home:/opt/rustwide/rustup-home:ro,Z" "-e" "SOURCE_DIR=/opt/rustwide/workdir" "-e" "CARGO_TARGET_DIR=/opt/rustwide/target" "-e" "CARGO_INCREMENTAL=0" "-e" "RUST_BACKTRACE=full" "-e" "RUSTFLAGS=--cap-lints=warn" "-e" "RUSTDOCFLAGS=--cap-lints=warn" "-e" "CARGO_HOME=/opt/rustwide/cargo-home" "-e" "RUSTUP_HOME=/opt/rustwide/rustup-home" "-w" "/opt/rustwide/workdir" "-m" "1610612736" "--user" "0:0" "--network" "none" "ghcr.io/rust-lang/crates-build-env/linux@sha256:2788e3201cd34a07e3172128adcd8b3090168a8e3bcc40d7c032b9dda1df7d1c" "/opt/rustwide/cargo-home/bin/cargo" "+1.75.0" "build" "--frozen" "--message-format=json", kill_on_drop: false }`
[INFO] [stdout] 3277e0d69b7f49132d099de30b1b472b809ddea384bba3221dbfa89e76b34da0
[INFO] running `Command { std: "docker" "start" "-a" "3277e0d69b7f49132d099de30b1b472b809ddea384bba3221dbfa89e76b34da0", kill_on_drop: false }`
[INFO] [stderr]    Compiling rustix v0.38.28
[INFO] [stderr]    Compiling x11 v2.21.0
[INFO] [stderr]    Compiling macademia v0.5.3 (/opt/rustwide/workdir)
[INFO] [stderr]    Compiling is-terminal v0.4.10
[INFO] [stderr]    Compiling colored v1.9.4
[INFO] [stderr]    Compiling fern v0.6.2
[INFO] [stdout] warning: unused import: `Event`
[INFO] [stdout]  --> src/platform/linux/window.rs:3:104
[INFO] [stdout]   |
[INFO] [stdout] 3 | use crate::{window::{Window, WindowProps}, event::{application::{WindowCloseEvent, WindowResizeEvent}, Event}, prelude::Application};
[INFO] [stdout]   |                                                                                                        ^^^^^
[INFO] [stdout]   |
[INFO] [stdout]   = note: `#[warn(unused_imports)]` on by default
[INFO] [stdout] 
[INFO] [stdout] 
[INFO] [stdout] warning: variable does not need to be mutable
[INFO] [stdout]   --> src/platform/linux/window.rs:66:33
[INFO] [stdout]    |
[INFO] [stdout] 66 | ...                   let mut ev = WindowCloseEvent::new();
[INFO] [stdout]    |                           ----^^
[INFO] [stdout]    |                           |
[INFO] [stdout]    |                           help: remove this `mut`
[INFO] [stdout]    |
[INFO] [stdout]    = note: `#[warn(unused_mut)]` on by default
[INFO] [stdout] 
[INFO] [stdout] 
[INFO] [stdout] warning: constant in pattern `ConfigureNotify` should have an upper case name
[INFO] [stdout]   --> src/platform/linux/window.rs:57:21
[INFO] [stdout]    |
[INFO] [stdout] 57 |                     ConfigureNotify => {
[INFO] [stdout]    |                     ^^^^^^^^^^^^^^^ help: convert the identifier to upper case: `CONFIGURE_NOTIFY`
[INFO] [stdout]    |
[INFO] [stdout]    = note: `#[warn(non_upper_case_globals)]` on by default
[INFO] [stdout] 
[INFO] [stdout] 
[INFO] [stdout] warning: constant in pattern `ClientMessage` should have an upper case name
[INFO] [stdout]   --> src/platform/linux/window.rs:64:21
[INFO] [stdout]    |
[INFO] [stdout] 64 |                     ClientMessage => {
[INFO] [stdout]    |                     ^^^^^^^^^^^^^ help: convert the identifier to upper case: `CLIENT_MESSAGE`
[INFO] [stdout] 
[INFO] [stdout] 
[INFO] [stdout] warning: 4 warnings emitted
[INFO] [stdout] 
[INFO] [stdout] 
[INFO] [stderr]     Finished dev [unoptimized + debuginfo] target(s) in 1.03s
[INFO] running `Command { std: "docker" "inspect" "3277e0d69b7f49132d099de30b1b472b809ddea384bba3221dbfa89e76b34da0", kill_on_drop: false }`
[INFO] running `Command { std: "docker" "rm" "-f" "3277e0d69b7f49132d099de30b1b472b809ddea384bba3221dbfa89e76b34da0", kill_on_drop: false }`
[INFO] [stdout] 3277e0d69b7f49132d099de30b1b472b809ddea384bba3221dbfa89e76b34da0
[INFO] running `Command { std: "docker" "create" "-v" "/var/lib/crater-agent-workspace/builds/worker-0-tc1/target:/opt/rustwide/target:rw,Z" "-v" "/var/lib/crater-agent-workspace/builds/worker-0-tc1/source:/opt/rustwide/workdir:ro,Z" "-v" "/var/lib/crater-agent-workspace/cargo-home:/opt/rustwide/cargo-home:ro,Z" "-v" "/var/lib/crater-agent-workspace/rustup-home:/opt/rustwide/rustup-home:ro,Z" "-e" "SOURCE_DIR=/opt/rustwide/workdir" "-e" "CARGO_TARGET_DIR=/opt/rustwide/target" "-e" "CARGO_INCREMENTAL=0" "-e" "RUST_BACKTRACE=full" "-e" "RUSTFLAGS=--cap-lints=warn" "-e" "RUSTDOCFLAGS=--cap-lints=warn" "-e" "CARGO_HOME=/opt/rustwide/cargo-home" "-e" "RUSTUP_HOME=/opt/rustwide/rustup-home" "-w" "/opt/rustwide/workdir" "-m" "1610612736" "--user" "0:0" "--network" "none" "ghcr.io/rust-lang/crates-build-env/linux@sha256:2788e3201cd34a07e3172128adcd8b3090168a8e3bcc40d7c032b9dda1df7d1c" "/opt/rustwide/cargo-home/bin/cargo" "+1.75.0" "test" "--frozen" "--no-run" "--message-format=json", kill_on_drop: false }`
[INFO] [stdout] 3485679e09a64654f06e3831066f9d5786218a0bee894ba389bd753cb3bbdc32
[INFO] running `Command { std: "docker" "start" "-a" "3485679e09a64654f06e3831066f9d5786218a0bee894ba389bd753cb3bbdc32", kill_on_drop: false }`
[INFO] [stdout] warning: unused import: `Event`
[INFO] [stdout]  --> src/platform/linux/window.rs:3:104
[INFO] [stdout]   |
[INFO] [stdout] 3 | use crate::{window::{Window, WindowProps}, event::{application::{WindowCloseEvent, WindowResizeEvent}, Event}, prelude::Application};
[INFO] [stdout]   |                                                                                                        ^^^^^
[INFO] [stdout]   |
[INFO] [stdout]   = note: `#[warn(unused_imports)]` on by default
[INFO] [stdout] 
[INFO] [stdout] 
[INFO] [stdout] warning: variable does not need to be mutable
[INFO] [stdout]   --> src/platform/linux/window.rs:66:33
[INFO] [stdout]    |
[INFO] [stdout] 66 | ...                   let mut ev = WindowCloseEvent::new();
[INFO] [stdout]    |                           ----^^
[INFO] [stdout]    |                           |
[INFO] [stdout]    |                           help: remove this `mut`
[INFO] [stdout]    |
[INFO] [stdout]    = note: `#[warn(unused_mut)]` on by default
[INFO] [stdout] 
[INFO] [stdout] 
[INFO] [stdout] warning: constant in pattern `ConfigureNotify` should have an upper case name
[INFO] [stdout]   --> src/platform/linux/window.rs:57:21
[INFO] [stdout]    |
[INFO] [stdout] 57 |                     ConfigureNotify => {
[INFO] [stdout]    |                     ^^^^^^^^^^^^^^^ help: convert the identifier to upper case: `CONFIGURE_NOTIFY`
[INFO] [stdout]    |
[INFO] [stdout]    = note: `#[warn(non_upper_case_globals)]` on by default
[INFO] [stdout] 
[INFO] [stdout] 
[INFO] [stdout] warning: constant in pattern `ClientMessage` should have an upper case name
[INFO] [stdout]   --> src/platform/linux/window.rs:64:21
[INFO] [stdout]    |
[INFO] [stdout] 64 |                     ClientMessage => {
[INFO] [stdout]    |                     ^^^^^^^^^^^^^ help: convert the identifier to upper case: `CLIENT_MESSAGE`
[INFO] [stdout] 
[INFO] [stdout] 
[INFO] [stderr]    Compiling macademia v0.5.3 (/opt/rustwide/workdir)
[INFO] [stdout] warning: 4 warnings emitted
[INFO] [stdout] 
[INFO] [stdout] 
[INFO] [stdout] warning: unused import: `Event`
[INFO] [stdout]  --> src/platform/linux/window.rs:3:104
[INFO] [stdout]   |
[INFO] [stdout] 3 | use crate::{window::{Window, WindowProps}, event::{application::{WindowCloseEvent, WindowResizeEvent}, Event}, prelude::Application};
[INFO] [stdout]   |                                                                                                        ^^^^^
[INFO] [stdout]   |
[INFO] [stdout]   = note: `#[warn(unused_imports)]` on by default
[INFO] [stdout] 
[INFO] [stdout] 
[INFO] [stdout] warning: variable does not need to be mutable
[INFO] [stdout]   --> src/platform/linux/window.rs:66:33
[INFO] [stdout]    |
[INFO] [stdout] 66 | ...                   let mut ev = WindowCloseEvent::new();
[INFO] [stdout]    |                           ----^^
[INFO] [stdout]    |                           |
[INFO] [stdout]    |                           help: remove this `mut`
[INFO] [stdout]    |
[INFO] [stdout]    = note: `#[warn(unused_mut)]` on by default
[INFO] [stdout] 
[INFO] [stdout] 
[INFO] [stdout] warning: constant in pattern `ConfigureNotify` should have an upper case name
[INFO] [stdout]   --> src/platform/linux/window.rs:57:21
[INFO] [stdout]    |
[INFO] [stdout] 57 |                     ConfigureNotify => {
[INFO] [stdout]    |                     ^^^^^^^^^^^^^^^ help: convert the identifier to upper case: `CONFIGURE_NOTIFY`
[INFO] [stdout]    |
[INFO] [stdout]    = note: `#[warn(non_upper_case_globals)]` on by default
[INFO] [stdout] 
[INFO] [stdout] 
[INFO] [stdout] warning: constant in pattern `ClientMessage` should have an upper case name
[INFO] [stdout]   --> src/platform/linux/window.rs:64:21
[INFO] [stdout]    |
[INFO] [stdout] 64 |                     ClientMessage => {
[INFO] [stdout]    |                     ^^^^^^^^^^^^^ help: convert the identifier to upper case: `CLIENT_MESSAGE`
[INFO] [stdout] 
[INFO] [stdout] 
[INFO] [stdout] warning: 4 warnings emitted
[INFO] [stdout] 
[INFO] [stdout] 
[INFO] [stderr]     Finished test [unoptimized + debuginfo] target(s) in 0.27s
[INFO] running `Command { std: "docker" "inspect" "3485679e09a64654f06e3831066f9d5786218a0bee894ba389bd753cb3bbdc32", kill_on_drop: false }`
[INFO] running `Command { std: "docker" "rm" "-f" "3485679e09a64654f06e3831066f9d5786218a0bee894ba389bd753cb3bbdc32", kill_on_drop: false }`
[INFO] [stdout] 3485679e09a64654f06e3831066f9d5786218a0bee894ba389bd753cb3bbdc32
[INFO] running `Command { std: "docker" "create" "-v" "/var/lib/crater-agent-workspace/builds/worker-0-tc1/target:/opt/rustwide/target:rw,Z" "-v" "/var/lib/crater-agent-workspace/builds/worker-0-tc1/source:/opt/rustwide/workdir:ro,Z" "-v" "/var/lib/crater-agent-workspace/cargo-home:/opt/rustwide/cargo-home:ro,Z" "-v" "/var/lib/crater-agent-workspace/rustup-home:/opt/rustwide/rustup-home:ro,Z" "-e" "SOURCE_DIR=/opt/rustwide/workdir" "-e" "CARGO_TARGET_DIR=/opt/rustwide/target" "-e" "CARGO_INCREMENTAL=0" "-e" "RUST_BACKTRACE=full" "-e" "RUSTFLAGS=--cap-lints=warn" "-e" "RUSTDOCFLAGS=--cap-lints=warn" "-e" "CARGO_HOME=/opt/rustwide/cargo-home" "-e" "RUSTUP_HOME=/opt/rustwide/rustup-home" "-w" "/opt/rustwide/workdir" "-m" "1610612736" "--user" "0:0" "--network" "none" "ghcr.io/rust-lang/crates-build-env/linux@sha256:2788e3201cd34a07e3172128adcd8b3090168a8e3bcc40d7c032b9dda1df7d1c" "/opt/rustwide/cargo-home/bin/cargo" "+1.75.0" "test" "--frozen", kill_on_drop: false }`
[INFO] [stdout] f9eec0f13008167c1e4304765167932425593c953656abe46ea493f7aa2f0b98
[INFO] running `Command { std: "docker" "start" "-a" "f9eec0f13008167c1e4304765167932425593c953656abe46ea493f7aa2f0b98", kill_on_drop: false }`
[INFO] [stderr] warning: unused import: `Event`
[INFO] [stderr]  --> src/platform/linux/window.rs:3:104
[INFO] [stderr]   |
[INFO] [stderr] 3 | use crate::{window::{Window, WindowProps}, event::{application::{WindowCloseEvent, WindowResizeEvent}, Event}, prelude::Application};
[INFO] [stderr]   |                                                                                                        ^^^^^
[INFO] [stderr]   |
[INFO] [stderr]   = note: `#[warn(unused_imports)]` on by default
[INFO] [stderr] 
[INFO] [stderr] warning: variable does not need to be mutable
[INFO] [stderr]   --> src/platform/linux/window.rs:66:33
[INFO] [stderr]    |
[INFO] [stderr] 66 | ...                   let mut ev = WindowCloseEvent::new();
[INFO] [stderr]    |                           ----^^
[INFO] [stderr]    |                           |
[INFO] [stderr]    |                           help: remove this `mut`
[INFO] [stderr]    |
[INFO] [stderr]    = note: `#[warn(unused_mut)]` on by default
[INFO] [stderr] 
[INFO] [stderr] warning: constant in pattern `ConfigureNotify` should have an upper case name
[INFO] [stderr]   --> src/platform/linux/window.rs:57:21
[INFO] [stderr]    |
[INFO] [stderr] 57 |                     ConfigureNotify => {
[INFO] [stderr]    |                     ^^^^^^^^^^^^^^^ help: convert the identifier to upper case: `CONFIGURE_NOTIFY`
[INFO] [stderr]    |
[INFO] [stderr]    = note: `#[warn(non_upper_case_globals)]` on by default
[INFO] [stderr] 
[INFO] [stderr] warning: constant in pattern `ClientMessage` should have an upper case name
[INFO] [stderr]   --> src/platform/linux/window.rs:64:21
[INFO] [stderr]    |
[INFO] [stderr] 64 |                     ClientMessage => {
[INFO] [stderr]    |                     ^^^^^^^^^^^^^ help: convert the identifier to upper case: `CLIENT_MESSAGE`
[INFO] [stderr] 
[INFO] [stderr] warning: `macademia` (lib) generated 4 warnings (run `cargo fix --lib -p macademia` to apply 2 suggestions)
[INFO] [stderr] warning: `macademia` (lib test) generated 4 warnings (4 duplicates)
[INFO] [stderr]     Finished test [unoptimized + debuginfo] target(s) in 0.02s
[INFO] [stderr]      Running unittests src/lib.rs (/opt/rustwide/target/debug/deps/macademia-68e7125154b7039d)
[INFO] [stdout] 
[INFO] [stdout] running 0 tests
[INFO] [stdout] 
[INFO] [stdout] test result: ok. 0 passed; 0 failed; 0 ignored; 0 measured; 0 filtered out; finished in 0.00s
[INFO] [stdout] 
[INFO] [stderr]    Doc-tests macademia
[INFO] [stdout] 
[INFO] [stdout] running 3 tests
[INFO] [stdout] test src/application.rs - application::Application<'static>::new (line 26) ... FAILED
[INFO] [stdout] test src/application.rs - application::Application<'static>::run (line 56) - compile ... FAILED
[INFO] [stdout] test src/log.rs - log::init (line 18) ... FAILED
[INFO] [stdout] 
[INFO] [stdout] failures:
[INFO] [stdout] 
[INFO] [stdout] ---- src/application.rs - application::Application<'static>::new (line 26) stdout ----
[INFO] [stdout] error[E0061]: this function takes 2 arguments but 1 argument was supplied
[INFO] [stdout]   --> src/application.rs:29:11
[INFO] [stdout]    |
[INFO] [stdout] 6  | let app = Application::new("title");
[INFO] [stdout]    |           ^^^^^^^^^^^^^^^^--------- an argument of type `&'static (dyn for<'a, 'b> Fn(&'a mut Application<'b>, Box<(dyn Event + 'static)>) + 'static)` is missing
[INFO] [stdout]    |
[INFO] [stdout] note: associated function defined here
[INFO] [stdout]   --> /opt/rustwide/workdir/src/application.rs:30:12
[INFO] [stdout]    |
[INFO] [stdout] 30 |     pub fn new(title: &'static str, client_ev_handler: &'static dyn Fn(&mut Application, Box<dyn Event>)) {
[INFO] [stdout]    |            ^^^
[INFO] [stdout] help: provide the argument
[INFO] [stdout]    |
[INFO] [stdout] 6  | let app = Application::new("title", /* &'static (dyn for<'a, 'b> Fn(&'a mut Application<'b>, Box<(dyn Event + 'static)>) + 'static) */);
[INFO] [stdout]    |                           ~~~~~~~~~~~~~~~~~~~~~~~~~~~~~~~~~~~~~~~~~~~~~~~~~~~~~~~~~~~~~~~~~~~~~~~~~~~~~~~~~~~~~~~~~~~~~~~~~~~~~~~~~~~~~
[INFO] [stdout] 
[INFO] [stdout] error: aborting due to previous error
[INFO] [stdout] 
[INFO] [stdout] For more information about this error, try `rustc --explain E0061`.
[INFO] [stdout] Couldn't compile the test.
[INFO] [stdout] ---- src/application.rs - application::Application<'static>::run (line 56) stdout ----
[INFO] [stdout] error[E0061]: this function takes 2 arguments but 0 arguments were supplied
[INFO] [stdout]   --> src/application.rs:59:11
[INFO] [stdout]    |
[INFO] [stdout] 6  | let app = Application::new();
[INFO] [stdout]    |           ^^^^^^^^^^^^^^^^-- two arguments of type `&'static str` and `&'static (dyn for<'a, 'b> Fn(&'a mut Application<'b>, Box<(dyn Event + 'static)>) + 'static)` are missing
[INFO] [stdout]    |
[INFO] [stdout] note: associated function defined here
[INFO] [stdout]   --> /opt/rustwide/workdir/src/application.rs:30:12
[INFO] [stdout]    |
[INFO] [stdout] 30 |     pub fn new(title: &'static str, client_ev_handler: &'static dyn Fn(&mut Application, Box<dyn Event>)) {
[INFO] [stdout]    |            ^^^
[INFO] [stdout] help: provide the arguments
[INFO] [stdout]    |
[INFO] [stdout] 6  | let app = Application::new(/* &'static str */, /* &'static (dyn for<'a, 'b> Fn(&'a mut Application<'b>, Box<(dyn Event + 'static)>) + 'static) */);
[INFO] [stdout]    |                           ~~~~~~~~~~~~~~~~~~~~~~~~~~~~~~~~~~~~~~~~~~~~~~~~~~~~~~~~~~~~~~~~~~~~~~~~~~~~~~~~~~~~~~~~~~~~~~~~~~~~~~~~~~~~~~~~~~~~~~~~
[INFO] [stdout] 
[INFO] [stdout] error[E0599]: no method named `run` found for unit type `()` in the current scope
[INFO] [stdout]  --> src/application.rs:60:5
[INFO] [stdout]   |
[INFO] [stdout] 7 | app.run();
[INFO] [stdout]   |     ^^^ method not found in `()`
[INFO] [stdout] 
[INFO] [stdout] error: aborting due to 2 previous errors
[INFO] [stdout] 
[INFO] [stdout] Some errors have detailed explanations: E0061, E0599.
[INFO] [stdout] For more information about an error, try `rustc --explain E0061`.
[INFO] [stdout] Couldn't compile the test.
[INFO] [stdout] ---- src/log.rs - log::init (line 18) stdout ----
[INFO] [stdout] Test executable failed (exit status: 1).
[INFO] [stdout] 
[INFO] [stdout] stderr:
[INFO] [stdout] Error: Io(Os { code: 30, kind: ReadOnlyFilesystem, message: "Read-only file system" })
[INFO] [stdout] 
[INFO] [stdout] 
[INFO] [stdout] 
[INFO] [stdout] failures:
[INFO] [stdout]     src/application.rs - application::Application<'static>::new (line 26)
[INFO] [stdout]     src/application.rs - application::Application<'static>::run (line 56)
[INFO] [stdout]     src/log.rs - log::init (line 18)
[INFO] [stdout] 
[INFO] [stdout] test result: FAILED. 0 passed; 3 failed; 0 ignored; 0 measured; 0 filtered out; finished in 0.26s
[INFO] [stdout] 
[INFO] [stderr] error: doctest failed, to rerun pass `--doc`
[INFO] running `Command { std: "docker" "inspect" "f9eec0f13008167c1e4304765167932425593c953656abe46ea493f7aa2f0b98", kill_on_drop: false }`
[INFO] running `Command { std: "docker" "rm" "-f" "f9eec0f13008167c1e4304765167932425593c953656abe46ea493f7aa2f0b98", kill_on_drop: false }`
[INFO] [stdout] f9eec0f13008167c1e4304765167932425593c953656abe46ea493f7aa2f0b98
[INFO] testing macademia-0.5.3 against beta-2023-12-22 for beta-1.76-1
[INFO] extracting crate macademia 0.5.3 into /workspace/builds/worker-0-tc2/source
[INFO] validating manifest of crates.io crate macademia 0.5.3 on toolchain beta-2023-12-22
[INFO] running `Command { std: CARGO_HOME="/workspace/cargo-home" RUSTUP_HOME="/workspace/rustup-home" "/workspace/cargo-home/bin/cargo" "+beta-2023-12-22" "metadata" "--manifest-path" "Cargo.toml" "--no-deps", kill_on_drop: false }`
[INFO] started tweaking crates.io crate macademia 0.5.3
[INFO] finished tweaking crates.io crate macademia 0.5.3
[INFO] tweaked toml for crates.io crate macademia 0.5.3 written to /workspace/builds/worker-0-tc2/source/Cargo.toml
[INFO] running `Command { std: CARGO_HOME="/workspace/cargo-home" RUSTUP_HOME="/workspace/rustup-home" "/workspace/cargo-home/bin/cargo" "+beta-2023-12-22" "generate-lockfile" "--manifest-path" "Cargo.toml", kill_on_drop: false }`
[INFO] [stderr]     Updating crates.io index
[INFO] running `Command { std: CARGO_HOME="/workspace/cargo-home" RUSTUP_HOME="/workspace/rustup-home" "/workspace/cargo-home/bin/cargo" "+beta-2023-12-22" "fetch" "--manifest-path" "Cargo.toml", kill_on_drop: false }`
[INFO] running `Command { std: "docker" "create" "-v" "/var/lib/crater-agent-workspace/builds/worker-0-tc2/target:/opt/rustwide/target:rw,Z" "-v" "/var/lib/crater-agent-workspace/builds/worker-0-tc2/source:/opt/rustwide/workdir:ro,Z" "-v" "/var/lib/crater-agent-workspace/cargo-home:/opt/rustwide/cargo-home:ro,Z" "-v" "/var/lib/crater-agent-workspace/rustup-home:/opt/rustwide/rustup-home:ro,Z" "-e" "SOURCE_DIR=/opt/rustwide/workdir" "-e" "CARGO_TARGET_DIR=/opt/rustwide/target" "-e" "CARGO_HOME=/opt/rustwide/cargo-home" "-e" "RUSTUP_HOME=/opt/rustwide/rustup-home" "-w" "/opt/rustwide/workdir" "-m" "1610612736" "--user" "0:0" "--network" "none" "ghcr.io/rust-lang/crates-build-env/linux@sha256:2788e3201cd34a07e3172128adcd8b3090168a8e3bcc40d7c032b9dda1df7d1c" "/opt/rustwide/cargo-home/bin/cargo" "+beta-2023-12-22" "metadata" "--no-deps" "--format-version=1", kill_on_drop: false }`
[INFO] [stdout] b729ab741290230bba6f878e2c61bf80632dd93897b62af1e0be0e1d575a80ce
[INFO] running `Command { std: "docker" "start" "-a" "b729ab741290230bba6f878e2c61bf80632dd93897b62af1e0be0e1d575a80ce", kill_on_drop: false }`
[INFO] running `Command { std: "docker" "inspect" "b729ab741290230bba6f878e2c61bf80632dd93897b62af1e0be0e1d575a80ce", kill_on_drop: false }`
[INFO] running `Command { std: "docker" "rm" "-f" "b729ab741290230bba6f878e2c61bf80632dd93897b62af1e0be0e1d575a80ce", kill_on_drop: false }`
[INFO] [stdout] b729ab741290230bba6f878e2c61bf80632dd93897b62af1e0be0e1d575a80ce
[INFO] running `Command { std: "docker" "create" "-v" "/var/lib/crater-agent-workspace/builds/worker-0-tc2/target:/opt/rustwide/target:rw,Z" "-v" "/var/lib/crater-agent-workspace/builds/worker-0-tc2/source:/opt/rustwide/workdir:ro,Z" "-v" "/var/lib/crater-agent-workspace/cargo-home:/opt/rustwide/cargo-home:ro,Z" "-v" "/var/lib/crater-agent-workspace/rustup-home:/opt/rustwide/rustup-home:ro,Z" "-e" "SOURCE_DIR=/opt/rustwide/workdir" "-e" "CARGO_TARGET_DIR=/opt/rustwide/target" "-e" "CARGO_INCREMENTAL=0" "-e" "RUST_BACKTRACE=full" "-e" "RUSTFLAGS=--cap-lints=warn" "-e" "RUSTDOCFLAGS=--cap-lints=warn" "-e" "CARGO_HOME=/opt/rustwide/cargo-home" "-e" "RUSTUP_HOME=/opt/rustwide/rustup-home" "-w" "/opt/rustwide/workdir" "-m" "1610612736" "--user" "0:0" "--network" "none" "ghcr.io/rust-lang/crates-build-env/linux@sha256:2788e3201cd34a07e3172128adcd8b3090168a8e3bcc40d7c032b9dda1df7d1c" "/opt/rustwide/cargo-home/bin/cargo" "+beta-2023-12-22" "build" "--frozen" "--message-format=json", kill_on_drop: false }`
[INFO] [stdout] 8bd08216825b9de2ca9ba3668428645eacf8fd311ac7bac5907a99a9751b1335
[INFO] running `Command { std: "docker" "start" "-a" "8bd08216825b9de2ca9ba3668428645eacf8fd311ac7bac5907a99a9751b1335", kill_on_drop: false }`
[INFO] [stderr]    Compiling rustix v0.38.28
[INFO] [stderr]    Compiling x11 v2.21.0
[INFO] [stderr]    Compiling macademia v0.5.3 (/opt/rustwide/workdir)
[INFO] [stderr]    Compiling is-terminal v0.4.10
[INFO] [stderr]    Compiling colored v1.9.4
[INFO] [stderr]    Compiling fern v0.6.2
[INFO] [stdout] warning: unused import: `Event`
[INFO] [stdout]  --> src/platform/linux/window.rs:3:104
[INFO] [stdout]   |
[INFO] [stdout] 3 | use crate::{window::{Window, WindowProps}, event::{application::{WindowCloseEvent, WindowResizeEvent}, Event}, prelude::Application};
[INFO] [stdout]   |                                                                                                        ^^^^^
[INFO] [stdout]   |
[INFO] [stdout]   = note: `#[warn(unused_imports)]` on by default
[INFO] [stdout] 
[INFO] [stdout] 
[INFO] [stdout] warning: variable does not need to be mutable
[INFO] [stdout]   --> src/platform/linux/window.rs:66:33
[INFO] [stdout]    |
[INFO] [stdout] 66 | ...                   let mut ev = WindowCloseEvent::new();
[INFO] [stdout]    |                           ----^^
[INFO] [stdout]    |                           |
[INFO] [stdout]    |                           help: remove this `mut`
[INFO] [stdout]    |
[INFO] [stdout]    = note: `#[warn(unused_mut)]` on by default
[INFO] [stdout] 
[INFO] [stdout] 
[INFO] [stdout] warning: constant in pattern `ConfigureNotify` should have an upper case name
[INFO] [stdout]   --> src/platform/linux/window.rs:57:21
[INFO] [stdout]    |
[INFO] [stdout] 57 |                     ConfigureNotify => {
[INFO] [stdout]    |                     ^^^^^^^^^^^^^^^ help: convert the identifier to upper case: `CONFIGURE_NOTIFY`
[INFO] [stdout]    |
[INFO] [stdout]    = note: `#[warn(non_upper_case_globals)]` on by default
[INFO] [stdout] 
[INFO] [stdout] 
[INFO] [stdout] warning: constant in pattern `ClientMessage` should have an upper case name
[INFO] [stdout]   --> src/platform/linux/window.rs:64:21
[INFO] [stdout]    |
[INFO] [stdout] 64 |                     ClientMessage => {
[INFO] [stdout]    |                     ^^^^^^^^^^^^^ help: convert the identifier to upper case: `CLIENT_MESSAGE`
[INFO] [stdout] 
[INFO] [stdout] 
[INFO] [stdout] warning: 4 warnings emitted
[INFO] [stdout] 
[INFO] [stdout] 
[INFO] [stderr]     Finished dev [unoptimized + debuginfo] target(s) in 1.00s
[INFO] running `Command { std: "docker" "inspect" "8bd08216825b9de2ca9ba3668428645eacf8fd311ac7bac5907a99a9751b1335", kill_on_drop: false }`
[INFO] running `Command { std: "docker" "rm" "-f" "8bd08216825b9de2ca9ba3668428645eacf8fd311ac7bac5907a99a9751b1335", kill_on_drop: false }`
[INFO] [stdout] 8bd08216825b9de2ca9ba3668428645eacf8fd311ac7bac5907a99a9751b1335
[INFO] running `Command { std: "docker" "create" "-v" "/var/lib/crater-agent-workspace/builds/worker-0-tc2/target:/opt/rustwide/target:rw,Z" "-v" "/var/lib/crater-agent-workspace/builds/worker-0-tc2/source:/opt/rustwide/workdir:ro,Z" "-v" "/var/lib/crater-agent-workspace/cargo-home:/opt/rustwide/cargo-home:ro,Z" "-v" "/var/lib/crater-agent-workspace/rustup-home:/opt/rustwide/rustup-home:ro,Z" "-e" "SOURCE_DIR=/opt/rustwide/workdir" "-e" "CARGO_TARGET_DIR=/opt/rustwide/target" "-e" "CARGO_INCREMENTAL=0" "-e" "RUST_BACKTRACE=full" "-e" "RUSTFLAGS=--cap-lints=warn" "-e" "RUSTDOCFLAGS=--cap-lints=warn" "-e" "CARGO_HOME=/opt/rustwide/cargo-home" "-e" "RUSTUP_HOME=/opt/rustwide/rustup-home" "-w" "/opt/rustwide/workdir" "-m" "1610612736" "--user" "0:0" "--network" "none" "ghcr.io/rust-lang/crates-build-env/linux@sha256:2788e3201cd34a07e3172128adcd8b3090168a8e3bcc40d7c032b9dda1df7d1c" "/opt/rustwide/cargo-home/bin/cargo" "+beta-2023-12-22" "test" "--frozen" "--no-run" "--message-format=json", kill_on_drop: false }`
[INFO] [stdout] e92ec4cf768bfafe6b1f43215f89bb271425068818caeb8705ebff4fbe1a5182
[INFO] running `Command { std: "docker" "start" "-a" "e92ec4cf768bfafe6b1f43215f89bb271425068818caeb8705ebff4fbe1a5182", kill_on_drop: false }`
[INFO] [stdout] warning: unused import: `Event`
[INFO] [stdout]  --> src/platform/linux/window.rs:3:104
[INFO] [stdout]   |
[INFO] [stdout] 3 | use crate::{window::{Window, WindowProps}, event::{application::{WindowCloseEvent, WindowResizeEvent}, Event}, prelude::Application};
[INFO] [stdout]   |                                                                                                        ^^^^^
[INFO] [stdout]   |
[INFO] [stdout]   = note: `#[warn(unused_imports)]` on by default
[INFO] [stdout] 
[INFO] [stdout] 
[INFO] [stdout] warning: variable does not need to be mutable
[INFO] [stdout]   --> src/platform/linux/window.rs:66:33
[INFO] [stdout]    |
[INFO] [stdout] 66 | ...                   let mut ev = WindowCloseEvent::new();
[INFO] [stdout]    |                           ----^^
[INFO] [stdout]    |                           |
[INFO] [stdout]    |                           help: remove this `mut`
[INFO] [stdout]    |
[INFO] [stdout]    = note: `#[warn(unused_mut)]` on by default
[INFO] [stdout] 
[INFO] [stdout] 
[INFO] [stdout] warning: constant in pattern `ConfigureNotify` should have an upper case name
[INFO] [stdout]   --> src/platform/linux/window.rs:57:21
[INFO] [stdout]    |
[INFO] [stdout] 57 |                     ConfigureNotify => {
[INFO] [stdout]    |                     ^^^^^^^^^^^^^^^ help: convert the identifier to upper case: `CONFIGURE_NOTIFY`
[INFO] [stdout]    |
[INFO] [stdout]    = note: `#[warn(non_upper_case_globals)]` on by default
[INFO] [stdout] 
[INFO] [stdout] 
[INFO] [stdout] warning: constant in pattern `ClientMessage` should have an upper case name
[INFO] [stdout]   --> src/platform/linux/window.rs:64:21
[INFO] [stdout]    |
[INFO] [stdout] 64 |                     ClientMessage => {
[INFO] [stdout]    |                     ^^^^^^^^^^^^^ help: convert the identifier to upper case: `CLIENT_MESSAGE`
[INFO] [stdout] 
[INFO] [stdout] 
[INFO] [stdout] warning: 4 warnings emitted
[INFO] [stdout] 
[INFO] [stdout] 
[INFO] [stderr]    Compiling macademia v0.5.3 (/opt/rustwide/workdir)
[INFO] [stdout] warning: unused import: `Event`
[INFO] [stdout]  --> src/platform/linux/window.rs:3:104
[INFO] [stdout]   |
[INFO] [stdout] 3 | use crate::{window::{Window, WindowProps}, event::{application::{WindowCloseEvent, WindowResizeEvent}, Event}, prelude::Application};
[INFO] [stdout]   |                                                                                                        ^^^^^
[INFO] [stdout]   |
[INFO] [stdout]   = note: `#[warn(unused_imports)]` on by default
[INFO] [stdout] 
[INFO] [stdout] 
[INFO] [stdout] warning: variable does not need to be mutable
[INFO] [stdout]   --> src/platform/linux/window.rs:66:33
[INFO] [stdout]    |
[INFO] [stdout] 66 | ...                   let mut ev = WindowCloseEvent::new();
[INFO] [stdout]    |                           ----^^
[INFO] [stdout]    |                           |
[INFO] [stdout]    |                           help: remove this `mut`
[INFO] [stdout]    |
[INFO] [stdout]    = note: `#[warn(unused_mut)]` on by default
[INFO] [stdout] 
[INFO] [stdout] 
[INFO] [stdout] warning: constant in pattern `ConfigureNotify` should have an upper case name
[INFO] [stdout]   --> src/platform/linux/window.rs:57:21
[INFO] [stdout]    |
[INFO] [stdout] 57 |                     ConfigureNotify => {
[INFO] [stdout]    |                     ^^^^^^^^^^^^^^^ help: convert the identifier to upper case: `CONFIGURE_NOTIFY`
[INFO] [stdout]    |
[INFO] [stdout]    = note: `#[warn(non_upper_case_globals)]` on by default
[INFO] [stdout] 
[INFO] [stdout] 
[INFO] [stdout] warning: constant in pattern `ClientMessage` should have an upper case name
[INFO] [stdout]   --> src/platform/linux/window.rs:64:21
[INFO] [stdout]    |
[INFO] [stdout] 64 |                     ClientMessage => {
[INFO] [stdout]    |                     ^^^^^^^^^^^^^ help: convert the identifier to upper case: `CLIENT_MESSAGE`
[INFO] [stdout] 
[INFO] [stdout] 
[INFO] [stdout] warning: 4 warnings emitted
[INFO] [stdout] 
[INFO] [stdout] 
[INFO] [stderr]     Finished test [unoptimized + debuginfo] target(s) in 0.26s
[INFO] running `Command { std: "docker" "inspect" "e92ec4cf768bfafe6b1f43215f89bb271425068818caeb8705ebff4fbe1a5182", kill_on_drop: false }`
[INFO] running `Command { std: "docker" "rm" "-f" "e92ec4cf768bfafe6b1f43215f89bb271425068818caeb8705ebff4fbe1a5182", kill_on_drop: false }`
[INFO] [stdout] e92ec4cf768bfafe6b1f43215f89bb271425068818caeb8705ebff4fbe1a5182
[INFO] running `Command { std: "docker" "create" "-v" "/var/lib/crater-agent-workspace/builds/worker-0-tc2/target:/opt/rustwide/target:rw,Z" "-v" "/var/lib/crater-agent-workspace/builds/worker-0-tc2/source:/opt/rustwide/workdir:ro,Z" "-v" "/var/lib/crater-agent-workspace/cargo-home:/opt/rustwide/cargo-home:ro,Z" "-v" "/var/lib/crater-agent-workspace/rustup-home:/opt/rustwide/rustup-home:ro,Z" "-e" "SOURCE_DIR=/opt/rustwide/workdir" "-e" "CARGO_TARGET_DIR=/opt/rustwide/target" "-e" "CARGO_INCREMENTAL=0" "-e" "RUST_BACKTRACE=full" "-e" "RUSTFLAGS=--cap-lints=warn" "-e" "RUSTDOCFLAGS=--cap-lints=warn" "-e" "CARGO_HOME=/opt/rustwide/cargo-home" "-e" "RUSTUP_HOME=/opt/rustwide/rustup-home" "-w" "/opt/rustwide/workdir" "-m" "1610612736" "--user" "0:0" "--network" "none" "ghcr.io/rust-lang/crates-build-env/linux@sha256:2788e3201cd34a07e3172128adcd8b3090168a8e3bcc40d7c032b9dda1df7d1c" "/opt/rustwide/cargo-home/bin/cargo" "+beta-2023-12-22" "test" "--frozen", kill_on_drop: false }`
[INFO] [stdout] 9409ab41ec626cb309f0d4790ac4eb6c737beb11d4fc47dcd7975df1905a1c25
[INFO] running `Command { std: "docker" "start" "-a" "9409ab41ec626cb309f0d4790ac4eb6c737beb11d4fc47dcd7975df1905a1c25", kill_on_drop: false }`
[INFO] [stderr] warning: unused import: `Event`
[INFO] [stderr]  --> src/platform/linux/window.rs:3:104
[INFO] [stderr]   |
[INFO] [stderr] 3 | use crate::{window::{Window, WindowProps}, event::{application::{WindowCloseEvent, WindowResizeEvent}, Event}, prelude::Application};
[INFO] [stderr]   |                                                                                                        ^^^^^
[INFO] [stderr]   |
[INFO] [stderr]   = note: `#[warn(unused_imports)]` on by default
[INFO] [stderr] 
[INFO] [stderr] warning: variable does not need to be mutable
[INFO] [stderr]   --> src/platform/linux/window.rs:66:33
[INFO] [stderr]    |
[INFO] [stderr] 66 | ...                   let mut ev = WindowCloseEvent::new();
[INFO] [stderr]    |                           ----^^
[INFO] [stderr]    |                           |
[INFO] [stderr]    |                           help: remove this `mut`
[INFO] [stderr]    |
[INFO] [stderr]    = note: `#[warn(unused_mut)]` on by default
[INFO] [stderr] 
[INFO] [stderr] warning: constant in pattern `ConfigureNotify` should have an upper case name
[INFO] [stderr]   --> src/platform/linux/window.rs:57:21
[INFO] [stderr]    |
[INFO] [stderr] 57 |                     ConfigureNotify => {
[INFO] [stderr]    |                     ^^^^^^^^^^^^^^^ help: convert the identifier to upper case: `CONFIGURE_NOTIFY`
[INFO] [stderr]    |
[INFO] [stderr]    = note: `#[warn(non_upper_case_globals)]` on by default
[INFO] [stderr] 
[INFO] [stderr] warning: constant in pattern `ClientMessage` should have an upper case name
[INFO] [stderr]   --> src/platform/linux/window.rs:64:21
[INFO] [stderr]    |
[INFO] [stderr] 64 |                     ClientMessage => {
[INFO] [stderr]    |                     ^^^^^^^^^^^^^ help: convert the identifier to upper case: `CLIENT_MESSAGE`
[INFO] [stderr] 
[INFO] [stderr] warning: `macademia` (lib) generated 4 warnings (run `cargo fix --lib -p macademia` to apply 2 suggestions)
[INFO] [stderr] warning: `macademia` (lib test) generated 4 warnings (4 duplicates)
[INFO] [stderr]     Finished test [unoptimized + debuginfo] target(s) in 0.02s
[INFO] [stderr]      Running unittests src/lib.rs (/opt/rustwide/target/debug/deps/macademia-fbf3cfde88be3f18)
[INFO] [stdout] 
[INFO] [stdout] running 0 tests
[INFO] [stdout] 
[INFO] [stdout] test result: ok. 0 passed; 0 failed; 0 ignored; 0 measured; 0 filtered out; finished in 0.00s
[INFO] [stdout] 
[INFO] [stderr]    Doc-tests macademia
[INFO] [stdout] 
[INFO] [stdout] running 3 tests
[INFO] [stdout] test src/application.rs - application::Application<'static>::new (line 26) ... FAILED
[INFO] [stdout] test src/application.rs - application::Application<'static>::run (line 56) - compile ... FAILED
[INFO] [stdout] test src/log.rs - log::init (line 18) ... FAILED
[INFO] [stdout] 
[INFO] [stdout] failures:
[INFO] [stdout] 
[INFO] [stdout] ---- src/application.rs - application::Application<'static>::new (line 26) stdout ----
[INFO] [stdout] error[E0061]: this function takes 2 arguments but 1 argument was supplied
[INFO] [stdout]   --> src/application.rs:29:11
[INFO] [stdout]    |
[INFO] [stdout] 6  | let app = Application::new("title");
[INFO] [stdout]    |           ^^^^^^^^^^^^^^^^--------- an argument of type `&'static (dyn for<'a, 'b> Fn(&'a mut Application<'b>, Box<(dyn Event + 'static)>) + 'static)` is missing
[INFO] [stdout]    |
[INFO] [stdout] note: associated function defined here
[INFO] [stdout]   --> /opt/rustwide/workdir/src/application.rs:30:12
[INFO] [stdout]    |
[INFO] [stdout] 30 |     pub fn new(title: &'static str, client_ev_handler: &'static dyn Fn(&mut Application, Box<dyn Event>)) {
[INFO] [stdout]    |            ^^^
[INFO] [stdout] help: provide the argument
[INFO] [stdout]    |
[INFO] [stdout] 6  | let app = Application::new("title", /* &'static (dyn for<'a, 'b> Fn(&'a mut Application<'b>, Box<(dyn Event + 'static)>) + 'static) */);
[INFO] [stdout]    |                           ~~~~~~~~~~~~~~~~~~~~~~~~~~~~~~~~~~~~~~~~~~~~~~~~~~~~~~~~~~~~~~~~~~~~~~~~~~~~~~~~~~~~~~~~~~~~~~~~~~~~~~~~~~~~~
[INFO] [stdout] 
[INFO] [stdout] error: aborting due to 1 previous error
[INFO] [stdout] 
[INFO] [stdout] For more information about this error, try `rustc --explain E0061`.
[INFO] [stdout] Couldn't compile the test.
[INFO] [stdout] ---- src/application.rs - application::Application<'static>::run (line 56) stdout ----
[INFO] [stdout] error[E0061]: this function takes 2 arguments but 0 arguments were supplied
[INFO] [stdout]   --> src/application.rs:59:11
[INFO] [stdout]    |
[INFO] [stdout] 6  | let app = Application::new();
[INFO] [stdout]    |           ^^^^^^^^^^^^^^^^-- two arguments of type `&'static str` and `&'static (dyn for<'a, 'b> Fn(&'a mut Application<'b>, Box<(dyn Event + 'static)>) + 'static)` are missing
[INFO] [stdout]    |
[INFO] [stdout] note: associated function defined here
[INFO] [stdout]   --> /opt/rustwide/workdir/src/application.rs:30:12
[INFO] [stdout]    |
[INFO] [stdout] 30 |     pub fn new(title: &'static str, client_ev_handler: &'static dyn Fn(&mut Application, Box<dyn Event>)) {
[INFO] [stdout]    |            ^^^
[INFO] [stdout] help: provide the arguments
[INFO] [stdout]    |
[INFO] [stdout] 6  | let app = Application::new(/* &'static str */, /* &'static (dyn for<'a, 'b> Fn(&'a mut Application<'b>, Box<(dyn Event + 'static)>) + 'static) */);
[INFO] [stdout]    |                           ~~~~~~~~~~~~~~~~~~~~~~~~~~~~~~~~~~~~~~~~~~~~~~~~~~~~~~~~~~~~~~~~~~~~~~~~~~~~~~~~~~~~~~~~~~~~~~~~~~~~~~~~~~~~~~~~~~~~~~~~
[INFO] [stdout] 
[INFO] [stdout] error[E0599]: no method named `run` found for unit type `()` in the current scope
[INFO] [stdout]  --> src/application.rs:60:5
[INFO] [stdout]   |
[INFO] [stdout] 7 | app.run();
[INFO] [stdout]   |     ^^^ method not found in `()`
[INFO] [stdout] 
[INFO] [stdout] error: aborting due to 2 previous errors
[INFO] [stdout] 
[INFO] [stdout] Some errors have detailed explanations: E0061, E0599.
[INFO] [stdout] For more information about an error, try `rustc --explain E0061`.
[INFO] [stdout] Couldn't compile the test.
[INFO] [stdout] ---- src/log.rs - log::init (line 18) stdout ----
[INFO] [stdout] Test executable failed (exit status: 1).
[INFO] [stdout] 
[INFO] [stdout] stderr:
[INFO] [stdout] Error: Io(Os { code: 30, kind: ReadOnlyFilesystem, message: "Read-only file system" })
[INFO] [stdout] 
[INFO] [stdout] 
[INFO] [stdout] 
[INFO] [stdout] failures:
[INFO] [stdout]     src/application.rs - application::Application<'static>::new (line 26)
[INFO] [stdout]     src/application.rs - application::Application<'static>::run (line 56)
[INFO] [stdout]     src/log.rs - log::init (line 18)
[INFO] [stdout] 
[INFO] [stdout] test result: FAILED. 0 passed; 3 failed; 0 ignored; 0 measured; 0 filtered out; finished in 0.24s
[INFO] [stdout] 
[INFO] [stderr] error: doctest failed, to rerun pass `--doc`
[INFO] running `Command { std: "docker" "inspect" "9409ab41ec626cb309f0d4790ac4eb6c737beb11d4fc47dcd7975df1905a1c25", kill_on_drop: false }`
[INFO] running `Command { std: "docker" "rm" "-f" "9409ab41ec626cb309f0d4790ac4eb6c737beb11d4fc47dcd7975df1905a1c25", kill_on_drop: false }`
[INFO] [stdout] 9409ab41ec626cb309f0d4790ac4eb6c737beb11d4fc47dcd7975df1905a1c25
