[INFO] fetching crate lyneate 0.2.1...
[INFO] testing lyneate-0.2.1 against 1.75.0 for beta-1.76-1
[INFO] extracting crate lyneate 0.2.1 into /workspace/builds/worker-4-tc1/source
[INFO] validating manifest of crates.io crate lyneate 0.2.1 on toolchain 1.75.0
[INFO] running `Command { std: CARGO_HOME="/workspace/cargo-home" RUSTUP_HOME="/workspace/rustup-home" "/workspace/cargo-home/bin/cargo" "+1.75.0" "metadata" "--manifest-path" "Cargo.toml" "--no-deps", kill_on_drop: false }`
[INFO] started tweaking crates.io crate lyneate 0.2.1
[INFO] finished tweaking crates.io crate lyneate 0.2.1
[INFO] tweaked toml for crates.io crate lyneate 0.2.1 written to /workspace/builds/worker-4-tc1/source/Cargo.toml
[INFO] crate crates.io crate lyneate 0.2.1 already has a lockfile, it will not be regenerated
[INFO] running `Command { std: CARGO_HOME="/workspace/cargo-home" RUSTUP_HOME="/workspace/rustup-home" "/workspace/cargo-home/bin/cargo" "+1.75.0" "fetch" "--manifest-path" "Cargo.toml", kill_on_drop: false }`
[INFO] [stderr]  Downloading crates ...
[INFO] [stderr]   Downloaded errno v0.3.4
[INFO] [stderr]   Downloaded rustix v0.38.15
[INFO] [stderr]   Downloaded linux-raw-sys v0.4.8
[INFO] running `Command { std: "docker" "create" "-v" "/var/lib/crater-agent-workspace/builds/worker-4-tc1/target:/opt/rustwide/target:rw,Z" "-v" "/var/lib/crater-agent-workspace/builds/worker-4-tc1/source:/opt/rustwide/workdir:ro,Z" "-v" "/var/lib/crater-agent-workspace/cargo-home:/opt/rustwide/cargo-home:ro,Z" "-v" "/var/lib/crater-agent-workspace/rustup-home:/opt/rustwide/rustup-home:ro,Z" "-e" "SOURCE_DIR=/opt/rustwide/workdir" "-e" "CARGO_TARGET_DIR=/opt/rustwide/target" "-e" "CARGO_HOME=/opt/rustwide/cargo-home" "-e" "RUSTUP_HOME=/opt/rustwide/rustup-home" "-w" "/opt/rustwide/workdir" "-m" "1610612736" "--user" "0:0" "--network" "none" "ghcr.io/rust-lang/crates-build-env/linux@sha256:2788e3201cd34a07e3172128adcd8b3090168a8e3bcc40d7c032b9dda1df7d1c" "/opt/rustwide/cargo-home/bin/cargo" "+1.75.0" "metadata" "--no-deps" "--format-version=1", kill_on_drop: false }`
[INFO] [stdout] f4ce75e3dbc6811121dc15cb93e14dfaf1120ae7e091d0f2d1cdc682704af7f3
[INFO] running `Command { std: "docker" "start" "-a" "f4ce75e3dbc6811121dc15cb93e14dfaf1120ae7e091d0f2d1cdc682704af7f3", kill_on_drop: false }`
[INFO] running `Command { std: "docker" "inspect" "f4ce75e3dbc6811121dc15cb93e14dfaf1120ae7e091d0f2d1cdc682704af7f3", kill_on_drop: false }`
[INFO] running `Command { std: "docker" "rm" "-f" "f4ce75e3dbc6811121dc15cb93e14dfaf1120ae7e091d0f2d1cdc682704af7f3", kill_on_drop: false }`
[INFO] [stdout] f4ce75e3dbc6811121dc15cb93e14dfaf1120ae7e091d0f2d1cdc682704af7f3
[INFO] running `Command { std: "docker" "create" "-v" "/var/lib/crater-agent-workspace/builds/worker-4-tc1/target:/opt/rustwide/target:rw,Z" "-v" "/var/lib/crater-agent-workspace/builds/worker-4-tc1/source:/opt/rustwide/workdir:ro,Z" "-v" "/var/lib/crater-agent-workspace/cargo-home:/opt/rustwide/cargo-home:ro,Z" "-v" "/var/lib/crater-agent-workspace/rustup-home:/opt/rustwide/rustup-home:ro,Z" "-e" "SOURCE_DIR=/opt/rustwide/workdir" "-e" "CARGO_TARGET_DIR=/opt/rustwide/target" "-e" "CARGO_INCREMENTAL=0" "-e" "RUST_BACKTRACE=full" "-e" "RUSTFLAGS=--cap-lints=warn" "-e" "RUSTDOCFLAGS=--cap-lints=warn" "-e" "CARGO_HOME=/opt/rustwide/cargo-home" "-e" "RUSTUP_HOME=/opt/rustwide/rustup-home" "-w" "/opt/rustwide/workdir" "-m" "1610612736" "--user" "0:0" "--network" "none" "ghcr.io/rust-lang/crates-build-env/linux@sha256:2788e3201cd34a07e3172128adcd8b3090168a8e3bcc40d7c032b9dda1df7d1c" "/opt/rustwide/cargo-home/bin/cargo" "+1.75.0" "build" "--frozen" "--message-format=json", kill_on_drop: false }`
[INFO] [stdout] 7c00a4f16dbc0daab3f62e78aa80d0682ec2d69dfdd617f54a8c1c4fda9662cc
[INFO] running `Command { std: "docker" "start" "-a" "7c00a4f16dbc0daab3f62e78aa80d0682ec2d69dfdd617f54a8c1c4fda9662cc", kill_on_drop: false }`
[INFO] [stderr]    Compiling rustix v0.38.15
[INFO] [stderr]    Compiling bitflags v2.4.0
[INFO] [stderr]    Compiling linux-raw-sys v0.4.8
[INFO] [stderr]    Compiling widestring v1.0.2
[INFO] [stderr]    Compiling is-terminal v0.4.9
[INFO] [stderr]    Compiling colored v2.0.4
[INFO] [stderr]    Compiling lyneate v0.2.1 (/opt/rustwide/workdir)
[INFO] [stderr]     Finished dev [unoptimized + debuginfo] target(s) in 1.02s
[INFO] running `Command { std: "docker" "inspect" "7c00a4f16dbc0daab3f62e78aa80d0682ec2d69dfdd617f54a8c1c4fda9662cc", kill_on_drop: false }`
[INFO] running `Command { std: "docker" "rm" "-f" "7c00a4f16dbc0daab3f62e78aa80d0682ec2d69dfdd617f54a8c1c4fda9662cc", kill_on_drop: false }`
[INFO] [stdout] 7c00a4f16dbc0daab3f62e78aa80d0682ec2d69dfdd617f54a8c1c4fda9662cc
[INFO] running `Command { std: "docker" "create" "-v" "/var/lib/crater-agent-workspace/builds/worker-4-tc1/target:/opt/rustwide/target:rw,Z" "-v" "/var/lib/crater-agent-workspace/builds/worker-4-tc1/source:/opt/rustwide/workdir:ro,Z" "-v" "/var/lib/crater-agent-workspace/cargo-home:/opt/rustwide/cargo-home:ro,Z" "-v" "/var/lib/crater-agent-workspace/rustup-home:/opt/rustwide/rustup-home:ro,Z" "-e" "SOURCE_DIR=/opt/rustwide/workdir" "-e" "CARGO_TARGET_DIR=/opt/rustwide/target" "-e" "CARGO_INCREMENTAL=0" "-e" "RUST_BACKTRACE=full" "-e" "RUSTFLAGS=--cap-lints=warn" "-e" "RUSTDOCFLAGS=--cap-lints=warn" "-e" "CARGO_HOME=/opt/rustwide/cargo-home" "-e" "RUSTUP_HOME=/opt/rustwide/rustup-home" "-w" "/opt/rustwide/workdir" "-m" "1610612736" "--user" "0:0" "--network" "none" "ghcr.io/rust-lang/crates-build-env/linux@sha256:2788e3201cd34a07e3172128adcd8b3090168a8e3bcc40d7c032b9dda1df7d1c" "/opt/rustwide/cargo-home/bin/cargo" "+1.75.0" "test" "--frozen" "--no-run" "--message-format=json", kill_on_drop: false }`
[INFO] [stdout] 880241638efe451957c118e51edcf5dabfd88c69faccc396c8508162713035aa
[INFO] running `Command { std: "docker" "start" "-a" "880241638efe451957c118e51edcf5dabfd88c69faccc396c8508162713035aa", kill_on_drop: false }`
[INFO] [stderr]    Compiling lyneate v0.2.1 (/opt/rustwide/workdir)
[INFO] [stderr]     Finished test [unoptimized + debuginfo] target(s) in 0.68s
[INFO] running `Command { std: "docker" "inspect" "880241638efe451957c118e51edcf5dabfd88c69faccc396c8508162713035aa", kill_on_drop: false }`
[INFO] running `Command { std: "docker" "rm" "-f" "880241638efe451957c118e51edcf5dabfd88c69faccc396c8508162713035aa", kill_on_drop: false }`
[INFO] [stdout] 880241638efe451957c118e51edcf5dabfd88c69faccc396c8508162713035aa
[INFO] running `Command { std: "docker" "create" "-v" "/var/lib/crater-agent-workspace/builds/worker-4-tc1/target:/opt/rustwide/target:rw,Z" "-v" "/var/lib/crater-agent-workspace/builds/worker-4-tc1/source:/opt/rustwide/workdir:ro,Z" "-v" "/var/lib/crater-agent-workspace/cargo-home:/opt/rustwide/cargo-home:ro,Z" "-v" "/var/lib/crater-agent-workspace/rustup-home:/opt/rustwide/rustup-home:ro,Z" "-e" "SOURCE_DIR=/opt/rustwide/workdir" "-e" "CARGO_TARGET_DIR=/opt/rustwide/target" "-e" "CARGO_INCREMENTAL=0" "-e" "RUST_BACKTRACE=full" "-e" "RUSTFLAGS=--cap-lints=warn" "-e" "RUSTDOCFLAGS=--cap-lints=warn" "-e" "CARGO_HOME=/opt/rustwide/cargo-home" "-e" "RUSTUP_HOME=/opt/rustwide/rustup-home" "-w" "/opt/rustwide/workdir" "-m" "1610612736" "--user" "0:0" "--network" "none" "ghcr.io/rust-lang/crates-build-env/linux@sha256:2788e3201cd34a07e3172128adcd8b3090168a8e3bcc40d7c032b9dda1df7d1c" "/opt/rustwide/cargo-home/bin/cargo" "+1.75.0" "test" "--frozen", kill_on_drop: false }`
[INFO] [stdout] 217a82013227d4469ebdb32a53fd1878850e90f99381fd3e0853f4738c3b6c82
[INFO] running `Command { std: "docker" "start" "-a" "217a82013227d4469ebdb32a53fd1878850e90f99381fd3e0853f4738c3b6c82", kill_on_drop: false }`
[INFO] [stderr]     Finished test [unoptimized + debuginfo] target(s) in 0.02s
[INFO] [stderr]      Running unittests src/lib.rs (/opt/rustwide/target/debug/deps/lyneate-cf5f54987395cfb6)
[INFO] [stdout] 
[INFO] [stdout] running 0 tests
[INFO] [stdout] 
[INFO] [stdout] test result: ok. 0 passed; 0 failed; 0 ignored; 0 measured; 0 filtered out; finished in 0.00s
[INFO] [stdout] 
[INFO] [stderr]    Doc-tests lyneate
[INFO] [stdout] 
[INFO] [stdout] running 3 tests
[INFO] [stdout] test src/theme.rs - theme::ThemeChars (line 5) ... FAILED
[INFO] [stdout] test src/lib.rs - (line 14) ... FAILED
[INFO] [stdout] test src/span.rs - span::SpanOverlay (line 70) ... FAILED
[INFO] [stdout] 
[INFO] [stdout] failures:
[INFO] [stdout] 
[INFO] [stdout] ---- src/theme.rs - theme::ThemeChars (line 5) stdout ----
[INFO] [stdout] error[E0422]: cannot find struct, variant or union type `ThemeChars` in this scope
[INFO] [stdout]  --> src/theme.rs:6:1
[INFO] [stdout]   |
[INFO] [stdout] 3 | ThemeChars {
[INFO] [stdout]   | ^^^^^^^^^^ not found in this scope
[INFO] [stdout]   |
[INFO] [stdout] help: consider importing this struct
[INFO] [stdout]   |
[INFO] [stdout] 2 + use lyneate::ThemeChars;
[INFO] [stdout]   |
[INFO] [stdout] 
[INFO] [stdout] error: aborting due to previous error
[INFO] [stdout] 
[INFO] [stdout] For more information about this error, try `rustc --explain E0422`.
[INFO] [stdout] Couldn't compile the test.
[INFO] [stdout] ---- src/lib.rs - (line 14) stdout ----
[INFO] [stdout] error: couldn't read src/basic.pseudo: No such file or directory (os error 2)
[INFO] [stdout]   --> src/lib.rs:26:9
[INFO] [stdout]    |
[INFO] [stdout] 14 |         include_str!("basic.pseudo"),
[INFO] [stdout]    |         ^^^^^^^^^^^^^^^^^^^^^^^^^^^^
[INFO] [stdout]    |
[INFO] [stdout]    = note: this error originates in the macro `include_str` (in Nightly builds, run with -Z macro-backtrace for more info)
[INFO] [stdout] 
[INFO] [stdout] error: aborting due to previous error
[INFO] [stdout] 
[INFO] [stdout] Couldn't compile the test.
[INFO] [stdout] ---- src/span.rs - span::SpanOverlay (line 70) stdout ----
[INFO] [stdout] error[E0599]: no method named `overlay` found for struct `std::ops::Range` in the current scope
[INFO] [stdout]  --> src/span.rs:71:26
[INFO] [stdout]   |
[INFO] [stdout] 3 | assert_eq!((10usize..15).overlay(13..17), SpanOverlay::Single(10..13));
[INFO] [stdout]   |                          ^^^^^^^ method not found in `Range<usize>`
[INFO] [stdout] 
[INFO] [stdout] error[E0433]: failed to resolve: use of undeclared type `SpanOverlay`
[INFO] [stdout]  --> src/span.rs:71:43
[INFO] [stdout]   |
[INFO] [stdout] 3 | assert_eq!((10usize..15).overlay(13..17), SpanOverlay::Single(10..13));
[INFO] [stdout]   |                                           ^^^^^^^^^^^ use of undeclared type `SpanOverlay`
[INFO] [stdout] 
[INFO] [stdout] error[E0599]: no method named `overlay` found for struct `std::ops::Range` in the current scope
[INFO] [stdout]  --> src/span.rs:72:26
[INFO] [stdout]   |
[INFO] [stdout] 4 | assert_eq!((10usize..15).overlay(6..12), SpanOverlay::Single(12..15));
[INFO] [stdout]   |                          ^^^^^^^ method not found in `Range<usize>`
[INFO] [stdout] 
[INFO] [stdout] error[E0433]: failed to resolve: use of undeclared type `SpanOverlay`
[INFO] [stdout]  --> src/span.rs:72:42
[INFO] [stdout]   |
[INFO] [stdout] 4 | assert_eq!((10usize..15).overlay(6..12), SpanOverlay::Single(12..15));
[INFO] [stdout]   |                                          ^^^^^^^^^^^ use of undeclared type `SpanOverlay`
[INFO] [stdout] 
[INFO] [stdout] error[E0599]: no method named `overlay` found for struct `std::ops::Range` in the current scope
[INFO] [stdout]  --> src/span.rs:74:19
[INFO] [stdout]   |
[INFO] [stdout] 6 |     (10usize..15).overlay(12..13),
[INFO] [stdout]   |                   ^^^^^^^ method not found in `Range<usize>`
[INFO] [stdout] 
[INFO] [stdout] error[E0433]: failed to resolve: use of undeclared type `SpanOverlay`
[INFO] [stdout]  --> src/span.rs:75:5
[INFO] [stdout]   |
[INFO] [stdout] 7 |     SpanOverlay::Double(10..12, 13..15)
[INFO] [stdout]   |     ^^^^^^^^^^^ use of undeclared type `SpanOverlay`
[INFO] [stdout] 
[INFO] [stdout] error: aborting due to 6 previous errors
[INFO] [stdout] 
[INFO] [stdout] Some errors have detailed explanations: E0433, E0599.
[INFO] [stdout] For more information about an error, try `rustc --explain E0433`.
[INFO] [stdout] Couldn't compile the test.
[INFO] [stdout] 
[INFO] [stdout] failures:
[INFO] [stdout]     src/lib.rs - (line 14)
[INFO] [stdout]     src/span.rs - span::SpanOverlay (line 70)
[INFO] [stdout]     src/theme.rs - theme::ThemeChars (line 5)
[INFO] [stdout] 
[INFO] [stdout] test result: FAILED. 0 passed; 3 failed; 0 ignored; 0 measured; 0 filtered out; finished in 0.11s
[INFO] [stdout] 
[INFO] [stderr] error: doctest failed, to rerun pass `--doc`
[INFO] running `Command { std: "docker" "inspect" "217a82013227d4469ebdb32a53fd1878850e90f99381fd3e0853f4738c3b6c82", kill_on_drop: false }`
[INFO] running `Command { std: "docker" "rm" "-f" "217a82013227d4469ebdb32a53fd1878850e90f99381fd3e0853f4738c3b6c82", kill_on_drop: false }`
[INFO] [stdout] 217a82013227d4469ebdb32a53fd1878850e90f99381fd3e0853f4738c3b6c82
