[INFO] fetching crate lunatic-runtime 0.13.2...
[INFO] testing lunatic-runtime-0.13.2 against 1.75.0 for beta-1.76-1
[INFO] extracting crate lunatic-runtime 0.13.2 into /workspace/builds/worker-6-tc1/source
[INFO] validating manifest of crates.io crate lunatic-runtime 0.13.2 on toolchain 1.75.0
[INFO] running `Command { std: CARGO_HOME="/workspace/cargo-home" RUSTUP_HOME="/workspace/rustup-home" "/workspace/cargo-home/bin/cargo" "+1.75.0" "metadata" "--manifest-path" "Cargo.toml" "--no-deps", kill_on_drop: false }`
[INFO] started tweaking crates.io crate lunatic-runtime 0.13.2
[INFO] finished tweaking crates.io crate lunatic-runtime 0.13.2
[INFO] tweaked toml for crates.io crate lunatic-runtime 0.13.2 written to /workspace/builds/worker-6-tc1/source/Cargo.toml
[INFO] crate crates.io crate lunatic-runtime 0.13.2 already has a lockfile, it will not be regenerated
[INFO] running `Command { std: CARGO_HOME="/workspace/cargo-home" RUSTUP_HOME="/workspace/rustup-home" "/workspace/cargo-home/bin/cargo" "+1.75.0" "fetch" "--manifest-path" "Cargo.toml", kill_on_drop: false }`
[INFO] [stderr]     Updating crates.io index
[INFO] [stderr]  Downloading crates ...
[INFO] [stderr]   Downloaded target-lexicon v0.12.7
[INFO] [stderr]   Downloaded cap-time-ext v1.0.14
[INFO] [stderr]   Downloaded cap-std v1.0.14
[INFO] [stderr]   Downloaded ittapi v0.3.3
[INFO] [stderr]   Downloaded lunatic-metrics-api v0.13.2
[INFO] [stderr]   Downloaded quinn-proto v0.9.3
[INFO] [stderr]   Downloaded data-encoding v2.3.3
[INFO] [stderr]   Downloaded lunatic-version-api v0.13.2
[INFO] [stderr]   Downloaded fs-set-times v0.19.1
[INFO] [stderr]   Downloaded memfd v0.6.3
[INFO] [stderr]   Downloaded metrics v0.20.1
[INFO] [stderr]   Downloaded wast v57.0.0
[INFO] [stderr]   Downloaded rustix v0.36.13
[INFO] [stderr]   Downloaded ittapi-sys v0.3.3
[INFO] [stderr]   Downloaded lunatic-timer-api v0.13.2
[INFO] [stderr]   Downloaded cap-fs-ext v1.0.14
[INFO] [stderr]   Downloaded cap-rand v1.0.14
[INFO] [stderr]   Downloaded lunatic-control-axum v0.13.3
[INFO] [stderr]   Downloaded clap_builder v4.2.7
[INFO] [stderr]   Downloaded clap v4.2.7
[INFO] [stderr]   Downloaded quinn v0.9.3
[INFO] [stderr]   Downloaded cap-primitives v1.0.14
[INFO] [stderr]   Downloaded metrics-util v0.14.0
[INFO] [stderr]   Downloaded quanta v0.10.1
[INFO] [stderr]   Downloaded wasm-encoder v0.26.0
[INFO] [stderr]   Downloaded metrics-exporter-prometheus v0.11.0
[INFO] [stderr]   Downloaded system-interface v0.25.7
[INFO] [stderr]   Downloaded metrics-macros v0.6.0
[INFO] [stderr]   Downloaded sketches-ddsketch v0.2.1
[INFO] [stderr]   Downloaded wat v1.0.63
[INFO] [stderr]   Downloaded async-ctrlc v1.2.0
[INFO] [stderr]   Downloaded base64-url v2.0.0
[INFO] [stderr]   Downloaded lunatic-messaging-api v0.13.2
[INFO] [stderr]   Downloaded displaydoc v0.2.3
[INFO] [stderr]   Downloaded lunatic-trap-api v0.13.2
[INFO] [stderr]   Downloaded lunatic-distributed-api v0.13.2
[INFO] [stderr]   Downloaded lunatic-registry-api v0.13.2
[INFO] running `Command { std: "docker" "create" "-v" "/var/lib/crater-agent-workspace/builds/worker-6-tc1/target:/opt/rustwide/target:rw,Z" "-v" "/var/lib/crater-agent-workspace/builds/worker-6-tc1/source:/opt/rustwide/workdir:ro,Z" "-v" "/var/lib/crater-agent-workspace/cargo-home:/opt/rustwide/cargo-home:ro,Z" "-v" "/var/lib/crater-agent-workspace/rustup-home:/opt/rustwide/rustup-home:ro,Z" "-e" "SOURCE_DIR=/opt/rustwide/workdir" "-e" "CARGO_TARGET_DIR=/opt/rustwide/target" "-e" "CARGO_HOME=/opt/rustwide/cargo-home" "-e" "RUSTUP_HOME=/opt/rustwide/rustup-home" "-w" "/opt/rustwide/workdir" "-m" "1610612736" "--user" "0:0" "--network" "none" "ghcr.io/rust-lang/crates-build-env/linux@sha256:2788e3201cd34a07e3172128adcd8b3090168a8e3bcc40d7c032b9dda1df7d1c" "/opt/rustwide/cargo-home/bin/cargo" "+1.75.0" "metadata" "--no-deps" "--format-version=1", kill_on_drop: false }`
[INFO] [stdout] 81b90f59ef977299fe525604c363afdac81b2983db8d7893c8a7c09c3313502e
[INFO] running `Command { std: "docker" "start" "-a" "81b90f59ef977299fe525604c363afdac81b2983db8d7893c8a7c09c3313502e", kill_on_drop: false }`
[INFO] running `Command { std: "docker" "inspect" "81b90f59ef977299fe525604c363afdac81b2983db8d7893c8a7c09c3313502e", kill_on_drop: false }`
[INFO] running `Command { std: "docker" "rm" "-f" "81b90f59ef977299fe525604c363afdac81b2983db8d7893c8a7c09c3313502e", kill_on_drop: false }`
[INFO] [stdout] 81b90f59ef977299fe525604c363afdac81b2983db8d7893c8a7c09c3313502e
[INFO] running `Command { std: "docker" "create" "-v" "/var/lib/crater-agent-workspace/builds/worker-6-tc1/target:/opt/rustwide/target:rw,Z" "-v" "/var/lib/crater-agent-workspace/builds/worker-6-tc1/source:/opt/rustwide/workdir:ro,Z" "-v" "/var/lib/crater-agent-workspace/cargo-home:/opt/rustwide/cargo-home:ro,Z" "-v" "/var/lib/crater-agent-workspace/rustup-home:/opt/rustwide/rustup-home:ro,Z" "-e" "SOURCE_DIR=/opt/rustwide/workdir" "-e" "CARGO_TARGET_DIR=/opt/rustwide/target" "-e" "CARGO_INCREMENTAL=0" "-e" "RUST_BACKTRACE=full" "-e" "RUSTFLAGS=--cap-lints=warn" "-e" "RUSTDOCFLAGS=--cap-lints=warn" "-e" "CARGO_HOME=/opt/rustwide/cargo-home" "-e" "RUSTUP_HOME=/opt/rustwide/rustup-home" "-w" "/opt/rustwide/workdir" "-m" "1610612736" "--user" "0:0" "--network" "none" "ghcr.io/rust-lang/crates-build-env/linux@sha256:2788e3201cd34a07e3172128adcd8b3090168a8e3bcc40d7c032b9dda1df7d1c" "/opt/rustwide/cargo-home/bin/cargo" "+1.75.0" "build" "--frozen" "--message-format=json", kill_on_drop: false }`
[INFO] [stdout] ffb8fc6a68df15a54c8963e82a29339dfe2f42b2e02b8083d53e3e0d068f7f84
[INFO] running `Command { std: "docker" "start" "-a" "ffb8fc6a68df15a54c8963e82a29339dfe2f42b2e02b8083d53e3e0d068f7f84", kill_on_drop: false }`
[INFO] [stderr]    Compiling libc v0.2.142
[INFO] [stderr]    Compiling proc-macro2 v1.0.56
[INFO] [stderr]    Compiling quote v1.0.26
[INFO] [stderr]    Compiling unicode-ident v1.0.8
[INFO] [stderr]    Compiling once_cell v1.17.1
[INFO] [stderr]    Compiling serde_derive v1.0.160
[INFO] [stderr]    Compiling serde v1.0.160
[INFO] [stderr]    Compiling io-lifetimes v1.0.10
[INFO] [stderr]    Compiling indexmap v1.9.3
[INFO] [stderr]    Compiling rustix v0.37.18
[INFO] [stderr]    Compiling linux-raw-sys v0.3.6
[INFO] [stderr]    Compiling ahash v0.8.3
[INFO] [stderr]    Compiling syn v1.0.109
[INFO] [stderr]    Compiling percent-encoding v2.2.0
[INFO] [stderr]    Compiling form_urlencoded v1.1.0
[INFO] [stderr]    Compiling target-lexicon v0.12.7
[INFO] [stderr]    Compiling fallible-iterator v0.2.0
[INFO] [stderr]    Compiling unicode-bidi v0.3.13
[INFO] [stderr]    Compiling hashbrown v0.13.2
[INFO] [stderr]    Compiling syn v2.0.15
[INFO] [stderr]    Compiling stable_deref_trait v1.2.0
[INFO] [stderr]    Compiling idna v0.3.0
[INFO] [stderr]    Compiling cranelift-isle v0.95.1
[INFO] [stderr]    Compiling crc32fast v1.3.2
[INFO] [stderr]    Compiling jobserver v0.1.26
[INFO] [stderr]    Compiling cc v1.0.79
[INFO] [stderr]    Compiling getrandom v0.2.9
[INFO] [stderr]    Compiling num_cpus v1.15.0
[INFO] [stderr]    Compiling url v2.3.1
[INFO] [stderr]    Compiling cranelift-codegen-shared v0.95.1
[INFO] [stderr]    Compiling smallvec v1.10.0
[INFO] [stderr]    Compiling cranelift-codegen-meta v0.95.1
[INFO] [stderr]    Compiling rand_core v0.6.4
[INFO] [stderr]    Compiling rustix v0.36.13
[INFO] [stderr]    Compiling base64 v0.21.0
[INFO] [stderr]    Compiling rand_chacha v0.3.1
[INFO] [stderr]    Compiling fxhash v0.2.1
[INFO] [stderr]    Compiling generic-array v0.14.7
[INFO] [stderr]    Compiling leb128 v0.2.5
[INFO] [stderr]    Compiling linux-raw-sys v0.1.4
[INFO] [stderr]    Compiling slice-group-by v0.3.1
[INFO] [stderr]    Compiling rand v0.8.5
[INFO] [stderr]    Compiling regalloc2 v0.6.1
[INFO] [stderr]    Compiling wasmtime-fiber v8.0.1
[INFO] [stderr]    Compiling is-terminal v0.4.7
[INFO] [stderr]    Compiling zstd-sys v2.0.8+zstd.1.5.5
[INFO] [stderr]    Compiling bumpalo v3.12.1
[INFO] [stderr]    Compiling aho-corasick v1.0.1
[INFO] [stderr]    Compiling cranelift-codegen v0.95.1
[INFO] [stderr]    Compiling regex-syntax v0.7.1
[INFO] [stderr]    Compiling ittapi-sys v0.3.3
[INFO] [stderr]    Compiling tracing-core v0.1.30
[INFO] [stderr]    Compiling zstd-safe v5.0.2+zstd.1.5.2
[INFO] [stderr]    Compiling crypto-common v0.1.6
[INFO] [stderr]    Compiling block-buffer v0.10.4
[INFO] [stderr]    Compiling wasmtime-runtime v8.0.1
[INFO] [stderr]    Compiling wasmtime-asm-macros v8.0.1
[INFO] [stderr]    Compiling cpp_demangle v0.3.5
[INFO] [stderr]    Compiling digest v0.10.6
[INFO] [stderr]    Compiling memfd v0.6.3
[INFO] [stderr]    Compiling thiserror-impl v1.0.40
[INFO] [stderr]    Compiling tracing-attributes v0.1.24
[INFO] [stderr]    Compiling async-trait v0.1.68
[INFO] [stderr]    Compiling wasm-encoder v0.26.0
[INFO] [stderr]    Compiling regex v1.8.1
[INFO] [stderr]    Compiling ring v0.16.20
[INFO] [stderr]    Compiling psm v0.1.21
[INFO] [stderr]    Compiling dirs-sys-next v0.1.2
[INFO] [stderr]    Compiling thiserror v1.0.40
[INFO] [stderr]    Compiling env_logger v0.10.0
[INFO] [stderr]    Compiling cpufeatures v0.2.7
[INFO] [stderr]    Compiling wasmtime-cache v8.0.1
[INFO] [stderr]    Compiling sha2 v0.10.6
[INFO] [stderr]    Compiling tracing v0.1.37
[INFO] [stderr]    Compiling file-per-thread-logger v0.1.6
[INFO] [stderr]    Compiling wast v57.0.0
[INFO] [stderr]    Compiling directories-next v2.0.0
[INFO] [stderr]    Compiling ittapi v0.3.3
[INFO] [stderr]    Compiling rayon-core v1.11.0
[INFO] [stderr]    Compiling socket2 v0.4.9
[INFO] [stderr]    Compiling wasmtime-jit-icache-coherence v8.0.1
[INFO] [stderr]    Compiling tokio v1.28.0
[INFO] [stderr]    Compiling wasmtime v8.0.1
[INFO] [stderr]    Compiling rustc-demangle v0.1.23
[INFO] [stderr]    Compiling rayon v1.7.0
[INFO] [stderr]    Compiling tokio-macros v2.1.0
[INFO] [stderr]    Compiling mio v0.8.6
[INFO] [stderr]    Compiling untrusted v0.7.1
[INFO] [stderr]    Compiling spin v0.5.2
[INFO] [stderr]    Compiling io-extras v0.17.4
[INFO] [stderr]    Compiling cap-primitives v1.0.14
[INFO] [stderr]    Compiling ambient-authority v0.0.2
[INFO] [stderr]    Compiling fs-set-times v0.19.1
[INFO] [stderr]    Compiling dirs-sys v0.3.7
[INFO] [stderr]    Compiling futures-task v0.3.28
[INFO] [stderr]    Compiling maybe-owned v0.3.4
[INFO] [stderr]    Compiling dirs v4.0.0
[INFO] [stderr]    Compiling wast v35.0.2
[INFO] [stderr]    Compiling futures-util v0.3.28
[INFO] [stderr]    Compiling wat v1.0.63
[INFO] [stderr]    Compiling cap-std v1.0.14
[INFO] [stderr]    Compiling witx v0.9.1
[INFO] [stderr]    Compiling cranelift-entity v0.95.1
[INFO] [stderr]    Compiling bincode v1.3.3
[INFO] [stderr]    Compiling toml v0.5.11
[INFO] [stderr]    Compiling cranelift-bforest v0.95.1
[INFO] [stderr]    Compiling gimli v0.27.2
[INFO] [stderr]    Compiling wasmparser v0.102.0
[INFO] [stderr]    Compiling object v0.30.3
[INFO] [stderr]    Compiling shellexpand v2.1.2
[INFO] [stderr]    Compiling webpki v0.22.0
[INFO] [stderr]    Compiling openssl-sys v0.9.87
[INFO] [stderr]    Compiling rustls v0.20.8
[INFO] [stderr]    Compiling wiggle-generate v8.0.1
[INFO] [stderr]    Compiling wasmtime-types v8.0.1
[INFO] [stderr]    Compiling wasmtime-jit-debug v8.0.1
[INFO] [stderr]    Compiling addr2line v0.19.0
[INFO] [stderr]    Compiling sct v0.7.0
[INFO] [stderr]    Compiling wasmtime-environ v8.0.1
[INFO] [stderr]    Compiling wasi-common v8.0.1
[INFO] [stderr]    Compiling time-macros v0.2.8
[INFO] [stderr]    Compiling wiggle-macro v8.0.1
[INFO] [stderr]    Compiling rustls-pemfile v1.0.2
[INFO] [stderr]    Compiling num-integer v0.1.45
[INFO] [stderr]    Compiling synstructure v0.12.6
[INFO] [stderr]    Compiling cap-rand v1.0.14
[INFO] [stderr]    Compiling cap-fs-ext v1.0.14
[INFO] [stderr]    Compiling openssl v0.10.52
[INFO] [stderr]    Compiling portable-atomic v0.3.19
[INFO] [stderr]    Compiling system-interface v0.25.7
[INFO] [stderr]    Compiling asn1-rs-derive v0.4.0
[INFO] [stderr]    Compiling time v0.3.20
[INFO] [stderr]    Compiling rusticata-macros v4.1.0
[INFO] [stderr]    Compiling tokio-util v0.7.8
[INFO] [stderr]    Compiling openssl-macros v0.1.1
[INFO] [stderr]    Compiling asn1-rs-impl v0.1.0
[INFO] [stderr]    Compiling displaydoc v0.2.3
[INFO] [stderr]    Compiling metrics v0.20.1
[INFO] [stderr]    Compiling parking_lot_core v0.9.7
[INFO] [stderr]    Compiling want v0.3.0
[INFO] [stderr]    Compiling native-tls v0.2.11
[INFO] [stderr]    Compiling h2 v0.3.18
[INFO] [stderr]    Compiling ahash v0.7.6
[INFO] [stderr]    Compiling asn1-rs v0.5.2
[INFO] [stderr]    Compiling cap-time-ext v1.0.14
[INFO] [stderr]    Compiling metrics-macros v0.6.0
[INFO] [stderr]    Compiling fs-set-times v0.18.1
[INFO] [stderr]    Compiling serde_json v1.0.96
[INFO] [stderr]    Compiling hash-map-id v0.13.2
[INFO] [stderr]    Compiling wasmtime-wasi v8.0.1
[INFO] [stderr]    Compiling oid-registry v0.6.1
[INFO] [stderr]    Compiling num-bigint v0.4.3
[INFO] [stderr]    Compiling tokio-rustls v0.23.4
[INFO] [stderr]    Compiling rustls-native-certs v0.6.2
[INFO] [stderr]    Compiling webpki-roots v0.22.6
[INFO] [stderr]    Compiling rustc-hash v1.1.0
[INFO] [stderr]    Compiling dashmap v5.4.0
[INFO] [stderr]    Compiling quinn-proto v0.9.3
[INFO] [stderr]    Compiling cranelift-native v0.95.1
[INFO] [stderr]    Compiling cranelift-frontend v0.95.1
[INFO] [stderr]    Compiling wasmtime-cranelift-shared v8.0.1
[INFO] [stderr]    Compiling hyper v0.14.26
[INFO] [stderr]    Compiling cranelift-wasm v0.95.1
[INFO] [stderr]    Compiling der-parser v8.2.0
[INFO] [stderr]    Compiling tokio-native-tls v0.3.1
[INFO] [stderr]    Compiling wasmtime-cranelift v8.0.1
[INFO] [stderr]    Compiling serde_urlencoded v0.7.1
[INFO] [stderr]    Compiling data-encoding v2.3.3
[INFO] [stderr]    Compiling x509-parser v0.14.0
[INFO] [stderr]    Compiling quinn-udp v0.3.2
[INFO] [stderr]    Compiling pem v1.1.1
[INFO] [stderr]    Compiling yasna v0.5.2
[INFO] [stderr]    Compiling uuid v1.3.2
[INFO] [stderr]    Compiling rmp v0.8.11
[INFO] [stderr]    Compiling rmp-serde v1.1.1
[INFO] [stderr]    Compiling lunatic-control v0.13.2
[INFO] [stderr]    Compiling rcgen v0.10.0
[INFO] [stderr]    Compiling quinn v0.9.3
[INFO] [stderr]    Compiling hyper-tls v0.5.0
[INFO] [stderr]    Compiling reqwest v0.11.17
[INFO] [stderr]    Compiling async_cell v0.2.2
[INFO] [stderr]    Compiling sqlite3-src v0.4.0
[INFO] [stderr]    Compiling tower-layer v0.3.2
[INFO] [stderr]    Compiling axum-core v0.3.4
[INFO] [stderr]    Compiling pin-project-internal v1.0.12
[INFO] [stderr]    Compiling utf8parse v0.2.1
[INFO] [stderr]    Compiling anstyle-parse v0.2.0
[INFO] [stderr]    Compiling axum v0.6.18
[INFO] [stderr]    Compiling anstyle v1.0.0
[INFO] [stderr]    Compiling colorchoice v1.0.0
[INFO] [stderr]    Compiling anstyle-query v1.0.0
[INFO] [stderr]    Compiling nix v0.26.2
[INFO] [stderr]    Compiling anstream v0.3.2
[INFO] [stderr]    Compiling sqlite3-sys v0.14.0
[INFO] [stderr]    Compiling serde_path_to_error v0.1.11
[INFO] [stderr]    Compiling axum-macros v0.3.7
[INFO] [stderr]    Compiling sync_wrapper v0.1.2
[INFO] [stderr]    Compiling clap_lex v0.4.1
[INFO] [stderr]    Compiling http-range-header v0.3.0
[INFO] [stderr]    Compiling matchit v0.7.0
[INFO] [stderr]    Compiling tower-http v0.3.5
[INFO] [stderr]    Compiling chrono v0.4.24
[INFO] [stderr]    Compiling clap_builder v4.2.7
[INFO] [stderr]    Compiling ctrlc v3.2.5
[INFO] [stderr]    Compiling pin-project v1.0.12
[INFO] [stderr]    Compiling tower v0.4.13
[INFO] [stderr]    Compiling sqlite-bindings-lunatic v0.30.4
[INFO] [stderr]    Compiling clap_derive v4.2.0
[INFO] [stderr]    Compiling base64-url v2.0.0
[INFO] [stderr]    Compiling atty v0.2.14
[INFO] [stderr]    Compiling env_logger v0.9.3
[INFO] [stderr]    Compiling async-ctrlc v1.2.0
[INFO] [stderr]    Compiling clap v4.2.7
[INFO] [stderr]    Compiling wasmtime-jit v8.0.1
[INFO] [stderr]    Compiling zstd v0.11.2+zstd.1.5.2
[INFO] [stderr]    Compiling lunatic-common-api v0.13.2
[INFO] [stderr]    Compiling wiggle v8.0.1
[INFO] [stderr]    Compiling lunatic-version-api v0.13.2
[INFO] [stderr]    Compiling lunatic-error-api v0.13.2
[INFO] [stderr]    Compiling lunatic-trap-api v0.13.2
[INFO] [stderr]    Compiling lunatic-metrics-api v0.13.2
[INFO] [stderr]    Compiling lunatic-networking-api v0.13.2
[INFO] [stderr]    Compiling wasi-cap-std-sync v8.0.1
[INFO] [stderr]    Compiling lunatic-stdout-capture v0.13.2
[INFO] [stderr]    Compiling lunatic-process v0.13.2
[INFO] [stderr]    Compiling lunatic-distributed v0.13.2
[INFO] [stderr]    Compiling lunatic-wasi-api v0.13.2
[INFO] [stderr]    Compiling lunatic-process-api v0.13.2
[INFO] [stderr]    Compiling lunatic-control-axum v0.13.3
[INFO] [stderr]    Compiling lunatic-registry-api v0.13.2
[INFO] [stderr]    Compiling lunatic-sqlite-api v0.13.3
[INFO] [stderr]    Compiling lunatic-messaging-api v0.13.2
[INFO] [stderr]    Compiling lunatic-distributed-api v0.13.2
[INFO] [stderr]    Compiling lunatic-timer-api v0.13.2
[INFO] [stderr]    Compiling lunatic-runtime v0.13.2 (/opt/rustwide/workdir)
[INFO] [stderr]     Finished dev [unoptimized + debuginfo] target(s) in 2m 00s
[INFO] running `Command { std: "docker" "inspect" "ffb8fc6a68df15a54c8963e82a29339dfe2f42b2e02b8083d53e3e0d068f7f84", kill_on_drop: false }`
[INFO] running `Command { std: "docker" "rm" "-f" "ffb8fc6a68df15a54c8963e82a29339dfe2f42b2e02b8083d53e3e0d068f7f84", kill_on_drop: false }`
[INFO] [stdout] ffb8fc6a68df15a54c8963e82a29339dfe2f42b2e02b8083d53e3e0d068f7f84
[INFO] running `Command { std: "docker" "create" "-v" "/var/lib/crater-agent-workspace/builds/worker-6-tc1/target:/opt/rustwide/target:rw,Z" "-v" "/var/lib/crater-agent-workspace/builds/worker-6-tc1/source:/opt/rustwide/workdir:ro,Z" "-v" "/var/lib/crater-agent-workspace/cargo-home:/opt/rustwide/cargo-home:ro,Z" "-v" "/var/lib/crater-agent-workspace/rustup-home:/opt/rustwide/rustup-home:ro,Z" "-e" "SOURCE_DIR=/opt/rustwide/workdir" "-e" "CARGO_TARGET_DIR=/opt/rustwide/target" "-e" "CARGO_INCREMENTAL=0" "-e" "RUST_BACKTRACE=full" "-e" "RUSTFLAGS=--cap-lints=warn" "-e" "RUSTDOCFLAGS=--cap-lints=warn" "-e" "CARGO_HOME=/opt/rustwide/cargo-home" "-e" "RUSTUP_HOME=/opt/rustwide/rustup-home" "-w" "/opt/rustwide/workdir" "-m" "1610612736" "--user" "0:0" "--network" "none" "ghcr.io/rust-lang/crates-build-env/linux@sha256:2788e3201cd34a07e3172128adcd8b3090168a8e3bcc40d7c032b9dda1df7d1c" "/opt/rustwide/cargo-home/bin/cargo" "+1.75.0" "test" "--frozen" "--no-run" "--message-format=json", kill_on_drop: false }`
[INFO] [stdout] 3910901cf38eb4d2cc60782e52cb1fbc9c6dd582bc5ee125dfd53a423595fa63
[INFO] running `Command { std: "docker" "start" "-a" "3910901cf38eb4d2cc60782e52cb1fbc9c6dd582bc5ee125dfd53a423595fa63", kill_on_drop: false }`
[INFO] [stderr]    Compiling os_str_bytes v6.5.0
[INFO] [stderr]    Compiling ciborium-io v0.2.0
[INFO] [stderr]    Compiling futures-io v0.3.28
[INFO] [stderr]    Compiling textwrap v0.16.0
[INFO] [stderr]    Compiling plotters v0.3.4
[INFO] [stderr]    Compiling criterion-plot v0.5.0
[INFO] [stderr]    Compiling tinytemplate v1.2.1
[INFO] [stderr]    Compiling futures v0.3.28
[INFO] [stderr]    Compiling ciborium-ll v0.2.0
[INFO] [stderr]    Compiling clap_lex v0.2.4
[INFO] [stderr]    Compiling ciborium v0.2.0
[INFO] [stderr]    Compiling clap v3.2.25
[INFO] [stderr]    Compiling criterion v0.4.0
[INFO] [stderr]    Compiling lunatic-runtime v0.13.2 (/opt/rustwide/workdir)
[INFO] [stderr]     Finished test [unoptimized + debuginfo] target(s) in 24.35s
[INFO] running `Command { std: "docker" "inspect" "3910901cf38eb4d2cc60782e52cb1fbc9c6dd582bc5ee125dfd53a423595fa63", kill_on_drop: false }`
[INFO] running `Command { std: "docker" "rm" "-f" "3910901cf38eb4d2cc60782e52cb1fbc9c6dd582bc5ee125dfd53a423595fa63", kill_on_drop: false }`
[INFO] [stdout] 3910901cf38eb4d2cc60782e52cb1fbc9c6dd582bc5ee125dfd53a423595fa63
[INFO] running `Command { std: "docker" "create" "-v" "/var/lib/crater-agent-workspace/builds/worker-6-tc1/target:/opt/rustwide/target:rw,Z" "-v" "/var/lib/crater-agent-workspace/builds/worker-6-tc1/source:/opt/rustwide/workdir:ro,Z" "-v" "/var/lib/crater-agent-workspace/cargo-home:/opt/rustwide/cargo-home:ro,Z" "-v" "/var/lib/crater-agent-workspace/rustup-home:/opt/rustwide/rustup-home:ro,Z" "-e" "SOURCE_DIR=/opt/rustwide/workdir" "-e" "CARGO_TARGET_DIR=/opt/rustwide/target" "-e" "CARGO_INCREMENTAL=0" "-e" "RUST_BACKTRACE=full" "-e" "RUSTFLAGS=--cap-lints=warn" "-e" "RUSTDOCFLAGS=--cap-lints=warn" "-e" "CARGO_HOME=/opt/rustwide/cargo-home" "-e" "RUSTUP_HOME=/opt/rustwide/rustup-home" "-w" "/opt/rustwide/workdir" "-m" "1610612736" "--user" "0:0" "--network" "none" "ghcr.io/rust-lang/crates-build-env/linux@sha256:2788e3201cd34a07e3172128adcd8b3090168a8e3bcc40d7c032b9dda1df7d1c" "/opt/rustwide/cargo-home/bin/cargo" "+1.75.0" "test" "--frozen", kill_on_drop: false }`
[INFO] [stdout] fd533bcc077e1e2696947977acad54d8b44f5d8c1acb7b670504f8d3c6d09882
[INFO] running `Command { std: "docker" "start" "-a" "fd533bcc077e1e2696947977acad54d8b44f5d8c1acb7b670504f8d3c6d09882", kill_on_drop: false }`
[INFO] [stderr]     Finished test [unoptimized + debuginfo] target(s) in 0.43s
[INFO] [stderr]      Running unittests src/lib.rs (/opt/rustwide/target/debug/deps/lunatic_runtime-5eff5742a0622824)
[INFO] [stdout] 
[INFO] [stdout] running 5 tests
[INFO] [stdout] test config::tests::normalized_paths ... ok
[INFO] [stdout] test config::tests::test_forbidden_absolute_paths ... ok
[INFO] [stdout] test config::tests::test_forbidden_paths ... ok
[INFO] [stdout] test state::tests::import_filter_signature_matches ... ok
[INFO] [stdout] test config::tests::test_accessible_paths ... FAILED
[INFO] [stdout] 
[INFO] [stdout] failures:
[INFO] [stdout] 
[INFO] [stdout] ---- config::tests::test_accessible_paths stdout ----
[INFO] [stdout] thread 'config::tests::test_accessible_paths' panicked at src/config.rs:236:9:
[INFO] [stdout] assertion failed: path_is_ancestor(&crates, &guest_api)
[INFO] [stdout] stack backtrace:
[INFO] [stdout]    0:     0x564afc0cf3ec - std::backtrace_rs::backtrace::libunwind::trace::ha637c64ce894333a
[INFO] [stdout]                                at /rustc/82e1608dfa6e0b5569232559e3d385fea5a93112/library/std/src/../../backtrace/src/backtrace/libunwind.rs:104:5
[INFO] [stdout]    1:     0x564afc0cf3ec - std::backtrace_rs::backtrace::trace_unsynchronized::h47f62dea28e0c88d
[INFO] [stdout]                                at /rustc/82e1608dfa6e0b5569232559e3d385fea5a93112/library/std/src/../../backtrace/src/backtrace/mod.rs:66:5
[INFO] [stdout]    2:     0x564afc0cf3ec - std::sys_common::backtrace::_print_fmt::h9eef0abe20ede486
[INFO] [stdout]                                at /rustc/82e1608dfa6e0b5569232559e3d385fea5a93112/library/std/src/sys_common/backtrace.rs:67:5
[INFO] [stdout]    3:     0x564afc0cf3ec - <std::sys_common::backtrace::_print::DisplayBacktrace as core::fmt::Display>::fmt::hed7f999df88cc644
[INFO] [stdout]                                at /rustc/82e1608dfa6e0b5569232559e3d385fea5a93112/library/std/src/sys_common/backtrace.rs:44:22
[INFO] [stdout]    4:     0x564afc100630 - core::fmt::rt::Argument::fmt::h1539a9308b8d058d
[INFO] [stdout]                                at /rustc/82e1608dfa6e0b5569232559e3d385fea5a93112/library/core/src/fmt/rt.rs:142:9
[INFO] [stdout]    5:     0x564afc100630 - core::fmt::write::h3a39390d8560d9c9
[INFO] [stdout]                                at /rustc/82e1608dfa6e0b5569232559e3d385fea5a93112/library/core/src/fmt/mod.rs:1120:17
[INFO] [stdout]    6:     0x564afc0cb93f - std::io::Write::write_fmt::h040b369f3a0f9cbc
[INFO] [stdout]                                at /rustc/82e1608dfa6e0b5569232559e3d385fea5a93112/library/std/src/io/mod.rs:1762:15
[INFO] [stdout]    7:     0x564afc0cf1d4 - std::sys_common::backtrace::_print::h894006fb5c6f3d45
[INFO] [stdout]                                at /rustc/82e1608dfa6e0b5569232559e3d385fea5a93112/library/std/src/sys_common/backtrace.rs:47:5
[INFO] [stdout]    8:     0x564afc0cf1d4 - std::sys_common::backtrace::print::h23a2d212c6fff936
[INFO] [stdout]                                at /rustc/82e1608dfa6e0b5569232559e3d385fea5a93112/library/std/src/sys_common/backtrace.rs:34:9
[INFO] [stdout]    9:     0x564afc0d0e97 - std::panicking::default_hook::{{closure}}::h8a1d2ee00185001a
[INFO] [stdout]   10:     0x564afc0d0b83 - std::panicking::default_hook::h6038f2eba384e475
[INFO] [stdout]                                at /rustc/82e1608dfa6e0b5569232559e3d385fea5a93112/library/std/src/panicking.rs:289:9
[INFO] [stdout]   11:     0x564afa812077 - <alloc::boxed::Box<F,A> as core::ops::function::Fn<Args>>::call::h0ad024c9bdc6d768
[INFO] [stdout]                                at /rustc/82e1608dfa6e0b5569232559e3d385fea5a93112/library/alloc/src/boxed.rs:2021:9
[INFO] [stdout]   12:     0x564afa812077 - test::test_main::{{closure}}::h7500b54257359db6
[INFO] [stdout]                                at /rustc/82e1608dfa6e0b5569232559e3d385fea5a93112/library/test/src/lib.rs:138:21
[INFO] [stdout]   13:     0x564afc0d14a8 - <alloc::boxed::Box<F,A> as core::ops::function::Fn<Args>>::call::h1f8f335eaa9cfaee
[INFO] [stdout]                                at /rustc/82e1608dfa6e0b5569232559e3d385fea5a93112/library/alloc/src/boxed.rs:2021:9
[INFO] [stdout]   14:     0x564afc0d14a8 - std::panicking::rust_panic_with_hook::h2b5517d590cab22e
[INFO] [stdout]                                at /rustc/82e1608dfa6e0b5569232559e3d385fea5a93112/library/std/src/panicking.rs:783:13
[INFO] [stdout]   15:     0x564afc0d11c9 - std::panicking::begin_panic_handler::{{closure}}::h233112c06e0ef43e
[INFO] [stdout]                                at /rustc/82e1608dfa6e0b5569232559e3d385fea5a93112/library/std/src/panicking.rs:649:13
[INFO] [stdout]   16:     0x564afc0cf8b6 - std::sys_common::backtrace::__rust_end_short_backtrace::h6e893f24d7ebbff8
[INFO] [stdout]                                at /rustc/82e1608dfa6e0b5569232559e3d385fea5a93112/library/std/src/sys_common/backtrace.rs:170:18
[INFO] [stdout]   17:     0x564afc0d0f62 - rust_begin_unwind
[INFO] [stdout]                                at /rustc/82e1608dfa6e0b5569232559e3d385fea5a93112/library/std/src/panicking.rs:645:5
[INFO] [stdout]   18:     0x564afa4a2a45 - core::panicking::panic_fmt::hbf0e066aabfa482c
[INFO] [stdout]                                at /rustc/82e1608dfa6e0b5569232559e3d385fea5a93112/library/core/src/panicking.rs:72:14
[INFO] [stdout]   19:     0x564afa4a2ae3 - core::panicking::panic::h195fc2a96298d4c3
[INFO] [stdout]                                at /rustc/82e1608dfa6e0b5569232559e3d385fea5a93112/library/core/src/panicking.rs:127:5
[INFO] [stdout]   20:     0x564afa7453ba - lunatic_runtime::config::tests::test_accessible_paths::hfe68d6409dc75534
[INFO] [stdout]                                at /opt/rustwide/workdir/src/config.rs:236:9
[INFO] [stdout]   21:     0x564afa7450b7 - lunatic_runtime::config::tests::test_accessible_paths::{{closure}}::h20593e5a1596579a
[INFO] [stdout]                                at /opt/rustwide/workdir/src/config.rs:229:31
[INFO] [stdout]   22:     0x564afa5d5c96 - core::ops::function::FnOnce::call_once::h0123783a10163a12
[INFO] [stdout]                                at /rustc/82e1608dfa6e0b5569232559e3d385fea5a93112/library/core/src/ops/function.rs:250:5
[INFO] [stdout]   23:     0x564afa8176cf - core::ops::function::FnOnce::call_once::h2b5d431d5046312d
[INFO] [stdout]                                at /rustc/82e1608dfa6e0b5569232559e3d385fea5a93112/library/core/src/ops/function.rs:250:5
[INFO] [stdout]   24:     0x564afa8176cf - test::__rust_begin_short_backtrace::h7714669af176e207
[INFO] [stdout]                                at /rustc/82e1608dfa6e0b5569232559e3d385fea5a93112/library/test/src/lib.rs:628:18
[INFO] [stdout]   25:     0x564afa8166e5 - test::run_test_in_process::{{closure}}::h85218797dcbcec12
[INFO] [stdout]                                at /rustc/82e1608dfa6e0b5569232559e3d385fea5a93112/library/test/src/lib.rs:651:60
[INFO] [stdout]   26:     0x564afa8166e5 - <core::panic::unwind_safe::AssertUnwindSafe<F> as core::ops::function::FnOnce<()>>::call_once::h76c106ea31c14d7b
[INFO] [stdout]                                at /rustc/82e1608dfa6e0b5569232559e3d385fea5a93112/library/core/src/panic/unwind_safe.rs:272:9
[INFO] [stdout]   27:     0x564afa8166e5 - std::panicking::try::do_call::h3bd5d0f6620ee946
[INFO] [stdout]                                at /rustc/82e1608dfa6e0b5569232559e3d385fea5a93112/library/std/src/panicking.rs:552:40
[INFO] [stdout]   28:     0x564afa8166e5 - std::panicking::try::h232e535e4744fe31
[INFO] [stdout]                                at /rustc/82e1608dfa6e0b5569232559e3d385fea5a93112/library/std/src/panicking.rs:516:19
[INFO] [stdout]   29:     0x564afa8166e5 - std::panic::catch_unwind::h3ce3bd6ca8dbac68
[INFO] [stdout]                                at /rustc/82e1608dfa6e0b5569232559e3d385fea5a93112/library/std/src/panic.rs:142:14
[INFO] [stdout]   30:     0x564afa8166e5 - test::run_test_in_process::hc97b257c9621286a
[INFO] [stdout]                                at /rustc/82e1608dfa6e0b5569232559e3d385fea5a93112/library/test/src/lib.rs:651:27
[INFO] [stdout]   31:     0x564afa8166e5 - test::run_test::{{closure}}::h2aa798823a438d38
[INFO] [stdout]                                at /rustc/82e1608dfa6e0b5569232559e3d385fea5a93112/library/test/src/lib.rs:574:43
[INFO] [stdout]   32:     0x564afa7de9a6 - test::run_test::{{closure}}::h87d231c78fb59832
[INFO] [stdout]                                at /rustc/82e1608dfa6e0b5569232559e3d385fea5a93112/library/test/src/lib.rs:602:41
[INFO] [stdout]   33:     0x564afa7de9a6 - std::sys_common::backtrace::__rust_begin_short_backtrace::he6df152596625789
[INFO] [stdout]                                at /rustc/82e1608dfa6e0b5569232559e3d385fea5a93112/library/std/src/sys_common/backtrace.rs:154:18
[INFO] [stdout]   34:     0x564afa7e3a57 - std::thread::Builder::spawn_unchecked_::{{closure}}::{{closure}}::ha94be15d1e0acf36
[INFO] [stdout]                                at /rustc/82e1608dfa6e0b5569232559e3d385fea5a93112/library/std/src/thread/mod.rs:529:17
[INFO] [stdout]   35:     0x564afa7e3a57 - <core::panic::unwind_safe::AssertUnwindSafe<F> as core::ops::function::FnOnce<()>>::call_once::h9dc6bd6372f16606
[INFO] [stdout]                                at /rustc/82e1608dfa6e0b5569232559e3d385fea5a93112/library/core/src/panic/unwind_safe.rs:272:9
[INFO] [stdout]   36:     0x564afa7e3a57 - std::panicking::try::do_call::h9057517f80303cd4
[INFO] [stdout]                                at /rustc/82e1608dfa6e0b5569232559e3d385fea5a93112/library/std/src/panicking.rs:552:40
[INFO] [stdout]   37:     0x564afa7e3a57 - std::panicking::try::he3a30b11ee45340c
[INFO] [stdout]                                at /rustc/82e1608dfa6e0b5569232559e3d385fea5a93112/library/std/src/panicking.rs:516:19
[INFO] [stdout]   38:     0x564afa7e3a57 - std::panic::catch_unwind::h410458cfd3528b8b
[INFO] [stdout]                                at /rustc/82e1608dfa6e0b5569232559e3d385fea5a93112/library/std/src/panic.rs:142:14
[INFO] [stdout]   39:     0x564afa7e3a57 - std::thread::Builder::spawn_unchecked_::{{closure}}::h72ac3bdb567b737b
[INFO] [stdout]                                at /rustc/82e1608dfa6e0b5569232559e3d385fea5a93112/library/std/src/thread/mod.rs:528:30
[INFO] [stdout]   40:     0x564afa7e3a57 - core::ops::function::FnOnce::call_once{{vtable.shim}}::h38f34da3654a8344
[INFO] [stdout]                                at /rustc/82e1608dfa6e0b5569232559e3d385fea5a93112/library/core/src/ops/function.rs:250:5
[INFO] [stdout]   41:     0x564afc0d6555 - <alloc::boxed::Box<F,A> as core::ops::function::FnOnce<Args>>::call_once::hc7eafaff61e32df9
[INFO] [stdout]                                at /rustc/82e1608dfa6e0b5569232559e3d385fea5a93112/library/alloc/src/boxed.rs:2007:9
[INFO] [stdout]   42:     0x564afc0d6555 - <alloc::boxed::Box<F,A> as core::ops::function::FnOnce<Args>>::call_once::h6ba4a5de48dd2304
[INFO] [stdout]                                at /rustc/82e1608dfa6e0b5569232559e3d385fea5a93112/library/alloc/src/boxed.rs:2007:9
[INFO] [stdout]   43:     0x564afc0d6555 - std::sys::unix::thread::Thread::new::thread_start::he469335aef763e45
[INFO] [stdout]                                at /rustc/82e1608dfa6e0b5569232559e3d385fea5a93112/library/std/src/sys/unix/thread.rs:108:17
[INFO] [stdout]   44:     0x7f32b97a6ac3 - <unknown>
[INFO] [stdout]   45:     0x7f32b9837bf4 - __clone
[INFO] [stdout]   46:                0x0 - <unknown>
[INFO] [stdout] 
[INFO] [stdout] 
[INFO] [stdout] failures:
[INFO] [stdout]     config::tests::test_accessible_paths
[INFO] [stdout] 
[INFO] [stdout] test result: FAILED. 4 passed; 1 failed; 0 ignored; 0 measured; 0 filtered out; finished in 0.30s
[INFO] [stdout] 
[INFO] [stderr] error: test failed, to rerun pass `--lib`
[INFO] running `Command { std: "docker" "inspect" "fd533bcc077e1e2696947977acad54d8b44f5d8c1acb7b670504f8d3c6d09882", kill_on_drop: false }`
[INFO] running `Command { std: "docker" "rm" "-f" "fd533bcc077e1e2696947977acad54d8b44f5d8c1acb7b670504f8d3c6d09882", kill_on_drop: false }`
[INFO] [stdout] fd533bcc077e1e2696947977acad54d8b44f5d8c1acb7b670504f8d3c6d09882
[INFO] testing lunatic-runtime-0.13.2 against beta-2023-12-22 for beta-1.76-1
[INFO] extracting crate lunatic-runtime 0.13.2 into /workspace/builds/worker-6-tc2/source
[INFO] validating manifest of crates.io crate lunatic-runtime 0.13.2 on toolchain beta-2023-12-22
[INFO] running `Command { std: CARGO_HOME="/workspace/cargo-home" RUSTUP_HOME="/workspace/rustup-home" "/workspace/cargo-home/bin/cargo" "+beta-2023-12-22" "metadata" "--manifest-path" "Cargo.toml" "--no-deps", kill_on_drop: false }`
[INFO] started tweaking crates.io crate lunatic-runtime 0.13.2
[INFO] finished tweaking crates.io crate lunatic-runtime 0.13.2
[INFO] tweaked toml for crates.io crate lunatic-runtime 0.13.2 written to /workspace/builds/worker-6-tc2/source/Cargo.toml
[INFO] crate crates.io crate lunatic-runtime 0.13.2 already has a lockfile, it will not be regenerated
[INFO] running `Command { std: CARGO_HOME="/workspace/cargo-home" RUSTUP_HOME="/workspace/rustup-home" "/workspace/cargo-home/bin/cargo" "+beta-2023-12-22" "fetch" "--manifest-path" "Cargo.toml", kill_on_drop: false }`
[INFO] running `Command { std: "docker" "create" "-v" "/var/lib/crater-agent-workspace/builds/worker-6-tc2/target:/opt/rustwide/target:rw,Z" "-v" "/var/lib/crater-agent-workspace/builds/worker-6-tc2/source:/opt/rustwide/workdir:ro,Z" "-v" "/var/lib/crater-agent-workspace/cargo-home:/opt/rustwide/cargo-home:ro,Z" "-v" "/var/lib/crater-agent-workspace/rustup-home:/opt/rustwide/rustup-home:ro,Z" "-e" "SOURCE_DIR=/opt/rustwide/workdir" "-e" "CARGO_TARGET_DIR=/opt/rustwide/target" "-e" "CARGO_HOME=/opt/rustwide/cargo-home" "-e" "RUSTUP_HOME=/opt/rustwide/rustup-home" "-w" "/opt/rustwide/workdir" "-m" "1610612736" "--user" "0:0" "--network" "none" "ghcr.io/rust-lang/crates-build-env/linux@sha256:2788e3201cd34a07e3172128adcd8b3090168a8e3bcc40d7c032b9dda1df7d1c" "/opt/rustwide/cargo-home/bin/cargo" "+beta-2023-12-22" "metadata" "--no-deps" "--format-version=1", kill_on_drop: false }`
[INFO] [stdout] e4d49b351226d5db6f1f8c9ab63c2d90f51dba3a6a5a32406694325165abf2fc
[INFO] running `Command { std: "docker" "start" "-a" "e4d49b351226d5db6f1f8c9ab63c2d90f51dba3a6a5a32406694325165abf2fc", kill_on_drop: false }`
[INFO] running `Command { std: "docker" "inspect" "e4d49b351226d5db6f1f8c9ab63c2d90f51dba3a6a5a32406694325165abf2fc", kill_on_drop: false }`
[INFO] running `Command { std: "docker" "rm" "-f" "e4d49b351226d5db6f1f8c9ab63c2d90f51dba3a6a5a32406694325165abf2fc", kill_on_drop: false }`
[INFO] [stdout] e4d49b351226d5db6f1f8c9ab63c2d90f51dba3a6a5a32406694325165abf2fc
[INFO] running `Command { std: "docker" "create" "-v" "/var/lib/crater-agent-workspace/builds/worker-6-tc2/target:/opt/rustwide/target:rw,Z" "-v" "/var/lib/crater-agent-workspace/builds/worker-6-tc2/source:/opt/rustwide/workdir:ro,Z" "-v" "/var/lib/crater-agent-workspace/cargo-home:/opt/rustwide/cargo-home:ro,Z" "-v" "/var/lib/crater-agent-workspace/rustup-home:/opt/rustwide/rustup-home:ro,Z" "-e" "SOURCE_DIR=/opt/rustwide/workdir" "-e" "CARGO_TARGET_DIR=/opt/rustwide/target" "-e" "CARGO_INCREMENTAL=0" "-e" "RUST_BACKTRACE=full" "-e" "RUSTFLAGS=--cap-lints=warn" "-e" "RUSTDOCFLAGS=--cap-lints=warn" "-e" "CARGO_HOME=/opt/rustwide/cargo-home" "-e" "RUSTUP_HOME=/opt/rustwide/rustup-home" "-w" "/opt/rustwide/workdir" "-m" "1610612736" "--user" "0:0" "--network" "none" "ghcr.io/rust-lang/crates-build-env/linux@sha256:2788e3201cd34a07e3172128adcd8b3090168a8e3bcc40d7c032b9dda1df7d1c" "/opt/rustwide/cargo-home/bin/cargo" "+beta-2023-12-22" "build" "--frozen" "--message-format=json", kill_on_drop: false }`
[INFO] [stdout] 5a278e3043181958a6267efaa67509a2274b553d86272ea458d7fd1d787c5069
[INFO] running `Command { std: "docker" "start" "-a" "5a278e3043181958a6267efaa67509a2274b553d86272ea458d7fd1d787c5069", kill_on_drop: false }`
[INFO] [stderr]    Compiling libc v0.2.142
[INFO] [stderr]    Compiling proc-macro2 v1.0.56
[INFO] [stderr]    Compiling unicode-ident v1.0.8
[INFO] [stderr]    Compiling quote v1.0.26
[INFO] [stderr]    Compiling once_cell v1.17.1
[INFO] [stderr]    Compiling serde_derive v1.0.160
[INFO] [stderr]    Compiling serde v1.0.160
[INFO] [stderr]    Compiling io-lifetimes v1.0.10
[INFO] [stderr]    Compiling indexmap v1.9.3
[INFO] [stderr]    Compiling rustix v0.37.18
[INFO] [stderr]    Compiling linux-raw-sys v0.3.6
[INFO] [stderr]    Compiling ahash v0.8.3
[INFO] [stderr]    Compiling syn v1.0.109
[INFO] [stderr]    Compiling percent-encoding v2.2.0
[INFO] [stderr]    Compiling form_urlencoded v1.1.0
[INFO] [stderr]    Compiling unicode-bidi v0.3.13
[INFO] [stderr]    Compiling target-lexicon v0.12.7
[INFO] [stderr]    Compiling stable_deref_trait v1.2.0
[INFO] [stderr]    Compiling fallible-iterator v0.2.0
[INFO] [stderr]    Compiling cranelift-isle v0.95.1
[INFO] [stderr]    Compiling hashbrown v0.13.2
[INFO] [stderr]    Compiling syn v2.0.15
[INFO] [stderr]    Compiling idna v0.3.0
[INFO] [stderr]    Compiling cranelift-codegen-shared v0.95.1
[INFO] [stderr]    Compiling smallvec v1.10.0
[INFO] [stderr]    Compiling crc32fast v1.3.2
[INFO] [stderr]    Compiling cranelift-codegen-meta v0.95.1
[INFO] [stderr]    Compiling url v2.3.1
[INFO] [stderr]    Compiling jobserver v0.1.26
[INFO] [stderr]    Compiling cc v1.0.79
[INFO] [stderr]    Compiling getrandom v0.2.9
[INFO] [stderr]    Compiling num_cpus v1.15.0
[INFO] [stderr]    Compiling rand_core v0.6.4
[INFO] [stderr]    Compiling base64 v0.21.0
[INFO] [stderr]    Compiling rustix v0.36.13
[INFO] [stderr]    Compiling rand_chacha v0.3.1
[INFO] [stderr]    Compiling fxhash v0.2.1
[INFO] [stderr]    Compiling generic-array v0.14.7
[INFO] [stderr]    Compiling slice-group-by v0.3.1
[INFO] [stderr]    Compiling leb128 v0.2.5
[INFO] [stderr]    Compiling linux-raw-sys v0.1.4
[INFO] [stderr]    Compiling regalloc2 v0.6.1
[INFO] [stderr]    Compiling rand v0.8.5
[INFO] [stderr]    Compiling wasmtime-fiber v8.0.1
[INFO] [stderr]    Compiling zstd-sys v2.0.8+zstd.1.5.5
[INFO] [stderr]    Compiling is-terminal v0.4.7
[INFO] [stderr]    Compiling bumpalo v3.12.1
[INFO] [stderr]    Compiling cranelift-codegen v0.95.1
[INFO] [stderr]    Compiling aho-corasick v1.0.1
[INFO] [stderr]    Compiling regex-syntax v0.7.1
[INFO] [stderr]    Compiling ittapi-sys v0.3.3
[INFO] [stderr]    Compiling tracing-core v0.1.30
[INFO] [stderr]    Compiling zstd-safe v5.0.2+zstd.1.5.2
[INFO] [stderr]    Compiling crypto-common v0.1.6
[INFO] [stderr]    Compiling block-buffer v0.10.4
[INFO] [stderr]    Compiling wasmtime-runtime v8.0.1
[INFO] [stderr]    Compiling wasmtime-asm-macros v8.0.1
[INFO] [stderr]    Compiling cpp_demangle v0.3.5
[INFO] [stderr]    Compiling digest v0.10.6
[INFO] [stderr]    Compiling thiserror-impl v1.0.40
[INFO] [stderr]    Compiling tracing-attributes v0.1.24
[INFO] [stderr]    Compiling async-trait v0.1.68
[INFO] [stderr]    Compiling regex v1.8.1
[INFO] [stderr]    Compiling memfd v0.6.3
[INFO] [stderr]    Compiling wasm-encoder v0.26.0
[INFO] [stderr]    Compiling env_logger v0.10.0
[INFO] [stderr]    Compiling thiserror v1.0.40
[INFO] [stderr]    Compiling psm v0.1.21
[INFO] [stderr]    Compiling tracing v0.1.37
[INFO] [stderr]    Compiling ring v0.16.20
[INFO] [stderr]    Compiling dirs-sys-next v0.1.2
[INFO] [stderr]    Compiling cpufeatures v0.2.7
[INFO] [stderr]    Compiling wasmtime-cache v8.0.1
[INFO] [stderr]    Compiling wast v57.0.0
[INFO] [stderr]    Compiling directories-next v2.0.0
[INFO] [stderr]    Compiling sha2 v0.10.6
[INFO] [stderr]    Compiling file-per-thread-logger v0.1.6
[INFO] [stderr]    Compiling rayon-core v1.11.0
[INFO] [stderr]    Compiling ittapi v0.3.3
[INFO] [stderr]    Compiling wasmtime-jit-icache-coherence v8.0.1
[INFO] [stderr]    Compiling socket2 v0.4.9
[INFO] [stderr]    Compiling tokio v1.28.0
[INFO] [stderr]    Compiling wasmtime v8.0.1
[INFO] [stderr]    Compiling rustc-demangle v0.1.23
[INFO] [stderr]    Compiling rayon v1.7.0
[INFO] [stderr]    Compiling tokio-macros v2.1.0
[INFO] [stderr]    Compiling mio v0.8.6
[INFO] [stderr]    Compiling untrusted v0.7.1
[INFO] [stderr]    Compiling spin v0.5.2
[INFO] [stderr]    Compiling io-extras v0.17.4
[INFO] [stderr]    Compiling cap-primitives v1.0.14
[INFO] [stderr]    Compiling ambient-authority v0.0.2
[INFO] [stderr]    Compiling fs-set-times v0.19.1
[INFO] [stderr]    Compiling dirs-sys v0.3.7
[INFO] [stderr]    Compiling maybe-owned v0.3.4
[INFO] [stderr]    Compiling futures-task v0.3.28
[INFO] [stderr]    Compiling dirs v4.0.0
[INFO] [stderr]    Compiling wat v1.0.63
[INFO] [stderr]    Compiling wast v35.0.2
[INFO] [stderr]    Compiling cap-std v1.0.14
[INFO] [stderr]    Compiling futures-util v0.3.28
[INFO] [stderr]    Compiling cranelift-entity v0.95.1
[INFO] [stderr]    Compiling bincode v1.3.3
[INFO] [stderr]    Compiling toml v0.5.11
[INFO] [stderr]    Compiling witx v0.9.1
[INFO] [stderr]    Compiling cranelift-bforest v0.95.1
[INFO] [stderr]    Compiling gimli v0.27.2
[INFO] [stderr]    Compiling wasmparser v0.102.0
[INFO] [stderr]    Compiling object v0.30.3
[INFO] [stderr]    Compiling shellexpand v2.1.2
[INFO] [stderr]    Compiling webpki v0.22.0
[INFO] [stderr]    Compiling openssl-sys v0.9.87
[INFO] [stderr]    Compiling rustls v0.20.8
[INFO] [stderr]    Compiling wiggle-generate v8.0.1
[INFO] [stderr]    Compiling wasmtime-types v8.0.1
[INFO] [stderr]    Compiling wasmtime-environ v8.0.1
[INFO] [stderr]    Compiling wasmtime-jit-debug v8.0.1
[INFO] [stderr]    Compiling addr2line v0.19.0
[INFO] [stderr]    Compiling sct v0.7.0
[INFO] [stderr]    Compiling wasi-common v8.0.1
[INFO] [stderr]    Compiling time-macros v0.2.8
[INFO] [stderr]    Compiling wiggle-macro v8.0.1
[INFO] [stderr]    Compiling rustls-pemfile v1.0.2
[INFO] [stderr]    Compiling num-integer v0.1.45
[INFO] [stderr]    Compiling synstructure v0.12.6
[INFO] [stderr]    Compiling cap-rand v1.0.14
[INFO] [stderr]    Compiling portable-atomic v0.3.19
[INFO] [stderr]    Compiling openssl v0.10.52
[INFO] [stderr]    Compiling cap-fs-ext v1.0.14
[INFO] [stderr]    Compiling system-interface v0.25.7
[INFO] [stderr]    Compiling asn1-rs-derive v0.4.0
[INFO] [stderr]    Compiling time v0.3.20
[INFO] [stderr]    Compiling rusticata-macros v4.1.0
[INFO] [stderr]    Compiling tokio-util v0.7.8
[INFO] [stderr]    Compiling openssl-macros v0.1.1
[INFO] [stderr]    Compiling asn1-rs-impl v0.1.0
[INFO] [stderr]    Compiling displaydoc v0.2.3
[INFO] [stderr]    Compiling metrics v0.20.1
[INFO] [stderr]    Compiling parking_lot_core v0.9.7
[INFO] [stderr]    Compiling want v0.3.0
[INFO] [stderr]    Compiling native-tls v0.2.11
[INFO] [stderr]    Compiling h2 v0.3.18
[INFO] [stderr]    Compiling ahash v0.7.6
[INFO] [stderr]    Compiling cap-time-ext v1.0.14
[INFO] [stderr]    Compiling asn1-rs v0.5.2
[INFO] [stderr]    Compiling metrics-macros v0.6.0
[INFO] [stderr]    Compiling fs-set-times v0.18.1
[INFO] [stderr]    Compiling oid-registry v0.6.1
[INFO] [stderr]    Compiling wasmtime-wasi v8.0.1
[INFO] [stderr]    Compiling hash-map-id v0.13.2
[INFO] [stderr]    Compiling serde_json v1.0.96
[INFO] [stderr]    Compiling num-bigint v0.4.3
[INFO] [stderr]    Compiling tokio-rustls v0.23.4
[INFO] [stderr]    Compiling rustls-native-certs v0.6.2
[INFO] [stderr]    Compiling webpki-roots v0.22.6
[INFO] [stderr]    Compiling rustc-hash v1.1.0
[INFO] [stderr]    Compiling dashmap v5.4.0
[INFO] [stderr]    Compiling quinn-proto v0.9.3
[INFO] [stderr]    Compiling serde_urlencoded v0.7.1
[INFO] [stderr]    Compiling der-parser v8.2.0
[INFO] [stderr]    Compiling tokio-native-tls v0.3.1
[INFO] [stderr]    Compiling data-encoding v2.3.3
[INFO] [stderr]    Compiling pem v1.1.1
[INFO] [stderr]    Compiling cranelift-native v0.95.1
[INFO] [stderr]    Compiling cranelift-frontend v0.95.1
[INFO] [stderr]    Compiling wasmtime-cranelift-shared v8.0.1
[INFO] [stderr]    Compiling hyper v0.14.26
[INFO] [stderr]    Compiling cranelift-wasm v0.95.1
[INFO] [stderr]    Compiling x509-parser v0.14.0
[INFO] [stderr]    Compiling yasna v0.5.2
[INFO] [stderr]    Compiling uuid v1.3.2
[INFO] [stderr]    Compiling wasmtime-cranelift v8.0.1
[INFO] [stderr]    Compiling quinn-udp v0.3.2
[INFO] [stderr]    Compiling rmp v0.8.11
[INFO] [stderr]    Compiling quinn v0.9.3
[INFO] [stderr]    Compiling rmp-serde v1.1.1
[INFO] [stderr]    Compiling rcgen v0.10.0
[INFO] [stderr]    Compiling lunatic-control v0.13.2
[INFO] [stderr]    Compiling async_cell v0.2.2
[INFO] [stderr]    Compiling sqlite3-src v0.4.0
[INFO] [stderr]    Compiling tower-layer v0.3.2
[INFO] [stderr]    Compiling axum-core v0.3.4
[INFO] [stderr]    Compiling pin-project-internal v1.0.12
[INFO] [stderr]    Compiling utf8parse v0.2.1
[INFO] [stderr]    Compiling anstyle-parse v0.2.0
[INFO] [stderr]    Compiling axum v0.6.18
[INFO] [stderr]    Compiling hyper-tls v0.5.0
[INFO] [stderr]    Compiling reqwest v0.11.17
[INFO] [stderr]    Compiling colorchoice v1.0.0
[INFO] [stderr]    Compiling anstyle v1.0.0
[INFO] [stderr]    Compiling anstyle-query v1.0.0
[INFO] [stderr]    Compiling nix v0.26.2
[INFO] [stderr]    Compiling anstream v0.3.2
[INFO] [stderr]    Compiling sqlite3-sys v0.14.0
[INFO] [stderr]    Compiling serde_path_to_error v0.1.11
[INFO] [stderr]    Compiling pin-project v1.0.12
[INFO] [stderr]    Compiling tower v0.4.13
[INFO] [stderr]    Compiling axum-macros v0.3.7
[INFO] [stderr]    Compiling http-range-header v0.3.0
[INFO] [stderr]    Compiling sync_wrapper v0.1.2
[INFO] [stderr]    Compiling matchit v0.7.0
[INFO] [stderr]    Compiling clap_lex v0.4.1
[INFO] [stderr]    Compiling clap_builder v4.2.7
[INFO] [stderr]    Compiling tower-http v0.3.5
[INFO] [stderr]    Compiling chrono v0.4.24
[INFO] [stderr]    Compiling ctrlc v3.2.5
[INFO] [stderr]    Compiling sqlite-bindings-lunatic v0.30.4
[INFO] [stderr]    Compiling clap_derive v4.2.0
[INFO] [stderr]    Compiling base64-url v2.0.0
[INFO] [stderr]    Compiling atty v0.2.14
[INFO] [stderr]    Compiling async-ctrlc v1.2.0
[INFO] [stderr]    Compiling env_logger v0.9.3
[INFO] [stderr]    Compiling wasmtime-jit v8.0.1
[INFO] [stderr]    Compiling clap v4.2.7
[INFO] [stderr]    Compiling zstd v0.11.2+zstd.1.5.2
[INFO] [stderr]    Compiling lunatic-common-api v0.13.2
[INFO] [stderr]    Compiling wiggle v8.0.1
[INFO] [stderr]    Compiling lunatic-version-api v0.13.2
[INFO] [stderr]    Compiling lunatic-error-api v0.13.2
[INFO] [stderr]    Compiling lunatic-metrics-api v0.13.2
[INFO] [stderr]    Compiling lunatic-trap-api v0.13.2
[INFO] [stderr]    Compiling lunatic-networking-api v0.13.2
[INFO] [stderr]    Compiling wasi-cap-std-sync v8.0.1
[INFO] [stderr]    Compiling lunatic-stdout-capture v0.13.2
[INFO] [stderr]    Compiling lunatic-process v0.13.2
[INFO] [stderr]    Compiling lunatic-distributed v0.13.2
[INFO] [stderr]    Compiling lunatic-wasi-api v0.13.2
[INFO] [stderr]    Compiling lunatic-process-api v0.13.2
[INFO] [stderr]    Compiling lunatic-control-axum v0.13.3
[INFO] [stderr]    Compiling lunatic-distributed-api v0.13.2
[INFO] [stderr]    Compiling lunatic-registry-api v0.13.2
[INFO] [stderr]    Compiling lunatic-timer-api v0.13.2
[INFO] [stderr]    Compiling lunatic-sqlite-api v0.13.3
[INFO] [stderr]    Compiling lunatic-messaging-api v0.13.2
[INFO] [stderr]    Compiling lunatic-runtime v0.13.2 (/opt/rustwide/workdir)
[INFO] [stderr]     Finished dev [unoptimized + debuginfo] target(s) in 1m 30s
[INFO] running `Command { std: "docker" "inspect" "5a278e3043181958a6267efaa67509a2274b553d86272ea458d7fd1d787c5069", kill_on_drop: false }`
[INFO] running `Command { std: "docker" "rm" "-f" "5a278e3043181958a6267efaa67509a2274b553d86272ea458d7fd1d787c5069", kill_on_drop: false }`
[INFO] [stdout] 5a278e3043181958a6267efaa67509a2274b553d86272ea458d7fd1d787c5069
[INFO] running `Command { std: "docker" "create" "-v" "/var/lib/crater-agent-workspace/builds/worker-6-tc2/target:/opt/rustwide/target:rw,Z" "-v" "/var/lib/crater-agent-workspace/builds/worker-6-tc2/source:/opt/rustwide/workdir:ro,Z" "-v" "/var/lib/crater-agent-workspace/cargo-home:/opt/rustwide/cargo-home:ro,Z" "-v" "/var/lib/crater-agent-workspace/rustup-home:/opt/rustwide/rustup-home:ro,Z" "-e" "SOURCE_DIR=/opt/rustwide/workdir" "-e" "CARGO_TARGET_DIR=/opt/rustwide/target" "-e" "CARGO_INCREMENTAL=0" "-e" "RUST_BACKTRACE=full" "-e" "RUSTFLAGS=--cap-lints=warn" "-e" "RUSTDOCFLAGS=--cap-lints=warn" "-e" "CARGO_HOME=/opt/rustwide/cargo-home" "-e" "RUSTUP_HOME=/opt/rustwide/rustup-home" "-w" "/opt/rustwide/workdir" "-m" "1610612736" "--user" "0:0" "--network" "none" "ghcr.io/rust-lang/crates-build-env/linux@sha256:2788e3201cd34a07e3172128adcd8b3090168a8e3bcc40d7c032b9dda1df7d1c" "/opt/rustwide/cargo-home/bin/cargo" "+beta-2023-12-22" "test" "--frozen" "--no-run" "--message-format=json", kill_on_drop: false }`
[INFO] [stdout] 34f5ed8e14c27efe76e1855d4cabab40e9f6673db3d605a09a4aafd168357416
[INFO] running `Command { std: "docker" "start" "-a" "34f5ed8e14c27efe76e1855d4cabab40e9f6673db3d605a09a4aafd168357416", kill_on_drop: false }`
[INFO] [stderr]    Compiling os_str_bytes v6.5.0
[INFO] [stderr]    Compiling ciborium-io v0.2.0
[INFO] [stderr]    Compiling textwrap v0.16.0
[INFO] [stderr]    Compiling futures-io v0.3.28
[INFO] [stderr]    Compiling criterion-plot v0.5.0
[INFO] [stderr]    Compiling plotters v0.3.4
[INFO] [stderr]    Compiling tinytemplate v1.2.1
[INFO] [stderr]    Compiling ciborium-ll v0.2.0
[INFO] [stderr]    Compiling futures v0.3.28
[INFO] [stderr]    Compiling clap_lex v0.2.4
[INFO] [stderr]    Compiling ciborium v0.2.0
[INFO] [stderr]    Compiling clap v3.2.25
[INFO] [stderr]    Compiling criterion v0.4.0
[INFO] [stderr]    Compiling lunatic-runtime v0.13.2 (/opt/rustwide/workdir)
[INFO] [stderr]     Finished test [unoptimized + debuginfo] target(s) in 33.46s
[INFO] running `Command { std: "docker" "inspect" "34f5ed8e14c27efe76e1855d4cabab40e9f6673db3d605a09a4aafd168357416", kill_on_drop: false }`
[INFO] running `Command { std: "docker" "rm" "-f" "34f5ed8e14c27efe76e1855d4cabab40e9f6673db3d605a09a4aafd168357416", kill_on_drop: false }`
[INFO] [stdout] 34f5ed8e14c27efe76e1855d4cabab40e9f6673db3d605a09a4aafd168357416
[INFO] running `Command { std: "docker" "create" "-v" "/var/lib/crater-agent-workspace/builds/worker-6-tc2/target:/opt/rustwide/target:rw,Z" "-v" "/var/lib/crater-agent-workspace/builds/worker-6-tc2/source:/opt/rustwide/workdir:ro,Z" "-v" "/var/lib/crater-agent-workspace/cargo-home:/opt/rustwide/cargo-home:ro,Z" "-v" "/var/lib/crater-agent-workspace/rustup-home:/opt/rustwide/rustup-home:ro,Z" "-e" "SOURCE_DIR=/opt/rustwide/workdir" "-e" "CARGO_TARGET_DIR=/opt/rustwide/target" "-e" "CARGO_INCREMENTAL=0" "-e" "RUST_BACKTRACE=full" "-e" "RUSTFLAGS=--cap-lints=warn" "-e" "RUSTDOCFLAGS=--cap-lints=warn" "-e" "CARGO_HOME=/opt/rustwide/cargo-home" "-e" "RUSTUP_HOME=/opt/rustwide/rustup-home" "-w" "/opt/rustwide/workdir" "-m" "1610612736" "--user" "0:0" "--network" "none" "ghcr.io/rust-lang/crates-build-env/linux@sha256:2788e3201cd34a07e3172128adcd8b3090168a8e3bcc40d7c032b9dda1df7d1c" "/opt/rustwide/cargo-home/bin/cargo" "+beta-2023-12-22" "test" "--frozen", kill_on_drop: false }`
[INFO] [stdout] aa04c9fc39acbe6fb17ef029e82b98752260cb167fb5302e92b04402aa092197
[INFO] running `Command { std: "docker" "start" "-a" "aa04c9fc39acbe6fb17ef029e82b98752260cb167fb5302e92b04402aa092197", kill_on_drop: false }`
[INFO] [stderr]     Finished test [unoptimized + debuginfo] target(s) in 0.75s
[INFO] [stderr]      Running unittests src/lib.rs (/opt/rustwide/target/debug/deps/lunatic_runtime-09c9c285ae3ec8d7)
[INFO] [stdout] 
[INFO] [stdout] running 5 tests
[INFO] [stdout] test config::tests::normalized_paths ... ok
[INFO] [stdout] test config::tests::test_forbidden_paths ... ok
[INFO] [stdout] test config::tests::test_forbidden_absolute_paths ... ok
[INFO] [stdout] test state::tests::import_filter_signature_matches ... ok
[INFO] [stdout] test config::tests::test_accessible_paths ... FAILED
[INFO] [stdout] 
[INFO] [stdout] failures:
[INFO] [stdout] 
[INFO] [stdout] ---- config::tests::test_accessible_paths stdout ----
[INFO] [stdout] thread 'config::tests::test_accessible_paths' panicked at src/config.rs:236:9:
[INFO] [stdout] assertion failed: path_is_ancestor(&crates, &guest_api)
[INFO] [stdout] stack backtrace:
[INFO] [stdout]    0:     0x55c501ce0256 - std::backtrace_rs::backtrace::libunwind::trace::h261606ad26a499c1
[INFO] [stdout]                                at /rustc/0e09125c6c3c2fd70d7de961bcf0e51575235fad/library/std/src/../../backtrace/src/backtrace/libunwind.rs:104:5
[INFO] [stdout]    1:     0x55c501ce0256 - std::backtrace_rs::backtrace::trace_unsynchronized::hd183f0625477fb28
[INFO] [stdout]                                at /rustc/0e09125c6c3c2fd70d7de961bcf0e51575235fad/library/std/src/../../backtrace/src/backtrace/mod.rs:66:5
[INFO] [stdout]    2:     0x55c501ce0256 - std::sys_common::backtrace::_print_fmt::hd7f8fef21b4eda67
[INFO] [stdout]                                at /rustc/0e09125c6c3c2fd70d7de961bcf0e51575235fad/library/std/src/sys_common/backtrace.rs:68:5
[INFO] [stdout]    3:     0x55c501ce0256 - <std::sys_common::backtrace::_print::DisplayBacktrace as core::fmt::Display>::fmt::h623d9b51f2f453f1
[INFO] [stdout]                                at /rustc/0e09125c6c3c2fd70d7de961bcf0e51575235fad/library/std/src/sys_common/backtrace.rs:44:22
[INFO] [stdout]    4:     0x55c501d10750 - core::fmt::rt::Argument::fmt::h9f417ac76a86f368
[INFO] [stdout]                                at /rustc/0e09125c6c3c2fd70d7de961bcf0e51575235fad/library/core/src/fmt/rt.rs:142:9
[INFO] [stdout]    5:     0x55c501d10750 - core::fmt::write::hc9b6faf4ac2aeff7
[INFO] [stdout]                                at /rustc/0e09125c6c3c2fd70d7de961bcf0e51575235fad/library/core/src/fmt/mod.rs:1120:17
[INFO] [stdout]    6:     0x55c501cdc86f - std::io::Write::write_fmt::he04625a3a989fec3
[INFO] [stdout]                                at /rustc/0e09125c6c3c2fd70d7de961bcf0e51575235fad/library/std/src/io/mod.rs:1810:15
[INFO] [stdout]    7:     0x55c501ce0034 - std::sys_common::backtrace::_print::hd5d66399c7df88a2
[INFO] [stdout]                                at /rustc/0e09125c6c3c2fd70d7de961bcf0e51575235fad/library/std/src/sys_common/backtrace.rs:47:5
[INFO] [stdout]    8:     0x55c501ce0034 - std::sys_common::backtrace::print::he81ed2da642d37e5
[INFO] [stdout]                                at /rustc/0e09125c6c3c2fd70d7de961bcf0e51575235fad/library/std/src/sys_common/backtrace.rs:34:9
[INFO] [stdout]    9:     0x55c501ce1da7 - std::panicking::default_hook::{{closure}}::h85773f4fa117163d
[INFO] [stdout]   10:     0x55c501ce1a8d - std::panicking::default_hook::h6a1694a91d09b278
[INFO] [stdout]                                at /rustc/0e09125c6c3c2fd70d7de961bcf0e51575235fad/library/std/src/panicking.rs:289:9
[INFO] [stdout]   11:     0x55c500409a77 - <alloc::boxed::Box<F,A> as core::ops::function::Fn<Args>>::call::h616ac37fa3cd6c8f
[INFO] [stdout]                                at /rustc/0e09125c6c3c2fd70d7de961bcf0e51575235fad/library/alloc/src/boxed.rs:2029:9
[INFO] [stdout]   12:     0x55c500409a77 - test::test_main::{{closure}}::h00d84697cefdcbb6
[INFO] [stdout]                                at /rustc/0e09125c6c3c2fd70d7de961bcf0e51575235fad/library/test/src/lib.rs:138:21
[INFO] [stdout]   13:     0x55c501ce23c6 - <alloc::boxed::Box<F,A> as core::ops::function::Fn<Args>>::call::hcb3fe3b9bb537ba8
[INFO] [stdout]                                at /rustc/0e09125c6c3c2fd70d7de961bcf0e51575235fad/library/alloc/src/boxed.rs:2029:9
[INFO] [stdout]   14:     0x55c501ce23c6 - std::panicking::rust_panic_with_hook::h0a7ad96e90f7145b
[INFO] [stdout]                                at /rustc/0e09125c6c3c2fd70d7de961bcf0e51575235fad/library/std/src/panicking.rs:783:13
[INFO] [stdout]   15:     0x55c501ce20d9 - std::panicking::begin_panic_handler::{{closure}}::h7919090525c6485e
[INFO] [stdout]                                at /rustc/0e09125c6c3c2fd70d7de961bcf0e51575235fad/library/std/src/panicking.rs:649:13
[INFO] [stdout]   16:     0x55c501ce0756 - std::sys_common::backtrace::__rust_end_short_backtrace::hf3289479464f7dfe
[INFO] [stdout]                                at /rustc/0e09125c6c3c2fd70d7de961bcf0e51575235fad/library/std/src/sys_common/backtrace.rs:171:18
[INFO] [stdout]   17:     0x55c501ce1e70 - rust_begin_unwind
[INFO] [stdout]                                at /rustc/0e09125c6c3c2fd70d7de961bcf0e51575235fad/library/std/src/panicking.rs:645:5
[INFO] [stdout]   18:     0x55c50009aa55 - core::panicking::panic_fmt::hcc9f77c5c132af55
[INFO] [stdout]                                at /rustc/0e09125c6c3c2fd70d7de961bcf0e51575235fad/library/core/src/panicking.rs:72:14
[INFO] [stdout]   19:     0x55c50009ab13 - core::panicking::panic::h5a1259c1164bd480
[INFO] [stdout]                                at /rustc/0e09125c6c3c2fd70d7de961bcf0e51575235fad/library/core/src/panicking.rs:144:5
[INFO] [stdout]   20:     0x55c50036093a - lunatic_runtime::config::tests::test_accessible_paths::h7e4f221dd57d13ba
[INFO] [stdout]                                at /opt/rustwide/workdir/src/config.rs:236:9
[INFO] [stdout]   21:     0x55c500360637 - lunatic_runtime::config::tests::test_accessible_paths::{{closure}}::hc9ec7c28aa0dbe06
[INFO] [stdout]                                at /opt/rustwide/workdir/src/config.rs:229:31
[INFO] [stdout]   22:     0x55c5001cedd6 - core::ops::function::FnOnce::call_once::h6ff5fa6c88714ec3
[INFO] [stdout]                                at /rustc/0e09125c6c3c2fd70d7de961bcf0e51575235fad/library/core/src/ops/function.rs:250:5
[INFO] [stdout]   23:     0x55c50040f34f - core::ops::function::FnOnce::call_once::hd64d26f405258157
[INFO] [stdout]                                at /rustc/0e09125c6c3c2fd70d7de961bcf0e51575235fad/library/core/src/ops/function.rs:250:5
[INFO] [stdout]   24:     0x55c50040f34f - test::__rust_begin_short_backtrace::he21b0b7a6d731bf9
[INFO] [stdout]                                at /rustc/0e09125c6c3c2fd70d7de961bcf0e51575235fad/library/test/src/lib.rs:627:18
[INFO] [stdout]   25:     0x55c50040e0d1 - test::run_test_in_process::{{closure}}::hf5c73986d7bdfde2
[INFO] [stdout]                                at /rustc/0e09125c6c3c2fd70d7de961bcf0e51575235fad/library/test/src/lib.rs:650:60
[INFO] [stdout]   26:     0x55c50040e0d1 - <core::panic::unwind_safe::AssertUnwindSafe<F> as core::ops::function::FnOnce<()>>::call_once::h330011ad032aadc0
[INFO] [stdout]                                at /rustc/0e09125c6c3c2fd70d7de961bcf0e51575235fad/library/core/src/panic/unwind_safe.rs:272:9
[INFO] [stdout]   27:     0x55c50040e0d1 - std::panicking::try::do_call::he61b0a958b795a41
[INFO] [stdout]                                at /rustc/0e09125c6c3c2fd70d7de961bcf0e51575235fad/library/std/src/panicking.rs:552:40
[INFO] [stdout]   28:     0x55c50040e0d1 - std::panicking::try::h7309da130f906eb7
[INFO] [stdout]                                at /rustc/0e09125c6c3c2fd70d7de961bcf0e51575235fad/library/std/src/panicking.rs:516:19
[INFO] [stdout]   29:     0x55c50040e0d1 - std::panic::catch_unwind::hc5c3a06fdaf0a92a
[INFO] [stdout]                                at /rustc/0e09125c6c3c2fd70d7de961bcf0e51575235fad/library/std/src/panic.rs:142:14
[INFO] [stdout]   30:     0x55c50040e0d1 - test::run_test_in_process::h7e7b7c71c3324e0f
[INFO] [stdout]                                at /rustc/0e09125c6c3c2fd70d7de961bcf0e51575235fad/library/test/src/lib.rs:650:27
[INFO] [stdout]   31:     0x55c50040e0d1 - test::run_test::{{closure}}::h1f509f28f5cf20b1
[INFO] [stdout]                                at /rustc/0e09125c6c3c2fd70d7de961bcf0e51575235fad/library/test/src/lib.rs:573:43
[INFO] [stdout]   32:     0x55c5003d5406 - test::run_test::{{closure}}::h1754218abf443f6d
[INFO] [stdout]                                at /rustc/0e09125c6c3c2fd70d7de961bcf0e51575235fad/library/test/src/lib.rs:601:41
[INFO] [stdout]   33:     0x55c5003d5406 - std::sys_common::backtrace::__rust_begin_short_backtrace::h2ee174b9d5954948
[INFO] [stdout]                                at /rustc/0e09125c6c3c2fd70d7de961bcf0e51575235fad/library/std/src/sys_common/backtrace.rs:155:18
[INFO] [stdout]   34:     0x55c5003da467 - std::thread::Builder::spawn_unchecked_::{{closure}}::{{closure}}::hf60bee9c1a17ef09
[INFO] [stdout]                                at /rustc/0e09125c6c3c2fd70d7de961bcf0e51575235fad/library/std/src/thread/mod.rs:529:17
[INFO] [stdout]   35:     0x55c5003da467 - <core::panic::unwind_safe::AssertUnwindSafe<F> as core::ops::function::FnOnce<()>>::call_once::h33d0dddec5216160
[INFO] [stdout]                                at /rustc/0e09125c6c3c2fd70d7de961bcf0e51575235fad/library/core/src/panic/unwind_safe.rs:272:9
[INFO] [stdout]   36:     0x55c5003da467 - std::panicking::try::do_call::h144b3048b546f835
[INFO] [stdout]                                at /rustc/0e09125c6c3c2fd70d7de961bcf0e51575235fad/library/std/src/panicking.rs:552:40
[INFO] [stdout]   37:     0x55c5003da467 - std::panicking::try::h978244d04646189f
[INFO] [stdout]                                at /rustc/0e09125c6c3c2fd70d7de961bcf0e51575235fad/library/std/src/panicking.rs:516:19
[INFO] [stdout]   38:     0x55c5003da467 - std::panic::catch_unwind::hdf436369d188fe86
[INFO] [stdout]                                at /rustc/0e09125c6c3c2fd70d7de961bcf0e51575235fad/library/std/src/panic.rs:142:14
[INFO] [stdout]   39:     0x55c5003da467 - std::thread::Builder::spawn_unchecked_::{{closure}}::h87329cbdd33c79ec
[INFO] [stdout]                                at /rustc/0e09125c6c3c2fd70d7de961bcf0e51575235fad/library/std/src/thread/mod.rs:528:30
[INFO] [stdout]   40:     0x55c5003da467 - core::ops::function::FnOnce::call_once{{vtable.shim}}::h401abbe67897d450
[INFO] [stdout]                                at /rustc/0e09125c6c3c2fd70d7de961bcf0e51575235fad/library/core/src/ops/function.rs:250:5
[INFO] [stdout]   41:     0x55c501ce74b5 - <alloc::boxed::Box<F,A> as core::ops::function::FnOnce<Args>>::call_once::h5d7c8f150ab9c84c
[INFO] [stdout]                                at /rustc/0e09125c6c3c2fd70d7de961bcf0e51575235fad/library/alloc/src/boxed.rs:2015:9
[INFO] [stdout]   42:     0x55c501ce74b5 - <alloc::boxed::Box<F,A> as core::ops::function::FnOnce<Args>>::call_once::h570d5b005c242c15
[INFO] [stdout]                                at /rustc/0e09125c6c3c2fd70d7de961bcf0e51575235fad/library/alloc/src/boxed.rs:2015:9
[INFO] [stdout]   43:     0x55c501ce74b5 - std::sys::unix::thread::Thread::new::thread_start::h36b0a20c0b2361ad
[INFO] [stdout]                                at /rustc/0e09125c6c3c2fd70d7de961bcf0e51575235fad/library/std/src/sys/unix/thread.rs:108:17
[INFO] [stdout]   44:     0x7f34af29aac3 - <unknown>
[INFO] [stdout]   45:     0x7f34af32bbf4 - __clone
[INFO] [stdout]   46:                0x0 - <unknown>
[INFO] [stdout] 
[INFO] [stdout] 
[INFO] [stdout] failures:
[INFO] [stdout]     config::tests::test_accessible_paths
[INFO] [stdout] 
[INFO] [stdout] test result: FAILED. 4 passed; 1 failed; 0 ignored; 0 measured; 0 filtered out; finished in 0.37s
[INFO] [stdout] 
[INFO] [stderr] error: test failed, to rerun pass `--lib`
[INFO] running `Command { std: "docker" "inspect" "aa04c9fc39acbe6fb17ef029e82b98752260cb167fb5302e92b04402aa092197", kill_on_drop: false }`
[INFO] running `Command { std: "docker" "rm" "-f" "aa04c9fc39acbe6fb17ef029e82b98752260cb167fb5302e92b04402aa092197", kill_on_drop: false }`
[INFO] [stdout] aa04c9fc39acbe6fb17ef029e82b98752260cb167fb5302e92b04402aa092197
