[INFO] fetching crate ltc2983 0.2.0...
[INFO] testing ltc2983-0.2.0 against 1.75.0 for beta-1.76-1
[INFO] extracting crate ltc2983 0.2.0 into /workspace/builds/worker-5-tc1/source
[INFO] validating manifest of crates.io crate ltc2983 0.2.0 on toolchain 1.75.0
[INFO] running `Command { std: CARGO_HOME="/workspace/cargo-home" RUSTUP_HOME="/workspace/rustup-home" "/workspace/cargo-home/bin/cargo" "+1.75.0" "metadata" "--manifest-path" "Cargo.toml" "--no-deps", kill_on_drop: false }`
[INFO] started tweaking crates.io crate ltc2983 0.2.0
[INFO] finished tweaking crates.io crate ltc2983 0.2.0
[INFO] tweaked toml for crates.io crate ltc2983 0.2.0 written to /workspace/builds/worker-5-tc1/source/Cargo.toml
[INFO] running `Command { std: CARGO_HOME="/workspace/cargo-home" RUSTUP_HOME="/workspace/rustup-home" "/workspace/cargo-home/bin/cargo" "+1.75.0" "generate-lockfile" "--manifest-path" "Cargo.toml", kill_on_drop: false }`
[INFO] [stderr]     Updating crates.io index
[INFO] running `Command { std: CARGO_HOME="/workspace/cargo-home" RUSTUP_HOME="/workspace/rustup-home" "/workspace/cargo-home/bin/cargo" "+1.75.0" "fetch" "--manifest-path" "Cargo.toml", kill_on_drop: false }`
[INFO] [stderr] warning: only one of `license` or `license-file` is necessary
[INFO] [stderr] `license` should be used if the package license can be expressed with a standard SPDX expression.
[INFO] [stderr] `license-file` should be used if the package uses a non-standard license.
[INFO] [stderr] See https://doc.rust-lang.org/cargo/reference/manifest.html#the-license-and-license-file-fields for more information.
[INFO] [stderr]  Downloading crates ...
[INFO] [stderr]   Downloaded bytebuffer v2.2.0
[INFO] running `Command { std: "docker" "create" "-v" "/var/lib/crater-agent-workspace/builds/worker-5-tc1/target:/opt/rustwide/target:rw,Z" "-v" "/var/lib/crater-agent-workspace/builds/worker-5-tc1/source:/opt/rustwide/workdir:ro,Z" "-v" "/var/lib/crater-agent-workspace/cargo-home:/opt/rustwide/cargo-home:ro,Z" "-v" "/var/lib/crater-agent-workspace/rustup-home:/opt/rustwide/rustup-home:ro,Z" "-e" "SOURCE_DIR=/opt/rustwide/workdir" "-e" "CARGO_TARGET_DIR=/opt/rustwide/target" "-e" "CARGO_HOME=/opt/rustwide/cargo-home" "-e" "RUSTUP_HOME=/opt/rustwide/rustup-home" "-w" "/opt/rustwide/workdir" "-m" "1610612736" "--user" "0:0" "--network" "none" "ghcr.io/rust-lang/crates-build-env/linux@sha256:2788e3201cd34a07e3172128adcd8b3090168a8e3bcc40d7c032b9dda1df7d1c" "/opt/rustwide/cargo-home/bin/cargo" "+1.75.0" "metadata" "--no-deps" "--format-version=1", kill_on_drop: false }`
[INFO] [stdout] 1de45b8d175dc08356db1058779f1dc5ca0ad4d6b2e79808698a44781413cc51
[INFO] running `Command { std: "docker" "start" "-a" "1de45b8d175dc08356db1058779f1dc5ca0ad4d6b2e79808698a44781413cc51", kill_on_drop: false }`
[INFO] running `Command { std: "docker" "inspect" "1de45b8d175dc08356db1058779f1dc5ca0ad4d6b2e79808698a44781413cc51", kill_on_drop: false }`
[INFO] running `Command { std: "docker" "rm" "-f" "1de45b8d175dc08356db1058779f1dc5ca0ad4d6b2e79808698a44781413cc51", kill_on_drop: false }`
[INFO] [stdout] 1de45b8d175dc08356db1058779f1dc5ca0ad4d6b2e79808698a44781413cc51
[INFO] running `Command { std: "docker" "create" "-v" "/var/lib/crater-agent-workspace/builds/worker-5-tc1/target:/opt/rustwide/target:rw,Z" "-v" "/var/lib/crater-agent-workspace/builds/worker-5-tc1/source:/opt/rustwide/workdir:ro,Z" "-v" "/var/lib/crater-agent-workspace/cargo-home:/opt/rustwide/cargo-home:ro,Z" "-v" "/var/lib/crater-agent-workspace/rustup-home:/opt/rustwide/rustup-home:ro,Z" "-e" "SOURCE_DIR=/opt/rustwide/workdir" "-e" "CARGO_TARGET_DIR=/opt/rustwide/target" "-e" "CARGO_INCREMENTAL=0" "-e" "RUST_BACKTRACE=full" "-e" "RUSTFLAGS=--cap-lints=warn" "-e" "RUSTDOCFLAGS=--cap-lints=warn" "-e" "CARGO_HOME=/opt/rustwide/cargo-home" "-e" "RUSTUP_HOME=/opt/rustwide/rustup-home" "-w" "/opt/rustwide/workdir" "-m" "1610612736" "--user" "0:0" "--network" "none" "ghcr.io/rust-lang/crates-build-env/linux@sha256:2788e3201cd34a07e3172128adcd8b3090168a8e3bcc40d7c032b9dda1df7d1c" "/opt/rustwide/cargo-home/bin/cargo" "+1.75.0" "build" "--frozen" "--message-format=json", kill_on_drop: false }`
[INFO] [stdout] 48dbd781fddbe3e5433f933b6dd1ad7b106bf3393fd6e00a73b569b97f6ff53d
[INFO] running `Command { std: "docker" "start" "-a" "48dbd781fddbe3e5433f933b6dd1ad7b106bf3393fd6e00a73b569b97f6ff53d", kill_on_drop: false }`
[INFO] [stderr] warning: only one of `license` or `license-file` is necessary
[INFO] [stderr] `license` should be used if the package license can be expressed with a standard SPDX expression.
[INFO] [stderr] `license-file` should be used if the package uses a non-standard license.
[INFO] [stderr] See https://doc.rust-lang.org/cargo/reference/manifest.html#the-license-and-license-file-fields for more information.
[INFO] [stderr]    Compiling az v1.2.1
[INFO] [stderr]    Compiling typenum v1.17.0
[INFO] [stderr]    Compiling fixed v1.24.0
[INFO] [stderr]    Compiling half v2.3.1
[INFO] [stderr]    Compiling bytebuffer v2.2.0
[INFO] [stderr]    Compiling embedded-hal v1.0.0-alpha.9
[INFO] [stderr]    Compiling ltc2983 v0.2.0 (/opt/rustwide/workdir)
[INFO] [stdout] warning: unused import: `U25`
[INFO] [stdout]   --> src/lib.rs:41:38
[INFO] [stdout]    |
[INFO] [stdout] 41 | use fixed::{FixedU32, types::extra::{U25, U10, U20}, FixedI32};
[INFO] [stdout]    |                                      ^^^
[INFO] [stdout]    |
[INFO] [stdout]    = note: `#[warn(unused_imports)]` on by default
[INFO] [stdout] 
[INFO] [stdout] 
[INFO] [stdout] warning: constant `GLOBAL_CONFIG_REGISTER` is never used
[INFO] [stdout]   --> src/lib.rs:48:7
[INFO] [stdout]    |
[INFO] [stdout] 48 | const GLOBAL_CONFIG_REGISTER: u16 = 0x0F0;
[INFO] [stdout]    |       ^^^^^^^^^^^^^^^^^^^^^^
[INFO] [stdout]    |
[INFO] [stdout]    = note: `#[warn(dead_code)]` on by default
[INFO] [stdout] 
[INFO] [stdout] 
[INFO] [stdout] warning: fields `start` and `channel_selection` are never read
[INFO] [stdout]    --> src/lib.rs:409:5
[INFO] [stdout]     |
[INFO] [stdout] 408 | pub struct LTC2983Status {
[INFO] [stdout]     |            ------------- fields in this struct
[INFO] [stdout] 409 |     start: bool,
[INFO] [stdout]     |     ^^^^^
[INFO] [stdout] ...
[INFO] [stdout] 412 |     channel_selection: u8
[INFO] [stdout]     |     ^^^^^^^^^^^^^^^^^
[INFO] [stdout]     |
[INFO] [stdout]     = note: `LTC2983Status` has a derived impl for the trait `Debug`, but this is intentionally ignored during dead code analysis
[INFO] [stdout] 
[INFO] [stdout] 
[INFO] [stdout] warning: 3 warnings emitted
[INFO] [stdout] 
[INFO] [stdout] 
[INFO] [stderr]     Finished dev [unoptimized + debuginfo] target(s) in 9.64s
[INFO] running `Command { std: "docker" "inspect" "48dbd781fddbe3e5433f933b6dd1ad7b106bf3393fd6e00a73b569b97f6ff53d", kill_on_drop: false }`
[INFO] running `Command { std: "docker" "rm" "-f" "48dbd781fddbe3e5433f933b6dd1ad7b106bf3393fd6e00a73b569b97f6ff53d", kill_on_drop: false }`
[INFO] [stdout] 48dbd781fddbe3e5433f933b6dd1ad7b106bf3393fd6e00a73b569b97f6ff53d
[INFO] running `Command { std: "docker" "create" "-v" "/var/lib/crater-agent-workspace/builds/worker-5-tc1/target:/opt/rustwide/target:rw,Z" "-v" "/var/lib/crater-agent-workspace/builds/worker-5-tc1/source:/opt/rustwide/workdir:ro,Z" "-v" "/var/lib/crater-agent-workspace/cargo-home:/opt/rustwide/cargo-home:ro,Z" "-v" "/var/lib/crater-agent-workspace/rustup-home:/opt/rustwide/rustup-home:ro,Z" "-e" "SOURCE_DIR=/opt/rustwide/workdir" "-e" "CARGO_TARGET_DIR=/opt/rustwide/target" "-e" "CARGO_INCREMENTAL=0" "-e" "RUST_BACKTRACE=full" "-e" "RUSTFLAGS=--cap-lints=warn" "-e" "RUSTDOCFLAGS=--cap-lints=warn" "-e" "CARGO_HOME=/opt/rustwide/cargo-home" "-e" "RUSTUP_HOME=/opt/rustwide/rustup-home" "-w" "/opt/rustwide/workdir" "-m" "1610612736" "--user" "0:0" "--network" "none" "ghcr.io/rust-lang/crates-build-env/linux@sha256:2788e3201cd34a07e3172128adcd8b3090168a8e3bcc40d7c032b9dda1df7d1c" "/opt/rustwide/cargo-home/bin/cargo" "+1.75.0" "test" "--frozen" "--no-run" "--message-format=json", kill_on_drop: false }`
[INFO] [stdout] 5b8df1f204afc4d2962cafb73139f191acdc9472bda9db309e116324d7554b63
[INFO] running `Command { std: "docker" "start" "-a" "5b8df1f204afc4d2962cafb73139f191acdc9472bda9db309e116324d7554b63", kill_on_drop: false }`
[INFO] [stderr] warning: only one of `license` or `license-file` is necessary
[INFO] [stderr] `license` should be used if the package license can be expressed with a standard SPDX expression.
[INFO] [stderr] `license-file` should be used if the package uses a non-standard license.
[INFO] [stderr] See https://doc.rust-lang.org/cargo/reference/manifest.html#the-license-and-license-file-fields for more information.
[INFO] [stderr]    Compiling ltc2983 v0.2.0 (/opt/rustwide/workdir)
[INFO] [stdout] warning: unused import: `U25`
[INFO] [stdout]   --> src/lib.rs:41:38
[INFO] [stdout]    |
[INFO] [stdout] 41 | use fixed::{FixedU32, types::extra::{U25, U10, U20}, FixedI32};
[INFO] [stdout]    |                                      ^^^
[INFO] [stdout]    |
[INFO] [stdout]    = note: `#[warn(unused_imports)]` on by default
[INFO] [stdout] 
[INFO] [stdout] 
[INFO] [stdout] warning: constant `GLOBAL_CONFIG_REGISTER` is never used
[INFO] [stdout]   --> src/lib.rs:48:7
[INFO] [stdout]    |
[INFO] [stdout] 48 | const GLOBAL_CONFIG_REGISTER: u16 = 0x0F0;
[INFO] [stdout]    |       ^^^^^^^^^^^^^^^^^^^^^^
[INFO] [stdout]    |
[INFO] [stdout]    = note: `#[warn(dead_code)]` on by default
[INFO] [stdout] 
[INFO] [stdout] 
[INFO] [stdout] warning: fields `start` and `channel_selection` are never read
[INFO] [stdout]    --> src/lib.rs:409:5
[INFO] [stdout]     |
[INFO] [stdout] 408 | pub struct LTC2983Status {
[INFO] [stdout]     |            ------------- fields in this struct
[INFO] [stdout] 409 |     start: bool,
[INFO] [stdout]     |     ^^^^^
[INFO] [stdout] ...
[INFO] [stdout] 412 |     channel_selection: u8
[INFO] [stdout]     |     ^^^^^^^^^^^^^^^^^
[INFO] [stdout]     |
[INFO] [stdout]     = note: `LTC2983Status` has a derived impl for the trait `Debug`, but this is intentionally ignored during dead code analysis
[INFO] [stdout] 
[INFO] [stdout] 
[INFO] [stdout] warning: 3 warnings emitted
[INFO] [stdout] 
[INFO] [stdout] 
[INFO] [stdout] warning: unused import: `U25`
[INFO] [stdout]   --> src/lib.rs:41:38
[INFO] [stdout]    |
[INFO] [stdout] 41 | use fixed::{FixedU32, types::extra::{U25, U10, U20}, FixedI32};
[INFO] [stdout]    |                                      ^^^
[INFO] [stdout]    |
[INFO] [stdout]    = note: `#[warn(unused_imports)]` on by default
[INFO] [stdout] 
[INFO] [stdout] 
[INFO] [stdout] warning: constant `GLOBAL_CONFIG_REGISTER` is never used
[INFO] [stdout]   --> src/lib.rs:48:7
[INFO] [stdout]    |
[INFO] [stdout] 48 | const GLOBAL_CONFIG_REGISTER: u16 = 0x0F0;
[INFO] [stdout]    |       ^^^^^^^^^^^^^^^^^^^^^^
[INFO] [stdout]    |
[INFO] [stdout]    = note: `#[warn(dead_code)]` on by default
[INFO] [stdout] 
[INFO] [stdout] 
[INFO] [stdout] warning: fields `start` and `channel_selection` are never read
[INFO] [stdout]    --> src/lib.rs:409:5
[INFO] [stdout]     |
[INFO] [stdout] 408 | pub struct LTC2983Status {
[INFO] [stdout]     |            ------------- fields in this struct
[INFO] [stdout] 409 |     start: bool,
[INFO] [stdout]     |     ^^^^^
[INFO] [stdout] ...
[INFO] [stdout] 412 |     channel_selection: u8
[INFO] [stdout]     |     ^^^^^^^^^^^^^^^^^
[INFO] [stdout]     |
[INFO] [stdout]     = note: `LTC2983Status` has a derived impl for the trait `Debug`, but this is intentionally ignored during dead code analysis
[INFO] [stdout] 
[INFO] [stdout] 
[INFO] [stdout] warning: 3 warnings emitted
[INFO] [stdout] 
[INFO] [stdout] 
[INFO] [stderr]     Finished test [unoptimized + debuginfo] target(s) in 0.32s
[INFO] running `Command { std: "docker" "inspect" "5b8df1f204afc4d2962cafb73139f191acdc9472bda9db309e116324d7554b63", kill_on_drop: false }`
[INFO] running `Command { std: "docker" "rm" "-f" "5b8df1f204afc4d2962cafb73139f191acdc9472bda9db309e116324d7554b63", kill_on_drop: false }`
[INFO] [stdout] 5b8df1f204afc4d2962cafb73139f191acdc9472bda9db309e116324d7554b63
[INFO] running `Command { std: "docker" "create" "-v" "/var/lib/crater-agent-workspace/builds/worker-5-tc1/target:/opt/rustwide/target:rw,Z" "-v" "/var/lib/crater-agent-workspace/builds/worker-5-tc1/source:/opt/rustwide/workdir:ro,Z" "-v" "/var/lib/crater-agent-workspace/cargo-home:/opt/rustwide/cargo-home:ro,Z" "-v" "/var/lib/crater-agent-workspace/rustup-home:/opt/rustwide/rustup-home:ro,Z" "-e" "SOURCE_DIR=/opt/rustwide/workdir" "-e" "CARGO_TARGET_DIR=/opt/rustwide/target" "-e" "CARGO_INCREMENTAL=0" "-e" "RUST_BACKTRACE=full" "-e" "RUSTFLAGS=--cap-lints=warn" "-e" "RUSTDOCFLAGS=--cap-lints=warn" "-e" "CARGO_HOME=/opt/rustwide/cargo-home" "-e" "RUSTUP_HOME=/opt/rustwide/rustup-home" "-w" "/opt/rustwide/workdir" "-m" "1610612736" "--user" "0:0" "--network" "none" "ghcr.io/rust-lang/crates-build-env/linux@sha256:2788e3201cd34a07e3172128adcd8b3090168a8e3bcc40d7c032b9dda1df7d1c" "/opt/rustwide/cargo-home/bin/cargo" "+1.75.0" "test" "--frozen", kill_on_drop: false }`
[INFO] [stdout] a4646d7c927e4e9e2d453437ae3cc3ad4b2dad9020110a4d834e5242306b8319
[INFO] running `Command { std: "docker" "start" "-a" "a4646d7c927e4e9e2d453437ae3cc3ad4b2dad9020110a4d834e5242306b8319", kill_on_drop: false }`
[INFO] [stderr] warning: only one of `license` or `license-file` is necessary
[INFO] [stderr] `license` should be used if the package license can be expressed with a standard SPDX expression.
[INFO] [stderr] `license-file` should be used if the package uses a non-standard license.
[INFO] [stderr] See https://doc.rust-lang.org/cargo/reference/manifest.html#the-license-and-license-file-fields for more information.
[INFO] [stderr] warning: unused import: `U25`
[INFO] [stderr]   --> src/lib.rs:41:38
[INFO] [stderr]    |
[INFO] [stderr] 41 | use fixed::{FixedU32, types::extra::{U25, U10, U20}, FixedI32};
[INFO] [stderr]    |                                      ^^^
[INFO] [stderr]    |
[INFO] [stderr]    = note: `#[warn(unused_imports)]` on by default
[INFO] [stderr] 
[INFO] [stderr] warning: constant `GLOBAL_CONFIG_REGISTER` is never used
[INFO] [stderr]   --> src/lib.rs:48:7
[INFO] [stderr]    |
[INFO] [stderr] 48 | const GLOBAL_CONFIG_REGISTER: u16 = 0x0F0;
[INFO] [stderr]    |       ^^^^^^^^^^^^^^^^^^^^^^
[INFO] [stderr]    |
[INFO] [stderr]    = note: `#[warn(dead_code)]` on by default
[INFO] [stderr] 
[INFO] [stderr] warning: fields `start` and `channel_selection` are never read
[INFO] [stderr]    --> src/lib.rs:409:5
[INFO] [stderr]     |
[INFO] [stderr] 408 | pub struct LTC2983Status {
[INFO] [stderr]     |            ------------- fields in this struct
[INFO] [stderr] 409 |     start: bool,
[INFO] [stderr]     |     ^^^^^
[INFO] [stderr] ...
[INFO] [stderr] 412 |     channel_selection: u8
[INFO] [stderr]     |     ^^^^^^^^^^^^^^^^^
[INFO] [stderr]     |
[INFO] [stderr]     = note: `LTC2983Status` has a derived impl for the trait `Debug`, but this is intentionally ignored during dead code analysis
[INFO] [stderr] 
[INFO] [stderr] warning: `ltc2983` (lib) generated 3 warnings (run `cargo fix --lib -p ltc2983` to apply 1 suggestion)
[INFO] [stderr] warning: `ltc2983` (lib test) generated 3 warnings (3 duplicates)
[INFO] [stderr]     Finished test [unoptimized + debuginfo] target(s) in 0.01s
[INFO] [stderr]      Running unittests src/lib.rs (/opt/rustwide/target/debug/deps/ltc2983-60c2c19a2f4e6109)
[INFO] [stdout] 
[INFO] [stdout] running 1 test
[INFO] [stdout] test tests::test_fixedf24_u10_to_f32_signed ... ok
[INFO] [stdout] 
[INFO] [stdout] test result: ok. 1 passed; 0 failed; 0 ignored; 0 measured; 0 filtered out; finished in 0.00s
[INFO] [stdout] 
[INFO] [stderr]    Doc-tests ltc2983
[INFO] [stdout] 
[INFO] [stdout] running 1 test
[INFO] [stdout] test src/lib.rs - (line 18) ... FAILED
[INFO] [stdout] 
[INFO] [stdout] failures:
[INFO] [stdout] 
[INFO] [stdout] ---- src/lib.rs - (line 18) stdout ----
[INFO] [stdout] error[E0433]: failed to resolve: use of undeclared type `LTC2983`
[INFO] [stdout]  --> src/lib.rs:20:15
[INFO] [stdout]   |
[INFO] [stdout] 5 | let mut ltc = LTC2983::new(device);
[INFO] [stdout]   |               ^^^^^^^ use of undeclared type `LTC2983`
[INFO] [stdout]   |
[INFO] [stdout] help: consider importing this struct
[INFO] [stdout]   |
[INFO] [stdout] 2 + use ltc2983::LTC2983;
[INFO] [stdout]   |
[INFO] [stdout] 
[INFO] [stdout] error[E0425]: cannot find value `device` in this scope
[INFO] [stdout]  --> src/lib.rs:20:28
[INFO] [stdout]   |
[INFO] [stdout] 5 | let mut ltc = LTC2983::new(device);
[INFO] [stdout]   |                            ^^^^^^ not found in this scope
[INFO] [stdout] 
[INFO] [stdout] error[E0433]: failed to resolve: use of undeclared type `ThermocoupleParameters`
[INFO] [stdout]  --> src/lib.rs:23:73
[INFO] [stdout]   |
[INFO] [stdout] 8 | ...hermalProbeType::Thermocouple_T(ThermocoupleParameters::default().cold_junction(ltc2983::LTC2983Channel::CH2)), ltc2983::LTC2983Channe...
[INFO] [stdout]   |                                    ^^^^^^^^^^^^^^^^^^^^^^ use of undeclared type `ThermocoupleParameters`
[INFO] [stdout]   |
[INFO] [stdout] help: consider importing this struct
[INFO] [stdout]   |
[INFO] [stdout] 2 + use ltc2983::ThermocoupleParameters;
[INFO] [stdout]   |
[INFO] [stdout] 
[INFO] [stdout] error[E0425]: cannot find function `sleep` in this scope
[INFO] [stdout]   --> src/lib.rs:33:9
[INFO] [stdout]    |
[INFO] [stdout] 18 |         sleep(Duration::new(1, 0));
[INFO] [stdout]    |         ^^^^^ not found in this scope
[INFO] [stdout]    |
[INFO] [stdout] help: consider importing this function
[INFO] [stdout]    |
[INFO] [stdout] 2  + use std::thread::sleep;
[INFO] [stdout]    |
[INFO] [stdout] 
[INFO] [stdout] error[E0433]: failed to resolve: use of undeclared type `Duration`
[INFO] [stdout]   --> src/lib.rs:33:15
[INFO] [stdout]    |
[INFO] [stdout] 18 |         sleep(Duration::new(1, 0));
[INFO] [stdout]    |               ^^^^^^^^ use of undeclared type `Duration`
[INFO] [stdout]    |
[INFO] [stdout] help: consider importing one of these items
[INFO] [stdout]    |
[INFO] [stdout] 2  + use core::time::Duration;
[INFO] [stdout]    |
[INFO] [stdout] 2  + use std::time::Duration;
[INFO] [stdout]    |
[INFO] [stdout] 
[INFO] [stdout] error: aborting due to 5 previous errors
[INFO] [stdout] 
[INFO] [stdout] Some errors have detailed explanations: E0425, E0433.
[INFO] [stdout] For more information about an error, try `rustc --explain E0425`.
[INFO] [stdout] Couldn't compile the test.
[INFO] [stdout] 
[INFO] [stdout] failures:
[INFO] [stdout]     src/lib.rs - (line 18)
[INFO] [stdout] 
[INFO] [stdout] test result: FAILED. 0 passed; 1 failed; 0 ignored; 0 measured; 0 filtered out; finished in 0.05s
[INFO] [stdout] 
[INFO] [stderr] error: doctest failed, to rerun pass `--doc`
[INFO] running `Command { std: "docker" "inspect" "a4646d7c927e4e9e2d453437ae3cc3ad4b2dad9020110a4d834e5242306b8319", kill_on_drop: false }`
[INFO] running `Command { std: "docker" "rm" "-f" "a4646d7c927e4e9e2d453437ae3cc3ad4b2dad9020110a4d834e5242306b8319", kill_on_drop: false }`
[INFO] [stdout] a4646d7c927e4e9e2d453437ae3cc3ad4b2dad9020110a4d834e5242306b8319
[INFO] testing ltc2983-0.2.0 against beta-2023-12-22 for beta-1.76-1
[INFO] extracting crate ltc2983 0.2.0 into /workspace/builds/worker-5-tc2/source
[INFO] validating manifest of crates.io crate ltc2983 0.2.0 on toolchain beta-2023-12-22
[INFO] running `Command { std: CARGO_HOME="/workspace/cargo-home" RUSTUP_HOME="/workspace/rustup-home" "/workspace/cargo-home/bin/cargo" "+beta-2023-12-22" "metadata" "--manifest-path" "Cargo.toml" "--no-deps", kill_on_drop: false }`
[INFO] started tweaking crates.io crate ltc2983 0.2.0
[INFO] finished tweaking crates.io crate ltc2983 0.2.0
[INFO] tweaked toml for crates.io crate ltc2983 0.2.0 written to /workspace/builds/worker-5-tc2/source/Cargo.toml
[INFO] running `Command { std: CARGO_HOME="/workspace/cargo-home" RUSTUP_HOME="/workspace/rustup-home" "/workspace/cargo-home/bin/cargo" "+beta-2023-12-22" "generate-lockfile" "--manifest-path" "Cargo.toml", kill_on_drop: false }`
[INFO] [stderr]     Updating crates.io index
[INFO] running `Command { std: CARGO_HOME="/workspace/cargo-home" RUSTUP_HOME="/workspace/rustup-home" "/workspace/cargo-home/bin/cargo" "+beta-2023-12-22" "fetch" "--manifest-path" "Cargo.toml", kill_on_drop: false }`
[INFO] [stderr] warning: only one of `license` or `license-file` is necessary
[INFO] [stderr] `license` should be used if the package license can be expressed with a standard SPDX expression.
[INFO] [stderr] `license-file` should be used if the package uses a non-standard license.
[INFO] [stderr] See https://doc.rust-lang.org/cargo/reference/manifest.html#the-license-and-license-file-fields for more information.
[INFO] running `Command { std: "docker" "create" "-v" "/var/lib/crater-agent-workspace/builds/worker-5-tc2/target:/opt/rustwide/target:rw,Z" "-v" "/var/lib/crater-agent-workspace/builds/worker-5-tc2/source:/opt/rustwide/workdir:ro,Z" "-v" "/var/lib/crater-agent-workspace/cargo-home:/opt/rustwide/cargo-home:ro,Z" "-v" "/var/lib/crater-agent-workspace/rustup-home:/opt/rustwide/rustup-home:ro,Z" "-e" "SOURCE_DIR=/opt/rustwide/workdir" "-e" "CARGO_TARGET_DIR=/opt/rustwide/target" "-e" "CARGO_HOME=/opt/rustwide/cargo-home" "-e" "RUSTUP_HOME=/opt/rustwide/rustup-home" "-w" "/opt/rustwide/workdir" "-m" "1610612736" "--user" "0:0" "--network" "none" "ghcr.io/rust-lang/crates-build-env/linux@sha256:2788e3201cd34a07e3172128adcd8b3090168a8e3bcc40d7c032b9dda1df7d1c" "/opt/rustwide/cargo-home/bin/cargo" "+beta-2023-12-22" "metadata" "--no-deps" "--format-version=1", kill_on_drop: false }`
[INFO] [stdout] b54a559806e1e055503842de0d3aa646316f3df34b1067c55adf02c6e532b248
[INFO] running `Command { std: "docker" "start" "-a" "b54a559806e1e055503842de0d3aa646316f3df34b1067c55adf02c6e532b248", kill_on_drop: false }`
[INFO] running `Command { std: "docker" "inspect" "b54a559806e1e055503842de0d3aa646316f3df34b1067c55adf02c6e532b248", kill_on_drop: false }`
[INFO] running `Command { std: "docker" "rm" "-f" "b54a559806e1e055503842de0d3aa646316f3df34b1067c55adf02c6e532b248", kill_on_drop: false }`
[INFO] [stdout] b54a559806e1e055503842de0d3aa646316f3df34b1067c55adf02c6e532b248
[INFO] running `Command { std: "docker" "create" "-v" "/var/lib/crater-agent-workspace/builds/worker-5-tc2/target:/opt/rustwide/target:rw,Z" "-v" "/var/lib/crater-agent-workspace/builds/worker-5-tc2/source:/opt/rustwide/workdir:ro,Z" "-v" "/var/lib/crater-agent-workspace/cargo-home:/opt/rustwide/cargo-home:ro,Z" "-v" "/var/lib/crater-agent-workspace/rustup-home:/opt/rustwide/rustup-home:ro,Z" "-e" "SOURCE_DIR=/opt/rustwide/workdir" "-e" "CARGO_TARGET_DIR=/opt/rustwide/target" "-e" "CARGO_INCREMENTAL=0" "-e" "RUST_BACKTRACE=full" "-e" "RUSTFLAGS=--cap-lints=warn" "-e" "RUSTDOCFLAGS=--cap-lints=warn" "-e" "CARGO_HOME=/opt/rustwide/cargo-home" "-e" "RUSTUP_HOME=/opt/rustwide/rustup-home" "-w" "/opt/rustwide/workdir" "-m" "1610612736" "--user" "0:0" "--network" "none" "ghcr.io/rust-lang/crates-build-env/linux@sha256:2788e3201cd34a07e3172128adcd8b3090168a8e3bcc40d7c032b9dda1df7d1c" "/opt/rustwide/cargo-home/bin/cargo" "+beta-2023-12-22" "build" "--frozen" "--message-format=json", kill_on_drop: false }`
[INFO] [stdout] bf835348b75c2b9497fe21459949be6594ec3b0e8ef498d516fafab1cfee010b
[INFO] running `Command { std: "docker" "start" "-a" "bf835348b75c2b9497fe21459949be6594ec3b0e8ef498d516fafab1cfee010b", kill_on_drop: false }`
[INFO] [stderr] warning: only one of `license` or `license-file` is necessary
[INFO] [stderr] `license` should be used if the package license can be expressed with a standard SPDX expression.
[INFO] [stderr] `license-file` should be used if the package uses a non-standard license.
[INFO] [stderr] See https://doc.rust-lang.org/cargo/reference/manifest.html#the-license-and-license-file-fields for more information.
[INFO] [stderr]    Compiling az v1.2.1
[INFO] [stderr]    Compiling typenum v1.17.0
[INFO] [stderr]    Compiling fixed v1.24.0
[INFO] [stderr]    Compiling half v2.3.1
[INFO] [stderr]    Compiling bytebuffer v2.2.0
[INFO] [stderr]    Compiling embedded-hal v1.0.0-alpha.9
[INFO] [stderr]    Compiling ltc2983 v0.2.0 (/opt/rustwide/workdir)
[INFO] [stdout] warning: unused import: `U25`
[INFO] [stdout]   --> src/lib.rs:41:38
[INFO] [stdout]    |
[INFO] [stdout] 41 | use fixed::{FixedU32, types::extra::{U25, U10, U20}, FixedI32};
[INFO] [stdout]    |                                      ^^^
[INFO] [stdout]    |
[INFO] [stdout]    = note: `#[warn(unused_imports)]` on by default
[INFO] [stdout] 
[INFO] [stdout] 
[INFO] [stdout] warning: constant `GLOBAL_CONFIG_REGISTER` is never used
[INFO] [stdout]   --> src/lib.rs:48:7
[INFO] [stdout]    |
[INFO] [stdout] 48 | const GLOBAL_CONFIG_REGISTER: u16 = 0x0F0;
[INFO] [stdout]    |       ^^^^^^^^^^^^^^^^^^^^^^
[INFO] [stdout]    |
[INFO] [stdout]    = note: `#[warn(dead_code)]` on by default
[INFO] [stdout] 
[INFO] [stdout] 
[INFO] [stdout] warning: fields `start` and `channel_selection` are never read
[INFO] [stdout]    --> src/lib.rs:409:5
[INFO] [stdout]     |
[INFO] [stdout] 408 | pub struct LTC2983Status {
[INFO] [stdout]     |            ------------- fields in this struct
[INFO] [stdout] 409 |     start: bool,
[INFO] [stdout]     |     ^^^^^
[INFO] [stdout] ...
[INFO] [stdout] 412 |     channel_selection: u8
[INFO] [stdout]     |     ^^^^^^^^^^^^^^^^^
[INFO] [stdout]     |
[INFO] [stdout]     = note: `LTC2983Status` has a derived impl for the trait `Debug`, but this is intentionally ignored during dead code analysis
[INFO] [stdout] 
[INFO] [stdout] 
[INFO] [stdout] warning: 3 warnings emitted
[INFO] [stdout] 
[INFO] [stdout] 
[INFO] [stderr]     Finished dev [unoptimized + debuginfo] target(s) in 6.45s
[INFO] running `Command { std: "docker" "inspect" "bf835348b75c2b9497fe21459949be6594ec3b0e8ef498d516fafab1cfee010b", kill_on_drop: false }`
[INFO] running `Command { std: "docker" "rm" "-f" "bf835348b75c2b9497fe21459949be6594ec3b0e8ef498d516fafab1cfee010b", kill_on_drop: false }`
[INFO] [stdout] bf835348b75c2b9497fe21459949be6594ec3b0e8ef498d516fafab1cfee010b
[INFO] running `Command { std: "docker" "create" "-v" "/var/lib/crater-agent-workspace/builds/worker-5-tc2/target:/opt/rustwide/target:rw,Z" "-v" "/var/lib/crater-agent-workspace/builds/worker-5-tc2/source:/opt/rustwide/workdir:ro,Z" "-v" "/var/lib/crater-agent-workspace/cargo-home:/opt/rustwide/cargo-home:ro,Z" "-v" "/var/lib/crater-agent-workspace/rustup-home:/opt/rustwide/rustup-home:ro,Z" "-e" "SOURCE_DIR=/opt/rustwide/workdir" "-e" "CARGO_TARGET_DIR=/opt/rustwide/target" "-e" "CARGO_INCREMENTAL=0" "-e" "RUST_BACKTRACE=full" "-e" "RUSTFLAGS=--cap-lints=warn" "-e" "RUSTDOCFLAGS=--cap-lints=warn" "-e" "CARGO_HOME=/opt/rustwide/cargo-home" "-e" "RUSTUP_HOME=/opt/rustwide/rustup-home" "-w" "/opt/rustwide/workdir" "-m" "1610612736" "--user" "0:0" "--network" "none" "ghcr.io/rust-lang/crates-build-env/linux@sha256:2788e3201cd34a07e3172128adcd8b3090168a8e3bcc40d7c032b9dda1df7d1c" "/opt/rustwide/cargo-home/bin/cargo" "+beta-2023-12-22" "test" "--frozen" "--no-run" "--message-format=json", kill_on_drop: false }`
[INFO] [stdout] b7e7d98c368fdd691d2c2bc55ede25afbfd351b3da5a12e42b5d78af198642f8
[INFO] running `Command { std: "docker" "start" "-a" "b7e7d98c368fdd691d2c2bc55ede25afbfd351b3da5a12e42b5d78af198642f8", kill_on_drop: false }`
[INFO] [stderr] warning: only one of `license` or `license-file` is necessary
[INFO] [stderr] `license` should be used if the package license can be expressed with a standard SPDX expression.
[INFO] [stderr] `license-file` should be used if the package uses a non-standard license.
[INFO] [stderr] See https://doc.rust-lang.org/cargo/reference/manifest.html#the-license-and-license-file-fields for more information.
[INFO] [stdout] warning: unused import: `U25`
[INFO] [stdout]   --> src/lib.rs:41:38
[INFO] [stdout]    |
[INFO] [stdout] 41 | use fixed::{FixedU32, types::extra::{U25, U10, U20}, FixedI32};
[INFO] [stdout]    |                                      ^^^
[INFO] [stdout]    |
[INFO] [stdout]    = note: `#[warn(unused_imports)]` on by default
[INFO] [stdout] 
[INFO] [stdout] 
[INFO] [stdout] warning: constant `GLOBAL_CONFIG_REGISTER` is never used
[INFO] [stdout]   --> src/lib.rs:48:7
[INFO] [stdout]    |
[INFO] [stdout] 48 | const GLOBAL_CONFIG_REGISTER: u16 = 0x0F0;
[INFO] [stdout]    |       ^^^^^^^^^^^^^^^^^^^^^^
[INFO] [stdout]    |
[INFO] [stdout]    = note: `#[warn(dead_code)]` on by default
[INFO] [stdout] 
[INFO] [stdout] 
[INFO] [stdout] warning: fields `start` and `channel_selection` are never read
[INFO] [stdout]    --> src/lib.rs:409:5
[INFO] [stdout]     |
[INFO] [stdout] 408 | pub struct LTC2983Status {
[INFO] [stdout]     |            ------------- fields in this struct
[INFO] [stdout] 409 |     start: bool,
[INFO] [stdout]     |     ^^^^^
[INFO] [stdout] ...
[INFO] [stdout] 412 |     channel_selection: u8
[INFO] [stdout]     |     ^^^^^^^^^^^^^^^^^
[INFO] [stdout]     |
[INFO] [stdout]     = note: `LTC2983Status` has a derived impl for the trait `Debug`, but this is intentionally ignored during dead code analysis
[INFO] [stdout] 
[INFO] [stdout] 
[INFO] [stderr]    Compiling ltc2983 v0.2.0 (/opt/rustwide/workdir)
[INFO] [stdout] warning: 3 warnings emitted
[INFO] [stdout] 
[INFO] [stdout] 
[INFO] [stdout] warning: unused import: `U25`
[INFO] [stdout]   --> src/lib.rs:41:38
[INFO] [stdout]    |
[INFO] [stdout] 41 | use fixed::{FixedU32, types::extra::{U25, U10, U20}, FixedI32};
[INFO] [stdout]    |                                      ^^^
[INFO] [stdout]    |
[INFO] [stdout]    = note: `#[warn(unused_imports)]` on by default
[INFO] [stdout] 
[INFO] [stdout] 
[INFO] [stdout] warning: constant `GLOBAL_CONFIG_REGISTER` is never used
[INFO] [stdout]   --> src/lib.rs:48:7
[INFO] [stdout]    |
[INFO] [stdout] 48 | const GLOBAL_CONFIG_REGISTER: u16 = 0x0F0;
[INFO] [stdout]    |       ^^^^^^^^^^^^^^^^^^^^^^
[INFO] [stdout]    |
[INFO] [stdout]    = note: `#[warn(dead_code)]` on by default
[INFO] [stdout] 
[INFO] [stdout] 
[INFO] [stdout] warning: fields `start` and `channel_selection` are never read
[INFO] [stdout]    --> src/lib.rs:409:5
[INFO] [stdout]     |
[INFO] [stdout] 408 | pub struct LTC2983Status {
[INFO] [stdout]     |            ------------- fields in this struct
[INFO] [stdout] 409 |     start: bool,
[INFO] [stdout]     |     ^^^^^
[INFO] [stdout] ...
[INFO] [stdout] 412 |     channel_selection: u8
[INFO] [stdout]     |     ^^^^^^^^^^^^^^^^^
[INFO] [stdout]     |
[INFO] [stdout]     = note: `LTC2983Status` has a derived impl for the trait `Debug`, but this is intentionally ignored during dead code analysis
[INFO] [stdout] 
[INFO] [stdout] 
[INFO] [stdout] warning: 3 warnings emitted
[INFO] [stdout] 
[INFO] [stdout] 
[INFO] [stderr]     Finished test [unoptimized + debuginfo] target(s) in 0.24s
[INFO] running `Command { std: "docker" "inspect" "b7e7d98c368fdd691d2c2bc55ede25afbfd351b3da5a12e42b5d78af198642f8", kill_on_drop: false }`
[INFO] running `Command { std: "docker" "rm" "-f" "b7e7d98c368fdd691d2c2bc55ede25afbfd351b3da5a12e42b5d78af198642f8", kill_on_drop: false }`
[INFO] [stdout] b7e7d98c368fdd691d2c2bc55ede25afbfd351b3da5a12e42b5d78af198642f8
[INFO] running `Command { std: "docker" "create" "-v" "/var/lib/crater-agent-workspace/builds/worker-5-tc2/target:/opt/rustwide/target:rw,Z" "-v" "/var/lib/crater-agent-workspace/builds/worker-5-tc2/source:/opt/rustwide/workdir:ro,Z" "-v" "/var/lib/crater-agent-workspace/cargo-home:/opt/rustwide/cargo-home:ro,Z" "-v" "/var/lib/crater-agent-workspace/rustup-home:/opt/rustwide/rustup-home:ro,Z" "-e" "SOURCE_DIR=/opt/rustwide/workdir" "-e" "CARGO_TARGET_DIR=/opt/rustwide/target" "-e" "CARGO_INCREMENTAL=0" "-e" "RUST_BACKTRACE=full" "-e" "RUSTFLAGS=--cap-lints=warn" "-e" "RUSTDOCFLAGS=--cap-lints=warn" "-e" "CARGO_HOME=/opt/rustwide/cargo-home" "-e" "RUSTUP_HOME=/opt/rustwide/rustup-home" "-w" "/opt/rustwide/workdir" "-m" "1610612736" "--user" "0:0" "--network" "none" "ghcr.io/rust-lang/crates-build-env/linux@sha256:2788e3201cd34a07e3172128adcd8b3090168a8e3bcc40d7c032b9dda1df7d1c" "/opt/rustwide/cargo-home/bin/cargo" "+beta-2023-12-22" "test" "--frozen", kill_on_drop: false }`
[INFO] [stdout] b413763654bbe5f885b2b808417ee99a113e238ab425ceefd1bf6c08c45577d3
[INFO] running `Command { std: "docker" "start" "-a" "b413763654bbe5f885b2b808417ee99a113e238ab425ceefd1bf6c08c45577d3", kill_on_drop: false }`
[INFO] [stderr] warning: only one of `license` or `license-file` is necessary
[INFO] [stderr] `license` should be used if the package license can be expressed with a standard SPDX expression.
[INFO] [stderr] `license-file` should be used if the package uses a non-standard license.
[INFO] [stderr] See https://doc.rust-lang.org/cargo/reference/manifest.html#the-license-and-license-file-fields for more information.
[INFO] [stderr] warning: unused import: `U25`
[INFO] [stderr]   --> src/lib.rs:41:38
[INFO] [stderr]    |
[INFO] [stderr] 41 | use fixed::{FixedU32, types::extra::{U25, U10, U20}, FixedI32};
[INFO] [stderr]    |                                      ^^^
[INFO] [stderr]    |
[INFO] [stderr]    = note: `#[warn(unused_imports)]` on by default
[INFO] [stderr] 
[INFO] [stderr] warning: constant `GLOBAL_CONFIG_REGISTER` is never used
[INFO] [stderr]   --> src/lib.rs:48:7
[INFO] [stderr]    |
[INFO] [stderr] 48 | const GLOBAL_CONFIG_REGISTER: u16 = 0x0F0;
[INFO] [stderr]    |       ^^^^^^^^^^^^^^^^^^^^^^
[INFO] [stderr]    |
[INFO] [stderr]    = note: `#[warn(dead_code)]` on by default
[INFO] [stderr] 
[INFO] [stderr] warning: fields `start` and `channel_selection` are never read
[INFO] [stderr]    --> src/lib.rs:409:5
[INFO] [stderr]     |
[INFO] [stderr] 408 | pub struct LTC2983Status {
[INFO] [stderr]     |            ------------- fields in this struct
[INFO] [stderr] 409 |     start: bool,
[INFO] [stderr]     |     ^^^^^
[INFO] [stderr] ...
[INFO] [stderr] 412 |     channel_selection: u8
[INFO] [stderr]     |     ^^^^^^^^^^^^^^^^^
[INFO] [stderr]     |
[INFO] [stderr]     = note: `LTC2983Status` has a derived impl for the trait `Debug`, but this is intentionally ignored during dead code analysis
[INFO] [stderr] 
[INFO] [stderr] warning: `ltc2983` (lib) generated 3 warnings (run `cargo fix --lib -p ltc2983` to apply 1 suggestion)
[INFO] [stderr] warning: `ltc2983` (lib test) generated 3 warnings (3 duplicates)
[INFO] [stderr]     Finished test [unoptimized + debuginfo] target(s) in 0.01s
[INFO] [stderr]      Running unittests src/lib.rs (/opt/rustwide/target/debug/deps/ltc2983-594ff6f4474e2234)
[INFO] [stdout] 
[INFO] [stdout] running 1 test
[INFO] [stdout] test tests::test_fixedf24_u10_to_f32_signed ... ok
[INFO] [stdout] 
[INFO] [stdout] test result: ok. 1 passed; 0 failed; 0 ignored; 0 measured; 0 filtered out; finished in 0.00s
[INFO] [stdout] 
[INFO] [stderr]    Doc-tests ltc2983
[INFO] [stdout] 
[INFO] [stdout] running 1 test
[INFO] [stdout] test src/lib.rs - (line 18) ... FAILED
[INFO] [stdout] 
[INFO] [stdout] failures:
[INFO] [stdout] 
[INFO] [stdout] ---- src/lib.rs - (line 18) stdout ----
[INFO] [stdout] error[E0433]: failed to resolve: use of undeclared type `LTC2983`
[INFO] [stdout]  --> src/lib.rs:20:15
[INFO] [stdout]   |
[INFO] [stdout] 5 | let mut ltc = LTC2983::new(device);
[INFO] [stdout]   |               ^^^^^^^ use of undeclared type `LTC2983`
[INFO] [stdout]   |
[INFO] [stdout] help: consider importing this struct
[INFO] [stdout]   |
[INFO] [stdout] 2 + use ltc2983::LTC2983;
[INFO] [stdout]   |
[INFO] [stdout] 
[INFO] [stdout] error[E0425]: cannot find value `device` in this scope
[INFO] [stdout]  --> src/lib.rs:20:28
[INFO] [stdout]   |
[INFO] [stdout] 5 | let mut ltc = LTC2983::new(device);
[INFO] [stdout]   |                            ^^^^^^ not found in this scope
[INFO] [stdout] 
[INFO] [stdout] error[E0433]: failed to resolve: use of undeclared type `ThermocoupleParameters`
[INFO] [stdout]  --> src/lib.rs:23:73
[INFO] [stdout]   |
[INFO] [stdout] 8 | ...hermalProbeType::Thermocouple_T(ThermocoupleParameters::default().cold_junction(ltc2983::LTC2983Channel::CH2)), ltc2983::LTC2983Channe...
[INFO] [stdout]   |                                    ^^^^^^^^^^^^^^^^^^^^^^ use of undeclared type `ThermocoupleParameters`
[INFO] [stdout]   |
[INFO] [stdout] help: consider importing this struct
[INFO] [stdout]   |
[INFO] [stdout] 2 + use ltc2983::ThermocoupleParameters;
[INFO] [stdout]   |
[INFO] [stdout] 
[INFO] [stdout] error[E0425]: cannot find function `sleep` in this scope
[INFO] [stdout]   --> src/lib.rs:33:9
[INFO] [stdout]    |
[INFO] [stdout] 18 |         sleep(Duration::new(1, 0));
[INFO] [stdout]    |         ^^^^^ not found in this scope
[INFO] [stdout]    |
[INFO] [stdout] help: consider importing this function
[INFO] [stdout]    |
[INFO] [stdout] 2  + use std::thread::sleep;
[INFO] [stdout]    |
[INFO] [stdout] 
[INFO] [stdout] error[E0433]: failed to resolve: use of undeclared type `Duration`
[INFO] [stdout]   --> src/lib.rs:33:15
[INFO] [stdout]    |
[INFO] [stdout] 18 |         sleep(Duration::new(1, 0));
[INFO] [stdout]    |               ^^^^^^^^ use of undeclared type `Duration`
[INFO] [stdout]    |
[INFO] [stdout] help: consider importing one of these items
[INFO] [stdout]    |
[INFO] [stdout] 2  + use core::time::Duration;
[INFO] [stdout]    |
[INFO] [stdout] 2  + use std::time::Duration;
[INFO] [stdout]    |
[INFO] [stdout] 
[INFO] [stdout] error: aborting due to 5 previous errors
[INFO] [stdout] 
[INFO] [stdout] Some errors have detailed explanations: E0425, E0433.
[INFO] [stdout] For more information about an error, try `rustc --explain E0425`.
[INFO] [stdout] Couldn't compile the test.
[INFO] [stdout] 
[INFO] [stdout] failures:
[INFO] [stdout]     src/lib.rs - (line 18)
[INFO] [stdout] 
[INFO] [stdout] test result: FAILED. 0 passed; 1 failed; 0 ignored; 0 measured; 0 filtered out; finished in 0.04s
[INFO] [stdout] 
[INFO] [stderr] error: doctest failed, to rerun pass `--doc`
[INFO] running `Command { std: "docker" "inspect" "b413763654bbe5f885b2b808417ee99a113e238ab425ceefd1bf6c08c45577d3", kill_on_drop: false }`
[INFO] running `Command { std: "docker" "rm" "-f" "b413763654bbe5f885b2b808417ee99a113e238ab425ceefd1bf6c08c45577d3", kill_on_drop: false }`
[INFO] [stdout] b413763654bbe5f885b2b808417ee99a113e238ab425ceefd1bf6c08c45577d3
