[INFO] fetching crate lsmlite-rs 0.1.0...
[INFO] testing lsmlite-rs-0.1.0 against 1.75.0 for beta-1.76-1
[INFO] extracting crate lsmlite-rs 0.1.0 into /workspace/builds/worker-2-tc1/source
[INFO] validating manifest of crates.io crate lsmlite-rs 0.1.0 on toolchain 1.75.0
[INFO] running `Command { std: CARGO_HOME="/workspace/cargo-home" RUSTUP_HOME="/workspace/rustup-home" "/workspace/cargo-home/bin/cargo" "+1.75.0" "metadata" "--manifest-path" "Cargo.toml" "--no-deps", kill_on_drop: false }`
[INFO] started tweaking crates.io crate lsmlite-rs 0.1.0
[INFO] finished tweaking crates.io crate lsmlite-rs 0.1.0
[INFO] tweaked toml for crates.io crate lsmlite-rs 0.1.0 written to /workspace/builds/worker-2-tc1/source/Cargo.toml
[INFO] crate crates.io crate lsmlite-rs 0.1.0 already has a lockfile, it will not be regenerated
[INFO] running `Command { std: CARGO_HOME="/workspace/cargo-home" RUSTUP_HOME="/workspace/rustup-home" "/workspace/cargo-home/bin/cargo" "+1.75.0" "fetch" "--manifest-path" "Cargo.toml", kill_on_drop: false }`
[INFO] [stderr] warning: version requirement `2.0.7+zstd.1.5.4` for dependency `zstd-sys` includes semver metadata which will be ignored, removing the metadata is recommended to avoid confusion
[INFO] [stderr]     Updating crates.io index
[INFO] [stderr]  Downloading crates ...
[INFO] [stderr]   Downloaded rand_mt v4.2.2
[INFO] running `Command { std: "docker" "create" "-v" "/var/lib/crater-agent-workspace/builds/worker-2-tc1/target:/opt/rustwide/target:rw,Z" "-v" "/var/lib/crater-agent-workspace/builds/worker-2-tc1/source:/opt/rustwide/workdir:ro,Z" "-v" "/var/lib/crater-agent-workspace/cargo-home:/opt/rustwide/cargo-home:ro,Z" "-v" "/var/lib/crater-agent-workspace/rustup-home:/opt/rustwide/rustup-home:ro,Z" "-e" "SOURCE_DIR=/opt/rustwide/workdir" "-e" "CARGO_TARGET_DIR=/opt/rustwide/target" "-e" "CARGO_HOME=/opt/rustwide/cargo-home" "-e" "RUSTUP_HOME=/opt/rustwide/rustup-home" "-w" "/opt/rustwide/workdir" "-m" "1610612736" "--user" "0:0" "--network" "none" "ghcr.io/rust-lang/crates-build-env/linux@sha256:2788e3201cd34a07e3172128adcd8b3090168a8e3bcc40d7c032b9dda1df7d1c" "/opt/rustwide/cargo-home/bin/cargo" "+1.75.0" "metadata" "--no-deps" "--format-version=1", kill_on_drop: false }`
[INFO] [stdout] 1fbd6cf0e9e10c7addb86ca7b0894c579a9d503bd592fafae42af18446fb3136
[INFO] running `Command { std: "docker" "start" "-a" "1fbd6cf0e9e10c7addb86ca7b0894c579a9d503bd592fafae42af18446fb3136", kill_on_drop: false }`
[INFO] running `Command { std: "docker" "inspect" "1fbd6cf0e9e10c7addb86ca7b0894c579a9d503bd592fafae42af18446fb3136", kill_on_drop: false }`
[INFO] running `Command { std: "docker" "rm" "-f" "1fbd6cf0e9e10c7addb86ca7b0894c579a9d503bd592fafae42af18446fb3136", kill_on_drop: false }`
[INFO] [stdout] 1fbd6cf0e9e10c7addb86ca7b0894c579a9d503bd592fafae42af18446fb3136
[INFO] running `Command { std: "docker" "create" "-v" "/var/lib/crater-agent-workspace/builds/worker-2-tc1/target:/opt/rustwide/target:rw,Z" "-v" "/var/lib/crater-agent-workspace/builds/worker-2-tc1/source:/opt/rustwide/workdir:ro,Z" "-v" "/var/lib/crater-agent-workspace/cargo-home:/opt/rustwide/cargo-home:ro,Z" "-v" "/var/lib/crater-agent-workspace/rustup-home:/opt/rustwide/rustup-home:ro,Z" "-e" "SOURCE_DIR=/opt/rustwide/workdir" "-e" "CARGO_TARGET_DIR=/opt/rustwide/target" "-e" "CARGO_INCREMENTAL=0" "-e" "RUST_BACKTRACE=full" "-e" "RUSTFLAGS=--cap-lints=warn" "-e" "RUSTDOCFLAGS=--cap-lints=warn" "-e" "CARGO_HOME=/opt/rustwide/cargo-home" "-e" "RUSTUP_HOME=/opt/rustwide/rustup-home" "-w" "/opt/rustwide/workdir" "-m" "1610612736" "--user" "0:0" "--network" "none" "ghcr.io/rust-lang/crates-build-env/linux@sha256:2788e3201cd34a07e3172128adcd8b3090168a8e3bcc40d7c032b9dda1df7d1c" "/opt/rustwide/cargo-home/bin/cargo" "+1.75.0" "build" "--frozen" "--message-format=json", kill_on_drop: false }`
[INFO] [stdout] 48db36af340962978729d3a753d47d044706a0d57d85a8362429d22e147fd079
[INFO] running `Command { std: "docker" "start" "-a" "48db36af340962978729d3a753d47d044706a0d57d85a8362429d22e147fd079", kill_on_drop: false }`
[INFO] [stderr] warning: version requirement `2.0.7+zstd.1.5.4` for dependency `zstd-sys` includes semver metadata which will be ignored, removing the metadata is recommended to avoid confusion
[INFO] [stderr]    Compiling libc v0.2.147
[INFO] [stderr]    Compiling proc-macro2 v1.0.64
[INFO] [stderr]    Compiling quote v1.0.29
[INFO] [stderr]    Compiling unicode-ident v1.0.10
[INFO] [stderr]    Compiling pkg-config v0.3.27
[INFO] [stderr]    Compiling parking_lot_core v0.9.8
[INFO] [stderr]    Compiling smallvec v1.11.0
[INFO] [stderr]    Compiling thiserror v1.0.43
[INFO] [stderr]    Compiling protobuf v2.28.0
[INFO] [stderr]    Compiling prometheus v0.13.3
[INFO] [stderr]    Compiling serde v1.0.171
[INFO] [stderr]    Compiling once_cell v1.18.0
[INFO] [stderr]    Compiling lock_api v0.4.10
[INFO] [stderr]    Compiling pin-project-lite v0.2.10
[INFO] [stderr]    Compiling log v0.4.19
[INFO] [stderr]    Compiling tracing-core v0.1.31
[INFO] [stderr]    Compiling jobserver v0.1.26
[INFO] [stderr]    Compiling syn v2.0.25
[INFO] [stderr]    Compiling cc v1.0.79
[INFO] [stderr]    Compiling parking_lot v0.12.1
[INFO] [stderr]    Compiling libz-sys v1.1.9
[INFO] [stderr]    Compiling zstd-sys v2.0.8+zstd.1.5.5
[INFO] [stderr]    Compiling lz4-sys v1.9.4
[INFO] [stderr]    Compiling lsmlite-rs v0.1.0 (/opt/rustwide/workdir)
[INFO] [stderr]    Compiling thiserror-impl v1.0.43
[INFO] [stderr]    Compiling serde_derive v1.0.171
[INFO] [stderr]    Compiling tracing-attributes v0.1.26
[INFO] [stderr]    Compiling tracing v0.1.37
[INFO] [stderr]     Finished dev [unoptimized + debuginfo] target(s) in 12.87s
[INFO] running `Command { std: "docker" "inspect" "48db36af340962978729d3a753d47d044706a0d57d85a8362429d22e147fd079", kill_on_drop: false }`
[INFO] running `Command { std: "docker" "rm" "-f" "48db36af340962978729d3a753d47d044706a0d57d85a8362429d22e147fd079", kill_on_drop: false }`
[INFO] [stdout] 48db36af340962978729d3a753d47d044706a0d57d85a8362429d22e147fd079
[INFO] running `Command { std: "docker" "create" "-v" "/var/lib/crater-agent-workspace/builds/worker-2-tc1/target:/opt/rustwide/target:rw,Z" "-v" "/var/lib/crater-agent-workspace/builds/worker-2-tc1/source:/opt/rustwide/workdir:ro,Z" "-v" "/var/lib/crater-agent-workspace/cargo-home:/opt/rustwide/cargo-home:ro,Z" "-v" "/var/lib/crater-agent-workspace/rustup-home:/opt/rustwide/rustup-home:ro,Z" "-e" "SOURCE_DIR=/opt/rustwide/workdir" "-e" "CARGO_TARGET_DIR=/opt/rustwide/target" "-e" "CARGO_INCREMENTAL=0" "-e" "RUST_BACKTRACE=full" "-e" "RUSTFLAGS=--cap-lints=warn" "-e" "RUSTDOCFLAGS=--cap-lints=warn" "-e" "CARGO_HOME=/opt/rustwide/cargo-home" "-e" "RUSTUP_HOME=/opt/rustwide/rustup-home" "-w" "/opt/rustwide/workdir" "-m" "1610612736" "--user" "0:0" "--network" "none" "ghcr.io/rust-lang/crates-build-env/linux@sha256:2788e3201cd34a07e3172128adcd8b3090168a8e3bcc40d7c032b9dda1df7d1c" "/opt/rustwide/cargo-home/bin/cargo" "+1.75.0" "test" "--frozen" "--no-run" "--message-format=json", kill_on_drop: false }`
[INFO] [stdout] 9c5f010d3d965b2925a19bbc17874e90a91fdebc325ef8aeca1f8f74bcb57d1b
[INFO] running `Command { std: "docker" "start" "-a" "9c5f010d3d965b2925a19bbc17874e90a91fdebc325ef8aeca1f8f74bcb57d1b", kill_on_drop: false }`
[INFO] [stderr] warning: version requirement `2.0.7+zstd.1.5.4` for dependency `zstd-sys` includes semver metadata which will be ignored, removing the metadata is recommended to avoid confusion
[INFO] [stderr]    Compiling libc v0.2.147
[INFO] [stderr]    Compiling log v0.4.19
[INFO] [stderr]    Compiling anyhow v1.0.71
[INFO] [stderr]    Compiling syn v1.0.109
[INFO] [stderr]    Compiling tracing-core v0.1.31
[INFO] [stderr]    Compiling memoffset v0.7.1
[INFO] [stderr]    Compiling regex-syntax v0.7.4
[INFO] [stderr]    Compiling regex-syntax v0.6.29
[INFO] [stderr]    Compiling itertools v0.10.5
[INFO] [stderr]    Compiling overload v0.1.1
[INFO] [stderr]    Compiling sharded-slab v0.1.4
[INFO] [stderr]    Compiling thread_local v1.1.7
[INFO] [stderr]    Compiling bytes v1.4.0
[INFO] [stderr]    Compiling iana-time-zone v0.1.57
[INFO] [stderr]    Compiling md5 v0.7.0
[INFO] [stderr]    Compiling nu-ansi-term v0.46.0
[INFO] [stderr]    Compiling tracing v0.1.37
[INFO] [stderr]    Compiling tracing-log v0.1.3
[INFO] [stderr]    Compiling jobserver v0.1.26
[INFO] [stderr]    Compiling cc v1.0.79
[INFO] [stderr]    Compiling regex-automata v0.3.3
[INFO] [stderr]    Compiling getrandom v0.2.10
[INFO] [stderr]    Compiling parking_lot_core v0.9.8
[INFO] [stderr]    Compiling time v0.1.45
[INFO] [stderr]    Compiling nix v0.26.2
[INFO] [stderr]    Compiling rand_core v0.6.4
[INFO] [stderr]    Compiling parking_lot v0.12.1
[INFO] [stderr]    Compiling libz-sys v1.1.9
[INFO] [stderr]    Compiling lz4-sys v1.9.4
[INFO] [stderr]    Compiling zstd-sys v2.0.8+zstd.1.5.5
[INFO] [stderr]    Compiling regex-automata v0.1.10
[INFO] [stderr]    Compiling lsmlite-rs v0.1.0 (/opt/rustwide/workdir)
[INFO] [stderr]    Compiling rand_chacha v0.3.1
[INFO] [stderr]    Compiling chrono v0.4.26
[INFO] [stderr]    Compiling prometheus v0.13.3
[INFO] [stderr]    Compiling rand v0.8.5
[INFO] [stderr]    Compiling rand_mt v4.2.2
[INFO] [stderr]    Compiling matchers v0.1.0
[INFO] [stderr]    Compiling regex v1.9.1
[INFO] [stderr]    Compiling prost-derive v0.11.9
[INFO] [stderr]    Compiling tracing-subscriber v0.3.17
[INFO] [stderr]    Compiling prost v0.11.9
[INFO] [stderr]     Finished test [unoptimized + debuginfo] target(s) in 12.70s
[INFO] running `Command { std: "docker" "inspect" "9c5f010d3d965b2925a19bbc17874e90a91fdebc325ef8aeca1f8f74bcb57d1b", kill_on_drop: false }`
[INFO] running `Command { std: "docker" "rm" "-f" "9c5f010d3d965b2925a19bbc17874e90a91fdebc325ef8aeca1f8f74bcb57d1b", kill_on_drop: false }`
[INFO] [stdout] 9c5f010d3d965b2925a19bbc17874e90a91fdebc325ef8aeca1f8f74bcb57d1b
[INFO] running `Command { std: "docker" "create" "-v" "/var/lib/crater-agent-workspace/builds/worker-2-tc1/target:/opt/rustwide/target:rw,Z" "-v" "/var/lib/crater-agent-workspace/builds/worker-2-tc1/source:/opt/rustwide/workdir:ro,Z" "-v" "/var/lib/crater-agent-workspace/cargo-home:/opt/rustwide/cargo-home:ro,Z" "-v" "/var/lib/crater-agent-workspace/rustup-home:/opt/rustwide/rustup-home:ro,Z" "-e" "SOURCE_DIR=/opt/rustwide/workdir" "-e" "CARGO_TARGET_DIR=/opt/rustwide/target" "-e" "CARGO_INCREMENTAL=0" "-e" "RUST_BACKTRACE=full" "-e" "RUSTFLAGS=--cap-lints=warn" "-e" "RUSTDOCFLAGS=--cap-lints=warn" "-e" "CARGO_HOME=/opt/rustwide/cargo-home" "-e" "RUSTUP_HOME=/opt/rustwide/rustup-home" "-w" "/opt/rustwide/workdir" "-m" "1610612736" "--user" "0:0" "--network" "none" "ghcr.io/rust-lang/crates-build-env/linux@sha256:2788e3201cd34a07e3172128adcd8b3090168a8e3bcc40d7c032b9dda1df7d1c" "/opt/rustwide/cargo-home/bin/cargo" "+1.75.0" "test" "--frozen", kill_on_drop: false }`
[INFO] [stdout] 62e83aec952e5d80244514af23c752c3d4d39c312358d970daadae1990d7e967
[INFO] running `Command { std: "docker" "start" "-a" "62e83aec952e5d80244514af23c752c3d4d39c312358d970daadae1990d7e967", kill_on_drop: false }`
[INFO] [stderr] warning: version requirement `2.0.7+zstd.1.5.4` for dependency `zstd-sys` includes semver metadata which will be ignored, removing the metadata is recommended to avoid confusion
[INFO] [stderr]     Finished test [unoptimized + debuginfo] target(s) in 0.09s
[INFO] [stderr]      Running unittests src/lib.rs (/opt/rustwide/target/debug/deps/lsmlite_rs-3c756242bc66c00e)
[INFO] [stdout] 
[INFO] [stdout] running 39 tests
[INFO] [stdout] test tests::lsm_initialization_fails_with_non_c_string ... ok
[INFO] [stdout] test tests::lsm_rust_bindings_with_not_yet_initialized_db ... ok
[INFO] [stdout] test tests::lsm_cursor_automatic_drop ... ok
[INFO] [stdout] test tests::lsm_handle_automatic_drop ... ok
[INFO] [stdout] test tests::lsm_rust_bindings_multiple_dbs_grpc_blobs ... ok
[INFO] [stdout] test tests::lsm_open_close_multiple_times ... ok
[INFO] [stdout] test tests::can_work_with_empty_metrics_with_background_checkpointer ... ok
[INFO] [stdout] test tests::can_work_with_empty_metrics_no_background_threads ... ok
[INFO] [stdout] test tests::can_work_with_compressed_db_with_background_checkpointer ... ok
[INFO] [stdout] test tests::cannot_open_with_different_compression ... ok
[INFO] [stdout] test tests::lsm_no_concurrent_writers_no_background_threads ... ok
[INFO] [stdout] test tests::can_work_with_compressed_db_with_background_merger ... ok
[INFO] [stdout] test tests::test_try_from_compression_lib ... ok
[INFO] [stdout] test tests::test_try_from_error_code ... ok
[INFO] [stdout] test tests::test_try_from_info ... ok
[INFO] [stdout] test tests::test_try_from_mode ... ok
[INFO] [stdout] test tests::test_try_from_param ... ok
[INFO] [stdout] test tests::test_try_from_safety ... ok
[INFO] [stdout] test tests::test_try_from_seek_op ... ok
[INFO] [stdout] test tests::can_work_with_empty_metrics_with_background_merger ... ok
[INFO] [stdout] test tests::lsm_whole_rust_bindings_multiple_compressed_lz4_optimized_dbs ... ok
[INFO] [stdout] test tests::transactions_rollback ... ok
[INFO] [stdout] test tests::lsm_whole_rust_bindings_multiple_compressed_lz4_non_optimized_dbs ... ok
[INFO] [stdout] test threads::tests::create_background_thread_with_no_thread ... ok
[INFO] [stdout] test threads::tests::create_background_thread_merger ... ok
[INFO] [stdout] test threads::tests::create_background_thread_checkpointer ... ok
[INFO] [stdout] test tests::transactions_commit ... ok
[INFO] [stdout] test tests::open_compressed_file_in_read_only_mode ... ok
[INFO] [stdout] test tests::open_file_in_read_only_mode ... ok
[INFO] [stdout] test tests::lsm_whole_rust_bindings_multiple_compressed_zstd_non_optimized_dbs ... ok
[INFO] [stdout] test tests::lsm_whole_rust_bindings_multiple_compressed_zstd_optimized_dbs ... ok
[INFO] [stdout] test tests::lsm_whole_rust_bindings_multiple_empty_dbs ... ok
[INFO] [stdout] test tests::lsm_whole_rust_bindings_multiple_compressed_zlib_non_optimized_dbs ... ok
[INFO] [stdout] test tests::lsm_whole_rust_bindings_multiple_optimized_dbs ... ok
[INFO] [stdout] test tests::lsm_whole_rust_bindings_multiple_non_optimized_dbs ... ok
[INFO] [stdout] test tests::lsm_multiple_writers_interlaced ... ok
[INFO] [stdout] test tests::lsm_whole_rust_bindings_multiple_compressed_zlib_optimized_dbs ... ok
[INFO] [stdout] test tests::lsm_bg_checkpointer_only ... ok
[INFO] [stdout] test tests::lsm_bg_checkpointer_and_merger_in_one ... ok
[INFO] [stdout] 
[INFO] [stdout] test result: ok. 39 passed; 0 failed; 0 ignored; 0 measured; 0 filtered out; finished in 6.72s
[INFO] [stdout] 
[INFO] [stderr]    Doc-tests lsmlite-rs
[INFO] [stdout] 
[INFO] [stdout] running 11 tests
[INFO] [stdout] test src/lsmdb.rs - lsmdb::LsmDb::delete (line 555) ... FAILED
[INFO] [stdout] test src/lsmdb.rs - lsmdb::LsmDb::connect (line 164) ... ok
[INFO] [stdout] test src/lsmdb.rs - lsmdb::LsmDb::initialize (line 109) ... ok
[INFO] [stdout] test src/lsmdb.rs - lsmdb::LsmDb::disconnect (line 415) ... ok
[INFO] [stdout] test src/lsmdb.rs - lsmdb::LsmCursor<'_>::last (line 911) ... ok
[INFO] [stdout] test src/lsmdb.rs - lsmdb::LsmDb::cursor_open (line 742) ... ok
[INFO] [stdout] test src/lsmdb.rs - lsmdb::LsmCursor<'_>::first (line 849) ... ok
[INFO] [stdout] test src/lib.rs - (line 60) ... ok
[INFO] [stdout] test src/lsmdb.rs - lsmdb::LsmCursor<'_>::compare (line 1103) ... ok
[INFO] [stdout] test src/lib.rs - DbConf::new_with_parameters (line 73) ... ok
[INFO] [stdout] test src/lsmdb.rs - lsmdb::LsmDb::persist (line 471) ... ok
[INFO] [stdout] 
[INFO] [stdout] failures:
[INFO] [stdout] 
[INFO] [stdout] ---- src/lsmdb.rs - lsmdb::LsmDb::delete (line 555) stdout ----
[INFO] [stdout] error: linking with `cc` failed: exit status: 1
[INFO] [stdout]   |
[INFO] [stdout]   = note: LC_ALL="C" PATH="/opt/rustwide/rustup-home/toolchains/1.75.0-x86_64-unknown-linux-gnu/lib/rustlib/x86_64-unknown-linux-gnu/bin:/opt/rustwide/cargo-home/bin:/usr/local/sbin:/usr/local/bin:/usr/sbin:/usr/bin:/sbin:/bin" VSLANG="1033" "cc" "-m64" "/tmp/rustchmgdl8/symbols.o" "/tmp/rustdoctestjzenvk/rust_out.rust_out.263fb70ac1c95110-cgu.0.rcgu.o" "/tmp/rustdoctestjzenvk/rust_out.2uel00cfmdh5ufit.rcgu.o" "-Wl,--as-needed" "-L" "/opt/rustwide/target/debug/deps" "-L" "/opt/rustwide/target/debug/deps" "-L" "/opt/rustwide/target/debug/build/lsmlite-rs-ac283430d9145a29/out" "-L" "/opt/rustwide/target/debug/build/lz4-sys-4aa0dbc61fd65ca2/out" "-L" "/opt/rustwide/target/debug/build/zstd-sys-09cbae1208814f1c/out" "-L" "/opt/rustwide/rustup-home/toolchains/1.75.0-x86_64-unknown-linux-gnu/lib/rustlib/x86_64-unknown-linux-gnu/lib" "-Wl,-Bstatic" "/opt/rustwide/target/debug/deps/librand-b774bf376dc0d516.rlib" "/opt/rustwide/target/debug/deps/librand_chacha-d17c2c6ce6707a00.rlib" "/opt/rustwide/target/debug/deps/libppv_lite86-9f808eb911999ef2.rlib" "/opt/rustwide/target/debug/deps/librand_core-7a5ec661fff38ee5.rlib" "/opt/rustwide/target/debug/deps/libgetrandom-48f05dc085dd925d.rlib" "/opt/rustwide/target/debug/deps/liblsmlite_rs-bebcda193a85b795.rlib" "/opt/rustwide/target/debug/deps/libtracing-ace76fc495d9ffcc.rlib" "/opt/rustwide/target/debug/deps/liblog-66f39b7c9d94a93f.rlib" "/opt/rustwide/target/debug/deps/libpin_project_lite-797dc699bf54d270.rlib" "/opt/rustwide/target/debug/deps/libtracing_core-bf8fb0d08ff99425.rlib" "/opt/rustwide/target/debug/deps/libonce_cell-865e1c5018a0303a.rlib" "/opt/rustwide/target/debug/deps/libserde-a22e7ed694b8e938.rlib" "/opt/rustwide/target/debug/deps/libprometheus-8dfa8de6deb4f3bc.rlib" "/opt/rustwide/target/debug/deps/libmemchr-4fdcfd9ddfba30cb.rlib" "/opt/rustwide/target/debug/deps/liblazy_static-591486ebcb9a7ead.rlib" "/opt/rustwide/target/debug/deps/libthiserror-bbcc2e99447cdfa2.rlib" "/opt/rustwide/target/debug/deps/libprotobuf-a3269561fd7232fe.rlib" "/opt/rustwide/target/debug/deps/libfnv-18bf5144d055e772.rlib" "/opt/rustwide/target/debug/deps/libparking_lot-5b450e05504322e9.rlib" "/opt/rustwide/target/debug/deps/libparking_lot_core-24da644042b44a8b.rlib" "/opt/rustwide/target/debug/deps/libcfg_if-61dc7a6799e72b18.rlib" "/opt/rustwide/target/debug/deps/libsmallvec-33da69ee6a49df81.rlib" "/opt/rustwide/target/debug/deps/liblock_api-1d880aae03a79431.rlib" "/opt/rustwide/target/debug/deps/libscopeguard-b35f5c652940acc2.rlib" "/opt/rustwide/target/debug/deps/libzstd_sys-b115227489dba9aa.rlib" "/opt/rustwide/target/debug/deps/liblibz_sys-af73a825ca0bf622.rlib" "/opt/rustwide/target/debug/deps/liblz4_sys-3e0e0ea9d4a32ce3.rlib" "/opt/rustwide/target/debug/deps/liblibc-eb440e55dfb137ff.rlib" "/opt/rustwide/rustup-home/toolchains/1.75.0-x86_64-unknown-linux-gnu/lib/rustlib/x86_64-unknown-linux-gnu/lib/libstd-90f6ddbf82de36ec.rlib" "/opt/rustwide/rustup-home/toolchains/1.75.0-x86_64-unknown-linux-gnu/lib/rustlib/x86_64-unknown-linux-gnu/lib/libpanic_unwind-480c41e9d4e1f677.rlib" "/opt/rustwide/rustup-home/toolchains/1.75.0-x86_64-unknown-linux-gnu/lib/rustlib/x86_64-unknown-linux-gnu/lib/libobject-db744c0ca03eed1d.rlib" "/opt/rustwide/rustup-home/toolchains/1.75.0-x86_64-unknown-linux-gnu/lib/rustlib/x86_64-unknown-linux-gnu/lib/libmemchr-8ba652dc7d4b285a.rlib" "/opt/rustwide/rustup-home/toolchains/1.75.0-x86_64-unknown-linux-gnu/lib/rustlib/x86_64-unknown-linux-gnu/lib/libaddr2line-d5f4520a9ebc0d58.rlib" "/opt/rustwide/rustup-home/toolchains/1.75.0-x86_64-unknown-linux-gnu/lib/rustlib/x86_64-unknown-linux-gnu/lib/libgimli-4ad84de58f0cb463.rlib" "/opt/rustwide/rustup-home/toolchains/1.75.0-x86_64-unknown-linux-gnu/lib/rustlib/x86_64-unknown-linux-gnu/lib/librustc_demangle-0d10aae2e0f38735.rlib" "/opt/rustwide/rustup-home/toolchains/1.75.0-x86_64-unknown-linux-gnu/lib/rustlib/x86_64-unknown-linux-gnu/lib/libstd_detect-0c17cff739e6745b.rlib" "/opt/rustwide/rustup-home/toolchains/1.75.0-x86_64-unknown-linux-gnu/lib/rustlib/x86_64-unknown-linux-gnu/lib/libhashbrown-b29e17139dde1aa8.rlib" "/opt/rustwide/rustup-home/toolchains/1.75.0-x86_64-unknown-linux-gnu/lib/rustlib/x86_64-unknown-linux-gnu/lib/librustc_std_workspace_alloc-1f975299829cc7bd.rlib" "/opt/rustwide/rustup-home/toolchains/1.75.0-x86_64-unknown-linux-gnu/lib/rustlib/x86_64-unknown-linux-gnu/lib/libminiz_oxide-86bae3bc3079f89b.rlib" "/opt/rustwide/rustup-home/toolchains/1.75.0-x86_64-unknown-linux-gnu/lib/rustlib/x86_64-unknown-linux-gnu/lib/libadler-321b82c30dffdf5f.rlib" "/opt/rustwide/rustup-home/toolchains/1.75.0-x86_64-unknown-linux-gnu/lib/rustlib/x86_64-unknown-linux-gnu/lib/libunwind-3dd8a6810a0bdfef.rlib" "/opt/rustwide/rustup-home/toolchains/1.75.0-x86_64-unknown-linux-gnu/lib/rustlib/x86_64-unknown-linux-gnu/lib/libcfg_if-eb39a61c0c879984.rlib" "/opt/rustwide/rustup-home/toolchains/1.75.0-x86_64-unknown-linux-gnu/lib/rustlib/x86_64-unknown-linux-gnu/lib/liblibc-aa769569f91c3548.rlib" "/opt/rustwide/rustup-home/toolchains/1.75.0-x86_64-unknown-linux-gnu/lib/rustlib/x86_64-unknown-linux-gnu/lib/liballoc-510a192a50a983ed.rlib" "/opt/rustwide/rustup-home/toolchains/1.75.0-x86_64-unknown-linux-gnu/lib/rustlib/x86_64-unknown-linux-gnu/lib/librustc_std_workspace_core-0577018320f99037.rlib" "/opt/rustwide/rustup-home/toolchains/1.75.0-x86_64-unknown-linux-gnu/lib/rustlib/x86_64-unknown-linux-gnu/lib/libcore-193cf992125ccd4c.rlib" "/opt/rustwide/rustup-home/toolchains/1.75.0-x86_64-unknown-linux-gnu/lib/rustlib/x86_64-unknown-linux-gnu/lib/libcompiler_builtins-8e138eaf26ebb4a8.rlib" "-Wl,-Bdynamic" "-lz" "-lgcc_s" "-lutil" "-lrt" "-lpthread" "-lm" "-ldl" "-lc" "-Wl,--eh-frame-hdr" "-Wl,-z,noexecstack" "-L" "/opt/rustwide/rustup-home/toolchains/1.75.0-x86_64-unknown-linux-gnu/lib/rustlib/x86_64-unknown-linux-gnu/lib" "-o" "/tmp/rustdoctestjzenvk/rust_out" "-Wl,--gc-sections" "-pie" "-Wl,-z,relro,-z,now" "-nodefaultlibs"
[INFO] [stdout]   = note: collect2: fatal error: ld terminated with signal 9 [Killed]
[INFO] [stdout]           compilation terminated.
[INFO] [stdout]           
[INFO] [stdout] 
[INFO] [stdout] error: aborting due to previous error
[INFO] [stdout] 
[INFO] [stdout] Couldn't compile the test.
[INFO] [stdout] 
[INFO] [stdout] failures:
[INFO] [stdout]     src/lsmdb.rs - lsmdb::LsmDb::delete (line 555)
[INFO] [stdout] 
[INFO] [stdout] test result: FAILED. 10 passed; 1 failed; 0 ignored; 0 measured; 0 filtered out; finished in 6.47s
[INFO] [stdout] 
[INFO] [stderr] error: doctest failed, to rerun pass `--doc`
[INFO] running `Command { std: "docker" "inspect" "62e83aec952e5d80244514af23c752c3d4d39c312358d970daadae1990d7e967", kill_on_drop: false }`
[INFO] running `Command { std: "docker" "rm" "-f" "62e83aec952e5d80244514af23c752c3d4d39c312358d970daadae1990d7e967", kill_on_drop: false }`
[INFO] [stdout] 62e83aec952e5d80244514af23c752c3d4d39c312358d970daadae1990d7e967
[INFO] testing lsmlite-rs-0.1.0 against beta-2023-12-22 for beta-1.76-1
[INFO] extracting crate lsmlite-rs 0.1.0 into /workspace/builds/worker-2-tc2/source
[INFO] validating manifest of crates.io crate lsmlite-rs 0.1.0 on toolchain beta-2023-12-22
[INFO] running `Command { std: CARGO_HOME="/workspace/cargo-home" RUSTUP_HOME="/workspace/rustup-home" "/workspace/cargo-home/bin/cargo" "+beta-2023-12-22" "metadata" "--manifest-path" "Cargo.toml" "--no-deps", kill_on_drop: false }`
[INFO] started tweaking crates.io crate lsmlite-rs 0.1.0
[INFO] finished tweaking crates.io crate lsmlite-rs 0.1.0
[INFO] tweaked toml for crates.io crate lsmlite-rs 0.1.0 written to /workspace/builds/worker-2-tc2/source/Cargo.toml
[INFO] crate crates.io crate lsmlite-rs 0.1.0 already has a lockfile, it will not be regenerated
[INFO] running `Command { std: CARGO_HOME="/workspace/cargo-home" RUSTUP_HOME="/workspace/rustup-home" "/workspace/cargo-home/bin/cargo" "+beta-2023-12-22" "fetch" "--manifest-path" "Cargo.toml", kill_on_drop: false }`
[INFO] [stderr] warning: version requirement `2.0.7+zstd.1.5.4` for dependency `zstd-sys` includes semver metadata which will be ignored, removing the metadata is recommended to avoid confusion
[INFO] running `Command { std: "docker" "create" "-v" "/var/lib/crater-agent-workspace/builds/worker-2-tc2/target:/opt/rustwide/target:rw,Z" "-v" "/var/lib/crater-agent-workspace/builds/worker-2-tc2/source:/opt/rustwide/workdir:ro,Z" "-v" "/var/lib/crater-agent-workspace/cargo-home:/opt/rustwide/cargo-home:ro,Z" "-v" "/var/lib/crater-agent-workspace/rustup-home:/opt/rustwide/rustup-home:ro,Z" "-e" "SOURCE_DIR=/opt/rustwide/workdir" "-e" "CARGO_TARGET_DIR=/opt/rustwide/target" "-e" "CARGO_HOME=/opt/rustwide/cargo-home" "-e" "RUSTUP_HOME=/opt/rustwide/rustup-home" "-w" "/opt/rustwide/workdir" "-m" "1610612736" "--user" "0:0" "--network" "none" "ghcr.io/rust-lang/crates-build-env/linux@sha256:2788e3201cd34a07e3172128adcd8b3090168a8e3bcc40d7c032b9dda1df7d1c" "/opt/rustwide/cargo-home/bin/cargo" "+beta-2023-12-22" "metadata" "--no-deps" "--format-version=1", kill_on_drop: false }`
[INFO] [stdout] 5b897ad3f935516bc33f6e229aedc968ef9984de33ec9494bf4346b746368513
[INFO] running `Command { std: "docker" "start" "-a" "5b897ad3f935516bc33f6e229aedc968ef9984de33ec9494bf4346b746368513", kill_on_drop: false }`
[INFO] running `Command { std: "docker" "inspect" "5b897ad3f935516bc33f6e229aedc968ef9984de33ec9494bf4346b746368513", kill_on_drop: false }`
[INFO] running `Command { std: "docker" "rm" "-f" "5b897ad3f935516bc33f6e229aedc968ef9984de33ec9494bf4346b746368513", kill_on_drop: false }`
[INFO] [stdout] 5b897ad3f935516bc33f6e229aedc968ef9984de33ec9494bf4346b746368513
[INFO] running `Command { std: "docker" "create" "-v" "/var/lib/crater-agent-workspace/builds/worker-2-tc2/target:/opt/rustwide/target:rw,Z" "-v" "/var/lib/crater-agent-workspace/builds/worker-2-tc2/source:/opt/rustwide/workdir:ro,Z" "-v" "/var/lib/crater-agent-workspace/cargo-home:/opt/rustwide/cargo-home:ro,Z" "-v" "/var/lib/crater-agent-workspace/rustup-home:/opt/rustwide/rustup-home:ro,Z" "-e" "SOURCE_DIR=/opt/rustwide/workdir" "-e" "CARGO_TARGET_DIR=/opt/rustwide/target" "-e" "CARGO_INCREMENTAL=0" "-e" "RUST_BACKTRACE=full" "-e" "RUSTFLAGS=--cap-lints=warn" "-e" "RUSTDOCFLAGS=--cap-lints=warn" "-e" "CARGO_HOME=/opt/rustwide/cargo-home" "-e" "RUSTUP_HOME=/opt/rustwide/rustup-home" "-w" "/opt/rustwide/workdir" "-m" "1610612736" "--user" "0:0" "--network" "none" "ghcr.io/rust-lang/crates-build-env/linux@sha256:2788e3201cd34a07e3172128adcd8b3090168a8e3bcc40d7c032b9dda1df7d1c" "/opt/rustwide/cargo-home/bin/cargo" "+beta-2023-12-22" "build" "--frozen" "--message-format=json", kill_on_drop: false }`
[INFO] [stdout] f30065fb0d77f7067995d584fbb12186a1941f9924b93cfb4bbca51445a016ec
[INFO] running `Command { std: "docker" "start" "-a" "f30065fb0d77f7067995d584fbb12186a1941f9924b93cfb4bbca51445a016ec", kill_on_drop: false }`
[INFO] [stderr] warning: version requirement `2.0.7+zstd.1.5.4` for dependency `zstd-sys` includes semver metadata which will be ignored, removing the metadata is recommended to avoid confusion
[INFO] [stderr]    Compiling libc v0.2.147
[INFO] [stderr]    Compiling proc-macro2 v1.0.64
[INFO] [stderr]    Compiling quote v1.0.29
[INFO] [stderr]    Compiling unicode-ident v1.0.10
[INFO] [stderr]    Compiling pkg-config v0.3.27
[INFO] [stderr]    Compiling parking_lot_core v0.9.8
[INFO] [stderr]    Compiling protobuf v2.28.0
[INFO] [stderr]    Compiling thiserror v1.0.43
[INFO] [stderr]    Compiling smallvec v1.11.0
[INFO] [stderr]    Compiling once_cell v1.18.0
[INFO] [stderr]    Compiling prometheus v0.13.3
[INFO] [stderr]    Compiling serde v1.0.171
[INFO] [stderr]    Compiling lock_api v0.4.10
[INFO] [stderr]    Compiling log v0.4.19
[INFO] [stderr]    Compiling pin-project-lite v0.2.10
[INFO] [stderr]    Compiling tracing-core v0.1.31
[INFO] [stderr]    Compiling syn v2.0.25
[INFO] [stderr]    Compiling jobserver v0.1.26
[INFO] [stderr]    Compiling cc v1.0.79
[INFO] [stderr]    Compiling parking_lot v0.12.1
[INFO] [stderr]    Compiling lz4-sys v1.9.4
[INFO] [stderr]    Compiling libz-sys v1.1.9
[INFO] [stderr]    Compiling zstd-sys v2.0.8+zstd.1.5.5
[INFO] [stderr]    Compiling lsmlite-rs v0.1.0 (/opt/rustwide/workdir)
[INFO] [stderr]    Compiling thiserror-impl v1.0.43
[INFO] [stderr]    Compiling tracing-attributes v0.1.26
[INFO] [stderr]    Compiling serde_derive v1.0.171
[INFO] [stderr]    Compiling tracing v0.1.37
[INFO] [stderr]     Finished dev [unoptimized + debuginfo] target(s) in 9.58s
[INFO] running `Command { std: "docker" "inspect" "f30065fb0d77f7067995d584fbb12186a1941f9924b93cfb4bbca51445a016ec", kill_on_drop: false }`
[INFO] running `Command { std: "docker" "rm" "-f" "f30065fb0d77f7067995d584fbb12186a1941f9924b93cfb4bbca51445a016ec", kill_on_drop: false }`
[INFO] [stdout] f30065fb0d77f7067995d584fbb12186a1941f9924b93cfb4bbca51445a016ec
[INFO] running `Command { std: "docker" "create" "-v" "/var/lib/crater-agent-workspace/builds/worker-2-tc2/target:/opt/rustwide/target:rw,Z" "-v" "/var/lib/crater-agent-workspace/builds/worker-2-tc2/source:/opt/rustwide/workdir:ro,Z" "-v" "/var/lib/crater-agent-workspace/cargo-home:/opt/rustwide/cargo-home:ro,Z" "-v" "/var/lib/crater-agent-workspace/rustup-home:/opt/rustwide/rustup-home:ro,Z" "-e" "SOURCE_DIR=/opt/rustwide/workdir" "-e" "CARGO_TARGET_DIR=/opt/rustwide/target" "-e" "CARGO_INCREMENTAL=0" "-e" "RUST_BACKTRACE=full" "-e" "RUSTFLAGS=--cap-lints=warn" "-e" "RUSTDOCFLAGS=--cap-lints=warn" "-e" "CARGO_HOME=/opt/rustwide/cargo-home" "-e" "RUSTUP_HOME=/opt/rustwide/rustup-home" "-w" "/opt/rustwide/workdir" "-m" "1610612736" "--user" "0:0" "--network" "none" "ghcr.io/rust-lang/crates-build-env/linux@sha256:2788e3201cd34a07e3172128adcd8b3090168a8e3bcc40d7c032b9dda1df7d1c" "/opt/rustwide/cargo-home/bin/cargo" "+beta-2023-12-22" "test" "--frozen" "--no-run" "--message-format=json", kill_on_drop: false }`
[INFO] [stdout] 75ad0b3ef255906a0e876aa007c873e0295de7a2234585552055ec500c3e4b85
[INFO] running `Command { std: "docker" "start" "-a" "75ad0b3ef255906a0e876aa007c873e0295de7a2234585552055ec500c3e4b85", kill_on_drop: false }`
[INFO] [stderr] warning: version requirement `2.0.7+zstd.1.5.4` for dependency `zstd-sys` includes semver metadata which will be ignored, removing the metadata is recommended to avoid confusion
[INFO] [stderr]    Compiling libc v0.2.147
[INFO] [stderr]    Compiling syn v1.0.109
[INFO] [stderr]    Compiling log v0.4.19
[INFO] [stderr]    Compiling tracing-core v0.1.31
[INFO] [stderr]    Compiling anyhow v1.0.71
[INFO] [stderr]    Compiling memoffset v0.7.1
[INFO] [stderr]    Compiling regex-syntax v0.6.29
[INFO] [stderr]    Compiling regex-syntax v0.7.4
[INFO] [stderr]    Compiling itertools v0.10.5
[INFO] [stderr]    Compiling overload v0.1.1
[INFO] [stderr]    Compiling thread_local v1.1.7
[INFO] [stderr]    Compiling sharded-slab v0.1.4
[INFO] [stderr]    Compiling iana-time-zone v0.1.57
[INFO] [stderr]    Compiling bytes v1.4.0
[INFO] [stderr]    Compiling md5 v0.7.0
[INFO] [stderr]    Compiling nu-ansi-term v0.46.0
[INFO] [stderr]    Compiling tracing v0.1.37
[INFO] [stderr]    Compiling tracing-log v0.1.3
[INFO] [stderr]    Compiling jobserver v0.1.26
[INFO] [stderr]    Compiling cc v1.0.79
[INFO] [stderr]    Compiling regex-automata v0.3.3
[INFO] [stderr]    Compiling zstd-sys v2.0.8+zstd.1.5.5
[INFO] [stderr]    Compiling libz-sys v1.1.9
[INFO] [stderr]    Compiling lz4-sys v1.9.4
[INFO] [stderr]    Compiling lsmlite-rs v0.1.0 (/opt/rustwide/workdir)
[INFO] [stderr]    Compiling getrandom v0.2.10
[INFO] [stderr]    Compiling parking_lot_core v0.9.8
[INFO] [stderr]    Compiling time v0.1.45
[INFO] [stderr]    Compiling nix v0.26.2
[INFO] [stderr]    Compiling rand_core v0.6.4
[INFO] [stderr]    Compiling parking_lot v0.12.1
[INFO] [stderr]    Compiling regex-automata v0.1.10
[INFO] [stderr]    Compiling chrono v0.4.26
[INFO] [stderr]    Compiling rand_chacha v0.3.1
[INFO] [stderr]    Compiling rand_mt v4.2.2
[INFO] [stderr]    Compiling prometheus v0.13.3
[INFO] [stderr]    Compiling rand v0.8.5
[INFO] [stderr]    Compiling matchers v0.1.0
[INFO] [stderr]    Compiling regex v1.9.1
[INFO] [stderr]    Compiling prost-derive v0.11.9
[INFO] [stderr]    Compiling tracing-subscriber v0.3.17
[INFO] [stderr]    Compiling prost v0.11.9
[INFO] [stderr]     Finished test [unoptimized + debuginfo] target(s) in 10.60s
[INFO] running `Command { std: "docker" "inspect" "75ad0b3ef255906a0e876aa007c873e0295de7a2234585552055ec500c3e4b85", kill_on_drop: false }`
[INFO] running `Command { std: "docker" "rm" "-f" "75ad0b3ef255906a0e876aa007c873e0295de7a2234585552055ec500c3e4b85", kill_on_drop: false }`
[INFO] [stdout] 75ad0b3ef255906a0e876aa007c873e0295de7a2234585552055ec500c3e4b85
[INFO] running `Command { std: "docker" "create" "-v" "/var/lib/crater-agent-workspace/builds/worker-2-tc2/target:/opt/rustwide/target:rw,Z" "-v" "/var/lib/crater-agent-workspace/builds/worker-2-tc2/source:/opt/rustwide/workdir:ro,Z" "-v" "/var/lib/crater-agent-workspace/cargo-home:/opt/rustwide/cargo-home:ro,Z" "-v" "/var/lib/crater-agent-workspace/rustup-home:/opt/rustwide/rustup-home:ro,Z" "-e" "SOURCE_DIR=/opt/rustwide/workdir" "-e" "CARGO_TARGET_DIR=/opt/rustwide/target" "-e" "CARGO_INCREMENTAL=0" "-e" "RUST_BACKTRACE=full" "-e" "RUSTFLAGS=--cap-lints=warn" "-e" "RUSTDOCFLAGS=--cap-lints=warn" "-e" "CARGO_HOME=/opt/rustwide/cargo-home" "-e" "RUSTUP_HOME=/opt/rustwide/rustup-home" "-w" "/opt/rustwide/workdir" "-m" "1610612736" "--user" "0:0" "--network" "none" "ghcr.io/rust-lang/crates-build-env/linux@sha256:2788e3201cd34a07e3172128adcd8b3090168a8e3bcc40d7c032b9dda1df7d1c" "/opt/rustwide/cargo-home/bin/cargo" "+beta-2023-12-22" "test" "--frozen", kill_on_drop: false }`
[INFO] [stdout] b5a9a8299d69958a16cee99e7905940391c0bb7c4d7b386e40a6e9485c0ecec9
[INFO] running `Command { std: "docker" "start" "-a" "b5a9a8299d69958a16cee99e7905940391c0bb7c4d7b386e40a6e9485c0ecec9", kill_on_drop: false }`
[INFO] [stderr] warning: version requirement `2.0.7+zstd.1.5.4` for dependency `zstd-sys` includes semver metadata which will be ignored, removing the metadata is recommended to avoid confusion
[INFO] [stderr]     Finished test [unoptimized + debuginfo] target(s) in 0.11s
[INFO] [stderr]      Running unittests src/lib.rs (/opt/rustwide/target/debug/deps/lsmlite_rs-95b7491914f69f63)
[INFO] [stdout] 
[INFO] [stdout] running 39 tests
[INFO] [stdout] test tests::lsm_initialization_fails_with_non_c_string ... ok
[INFO] [stdout] test tests::lsm_rust_bindings_with_not_yet_initialized_db ... ok
[INFO] [stdout] test tests::lsm_cursor_automatic_drop ... ok
[INFO] [stdout] test tests::lsm_handle_automatic_drop ... ok
[INFO] [stdout] test tests::lsm_rust_bindings_multiple_dbs_grpc_blobs ... ok
[INFO] [stdout] test tests::can_work_with_empty_metrics_no_background_threads ... ok
[INFO] [stdout] test tests::can_work_with_empty_metrics_with_background_checkpointer ... ok
[INFO] [stdout] test tests::lsm_no_concurrent_writers_no_background_threads ... ok
[INFO] [stdout] test tests::can_work_with_compressed_db_with_background_checkpointer ... ok
[INFO] [stdout] test tests::can_work_with_empty_metrics_with_background_merger ... ok
[INFO] [stdout] test tests::cannot_open_with_different_compression ... ok
[INFO] [stdout] test tests::can_work_with_compressed_db_with_background_merger ... ok
[INFO] [stdout] test tests::test_try_from_compression_lib ... ok
[INFO] [stdout] test tests::test_try_from_error_code ... ok
[INFO] [stdout] test tests::test_try_from_info ... ok
[INFO] [stdout] test tests::test_try_from_mode ... ok
[INFO] [stdout] test tests::test_try_from_param ... ok
[INFO] [stdout] test tests::test_try_from_safety ... ok
[INFO] [stdout] test tests::test_try_from_seek_op ... ok
[INFO] [stdout] test tests::open_file_in_read_only_mode ... ok
[INFO] [stdout] test tests::open_compressed_file_in_read_only_mode ... ok
[INFO] [stdout] test tests::transactions_rollback ... ok
[INFO] [stdout] test tests::transactions_commit ... ok
[INFO] [stdout] test threads::tests::create_background_thread_checkpointer ... ok
[INFO] [stdout] test tests::lsm_whole_rust_bindings_multiple_compressed_zlib_non_optimized_dbs ... ok
[INFO] [stdout] test tests::lsm_whole_rust_bindings_multiple_compressed_lz4_non_optimized_dbs ... ok
[INFO] [stdout] test tests::lsm_whole_rust_bindings_multiple_compressed_lz4_optimized_dbs ... ok
[INFO] [stdout] test tests::lsm_whole_rust_bindings_multiple_compressed_zstd_non_optimized_dbs ... ok
[INFO] [stdout] test threads::tests::create_background_thread_with_no_thread ... ok
[INFO] [stdout] test tests::lsm_whole_rust_bindings_multiple_non_optimized_dbs ... ok
[INFO] [stdout] test tests::lsm_whole_rust_bindings_multiple_optimized_dbs ... ok
[INFO] [stdout] test tests::lsm_whole_rust_bindings_multiple_compressed_zlib_optimized_dbs ... ok
[INFO] [stdout] test tests::lsm_whole_rust_bindings_multiple_compressed_zstd_optimized_dbs ... ok
[INFO] [stdout] test threads::tests::create_background_thread_merger ... ok
[INFO] [stdout] test tests::lsm_whole_rust_bindings_multiple_empty_dbs ... ok
[INFO] [stdout] test tests::lsm_multiple_writers_interlaced ... ok
[INFO] [stdout] test tests::lsm_open_close_multiple_times ... ok
[INFO] [stdout] test tests::lsm_bg_checkpointer_and_merger_in_one ... ok
[INFO] [stdout] test tests::lsm_bg_checkpointer_only ... ok
[INFO] [stdout] 
[INFO] [stdout] test result: ok. 39 passed; 0 failed; 0 ignored; 0 measured; 0 filtered out; finished in 6.19s
[INFO] [stdout] 
[INFO] [stderr]    Doc-tests lsmlite-rs
[INFO] [stdout] 
[INFO] [stdout] running 11 tests
[INFO] [stdout] test src/lsmdb.rs - lsmdb::LsmDb::delete (line 555) ... FAILED
[INFO] [stdout] test src/lsmdb.rs - lsmdb::LsmDb::initialize (line 109) ... ok
[INFO] [stdout] test src/lib.rs - DbConf::new_with_parameters (line 73) ... ok
[INFO] [stdout] test src/lsmdb.rs - lsmdb::LsmDb::cursor_open (line 742) ... ok
[INFO] [stdout] test src/lsmdb.rs - lsmdb::LsmDb::connect (line 164) ... ok
[INFO] [stdout] test src/lsmdb.rs - lsmdb::LsmCursor<'_>::last (line 911) ... ok
[INFO] [stdout] test src/lsmdb.rs - lsmdb::LsmDb::disconnect (line 415) ... ok
[INFO] [stdout] test src/lsmdb.rs - lsmdb::LsmCursor<'_>::first (line 849) ... ok
[INFO] [stdout] test src/lib.rs - (line 60) ... ok
[INFO] [stdout] test src/lsmdb.rs - lsmdb::LsmCursor<'_>::compare (line 1103) ... ok
[INFO] [stdout] test src/lsmdb.rs - lsmdb::LsmDb::persist (line 471) ... ok
[INFO] [stdout] 
[INFO] [stdout] failures:
[INFO] [stdout] 
[INFO] [stdout] ---- src/lsmdb.rs - lsmdb::LsmDb::delete (line 555) stdout ----
[INFO] [stdout] error: linking with `cc` failed: exit status: 1
[INFO] [stdout]   |
[INFO] [stdout]   = note: LC_ALL="C" PATH="/opt/rustwide/rustup-home/toolchains/beta-2023-12-22-x86_64-unknown-linux-gnu/lib/rustlib/x86_64-unknown-linux-gnu/bin:/opt/rustwide/cargo-home/bin:/usr/local/sbin:/usr/local/bin:/usr/sbin:/usr/bin:/sbin:/bin" VSLANG="1033" "cc" "-m64" "/tmp/rustcy63aJG/symbols.o" "/tmp/rustdoctestiVoGiI/rust_out.rust_out.1380c8ea7c88b8e2-cgu.0.rcgu.o" "/tmp/rustdoctestiVoGiI/rust_out.3lr6z6385pynyhem.rcgu.o" "-Wl,--as-needed" "-L" "/opt/rustwide/target/debug/deps" "-L" "/opt/rustwide/target/debug/deps" "-L" "/opt/rustwide/target/debug/build/lsmlite-rs-dd5ad2dd3703b74f/out" "-L" "/opt/rustwide/target/debug/build/lz4-sys-0f644e27a573cd80/out" "-L" "/opt/rustwide/target/debug/build/zstd-sys-20a289cac3fb4ad3/out" "-L" "/opt/rustwide/rustup-home/toolchains/beta-2023-12-22-x86_64-unknown-linux-gnu/lib/rustlib/x86_64-unknown-linux-gnu/lib" "-Wl,-Bstatic" "/opt/rustwide/target/debug/deps/librand-4852388b83343660.rlib" "/opt/rustwide/target/debug/deps/librand_chacha-664f6f9ba44dab1b.rlib" "/opt/rustwide/target/debug/deps/libppv_lite86-db48c90fa293bcfe.rlib" "/opt/rustwide/target/debug/deps/librand_core-5a9ed4b6b3d1b199.rlib" "/opt/rustwide/target/debug/deps/libgetrandom-8b22c2a8d664de18.rlib" "/opt/rustwide/target/debug/deps/liblsmlite_rs-ce0c7ef8e30b2b26.rlib" "/opt/rustwide/target/debug/deps/libtracing-5ea5b49ceb6cf0ab.rlib" "/opt/rustwide/target/debug/deps/liblog-90a4b5d311f95e9e.rlib" "/opt/rustwide/target/debug/deps/libpin_project_lite-23aadfaee78182df.rlib" "/opt/rustwide/target/debug/deps/libtracing_core-1799cab8498675d8.rlib" "/opt/rustwide/target/debug/deps/libonce_cell-728f13abc4f8cf5f.rlib" "/opt/rustwide/target/debug/deps/libserde-b378b1f8c42f0129.rlib" "/opt/rustwide/target/debug/deps/libprometheus-ff04e347f6713ec2.rlib" "/opt/rustwide/target/debug/deps/libmemchr-33d05ae5bba76030.rlib" "/opt/rustwide/target/debug/deps/liblazy_static-efa3519517df6cf0.rlib" "/opt/rustwide/target/debug/deps/libthiserror-6adb2a35ec1f333d.rlib" "/opt/rustwide/target/debug/deps/libprotobuf-37fd824d46e9dee1.rlib" "/opt/rustwide/target/debug/deps/libfnv-953831fe314029b4.rlib" "/opt/rustwide/target/debug/deps/libparking_lot-2667e40de63b5137.rlib" "/opt/rustwide/target/debug/deps/libparking_lot_core-ad2d49563d597ea9.rlib" "/opt/rustwide/target/debug/deps/libcfg_if-e7002d307f97bc56.rlib" "/opt/rustwide/target/debug/deps/libsmallvec-e3d8269c0db97757.rlib" "/opt/rustwide/target/debug/deps/liblock_api-ad8b138aaff071bc.rlib" "/opt/rustwide/target/debug/deps/libscopeguard-31f1b56a39f2a372.rlib" "/opt/rustwide/target/debug/deps/libzstd_sys-b2868490aa945299.rlib" "/opt/rustwide/target/debug/deps/liblibz_sys-c199c64d2635a396.rlib" "/opt/rustwide/target/debug/deps/liblz4_sys-595d230652fa731d.rlib" "/opt/rustwide/target/debug/deps/liblibc-28cb6a1af7d75d80.rlib" "/opt/rustwide/rustup-home/toolchains/beta-2023-12-22-x86_64-unknown-linux-gnu/lib/rustlib/x86_64-unknown-linux-gnu/lib/libstd-0672489a78b613de.rlib" "/opt/rustwide/rustup-home/toolchains/beta-2023-12-22-x86_64-unknown-linux-gnu/lib/rustlib/x86_64-unknown-linux-gnu/lib/libpanic_unwind-7eb3ffc34a49f675.rlib" "/opt/rustwide/rustup-home/toolchains/beta-2023-12-22-x86_64-unknown-linux-gnu/lib/rustlib/x86_64-unknown-linux-gnu/lib/libobject-6478a9daa4bee8e2.rlib" "/opt/rustwide/rustup-home/toolchains/beta-2023-12-22-x86_64-unknown-linux-gnu/lib/rustlib/x86_64-unknown-linux-gnu/lib/libmemchr-0c75d871a5c3923d.rlib" "/opt/rustwide/rustup-home/toolchains/beta-2023-12-22-x86_64-unknown-linux-gnu/lib/rustlib/x86_64-unknown-linux-gnu/lib/libaddr2line-d163ef63ad37bb71.rlib" "/opt/rustwide/rustup-home/toolchains/beta-2023-12-22-x86_64-unknown-linux-gnu/lib/rustlib/x86_64-unknown-linux-gnu/lib/libgimli-8a3fd810a85b9f4c.rlib" "/opt/rustwide/rustup-home/toolchains/beta-2023-12-22-x86_64-unknown-linux-gnu/lib/rustlib/x86_64-unknown-linux-gnu/lib/librustc_demangle-462a2cde8c5dfc10.rlib" "/opt/rustwide/rustup-home/toolchains/beta-2023-12-22-x86_64-unknown-linux-gnu/lib/rustlib/x86_64-unknown-linux-gnu/lib/libstd_detect-cb06ac9f54713f71.rlib" "/opt/rustwide/rustup-home/toolchains/beta-2023-12-22-x86_64-unknown-linux-gnu/lib/rustlib/x86_64-unknown-linux-gnu/lib/libhashbrown-f20bfd1f8e59b393.rlib" "/opt/rustwide/rustup-home/toolchains/beta-2023-12-22-x86_64-unknown-linux-gnu/lib/rustlib/x86_64-unknown-linux-gnu/lib/librustc_std_workspace_alloc-1ef460949b49da4b.rlib" "/opt/rustwide/rustup-home/toolchains/beta-2023-12-22-x86_64-unknown-linux-gnu/lib/rustlib/x86_64-unknown-linux-gnu/lib/libminiz_oxide-2cb0c0ffe4f87514.rlib" "/opt/rustwide/rustup-home/toolchains/beta-2023-12-22-x86_64-unknown-linux-gnu/lib/rustlib/x86_64-unknown-linux-gnu/lib/libadler-58d841eb322a11a2.rlib" "/opt/rustwide/rustup-home/toolchains/beta-2023-12-22-x86_64-unknown-linux-gnu/lib/rustlib/x86_64-unknown-linux-gnu/lib/libunwind-aa2ae0b0a9d11533.rlib" "/opt/rustwide/rustup-home/toolchains/beta-2023-12-22-x86_64-unknown-linux-gnu/lib/rustlib/x86_64-unknown-linux-gnu/lib/libcfg_if-23874e15830ed336.rlib" "/opt/rustwide/rustup-home/toolchains/beta-2023-12-22-x86_64-unknown-linux-gnu/lib/rustlib/x86_64-unknown-linux-gnu/lib/liblibc-e47cddc003bce885.rlib" "/opt/rustwide/rustup-home/toolchains/beta-2023-12-22-x86_64-unknown-linux-gnu/lib/rustlib/x86_64-unknown-linux-gnu/lib/liballoc-c22b13b48a8f128e.rlib" "/opt/rustwide/rustup-home/toolchains/beta-2023-12-22-x86_64-unknown-linux-gnu/lib/rustlib/x86_64-unknown-linux-gnu/lib/librustc_std_workspace_core-e46bc3da6d7c462f.rlib" "/opt/rustwide/rustup-home/toolchains/beta-2023-12-22-x86_64-unknown-linux-gnu/lib/rustlib/x86_64-unknown-linux-gnu/lib/libcore-8d1ac131d3cb2645.rlib" "/opt/rustwide/rustup-home/toolchains/beta-2023-12-22-x86_64-unknown-linux-gnu/lib/rustlib/x86_64-unknown-linux-gnu/lib/libcompiler_builtins-a1b43df8c6899c1f.rlib" "-Wl,-Bdynamic" "-lz" "-lgcc_s" "-lutil" "-lrt" "-lpthread" "-lm" "-ldl" "-lc" "-Wl,--eh-frame-hdr" "-Wl,-z,noexecstack" "-L" "/opt/rustwide/rustup-home/toolchains/beta-2023-12-22-x86_64-unknown-linux-gnu/lib/rustlib/x86_64-unknown-linux-gnu/lib" "-o" "/tmp/rustdoctestiVoGiI/rust_out" "-Wl,--gc-sections" "-pie" "-Wl,-z,relro,-z,now" "-nodefaultlibs"
[INFO] [stdout]   = note: collect2: fatal error: ld terminated with signal 9 [Killed]
[INFO] [stdout]           compilation terminated.
[INFO] [stdout]           
[INFO] [stdout] 
[INFO] [stdout] error: aborting due to 1 previous error
[INFO] [stdout] 
[INFO] [stdout] Couldn't compile the test.
[INFO] [stdout] 
[INFO] [stdout] failures:
[INFO] [stdout]     src/lsmdb.rs - lsmdb::LsmDb::delete (line 555)
[INFO] [stdout] 
[INFO] [stdout] test result: FAILED. 10 passed; 1 failed; 0 ignored; 0 measured; 0 filtered out; finished in 3.94s
[INFO] [stdout] 
[INFO] [stderr] error: doctest failed, to rerun pass `--doc`
[INFO] running `Command { std: "docker" "inspect" "b5a9a8299d69958a16cee99e7905940391c0bb7c4d7b386e40a6e9485c0ecec9", kill_on_drop: false }`
[INFO] running `Command { std: "docker" "rm" "-f" "b5a9a8299d69958a16cee99e7905940391c0bb7c4d7b386e40a6e9485c0ecec9", kill_on_drop: false }`
[INFO] [stdout] b5a9a8299d69958a16cee99e7905940391c0bb7c4d7b386e40a6e9485c0ecec9
