[INFO] fetching crate lrn 0.2.0...
[INFO] testing lrn-0.2.0 against 1.75.0 for beta-1.76-1
[INFO] extracting crate lrn 0.2.0 into /workspace/builds/worker-0-tc1/source
[INFO] validating manifest of crates.io crate lrn 0.2.0 on toolchain 1.75.0
[INFO] running `Command { std: CARGO_HOME="/workspace/cargo-home" RUSTUP_HOME="/workspace/rustup-home" "/workspace/cargo-home/bin/cargo" "+1.75.0" "metadata" "--manifest-path" "Cargo.toml" "--no-deps", kill_on_drop: false }`
[INFO] started tweaking crates.io crate lrn 0.2.0
[INFO] finished tweaking crates.io crate lrn 0.2.0
[INFO] tweaked toml for crates.io crate lrn 0.2.0 written to /workspace/builds/worker-0-tc1/source/Cargo.toml
[INFO] crate crates.io crate lrn 0.2.0 already has a lockfile, it will not be regenerated
[INFO] running `Command { std: CARGO_HOME="/workspace/cargo-home" RUSTUP_HOME="/workspace/rustup-home" "/workspace/cargo-home/bin/cargo" "+1.75.0" "fetch" "--manifest-path" "Cargo.toml", kill_on_drop: false }`
[INFO] [stderr]  Downloading crates ...
[INFO] [stderr]   Downloaded ipconfig v0.3.0
[INFO] [stderr]   Downloaded quoted_printable v0.4.5
[INFO] [stderr]   Downloaded ulid v1.0.0
[INFO] [stderr]   Downloaded os_str_bytes v6.3.1
[INFO] [stderr]   Downloaded lettre v0.10.1
[INFO] [stderr]   Downloaded clap v4.0.19
[INFO] [stderr]   Downloaded email-encoding v0.1.3
[INFO] running `Command { std: "docker" "create" "-v" "/var/lib/crater-agent-workspace/builds/worker-0-tc1/target:/opt/rustwide/target:rw,Z" "-v" "/var/lib/crater-agent-workspace/builds/worker-0-tc1/source:/opt/rustwide/workdir:ro,Z" "-v" "/var/lib/crater-agent-workspace/cargo-home:/opt/rustwide/cargo-home:ro,Z" "-v" "/var/lib/crater-agent-workspace/rustup-home:/opt/rustwide/rustup-home:ro,Z" "-e" "SOURCE_DIR=/opt/rustwide/workdir" "-e" "CARGO_TARGET_DIR=/opt/rustwide/target" "-e" "CARGO_HOME=/opt/rustwide/cargo-home" "-e" "RUSTUP_HOME=/opt/rustwide/rustup-home" "-w" "/opt/rustwide/workdir" "-m" "1610612736" "--user" "0:0" "--network" "none" "ghcr.io/rust-lang/crates-build-env/linux@sha256:2788e3201cd34a07e3172128adcd8b3090168a8e3bcc40d7c032b9dda1df7d1c" "/opt/rustwide/cargo-home/bin/cargo" "+1.75.0" "metadata" "--no-deps" "--format-version=1", kill_on_drop: false }`
[INFO] [stdout] b48c0092074f6046e1db4540a88bbaa0bffb0ac222d14200c7fc057f00e7aff7
[INFO] running `Command { std: "docker" "start" "-a" "b48c0092074f6046e1db4540a88bbaa0bffb0ac222d14200c7fc057f00e7aff7", kill_on_drop: false }`
[INFO] running `Command { std: "docker" "inspect" "b48c0092074f6046e1db4540a88bbaa0bffb0ac222d14200c7fc057f00e7aff7", kill_on_drop: false }`
[INFO] running `Command { std: "docker" "rm" "-f" "b48c0092074f6046e1db4540a88bbaa0bffb0ac222d14200c7fc057f00e7aff7", kill_on_drop: false }`
[INFO] [stdout] b48c0092074f6046e1db4540a88bbaa0bffb0ac222d14200c7fc057f00e7aff7
[INFO] running `Command { std: "docker" "create" "-v" "/var/lib/crater-agent-workspace/builds/worker-0-tc1/target:/opt/rustwide/target:rw,Z" "-v" "/var/lib/crater-agent-workspace/builds/worker-0-tc1/source:/opt/rustwide/workdir:ro,Z" "-v" "/var/lib/crater-agent-workspace/cargo-home:/opt/rustwide/cargo-home:ro,Z" "-v" "/var/lib/crater-agent-workspace/rustup-home:/opt/rustwide/rustup-home:ro,Z" "-e" "SOURCE_DIR=/opt/rustwide/workdir" "-e" "CARGO_TARGET_DIR=/opt/rustwide/target" "-e" "CARGO_INCREMENTAL=0" "-e" "RUST_BACKTRACE=full" "-e" "RUSTFLAGS=--cap-lints=warn" "-e" "RUSTDOCFLAGS=--cap-lints=warn" "-e" "CARGO_HOME=/opt/rustwide/cargo-home" "-e" "RUSTUP_HOME=/opt/rustwide/rustup-home" "-w" "/opt/rustwide/workdir" "-m" "1610612736" "--user" "0:0" "--network" "none" "ghcr.io/rust-lang/crates-build-env/linux@sha256:2788e3201cd34a07e3172128adcd8b3090168a8e3bcc40d7c032b9dda1df7d1c" "/opt/rustwide/cargo-home/bin/cargo" "+1.75.0" "build" "--frozen" "--message-format=json", kill_on_drop: false }`
[INFO] [stdout] 1ca92c0bfa6fd83bf860f1ed5cc6fd4b20b8863efa9f87d26fac5ffc0739b839
[INFO] running `Command { std: "docker" "start" "-a" "1ca92c0bfa6fd83bf860f1ed5cc6fd4b20b8863efa9f87d26fac5ffc0739b839", kill_on_drop: false }`
[INFO] [stderr]    Compiling libc v0.2.137
[INFO] [stderr]    Compiling proc-macro2 v1.0.47
[INFO] [stderr]    Compiling quote v1.0.21
[INFO] [stderr]    Compiling unicode-ident v1.0.5
[INFO] [stderr]    Compiling syn v1.0.103
[INFO] [stderr]    Compiling cfg-if v1.0.0
[INFO] [stderr]    Compiling pkg-config v0.3.26
[INFO] [stderr]    Compiling memchr v2.5.0
[INFO] [stderr]    Compiling log v0.4.17
[INFO] [stderr]    Compiling cc v1.0.76
[INFO] [stderr]    Compiling version_check v0.9.4
[INFO] [stderr]    Compiling tinyvec_macros v0.1.0
[INFO] [stderr]    Compiling once_cell v1.16.0
[INFO] [stderr]    Compiling futures-core v0.3.25
[INFO] [stderr]    Compiling unicode-bidi v0.3.8
[INFO] [stderr]    Compiling slab v0.4.7
[INFO] [stderr]    Compiling pin-project-lite v0.2.9
[INFO] [stderr]    Compiling tinyvec v1.6.0
[INFO] [stderr]    Compiling futures-task v0.3.25
[INFO] [stderr]    Compiling futures-util v0.3.25
[INFO] [stderr]    Compiling heck v0.4.0
[INFO] [stderr]    Compiling ppv-lite86 v0.2.17
[INFO] [stderr]    Compiling lock_api v0.4.9
[INFO] [stderr]    Compiling proc-macro-error-attr v1.0.4
[INFO] [stderr]    Compiling proc-macro-error v1.0.4
[INFO] [stderr]    Compiling tokio v1.21.2
[INFO] [stderr]    Compiling futures-io v0.3.25
[INFO] [stderr]    Compiling parking_lot_core v0.9.4
[INFO] [stderr]    Compiling smallvec v1.10.0
[INFO] [stderr]    Compiling async-trait v0.1.58
[INFO] [stderr]    Compiling matches v0.1.9
[INFO] [stderr]    Compiling foreign-types-shared v0.1.1
[INFO] [stderr]    Compiling openssl v0.10.42
[INFO] [stderr]    Compiling futures-channel v0.3.25
[INFO] [stderr]    Compiling percent-encoding v2.2.0
[INFO] [stderr]    Compiling thiserror v1.0.37
[INFO] [stderr]    Compiling bitflags v1.3.2
[INFO] [stderr]    Compiling match_cfg v0.1.0
[INFO] [stderr]    Compiling foreign-types v0.3.2
[INFO] [stderr]    Compiling libdbus-sys v0.2.5
[INFO] [stderr]    Compiling form_urlencoded v1.1.0
[INFO] [stderr]    Compiling tracing-core v0.1.30
[INFO] [stderr]    Compiling native-tls v0.2.11
[INFO] [stderr]    Compiling scopeguard v1.1.0
[INFO] [stderr]    Compiling bytes v1.2.1
[INFO] [stderr]    Compiling linked-hash-map v0.5.6
[INFO] [stderr]    Compiling os_str_bytes v6.3.1
[INFO] [stderr]    Compiling getrandom v0.2.8
[INFO] [stderr]    Compiling socket2 v0.4.7
[INFO] [stderr]    Compiling unicode-normalization v0.1.22
[INFO] [stderr]    Compiling num_cpus v1.14.0
[INFO] [stderr]    Compiling hostname v0.3.1
[INFO] [stderr]    Compiling mio v0.8.5
[INFO] [stderr]    Compiling rand_core v0.6.4
[INFO] [stderr]    Compiling openssl-probe v0.1.5
[INFO] [stderr]    Compiling minimal-lexical v0.2.1
[INFO] [stderr]    Compiling data-encoding v2.3.2
[INFO] [stderr]    Compiling ipnet v2.5.1
[INFO] [stderr]    Compiling openssl-sys v0.9.77
[INFO] [stderr]    Compiling rand_chacha v0.3.1
[INFO] [stderr]    Compiling base64 v0.13.1
[INFO] [stderr]    Compiling nom v7.1.1
[INFO] [stderr]    Compiling idna v0.2.3
[INFO] [stderr]    Compiling rand v0.8.5
[INFO] [stderr]    Compiling idna v0.3.0
[INFO] [stderr]    Compiling email-encoding v0.1.3
[INFO] [stderr]    Compiling parking_lot v0.12.1
[INFO] [stderr]    Compiling resolv-conf v0.7.0
[INFO] [stderr]    Compiling clap_lex v0.3.0
[INFO] [stderr]    Compiling lru-cache v0.1.2
[INFO] [stderr]    Compiling atty v0.2.14
[INFO] [stderr]    Compiling httpdate v1.0.2
[INFO] [stderr]    Compiling strsim v0.10.0
[INFO] [stderr]    Compiling email_address v0.2.4
[INFO] [stderr]    Compiling url v2.3.1
[INFO] [stderr]    Compiling fastrand v1.8.0
[INFO] [stderr]    Compiling mime v0.3.16
[INFO] [stderr]    Compiling quoted_printable v0.4.5
[INFO] [stderr]    Compiling termcolor v1.1.3
[INFO] [stderr]    Compiling ulid v1.0.0
[INFO] [stderr]    Compiling dbus v0.9.7
[INFO] [stderr]    Compiling tracing-attributes v0.1.23
[INFO] [stderr]    Compiling openssl-macros v0.1.0
[INFO] [stderr]    Compiling thiserror-impl v1.0.37
[INFO] [stderr]    Compiling enum-as-inner v0.5.1
[INFO] [stderr]    Compiling clap_derive v4.0.18
[INFO] [stderr]    Compiling tracing v0.1.37
[INFO] [stderr]    Compiling trust-dns-proto v0.22.0
[INFO] [stderr]    Compiling clap v4.0.19
[INFO] [stderr]    Compiling lettre v0.10.1
[INFO] [stderr]    Compiling trust-dns-resolver v0.22.0
[INFO] [stderr]    Compiling lrn v0.2.0 (/opt/rustwide/workdir)
[INFO] [stderr]     Finished dev [unoptimized + debuginfo] target(s) in 11.74s
[INFO] running `Command { std: "docker" "inspect" "1ca92c0bfa6fd83bf860f1ed5cc6fd4b20b8863efa9f87d26fac5ffc0739b839", kill_on_drop: false }`
[INFO] running `Command { std: "docker" "rm" "-f" "1ca92c0bfa6fd83bf860f1ed5cc6fd4b20b8863efa9f87d26fac5ffc0739b839", kill_on_drop: false }`
[INFO] [stdout] 1ca92c0bfa6fd83bf860f1ed5cc6fd4b20b8863efa9f87d26fac5ffc0739b839
[INFO] running `Command { std: "docker" "create" "-v" "/var/lib/crater-agent-workspace/builds/worker-0-tc1/target:/opt/rustwide/target:rw,Z" "-v" "/var/lib/crater-agent-workspace/builds/worker-0-tc1/source:/opt/rustwide/workdir:ro,Z" "-v" "/var/lib/crater-agent-workspace/cargo-home:/opt/rustwide/cargo-home:ro,Z" "-v" "/var/lib/crater-agent-workspace/rustup-home:/opt/rustwide/rustup-home:ro,Z" "-e" "SOURCE_DIR=/opt/rustwide/workdir" "-e" "CARGO_TARGET_DIR=/opt/rustwide/target" "-e" "CARGO_INCREMENTAL=0" "-e" "RUST_BACKTRACE=full" "-e" "RUSTFLAGS=--cap-lints=warn" "-e" "RUSTDOCFLAGS=--cap-lints=warn" "-e" "CARGO_HOME=/opt/rustwide/cargo-home" "-e" "RUSTUP_HOME=/opt/rustwide/rustup-home" "-w" "/opt/rustwide/workdir" "-m" "1610612736" "--user" "0:0" "--network" "none" "ghcr.io/rust-lang/crates-build-env/linux@sha256:2788e3201cd34a07e3172128adcd8b3090168a8e3bcc40d7c032b9dda1df7d1c" "/opt/rustwide/cargo-home/bin/cargo" "+1.75.0" "test" "--frozen" "--no-run" "--message-format=json", kill_on_drop: false }`
[INFO] [stdout] 79283f8faeef972be8396d92b2a65cfbdd9b66a1fed0ce99a1671c4b5e6390a8
[INFO] running `Command { std: "docker" "start" "-a" "79283f8faeef972be8396d92b2a65cfbdd9b66a1fed0ce99a1671c4b5e6390a8", kill_on_drop: false }`
[INFO] [stderr]    Compiling lrn v0.2.0 (/opt/rustwide/workdir)
[INFO] [stderr]     Finished test [unoptimized + debuginfo] target(s) in 0.80s
[INFO] running `Command { std: "docker" "inspect" "79283f8faeef972be8396d92b2a65cfbdd9b66a1fed0ce99a1671c4b5e6390a8", kill_on_drop: false }`
[INFO] running `Command { std: "docker" "rm" "-f" "79283f8faeef972be8396d92b2a65cfbdd9b66a1fed0ce99a1671c4b5e6390a8", kill_on_drop: false }`
[INFO] [stdout] 79283f8faeef972be8396d92b2a65cfbdd9b66a1fed0ce99a1671c4b5e6390a8
[INFO] running `Command { std: "docker" "create" "-v" "/var/lib/crater-agent-workspace/builds/worker-0-tc1/target:/opt/rustwide/target:rw,Z" "-v" "/var/lib/crater-agent-workspace/builds/worker-0-tc1/source:/opt/rustwide/workdir:ro,Z" "-v" "/var/lib/crater-agent-workspace/cargo-home:/opt/rustwide/cargo-home:ro,Z" "-v" "/var/lib/crater-agent-workspace/rustup-home:/opt/rustwide/rustup-home:ro,Z" "-e" "SOURCE_DIR=/opt/rustwide/workdir" "-e" "CARGO_TARGET_DIR=/opt/rustwide/target" "-e" "CARGO_INCREMENTAL=0" "-e" "RUST_BACKTRACE=full" "-e" "RUSTFLAGS=--cap-lints=warn" "-e" "RUSTDOCFLAGS=--cap-lints=warn" "-e" "CARGO_HOME=/opt/rustwide/cargo-home" "-e" "RUSTUP_HOME=/opt/rustwide/rustup-home" "-w" "/opt/rustwide/workdir" "-m" "1610612736" "--user" "0:0" "--network" "none" "ghcr.io/rust-lang/crates-build-env/linux@sha256:2788e3201cd34a07e3172128adcd8b3090168a8e3bcc40d7c032b9dda1df7d1c" "/opt/rustwide/cargo-home/bin/cargo" "+1.75.0" "test" "--frozen", kill_on_drop: false }`
[INFO] [stdout] d8c03d782d38003a75b0aeab5f398e6e60a19c75cb735ff5cc8880c86a0d6a75
[INFO] running `Command { std: "docker" "start" "-a" "d8c03d782d38003a75b0aeab5f398e6e60a19c75cb735ff5cc8880c86a0d6a75", kill_on_drop: false }`
[INFO] [stderr]     Finished test [unoptimized + debuginfo] target(s) in 0.06s
[INFO] [stderr]      Running unittests src/main.rs (/opt/rustwide/target/debug/deps/lrn-dd2a6399903452f2)
[INFO] [stdout] 
[INFO] [stdout] running 1 test
[INFO] [stdout] test notifier::freedesktop::tests::test_freedesktop_notifier ... FAILED
[INFO] [stdout] 
[INFO] [stdout] failures:
[INFO] [stdout] 
[INFO] [stdout] ---- notifier::freedesktop::tests::test_freedesktop_notifier stdout ----
[INFO] [stdout] thread 'notifier::freedesktop::tests::test_freedesktop_notifier' panicked at src/notifier/freedesktop.rs:83:14:
[INFO] [stdout] called `Result::unwrap()` on an `Err` value: FailedCreateDBusSession
[INFO] [stdout] stack backtrace:
[INFO] [stdout]    0:     0x55f8b836c91c - std::backtrace_rs::backtrace::libunwind::trace::ha637c64ce894333a
[INFO] [stdout]                                at /rustc/82e1608dfa6e0b5569232559e3d385fea5a93112/library/std/src/../../backtrace/src/backtrace/libunwind.rs:104:5
[INFO] [stdout]    1:     0x55f8b836c91c - std::backtrace_rs::backtrace::trace_unsynchronized::h47f62dea28e0c88d
[INFO] [stdout]                                at /rustc/82e1608dfa6e0b5569232559e3d385fea5a93112/library/std/src/../../backtrace/src/backtrace/mod.rs:66:5
[INFO] [stdout]    2:     0x55f8b836c91c - std::sys_common::backtrace::_print_fmt::h9eef0abe20ede486
[INFO] [stdout]                                at /rustc/82e1608dfa6e0b5569232559e3d385fea5a93112/library/std/src/sys_common/backtrace.rs:67:5
[INFO] [stdout]    3:     0x55f8b836c91c - <std::sys_common::backtrace::_print::DisplayBacktrace as core::fmt::Display>::fmt::hed7f999df88cc644
[INFO] [stdout]                                at /rustc/82e1608dfa6e0b5569232559e3d385fea5a93112/library/std/src/sys_common/backtrace.rs:44:22
[INFO] [stdout]    4:     0x55f8b8396490 - core::fmt::rt::Argument::fmt::h1539a9308b8d058d
[INFO] [stdout]                                at /rustc/82e1608dfa6e0b5569232559e3d385fea5a93112/library/core/src/fmt/rt.rs:142:9
[INFO] [stdout]    5:     0x55f8b8396490 - core::fmt::write::h3a39390d8560d9c9
[INFO] [stdout]                                at /rustc/82e1608dfa6e0b5569232559e3d385fea5a93112/library/core/src/fmt/mod.rs:1120:17
[INFO] [stdout]    6:     0x55f8b836a2cf - std::io::Write::write_fmt::h040b369f3a0f9cbc
[INFO] [stdout]                                at /rustc/82e1608dfa6e0b5569232559e3d385fea5a93112/library/std/src/io/mod.rs:1762:15
[INFO] [stdout]    7:     0x55f8b836c704 - std::sys_common::backtrace::_print::h894006fb5c6f3d45
[INFO] [stdout]                                at /rustc/82e1608dfa6e0b5569232559e3d385fea5a93112/library/std/src/sys_common/backtrace.rs:47:5
[INFO] [stdout]    8:     0x55f8b836c704 - std::sys_common::backtrace::print::h23a2d212c6fff936
[INFO] [stdout]                                at /rustc/82e1608dfa6e0b5569232559e3d385fea5a93112/library/std/src/sys_common/backtrace.rs:34:9
[INFO] [stdout]    9:     0x55f8b836e3c7 - std::panicking::default_hook::{{closure}}::h8a1d2ee00185001a
[INFO] [stdout]   10:     0x55f8b836e0b3 - std::panicking::default_hook::h6038f2eba384e475
[INFO] [stdout]                                at /rustc/82e1608dfa6e0b5569232559e3d385fea5a93112/library/std/src/panicking.rs:289:9
[INFO] [stdout]   11:     0x55f8b8320db7 - <alloc::boxed::Box<F,A> as core::ops::function::Fn<Args>>::call::h0ad024c9bdc6d768
[INFO] [stdout]                                at /rustc/82e1608dfa6e0b5569232559e3d385fea5a93112/library/alloc/src/boxed.rs:2021:9
[INFO] [stdout]   12:     0x55f8b8320db7 - test::test_main::{{closure}}::h7500b54257359db6
[INFO] [stdout]                                at /rustc/82e1608dfa6e0b5569232559e3d385fea5a93112/library/test/src/lib.rs:138:21
[INFO] [stdout]   13:     0x55f8b836e9d8 - <alloc::boxed::Box<F,A> as core::ops::function::Fn<Args>>::call::h1f8f335eaa9cfaee
[INFO] [stdout]                                at /rustc/82e1608dfa6e0b5569232559e3d385fea5a93112/library/alloc/src/boxed.rs:2021:9
[INFO] [stdout]   14:     0x55f8b836e9d8 - std::panicking::rust_panic_with_hook::h2b5517d590cab22e
[INFO] [stdout]                                at /rustc/82e1608dfa6e0b5569232559e3d385fea5a93112/library/std/src/panicking.rs:783:13
[INFO] [stdout]   15:     0x55f8b836e72e - std::panicking::begin_panic_handler::{{closure}}::h233112c06e0ef43e
[INFO] [stdout]                                at /rustc/82e1608dfa6e0b5569232559e3d385fea5a93112/library/std/src/panicking.rs:657:13
[INFO] [stdout]   16:     0x55f8b836cde6 - std::sys_common::backtrace::__rust_end_short_backtrace::h6e893f24d7ebbff8
[INFO] [stdout]                                at /rustc/82e1608dfa6e0b5569232559e3d385fea5a93112/library/std/src/sys_common/backtrace.rs:170:18
[INFO] [stdout]   17:     0x55f8b836e492 - rust_begin_unwind
[INFO] [stdout]                                at /rustc/82e1608dfa6e0b5569232559e3d385fea5a93112/library/std/src/panicking.rs:645:5
[INFO] [stdout]   18:     0x55f8b82e8cf5 - core::panicking::panic_fmt::hbf0e066aabfa482c
[INFO] [stdout]                                at /rustc/82e1608dfa6e0b5569232559e3d385fea5a93112/library/core/src/panicking.rs:72:14
[INFO] [stdout]   19:     0x55f8b82e9283 - core::result::unwrap_failed::hddb4fea594200c52
[INFO] [stdout]                                at /rustc/82e1608dfa6e0b5569232559e3d385fea5a93112/library/core/src/result.rs:1653:5
[INFO] [stdout]   20:     0x55f8b82ea2bc - core::result::Result<T,E>::unwrap::h1d69834c4cee931e
[INFO] [stdout]                                at /rustc/82e1608dfa6e0b5569232559e3d385fea5a93112/library/core/src/result.rs:1077:23
[INFO] [stdout]   21:     0x55f8b82ed3ba - lrn::notifier::freedesktop::tests::test_freedesktop_notifier::h2b97e05957039649
[INFO] [stdout]                                at /opt/rustwide/workdir/src/notifier/freedesktop.rs:81:9
[INFO] [stdout]   22:     0x55f8b82ed307 - lrn::notifier::freedesktop::tests::test_freedesktop_notifier::{{closure}}::h6d72d397581ef1b7
[INFO] [stdout]                                at /opt/rustwide/workdir/src/notifier/freedesktop.rs:78:35
[INFO] [stdout]   23:     0x55f8b82e9b06 - core::ops::function::FnOnce::call_once::h4ca50bf5bd382deb
[INFO] [stdout]                                at /rustc/82e1608dfa6e0b5569232559e3d385fea5a93112/library/core/src/ops/function.rs:250:5
[INFO] [stdout]   24:     0x55f8b832640f - core::ops::function::FnOnce::call_once::h2b5d431d5046312d
[INFO] [stdout]                                at /rustc/82e1608dfa6e0b5569232559e3d385fea5a93112/library/core/src/ops/function.rs:250:5
[INFO] [stdout]   25:     0x55f8b832640f - test::__rust_begin_short_backtrace::h7714669af176e207
[INFO] [stdout]                                at /rustc/82e1608dfa6e0b5569232559e3d385fea5a93112/library/test/src/lib.rs:628:18
[INFO] [stdout]   26:     0x55f8b8325425 - test::run_test_in_process::{{closure}}::h85218797dcbcec12
[INFO] [stdout]                                at /rustc/82e1608dfa6e0b5569232559e3d385fea5a93112/library/test/src/lib.rs:651:60
[INFO] [stdout]   27:     0x55f8b8325425 - <core::panic::unwind_safe::AssertUnwindSafe<F> as core::ops::function::FnOnce<()>>::call_once::h76c106ea31c14d7b
[INFO] [stdout]                                at /rustc/82e1608dfa6e0b5569232559e3d385fea5a93112/library/core/src/panic/unwind_safe.rs:272:9
[INFO] [stdout]   28:     0x55f8b8325425 - std::panicking::try::do_call::h3bd5d0f6620ee946
[INFO] [stdout]                                at /rustc/82e1608dfa6e0b5569232559e3d385fea5a93112/library/std/src/panicking.rs:552:40
[INFO] [stdout]   29:     0x55f8b8325425 - std::panicking::try::h232e535e4744fe31
[INFO] [stdout]                                at /rustc/82e1608dfa6e0b5569232559e3d385fea5a93112/library/std/src/panicking.rs:516:19
[INFO] [stdout]   30:     0x55f8b8325425 - std::panic::catch_unwind::h3ce3bd6ca8dbac68
[INFO] [stdout]                                at /rustc/82e1608dfa6e0b5569232559e3d385fea5a93112/library/std/src/panic.rs:142:14
[INFO] [stdout]   31:     0x55f8b8325425 - test::run_test_in_process::hc97b257c9621286a
[INFO] [stdout]                                at /rustc/82e1608dfa6e0b5569232559e3d385fea5a93112/library/test/src/lib.rs:651:27
[INFO] [stdout]   32:     0x55f8b8325425 - test::run_test::{{closure}}::h2aa798823a438d38
[INFO] [stdout]                                at /rustc/82e1608dfa6e0b5569232559e3d385fea5a93112/library/test/src/lib.rs:574:43
[INFO] [stdout]   33:     0x55f8b82ed6e6 - test::run_test::{{closure}}::h87d231c78fb59832
[INFO] [stdout]                                at /rustc/82e1608dfa6e0b5569232559e3d385fea5a93112/library/test/src/lib.rs:602:41
[INFO] [stdout]   34:     0x55f8b82ed6e6 - std::sys_common::backtrace::__rust_begin_short_backtrace::he6df152596625789
[INFO] [stdout]                                at /rustc/82e1608dfa6e0b5569232559e3d385fea5a93112/library/std/src/sys_common/backtrace.rs:154:18
[INFO] [stdout]   35:     0x55f8b82f2797 - std::thread::Builder::spawn_unchecked_::{{closure}}::{{closure}}::ha94be15d1e0acf36
[INFO] [stdout]                                at /rustc/82e1608dfa6e0b5569232559e3d385fea5a93112/library/std/src/thread/mod.rs:529:17
[INFO] [stdout]   36:     0x55f8b82f2797 - <core::panic::unwind_safe::AssertUnwindSafe<F> as core::ops::function::FnOnce<()>>::call_once::h9dc6bd6372f16606
[INFO] [stdout]                                at /rustc/82e1608dfa6e0b5569232559e3d385fea5a93112/library/core/src/panic/unwind_safe.rs:272:9
[INFO] [stdout]   37:     0x55f8b82f2797 - std::panicking::try::do_call::h9057517f80303cd4
[INFO] [stdout]                                at /rustc/82e1608dfa6e0b5569232559e3d385fea5a93112/library/std/src/panicking.rs:552:40
[INFO] [stdout]   38:     0x55f8b82f2797 - std::panicking::try::he3a30b11ee45340c
[INFO] [stdout]                                at /rustc/82e1608dfa6e0b5569232559e3d385fea5a93112/library/std/src/panicking.rs:516:19
[INFO] [stdout]   39:     0x55f8b82f2797 - std::panic::catch_unwind::h410458cfd3528b8b
[INFO] [stdout]                                at /rustc/82e1608dfa6e0b5569232559e3d385fea5a93112/library/std/src/panic.rs:142:14
[INFO] [stdout]   40:     0x55f8b82f2797 - std::thread::Builder::spawn_unchecked_::{{closure}}::h72ac3bdb567b737b
[INFO] [stdout]                                at /rustc/82e1608dfa6e0b5569232559e3d385fea5a93112/library/std/src/thread/mod.rs:528:30
[INFO] [stdout]   41:     0x55f8b82f2797 - core::ops::function::FnOnce::call_once{{vtable.shim}}::h38f34da3654a8344
[INFO] [stdout]                                at /rustc/82e1608dfa6e0b5569232559e3d385fea5a93112/library/core/src/ops/function.rs:250:5
[INFO] [stdout]   42:     0x55f8b8373465 - <alloc::boxed::Box<F,A> as core::ops::function::FnOnce<Args>>::call_once::hc7eafaff61e32df9
[INFO] [stdout]                                at /rustc/82e1608dfa6e0b5569232559e3d385fea5a93112/library/alloc/src/boxed.rs:2007:9
[INFO] [stdout]   43:     0x55f8b8373465 - <alloc::boxed::Box<F,A> as core::ops::function::FnOnce<Args>>::call_once::h6ba4a5de48dd2304
[INFO] [stdout]                                at /rustc/82e1608dfa6e0b5569232559e3d385fea5a93112/library/alloc/src/boxed.rs:2007:9
[INFO] [stdout]   44:     0x55f8b8373465 - std::sys::unix::thread::Thread::new::thread_start::he469335aef763e45
[INFO] [stdout]                                at /rustc/82e1608dfa6e0b5569232559e3d385fea5a93112/library/std/src/sys/unix/thread.rs:108:17
[INFO] [stdout]   45:     0x7fd2c67abac3 - <unknown>
[INFO] [stdout]   46:     0x7fd2c683cbf4 - __clone
[INFO] [stdout]   47:                0x0 - <unknown>
[INFO] [stdout] 
[INFO] [stdout] 
[INFO] [stdout] failures:
[INFO] [stdout]     notifier::freedesktop::tests::test_freedesktop_notifier
[INFO] [stdout] 
[INFO] [stdout] test result: FAILED. 0 passed; 1 failed; 0 ignored; 0 measured; 0 filtered out; finished in 0.02s
[INFO] [stdout] 
[INFO] [stderr] error: test failed, to rerun pass `--bin lrn`
[INFO] running `Command { std: "docker" "inspect" "d8c03d782d38003a75b0aeab5f398e6e60a19c75cb735ff5cc8880c86a0d6a75", kill_on_drop: false }`
[INFO] running `Command { std: "docker" "rm" "-f" "d8c03d782d38003a75b0aeab5f398e6e60a19c75cb735ff5cc8880c86a0d6a75", kill_on_drop: false }`
[INFO] [stdout] d8c03d782d38003a75b0aeab5f398e6e60a19c75cb735ff5cc8880c86a0d6a75
