[INFO] fetching crate loro-thunderdome 0.6.2...
[INFO] testing loro-thunderdome-0.6.2 against 1.75.0 for beta-1.76-1
[INFO] extracting crate loro-thunderdome 0.6.2 into /workspace/builds/worker-2-tc1/source
[INFO] validating manifest of crates.io crate loro-thunderdome 0.6.2 on toolchain 1.75.0
[INFO] running `Command { std: CARGO_HOME="/workspace/cargo-home" RUSTUP_HOME="/workspace/rustup-home" "/workspace/cargo-home/bin/cargo" "+1.75.0" "metadata" "--manifest-path" "Cargo.toml" "--no-deps", kill_on_drop: false }`
[INFO] started tweaking crates.io crate loro-thunderdome 0.6.2
[INFO] finished tweaking crates.io crate loro-thunderdome 0.6.2
[INFO] tweaked toml for crates.io crate loro-thunderdome 0.6.2 written to /workspace/builds/worker-2-tc1/source/Cargo.toml
[INFO] running `Command { std: CARGO_HOME="/workspace/cargo-home" RUSTUP_HOME="/workspace/rustup-home" "/workspace/cargo-home/bin/cargo" "+1.75.0" "generate-lockfile" "--manifest-path" "Cargo.toml", kill_on_drop: false }`
[INFO] running `Command { std: CARGO_HOME="/workspace/cargo-home" RUSTUP_HOME="/workspace/rustup-home" "/workspace/cargo-home/bin/cargo" "+1.75.0" "fetch" "--manifest-path" "Cargo.toml", kill_on_drop: false }`
[INFO] running `Command { std: "docker" "create" "-v" "/var/lib/crater-agent-workspace/builds/worker-2-tc1/target:/opt/rustwide/target:rw,Z" "-v" "/var/lib/crater-agent-workspace/builds/worker-2-tc1/source:/opt/rustwide/workdir:ro,Z" "-v" "/var/lib/crater-agent-workspace/cargo-home:/opt/rustwide/cargo-home:ro,Z" "-v" "/var/lib/crater-agent-workspace/rustup-home:/opt/rustwide/rustup-home:ro,Z" "-e" "SOURCE_DIR=/opt/rustwide/workdir" "-e" "CARGO_TARGET_DIR=/opt/rustwide/target" "-e" "CARGO_HOME=/opt/rustwide/cargo-home" "-e" "RUSTUP_HOME=/opt/rustwide/rustup-home" "-w" "/opt/rustwide/workdir" "-m" "1610612736" "--user" "0:0" "--network" "none" "ghcr.io/rust-lang/crates-build-env/linux@sha256:2788e3201cd34a07e3172128adcd8b3090168a8e3bcc40d7c032b9dda1df7d1c" "/opt/rustwide/cargo-home/bin/cargo" "+1.75.0" "metadata" "--no-deps" "--format-version=1", kill_on_drop: false }`
[INFO] [stdout] 9a9040e767925d9b89f63ac5dcbc5d52ce87353ac589766ca3c1e936466ec832
[INFO] running `Command { std: "docker" "start" "-a" "9a9040e767925d9b89f63ac5dcbc5d52ce87353ac589766ca3c1e936466ec832", kill_on_drop: false }`
[INFO] running `Command { std: "docker" "inspect" "9a9040e767925d9b89f63ac5dcbc5d52ce87353ac589766ca3c1e936466ec832", kill_on_drop: false }`
[INFO] running `Command { std: "docker" "rm" "-f" "9a9040e767925d9b89f63ac5dcbc5d52ce87353ac589766ca3c1e936466ec832", kill_on_drop: false }`
[INFO] [stdout] 9a9040e767925d9b89f63ac5dcbc5d52ce87353ac589766ca3c1e936466ec832
[INFO] running `Command { std: "docker" "create" "-v" "/var/lib/crater-agent-workspace/builds/worker-2-tc1/target:/opt/rustwide/target:rw,Z" "-v" "/var/lib/crater-agent-workspace/builds/worker-2-tc1/source:/opt/rustwide/workdir:ro,Z" "-v" "/var/lib/crater-agent-workspace/cargo-home:/opt/rustwide/cargo-home:ro,Z" "-v" "/var/lib/crater-agent-workspace/rustup-home:/opt/rustwide/rustup-home:ro,Z" "-e" "SOURCE_DIR=/opt/rustwide/workdir" "-e" "CARGO_TARGET_DIR=/opt/rustwide/target" "-e" "CARGO_INCREMENTAL=0" "-e" "RUST_BACKTRACE=full" "-e" "RUSTFLAGS=--cap-lints=warn" "-e" "RUSTDOCFLAGS=--cap-lints=warn" "-e" "CARGO_HOME=/opt/rustwide/cargo-home" "-e" "RUSTUP_HOME=/opt/rustwide/rustup-home" "-w" "/opt/rustwide/workdir" "-m" "1610612736" "--user" "0:0" "--network" "none" "ghcr.io/rust-lang/crates-build-env/linux@sha256:2788e3201cd34a07e3172128adcd8b3090168a8e3bcc40d7c032b9dda1df7d1c" "/opt/rustwide/cargo-home/bin/cargo" "+1.75.0" "build" "--frozen" "--message-format=json", kill_on_drop: false }`
[INFO] [stdout] ab0e14a9fe212b3a7df8420285dd95a583fe122fcfd66e9499d4c733a5d40b5a
[INFO] running `Command { std: "docker" "start" "-a" "ab0e14a9fe212b3a7df8420285dd95a583fe122fcfd66e9499d4c733a5d40b5a", kill_on_drop: false }`
[INFO] [stderr]    Compiling loro-thunderdome v0.6.2 (/opt/rustwide/workdir)
[INFO] [stderr]     Finished dev [unoptimized + debuginfo] target(s) in 0.11s
[INFO] running `Command { std: "docker" "inspect" "ab0e14a9fe212b3a7df8420285dd95a583fe122fcfd66e9499d4c733a5d40b5a", kill_on_drop: false }`
[INFO] running `Command { std: "docker" "rm" "-f" "ab0e14a9fe212b3a7df8420285dd95a583fe122fcfd66e9499d4c733a5d40b5a", kill_on_drop: false }`
[INFO] [stdout] ab0e14a9fe212b3a7df8420285dd95a583fe122fcfd66e9499d4c733a5d40b5a
[INFO] running `Command { std: "docker" "create" "-v" "/var/lib/crater-agent-workspace/builds/worker-2-tc1/target:/opt/rustwide/target:rw,Z" "-v" "/var/lib/crater-agent-workspace/builds/worker-2-tc1/source:/opt/rustwide/workdir:ro,Z" "-v" "/var/lib/crater-agent-workspace/cargo-home:/opt/rustwide/cargo-home:ro,Z" "-v" "/var/lib/crater-agent-workspace/rustup-home:/opt/rustwide/rustup-home:ro,Z" "-e" "SOURCE_DIR=/opt/rustwide/workdir" "-e" "CARGO_TARGET_DIR=/opt/rustwide/target" "-e" "CARGO_INCREMENTAL=0" "-e" "RUST_BACKTRACE=full" "-e" "RUSTFLAGS=--cap-lints=warn" "-e" "RUSTDOCFLAGS=--cap-lints=warn" "-e" "CARGO_HOME=/opt/rustwide/cargo-home" "-e" "RUSTUP_HOME=/opt/rustwide/rustup-home" "-w" "/opt/rustwide/workdir" "-m" "1610612736" "--user" "0:0" "--network" "none" "ghcr.io/rust-lang/crates-build-env/linux@sha256:2788e3201cd34a07e3172128adcd8b3090168a8e3bcc40d7c032b9dda1df7d1c" "/opt/rustwide/cargo-home/bin/cargo" "+1.75.0" "test" "--frozen" "--no-run" "--message-format=json", kill_on_drop: false }`
[INFO] [stdout] fcb9cd407d340e5bc3669f299ad372d7f5f04162ee984b6015fb12b9889275db
[INFO] running `Command { std: "docker" "start" "-a" "fcb9cd407d340e5bc3669f299ad372d7f5f04162ee984b6015fb12b9889275db", kill_on_drop: false }`
[INFO] [stderr]    Compiling loro-thunderdome v0.6.2 (/opt/rustwide/workdir)
[INFO] [stderr]     Finished test [unoptimized + debuginfo] target(s) in 0.58s
[INFO] running `Command { std: "docker" "inspect" "fcb9cd407d340e5bc3669f299ad372d7f5f04162ee984b6015fb12b9889275db", kill_on_drop: false }`
[INFO] running `Command { std: "docker" "rm" "-f" "fcb9cd407d340e5bc3669f299ad372d7f5f04162ee984b6015fb12b9889275db", kill_on_drop: false }`
[INFO] [stdout] fcb9cd407d340e5bc3669f299ad372d7f5f04162ee984b6015fb12b9889275db
[INFO] running `Command { std: "docker" "create" "-v" "/var/lib/crater-agent-workspace/builds/worker-2-tc1/target:/opt/rustwide/target:rw,Z" "-v" "/var/lib/crater-agent-workspace/builds/worker-2-tc1/source:/opt/rustwide/workdir:ro,Z" "-v" "/var/lib/crater-agent-workspace/cargo-home:/opt/rustwide/cargo-home:ro,Z" "-v" "/var/lib/crater-agent-workspace/rustup-home:/opt/rustwide/rustup-home:ro,Z" "-e" "SOURCE_DIR=/opt/rustwide/workdir" "-e" "CARGO_TARGET_DIR=/opt/rustwide/target" "-e" "CARGO_INCREMENTAL=0" "-e" "RUST_BACKTRACE=full" "-e" "RUSTFLAGS=--cap-lints=warn" "-e" "RUSTDOCFLAGS=--cap-lints=warn" "-e" "CARGO_HOME=/opt/rustwide/cargo-home" "-e" "RUSTUP_HOME=/opt/rustwide/rustup-home" "-w" "/opt/rustwide/workdir" "-m" "1610612736" "--user" "0:0" "--network" "none" "ghcr.io/rust-lang/crates-build-env/linux@sha256:2788e3201cd34a07e3172128adcd8b3090168a8e3bcc40d7c032b9dda1df7d1c" "/opt/rustwide/cargo-home/bin/cargo" "+1.75.0" "test" "--frozen", kill_on_drop: false }`
[INFO] [stdout] 24f6400bd3bcf7b10f72eb3bff1458973dc218c41e80f8437b959054a10ce235
[INFO] running `Command { std: "docker" "start" "-a" "24f6400bd3bcf7b10f72eb3bff1458973dc218c41e80f8437b959054a10ce235", kill_on_drop: false }`
[INFO] [stderr]     Finished test [unoptimized + debuginfo] target(s) in 0.00s
[INFO] [stderr]      Running unittests src/lib.rs (/opt/rustwide/target/debug/deps/loro_thunderdome-e81cce10badb2df3)
[INFO] [stdout] 
[INFO] [stdout] running 29 tests
[INFO] [stdout] test arena::test::get2_mut_non_exist_handle ... ok
[INFO] [stdout] test arena::test::get2_mut_reversed_order ... ok
[INFO] [stdout] test arena::test::get2_mut ... ok
[INFO] [stdout] test arena::test::get2_mut_same_slot_different_generation ... ok
[INFO] [stdout] test arena::test::get_mut ... ok
[INFO] [stdout] test arena::test::index_bits_none_on_zero_generation ... ok
[INFO] [stdout] test arena::test::index_bits_roundtrip ... ok
[INFO] [stdout] test arena::test::insert_at ... ok
[INFO] [stdout] test arena::test::insert_and_get ... ok
[INFO] [stdout] test arena::test::insert_at_first_slot ... ok
[INFO] [stdout] test arena::test::insert_at_middle ... ok
[INFO] [stdout] test arena::test::insert_at_slot ... ok
[INFO] [stdout] test arena::test::insert_remove_get ... ok
[INFO] [stdout] test arena::test::insert_remove_get_by_slot ... ok
[INFO] [stdout] test arena::test::insert_remove_insert_capacity ... ok
[INFO] [stdout] test arena::test::invalidate ... ok
[INFO] [stdout] test arena::test::new ... ok
[INFO] [stdout] test arena::test::retain ... ok
[INFO] [stdout] test arena::test::with_capacity ... ok
[INFO] [stdout] test arena::test::size_of_index ... ok
[INFO] [stdout] test generation::test::first_and_next ... ok
[INFO] [stdout] test free_pointer::test::from_slot ... ok
[INFO] [stdout] test generation::test::wrap_on_overflow ... ok
[INFO] [stdout] test iter::iter::test::iter ... ok
[INFO] [stdout] test iter::into_iter::test::into_iter ... ok
[INFO] [stdout] test iter::drain::test::drain ... ok
[INFO] [stdout] test iter::iter_mut::test::iter_mut ... ok
[INFO] [stdout] test arena::test::get2_mut_panics - should panic ... ok
[INFO] [stdout] test free_pointer::test::panic_on_overflow - should panic ... ok
[INFO] [stdout] 
[INFO] [stdout] test result: ok. 29 passed; 0 failed; 0 ignored; 0 measured; 0 filtered out; finished in 0.02s
[INFO] [stdout] 
[INFO] [stderr]    Doc-tests loro-thunderdome
[INFO] [stdout] 
[INFO] [stdout] running 1 test
[INFO] [stdout] test src/lib.rs - (line 16) ... FAILED
[INFO] [stdout] 
[INFO] [stdout] failures:
[INFO] [stdout] 
[INFO] [stdout] ---- src/lib.rs - (line 16) stdout ----
[INFO] [stdout] error[E0432]: unresolved import `thunderdome`
[INFO] [stdout]  --> src/lib.rs:17:5
[INFO] [stdout]   |
[INFO] [stdout] 3 | use thunderdome::{Arena, Index};
[INFO] [stdout]   |     ^^^^^^^^^^^ use of undeclared crate or module `thunderdome`
[INFO] [stdout] 
[INFO] [stdout] error: aborting due to previous error
[INFO] [stdout] 
[INFO] [stdout] For more information about this error, try `rustc --explain E0432`.
[INFO] [stdout] Couldn't compile the test.
[INFO] [stdout] 
[INFO] [stdout] failures:
[INFO] [stdout]     src/lib.rs - (line 16)
[INFO] [stdout] 
[INFO] [stdout] test result: FAILED. 0 passed; 1 failed; 0 ignored; 0 measured; 0 filtered out; finished in 0.05s
[INFO] [stdout] 
[INFO] [stderr] error: doctest failed, to rerun pass `--doc`
[INFO] running `Command { std: "docker" "inspect" "24f6400bd3bcf7b10f72eb3bff1458973dc218c41e80f8437b959054a10ce235", kill_on_drop: false }`
[INFO] running `Command { std: "docker" "rm" "-f" "24f6400bd3bcf7b10f72eb3bff1458973dc218c41e80f8437b959054a10ce235", kill_on_drop: false }`
[INFO] [stdout] 24f6400bd3bcf7b10f72eb3bff1458973dc218c41e80f8437b959054a10ce235
