[INFO] fetching crate loose-liquid 0.27.0...
[INFO] testing loose-liquid-0.27.0 against 1.75.0 for beta-1.76-1
[INFO] extracting crate loose-liquid 0.27.0 into /workspace/builds/worker-5-tc1/source
[INFO] validating manifest of crates.io crate loose-liquid 0.27.0 on toolchain 1.75.0
[INFO] running `Command { std: CARGO_HOME="/workspace/cargo-home" RUSTUP_HOME="/workspace/rustup-home" "/workspace/cargo-home/bin/cargo" "+1.75.0" "metadata" "--manifest-path" "Cargo.toml" "--no-deps", kill_on_drop: false }`
[INFO] started tweaking crates.io crate loose-liquid 0.27.0
[INFO] finished tweaking crates.io crate loose-liquid 0.27.0
[INFO] tweaked toml for crates.io crate loose-liquid 0.27.0 written to /workspace/builds/worker-5-tc1/source/Cargo.toml
[INFO] running `Command { std: CARGO_HOME="/workspace/cargo-home" RUSTUP_HOME="/workspace/rustup-home" "/workspace/cargo-home/bin/cargo" "+1.75.0" "generate-lockfile" "--manifest-path" "Cargo.toml", kill_on_drop: false }`
[INFO] [stderr]     Updating crates.io index
[INFO] running `Command { std: CARGO_HOME="/workspace/cargo-home" RUSTUP_HOME="/workspace/rustup-home" "/workspace/cargo-home/bin/cargo" "+1.75.0" "fetch" "--manifest-path" "Cargo.toml", kill_on_drop: false }`
[INFO] [stderr]  Downloading crates ...
[INFO] [stderr]   Downloaded snapbox-macros v0.3.6
[INFO] [stderr]   Downloaded snapbox v0.4.15
[INFO] running `Command { std: "docker" "create" "-v" "/var/lib/crater-agent-workspace/builds/worker-5-tc1/target:/opt/rustwide/target:rw,Z" "-v" "/var/lib/crater-agent-workspace/builds/worker-5-tc1/source:/opt/rustwide/workdir:ro,Z" "-v" "/var/lib/crater-agent-workspace/cargo-home:/opt/rustwide/cargo-home:ro,Z" "-v" "/var/lib/crater-agent-workspace/rustup-home:/opt/rustwide/rustup-home:ro,Z" "-e" "SOURCE_DIR=/opt/rustwide/workdir" "-e" "CARGO_TARGET_DIR=/opt/rustwide/target" "-e" "CARGO_HOME=/opt/rustwide/cargo-home" "-e" "RUSTUP_HOME=/opt/rustwide/rustup-home" "-w" "/opt/rustwide/workdir" "-m" "1610612736" "--user" "0:0" "--network" "none" "ghcr.io/rust-lang/crates-build-env/linux@sha256:2788e3201cd34a07e3172128adcd8b3090168a8e3bcc40d7c032b9dda1df7d1c" "/opt/rustwide/cargo-home/bin/cargo" "+1.75.0" "metadata" "--no-deps" "--format-version=1", kill_on_drop: false }`
[INFO] [stdout] c57347b7b64362f0daae3e826d9308aafbeba29a5b099e3cdf2cbcb388ce0fab
[INFO] running `Command { std: "docker" "start" "-a" "c57347b7b64362f0daae3e826d9308aafbeba29a5b099e3cdf2cbcb388ce0fab", kill_on_drop: false }`
[INFO] running `Command { std: "docker" "inspect" "c57347b7b64362f0daae3e826d9308aafbeba29a5b099e3cdf2cbcb388ce0fab", kill_on_drop: false }`
[INFO] running `Command { std: "docker" "rm" "-f" "c57347b7b64362f0daae3e826d9308aafbeba29a5b099e3cdf2cbcb388ce0fab", kill_on_drop: false }`
[INFO] [stdout] c57347b7b64362f0daae3e826d9308aafbeba29a5b099e3cdf2cbcb388ce0fab
[INFO] running `Command { std: "docker" "create" "-v" "/var/lib/crater-agent-workspace/builds/worker-5-tc1/target:/opt/rustwide/target:rw,Z" "-v" "/var/lib/crater-agent-workspace/builds/worker-5-tc1/source:/opt/rustwide/workdir:ro,Z" "-v" "/var/lib/crater-agent-workspace/cargo-home:/opt/rustwide/cargo-home:ro,Z" "-v" "/var/lib/crater-agent-workspace/rustup-home:/opt/rustwide/rustup-home:ro,Z" "-e" "SOURCE_DIR=/opt/rustwide/workdir" "-e" "CARGO_TARGET_DIR=/opt/rustwide/target" "-e" "CARGO_INCREMENTAL=0" "-e" "RUST_BACKTRACE=full" "-e" "RUSTFLAGS=--cap-lints=warn" "-e" "RUSTDOCFLAGS=--cap-lints=warn" "-e" "CARGO_HOME=/opt/rustwide/cargo-home" "-e" "RUSTUP_HOME=/opt/rustwide/rustup-home" "-w" "/opt/rustwide/workdir" "-m" "1610612736" "--user" "0:0" "--network" "none" "ghcr.io/rust-lang/crates-build-env/linux@sha256:2788e3201cd34a07e3172128adcd8b3090168a8e3bcc40d7c032b9dda1df7d1c" "/opt/rustwide/cargo-home/bin/cargo" "+1.75.0" "build" "--frozen" "--message-format=json", kill_on_drop: false }`
[INFO] [stdout] a1a8dacb243196da71b54be2cc1552a8d4336eb9d0681a74f2c5c61afb4c6662
[INFO] running `Command { std: "docker" "start" "-a" "a1a8dacb243196da71b54be2cc1552a8d4336eb9d0681a74f2c5c61afb4c6662", kill_on_drop: false }`
[INFO] [stderr]    Compiling memchr v2.7.1
[INFO] [stderr]    Compiling thiserror v1.0.56
[INFO] [stderr]    Compiling time-core v0.1.2
[INFO] [stderr]    Compiling powerfmt v0.2.0
[INFO] [stderr]    Compiling regex-syntax v0.8.2
[INFO] [stderr]    Compiling syn v2.0.48
[INFO] [stderr]    Compiling static_assertions v1.1.0
[INFO] [stderr]    Compiling doc-comment v0.3.3
[INFO] [stderr]    Compiling anymap2 v0.13.0
[INFO] [stderr]    Compiling unicode-segmentation v1.10.1
[INFO] [stderr]    Compiling itertools v0.11.0
[INFO] [stderr]    Compiling time-macros v0.2.16
[INFO] [stderr]    Compiling deranged v0.3.11
[INFO] [stderr]    Compiling aho-corasick v1.1.2
[INFO] [stderr]    Compiling time v0.3.31
[INFO] [stderr]    Compiling regex-automata v0.4.3
[INFO] [stderr]    Compiling thiserror-impl v1.0.56
[INFO] [stderr]    Compiling serde_derive v1.0.194
[INFO] [stderr]    Compiling loose-liquid-derive v0.27.0
[INFO] [stderr]    Compiling pest v2.7.6
[INFO] [stderr]    Compiling regex v1.10.2
[INFO] [stderr]    Compiling pest_meta v2.7.6
[INFO] [stderr]    Compiling pest_generator v2.7.6
[INFO] [stderr]    Compiling serde v1.0.194
[INFO] [stderr]    Compiling pest_derive v2.7.6
[INFO] [stderr]    Compiling kstring v2.0.0
[INFO] [stderr]    Compiling loose-liquid-core v0.27.0
[INFO] [stderr]    Compiling loose-liquid-lib v0.27.0
[INFO] [stderr]    Compiling loose-liquid v0.27.0 (/opt/rustwide/workdir)
[INFO] [stderr]     Finished dev [unoptimized + debuginfo] target(s) in 8.12s
[INFO] running `Command { std: "docker" "inspect" "a1a8dacb243196da71b54be2cc1552a8d4336eb9d0681a74f2c5c61afb4c6662", kill_on_drop: false }`
[INFO] running `Command { std: "docker" "rm" "-f" "a1a8dacb243196da71b54be2cc1552a8d4336eb9d0681a74f2c5c61afb4c6662", kill_on_drop: false }`
[INFO] [stdout] a1a8dacb243196da71b54be2cc1552a8d4336eb9d0681a74f2c5c61afb4c6662
[INFO] running `Command { std: "docker" "create" "-v" "/var/lib/crater-agent-workspace/builds/worker-5-tc1/target:/opt/rustwide/target:rw,Z" "-v" "/var/lib/crater-agent-workspace/builds/worker-5-tc1/source:/opt/rustwide/workdir:ro,Z" "-v" "/var/lib/crater-agent-workspace/cargo-home:/opt/rustwide/cargo-home:ro,Z" "-v" "/var/lib/crater-agent-workspace/rustup-home:/opt/rustwide/rustup-home:ro,Z" "-e" "SOURCE_DIR=/opt/rustwide/workdir" "-e" "CARGO_TARGET_DIR=/opt/rustwide/target" "-e" "CARGO_INCREMENTAL=0" "-e" "RUST_BACKTRACE=full" "-e" "RUSTFLAGS=--cap-lints=warn" "-e" "RUSTDOCFLAGS=--cap-lints=warn" "-e" "CARGO_HOME=/opt/rustwide/cargo-home" "-e" "RUSTUP_HOME=/opt/rustwide/rustup-home" "-w" "/opt/rustwide/workdir" "-m" "1610612736" "--user" "0:0" "--network" "none" "ghcr.io/rust-lang/crates-build-env/linux@sha256:2788e3201cd34a07e3172128adcd8b3090168a8e3bcc40d7c032b9dda1df7d1c" "/opt/rustwide/cargo-home/bin/cargo" "+1.75.0" "test" "--frozen" "--no-run" "--message-format=json", kill_on_drop: false }`
[INFO] [stdout] 7946f9df03d03f8269c3e0c38926e58f6ddeb963a9c18019b6da0e21f675e747
[INFO] running `Command { std: "docker" "start" "-a" "7946f9df03d03f8269c3e0c38926e58f6ddeb963a9c18019b6da0e21f675e747", kill_on_drop: false }`
[INFO] [stderr]    Compiling serde v1.0.194
[INFO] [stderr]    Compiling anstyle v1.0.4
[INFO] [stderr]    Compiling bstr v1.9.0
[INFO] [stderr]    Compiling unic-common v0.9.0
[INFO] [stderr]    Compiling regex-automata v0.4.3
[INFO] [stderr]    Compiling unic-char-range v0.9.0
[INFO] [stderr]    Compiling rustix v0.38.28
[INFO] [stderr]    Compiling anstyle-parse v0.2.3
[INFO] [stderr]    Compiling ciborium-io v0.2.1
[INFO] [stderr]    Compiling linux-raw-sys v0.4.12
[INFO] [stderr]    Compiling clap_lex v0.6.0
[INFO] [stderr]    Compiling anstyle-query v1.0.2
[INFO] [stderr]    Compiling bitflags v2.4.1
[INFO] [stderr]    Compiling hashbrown v0.12.3
[INFO] [stderr]    Compiling criterion-plot v0.5.0
[INFO] [stderr]    Compiling anes v0.1.6
[INFO] [stderr]    Compiling unic-char-property v0.9.0
[INFO] [stderr]    Compiling unic-ucd-version v0.9.0
[INFO] [stderr]    Compiling ciborium-ll v0.2.1
[INFO] [stderr]    Compiling normalize-line-endings v0.3.0
[INFO] [stderr]    Compiling similar v2.4.0
[INFO] [stderr]    Compiling unic-ucd-segment v0.9.0
[INFO] [stderr]    Compiling anstream v0.6.5
[INFO] [stderr]    Compiling clap_builder v4.4.12
[INFO] [stderr]    Compiling snapbox-macros v0.3.6
[INFO] [stderr]    Compiling unic-segment v0.9.0
[INFO] [stderr]    Compiling indexmap v1.9.3
[INFO] [stderr]    Compiling snapbox v0.4.15
[INFO] [stderr]    Compiling is-terminal v0.4.10
[INFO] [stderr]    Compiling clap v4.4.13
[INFO] [stderr]    Compiling regex v1.10.2
[INFO] [stderr]    Compiling globset v0.4.14
[INFO] [stderr]    Compiling ignore v0.4.21
[INFO] [stderr]    Compiling serde_json v1.0.111
[INFO] [stderr]    Compiling kstring v2.0.0
[INFO] [stderr]    Compiling ciborium v0.2.1
[INFO] [stderr]    Compiling serde_yaml v0.8.26
[INFO] [stderr]    Compiling globwalk v0.8.1
[INFO] [stderr]    Compiling loose-liquid-core v0.27.0
[INFO] [stderr]    Compiling tinytemplate v1.2.1
[INFO] [stderr]    Compiling handlebars v4.5.0
[INFO] [stderr]    Compiling tera v1.19.1
[INFO] [stderr]    Compiling criterion v0.5.1
[INFO] [stderr]    Compiling loose-liquid-lib v0.27.0
[INFO] [stderr]    Compiling loose-liquid v0.27.0 (/opt/rustwide/workdir)
[INFO] [stderr]     Finished test [unoptimized + debuginfo] target(s) in 8.31s
[INFO] running `Command { std: "docker" "inspect" "7946f9df03d03f8269c3e0c38926e58f6ddeb963a9c18019b6da0e21f675e747", kill_on_drop: false }`
[INFO] running `Command { std: "docker" "rm" "-f" "7946f9df03d03f8269c3e0c38926e58f6ddeb963a9c18019b6da0e21f675e747", kill_on_drop: false }`
[INFO] [stdout] 7946f9df03d03f8269c3e0c38926e58f6ddeb963a9c18019b6da0e21f675e747
[INFO] running `Command { std: "docker" "create" "-v" "/var/lib/crater-agent-workspace/builds/worker-5-tc1/target:/opt/rustwide/target:rw,Z" "-v" "/var/lib/crater-agent-workspace/builds/worker-5-tc1/source:/opt/rustwide/workdir:ro,Z" "-v" "/var/lib/crater-agent-workspace/cargo-home:/opt/rustwide/cargo-home:ro,Z" "-v" "/var/lib/crater-agent-workspace/rustup-home:/opt/rustwide/rustup-home:ro,Z" "-e" "SOURCE_DIR=/opt/rustwide/workdir" "-e" "CARGO_TARGET_DIR=/opt/rustwide/target" "-e" "CARGO_INCREMENTAL=0" "-e" "RUST_BACKTRACE=full" "-e" "RUSTFLAGS=--cap-lints=warn" "-e" "RUSTDOCFLAGS=--cap-lints=warn" "-e" "CARGO_HOME=/opt/rustwide/cargo-home" "-e" "RUSTUP_HOME=/opt/rustwide/rustup-home" "-w" "/opt/rustwide/workdir" "-m" "1610612736" "--user" "0:0" "--network" "none" "ghcr.io/rust-lang/crates-build-env/linux@sha256:2788e3201cd34a07e3172128adcd8b3090168a8e3bcc40d7c032b9dda1df7d1c" "/opt/rustwide/cargo-home/bin/cargo" "+1.75.0" "test" "--frozen", kill_on_drop: false }`
[INFO] [stdout] ccd0976c58f9ac3547a8c66a39b09e4e49233fefd24b8261668717b792f74d4a
[INFO] running `Command { std: "docker" "start" "-a" "ccd0976c58f9ac3547a8c66a39b09e4e49233fefd24b8261668717b792f74d4a", kill_on_drop: false }`
[INFO] [stderr]     Finished test [unoptimized + debuginfo] target(s) in 0.09s
[INFO] [stderr]      Running unittests src/lib.rs (/opt/rustwide/target/debug/deps/loose_liquid-1ee2d56d6fd011d2)
[INFO] [stdout] 
[INFO] [stdout] running 0 tests
[INFO] [stdout] 
[INFO] [stdout] test result: ok. 0 passed; 0 failed; 0 ignored; 0 measured; 0 filtered out; finished in 0.00s
[INFO] [stdout] 
[INFO] [stderr]    Doc-tests loose-liquid
[INFO] [stdout] 
[INFO] [stdout] running 5 tests
[INFO] [stdout] test src/lib.rs - (line 55) ... FAILED
[INFO] [stdout] test src/parser.rs - parser::Parser::parse_file (line 264) - compile ... FAILED
[INFO] [stdout] test src/lib.rs - (line 10) ... FAILED
[INFO] [stdout] test src/lib.rs - (line 103) ... FAILED
[INFO] [stdout] test src/parser.rs - parser::Parser::parse (line 233) ... FAILED
[INFO] [stdout] 
[INFO] [stdout] failures:
[INFO] [stdout] 
[INFO] [stdout] ---- src/lib.rs - (line 55) stdout ----
[INFO] [stdout] error: expected identifier, found `:`
[INFO] [stdout]  --> src/lib.rs:57:21
[INFO] [stdout]   |
[INFO] [stdout] 4 | *               NOTE: THIS IS A TEMPORARY FORK OF LIQUID-RUST                  *
[INFO] [stdout]   |                     ^ expected identifier
[INFO] [stdout] 
[INFO] [stdout] error: aborting due to previous error
[INFO] [stdout] 
[INFO] [stdout] Couldn't compile the test.
[INFO] [stdout] ---- src/parser.rs - parser::Parser::parse_file (line 264) stdout ----
[INFO] [stdout] error[E0433]: failed to resolve: use of undeclared crate or module `liquid`
[INFO] [stdout]  --> src/parser.rs:269:15
[INFO] [stdout]   |
[INFO] [stdout] 7 | let globals = liquid::object!({
[INFO] [stdout]   |               ^^^^^^ use of undeclared crate or module `liquid`
[INFO] [stdout] 
[INFO] [stdout] error[E0433]: failed to resolve: use of undeclared crate or module `liquid`
[INFO] [stdout]  --> src/parser.rs:265:16
[INFO] [stdout]   |
[INFO] [stdout] 3 | let template = liquid::ParserBuilder::with_stdlib()
[INFO] [stdout]   |                ^^^^^^ use of undeclared crate or module `liquid`
[INFO] [stdout]   |
[INFO] [stdout] help: consider importing this struct
[INFO] [stdout]   |
[INFO] [stdout] 2 + use loose_liquid::ParserBuilder;
[INFO] [stdout]   |
[INFO] [stdout] help: if you import `ParserBuilder`, refer to it directly
[INFO] [stdout]   |
[INFO] [stdout] 3 - let template = liquid::ParserBuilder::with_stdlib()
[INFO] [stdout] 3 + let template = ParserBuilder::with_stdlib()
[INFO] [stdout]   |
[INFO] [stdout] 
[INFO] [stdout] error: aborting due to 2 previous errors
[INFO] [stdout] 
[INFO] [stdout] For more information about this error, try `rustc --explain E0433`.
[INFO] [stdout] Couldn't compile the test.
[INFO] [stdout] ---- src/lib.rs - (line 10) stdout ----
[INFO] [stdout] error[E0433]: failed to resolve: use of undeclared crate or module `liquid`
[INFO] [stdout]  --> src/lib.rs:15:19
[INFO] [stdout]   |
[INFO] [stdout] 7 | let mut globals = liquid::object!({
[INFO] [stdout]   |                   ^^^^^^ use of undeclared crate or module `liquid`
[INFO] [stdout] 
[INFO] [stdout] error[E0433]: failed to resolve: use of undeclared crate or module `liquid`
[INFO] [stdout]  --> src/lib.rs:11:16
[INFO] [stdout]   |
[INFO] [stdout] 3 | let template = liquid::ParserBuilder::with_stdlib()
[INFO] [stdout]   |                ^^^^^^ use of undeclared crate or module `liquid`
[INFO] [stdout]   |
[INFO] [stdout] help: consider importing this struct
[INFO] [stdout]   |
[INFO] [stdout] 2 + use loose_liquid::ParserBuilder;
[INFO] [stdout]   |
[INFO] [stdout] help: if you import `ParserBuilder`, refer to it directly
[INFO] [stdout]   |
[INFO] [stdout] 3 - let template = liquid::ParserBuilder::with_stdlib()
[INFO] [stdout] 3 + let template = ParserBuilder::with_stdlib()
[INFO] [stdout]   |
[INFO] [stdout] 
[INFO] [stdout] error: aborting due to 2 previous errors
[INFO] [stdout] 
[INFO] [stdout] For more information about this error, try `rustc --explain E0433`.
[INFO] [stdout] Couldn't compile the test.
[INFO] [stdout] ---- src/lib.rs - (line 103) stdout ----
[INFO] [stdout] error[E0433]: failed to resolve: use of undeclared crate or module `liquid`
[INFO] [stdout]  --> src/lib.rs:108:19
[INFO] [stdout]   |
[INFO] [stdout] 7 | let mut globals = liquid::object!({
[INFO] [stdout]   |                   ^^^^^^ use of undeclared crate or module `liquid`
[INFO] [stdout] 
[INFO] [stdout] error[E0433]: failed to resolve: use of undeclared crate or module `liquid`
[INFO] [stdout]  --> src/lib.rs:104:16
[INFO] [stdout]   |
[INFO] [stdout] 3 | let template = liquid::ParserBuilder::with_stdlib()
[INFO] [stdout]   |                ^^^^^^ use of undeclared crate or module `liquid`
[INFO] [stdout]   |
[INFO] [stdout] help: consider importing this struct
[INFO] [stdout]   |
[INFO] [stdout] 2 + use loose_liquid::ParserBuilder;
[INFO] [stdout]   |
[INFO] [stdout] help: if you import `ParserBuilder`, refer to it directly
[INFO] [stdout]   |
[INFO] [stdout] 3 - let template = liquid::ParserBuilder::with_stdlib()
[INFO] [stdout] 3 + let template = ParserBuilder::with_stdlib()
[INFO] [stdout]   |
[INFO] [stdout] 
[INFO] [stdout] error: aborting due to 2 previous errors
[INFO] [stdout] 
[INFO] [stdout] For more information about this error, try `rustc --explain E0433`.
[INFO] [stdout] Couldn't compile the test.
[INFO] [stdout] ---- src/parser.rs - parser::Parser::parse (line 233) stdout ----
[INFO] [stdout] error[E0433]: failed to resolve: use of undeclared crate or module `liquid`
[INFO] [stdout]  --> src/parser.rs:234:16
[INFO] [stdout]   |
[INFO] [stdout] 3 | let template = liquid::ParserBuilder::with_stdlib()
[INFO] [stdout]   |                ^^^^^^ use of undeclared crate or module `liquid`
[INFO] [stdout]   |
[INFO] [stdout] help: consider importing this struct
[INFO] [stdout]   |
[INFO] [stdout] 2 + use loose_liquid::ParserBuilder;
[INFO] [stdout]   |
[INFO] [stdout] help: if you import `ParserBuilder`, refer to it directly
[INFO] [stdout]   |
[INFO] [stdout] 3 - let template = liquid::ParserBuilder::with_stdlib()
[INFO] [stdout] 3 + let template = ParserBuilder::with_stdlib()
[INFO] [stdout]   |
[INFO] [stdout] 
[INFO] [stdout] error[E0433]: failed to resolve: use of undeclared crate or module `liquid`
[INFO] [stdout]  --> src/parser.rs:238:15
[INFO] [stdout]   |
[INFO] [stdout] 7 | let globals = liquid::Object::new();
[INFO] [stdout]   |               ^^^^^^ use of undeclared crate or module `liquid`
[INFO] [stdout]   |
[INFO] [stdout] help: consider importing one of these items
[INFO] [stdout]   |
[INFO] [stdout] 2 + use liquid_core::Object;
[INFO] [stdout]   |
[INFO] [stdout] 2 + use loose_liquid::Object;
[INFO] [stdout]   |
[INFO] [stdout] help: if you import `Object`, refer to it directly
[INFO] [stdout]   |
[INFO] [stdout] 7 - let globals = liquid::Object::new();
[INFO] [stdout] 7 + let globals = Object::new();
[INFO] [stdout]   |
[INFO] [stdout] 
[INFO] [stdout] error: aborting due to 2 previous errors
[INFO] [stdout] 
[INFO] [stdout] For more information about this error, try `rustc --explain E0433`.
[INFO] [stdout] Couldn't compile the test.
[INFO] [stdout] 
[INFO] [stdout] failures:
[INFO] [stdout]     src/lib.rs - (line 10)
[INFO] [stdout]     src/lib.rs - (line 103)
[INFO] [stdout]     src/lib.rs - (line 55)
[INFO] [stdout]     src/parser.rs - parser::Parser::parse (line 233)
[INFO] [stdout]     src/parser.rs - parser::Parser::parse_file (line 264)
[INFO] [stdout] 
[INFO] [stdout] test result: FAILED. 0 passed; 5 failed; 0 ignored; 0 measured; 0 filtered out; finished in 0.09s
[INFO] [stdout] 
[INFO] [stderr] error: doctest failed, to rerun pass `--doc`
[INFO] running `Command { std: "docker" "inspect" "ccd0976c58f9ac3547a8c66a39b09e4e49233fefd24b8261668717b792f74d4a", kill_on_drop: false }`
[INFO] running `Command { std: "docker" "rm" "-f" "ccd0976c58f9ac3547a8c66a39b09e4e49233fefd24b8261668717b792f74d4a", kill_on_drop: false }`
[INFO] [stdout] ccd0976c58f9ac3547a8c66a39b09e4e49233fefd24b8261668717b792f74d4a
