[INFO] fetching crate longshoreman 0.1.0...
[INFO] testing longshoreman-0.1.0 against 1.75.0 for beta-1.76-1
[INFO] extracting crate longshoreman 0.1.0 into /workspace/builds/worker-0-tc1/source
[INFO] validating manifest of crates.io crate longshoreman 0.1.0 on toolchain 1.75.0
[INFO] running `Command { std: CARGO_HOME="/workspace/cargo-home" RUSTUP_HOME="/workspace/rustup-home" "/workspace/cargo-home/bin/cargo" "+1.75.0" "metadata" "--manifest-path" "Cargo.toml" "--no-deps", kill_on_drop: false }`
[INFO] started tweaking crates.io crate longshoreman 0.1.0
[INFO] finished tweaking crates.io crate longshoreman 0.1.0
[INFO] tweaked toml for crates.io crate longshoreman 0.1.0 written to /workspace/builds/worker-0-tc1/source/Cargo.toml
[INFO] running `Command { std: CARGO_HOME="/workspace/cargo-home" RUSTUP_HOME="/workspace/rustup-home" "/workspace/cargo-home/bin/cargo" "+1.75.0" "generate-lockfile" "--manifest-path" "Cargo.toml", kill_on_drop: false }`
[INFO] [stderr]     Updating crates.io index
[INFO] running `Command { std: CARGO_HOME="/workspace/cargo-home" RUSTUP_HOME="/workspace/rustup-home" "/workspace/cargo-home/bin/cargo" "+1.75.0" "fetch" "--manifest-path" "Cargo.toml", kill_on_drop: false }`
[INFO] [stderr]  Downloading crates ...
[INFO] [stderr]   Downloaded hyperlocal v0.7.0
[INFO] running `Command { std: "docker" "create" "-v" "/var/lib/crater-agent-workspace/builds/worker-0-tc1/target:/opt/rustwide/target:rw,Z" "-v" "/var/lib/crater-agent-workspace/builds/worker-0-tc1/source:/opt/rustwide/workdir:ro,Z" "-v" "/var/lib/crater-agent-workspace/cargo-home:/opt/rustwide/cargo-home:ro,Z" "-v" "/var/lib/crater-agent-workspace/rustup-home:/opt/rustwide/rustup-home:ro,Z" "-e" "SOURCE_DIR=/opt/rustwide/workdir" "-e" "CARGO_TARGET_DIR=/opt/rustwide/target" "-e" "CARGO_HOME=/opt/rustwide/cargo-home" "-e" "RUSTUP_HOME=/opt/rustwide/rustup-home" "-w" "/opt/rustwide/workdir" "-m" "1610612736" "--user" "0:0" "--network" "none" "ghcr.io/rust-lang/crates-build-env/linux@sha256:2788e3201cd34a07e3172128adcd8b3090168a8e3bcc40d7c032b9dda1df7d1c" "/opt/rustwide/cargo-home/bin/cargo" "+1.75.0" "metadata" "--no-deps" "--format-version=1", kill_on_drop: false }`
[INFO] [stdout] aff10dc8f811cb080aff4197c829480301f23be3b336bc14d795678fc97ccb27
[INFO] running `Command { std: "docker" "start" "-a" "aff10dc8f811cb080aff4197c829480301f23be3b336bc14d795678fc97ccb27", kill_on_drop: false }`
[INFO] running `Command { std: "docker" "inspect" "aff10dc8f811cb080aff4197c829480301f23be3b336bc14d795678fc97ccb27", kill_on_drop: false }`
[INFO] running `Command { std: "docker" "rm" "-f" "aff10dc8f811cb080aff4197c829480301f23be3b336bc14d795678fc97ccb27", kill_on_drop: false }`
[INFO] [stdout] aff10dc8f811cb080aff4197c829480301f23be3b336bc14d795678fc97ccb27
[INFO] running `Command { std: "docker" "create" "-v" "/var/lib/crater-agent-workspace/builds/worker-0-tc1/target:/opt/rustwide/target:rw,Z" "-v" "/var/lib/crater-agent-workspace/builds/worker-0-tc1/source:/opt/rustwide/workdir:ro,Z" "-v" "/var/lib/crater-agent-workspace/cargo-home:/opt/rustwide/cargo-home:ro,Z" "-v" "/var/lib/crater-agent-workspace/rustup-home:/opt/rustwide/rustup-home:ro,Z" "-e" "SOURCE_DIR=/opt/rustwide/workdir" "-e" "CARGO_TARGET_DIR=/opt/rustwide/target" "-e" "CARGO_INCREMENTAL=0" "-e" "RUST_BACKTRACE=full" "-e" "RUSTFLAGS=--cap-lints=warn" "-e" "RUSTDOCFLAGS=--cap-lints=warn" "-e" "CARGO_HOME=/opt/rustwide/cargo-home" "-e" "RUSTUP_HOME=/opt/rustwide/rustup-home" "-w" "/opt/rustwide/workdir" "-m" "1610612736" "--user" "0:0" "--network" "none" "ghcr.io/rust-lang/crates-build-env/linux@sha256:2788e3201cd34a07e3172128adcd8b3090168a8e3bcc40d7c032b9dda1df7d1c" "/opt/rustwide/cargo-home/bin/cargo" "+1.75.0" "build" "--frozen" "--message-format=json", kill_on_drop: false }`
[INFO] [stdout] fa8fed6bbc5a14c1345d88b397cb22122de3d8d172b085a7bd3935b2e0566c8b
[INFO] running `Command { std: "docker" "start" "-a" "fa8fed6bbc5a14c1345d88b397cb22122de3d8d172b085a7bd3935b2e0566c8b", kill_on_drop: false }`
[INFO] [stderr]    Compiling libc v0.2.151
[INFO] [stderr]    Compiling syn v1.0.109
[INFO] [stderr]    Compiling log v0.4.20
[INFO] [stderr]    Compiling futures-core v0.3.30
[INFO] [stderr]    Compiling pin-project-lite v0.2.13
[INFO] [stderr]    Compiling bytes v0.5.6
[INFO] [stderr]    Compiling itoa v1.0.10
[INFO] [stderr]    Compiling memchr v2.7.1
[INFO] [stderr]    Compiling once_cell v1.19.0
[INFO] [stderr]    Compiling tinyvec_macros v0.1.1
[INFO] [stderr]    Compiling slab v0.4.9
[INFO] [stderr]    Compiling indexmap v1.9.3
[INFO] [stderr]    Compiling pin-project-lite v0.1.12
[INFO] [stderr]    Compiling bytes v1.5.0
[INFO] [stderr]    Compiling syn v2.0.48
[INFO] [stderr]    Compiling hashbrown v0.12.3
[INFO] [stderr]    Compiling tinyvec v1.6.0
[INFO] [stderr]    Compiling futures-io v0.3.30
[INFO] [stderr]    Compiling futures-sink v0.3.30
[INFO] [stderr]    Compiling pin-project-internal v0.4.30
[INFO] [stderr]    Compiling futures-task v0.3.30
[INFO] [stderr]    Compiling httparse v1.8.0
[INFO] [stderr]    Compiling tracing-core v0.1.32
[INFO] [stderr]    Compiling num-traits v0.2.17
[INFO] [stderr]    Compiling percent-encoding v2.3.1
[INFO] [stderr]    Compiling itoa v0.4.8
[INFO] [stderr]    Compiling unicode-bidi v0.3.14
[INFO] [stderr]    Compiling try-lock v0.2.5
[INFO] [stderr]    Compiling want v0.3.1
[INFO] [stderr]    Compiling form_urlencoded v1.2.1
[INFO] [stderr]    Compiling futures-channel v0.3.30
[INFO] [stderr]    Compiling serde_json v1.0.111
[INFO] [stderr]    Compiling tracing v0.1.40
[INFO] [stderr]    Compiling http v0.2.11
[INFO] [stderr]    Compiling httpdate v0.3.2
[INFO] [stderr]    Compiling thiserror v1.0.56
[INFO] [stderr]    Compiling tower-service v0.3.2
[INFO] [stderr]    Compiling hex v0.4.3
[INFO] [stderr]    Compiling ryu v1.0.16
[INFO] [stderr]    Compiling iana-time-zone v0.1.59
[INFO] [stderr]    Compiling dtoa v0.4.8
[INFO] [stderr]    Compiling mime v0.3.17
[INFO] [stderr]    Compiling unicode-normalization v0.1.22
[INFO] [stderr]    Compiling net2 v0.2.39
[INFO] [stderr]    Compiling iovec v0.1.4
[INFO] [stderr]    Compiling num_cpus v1.16.0
[INFO] [stderr]    Compiling socket2 v0.3.19
[INFO] [stderr]    Compiling mio v0.6.23
[INFO] [stderr]    Compiling idna v0.5.0
[INFO] [stderr]    Compiling http-body v0.3.1
[INFO] [stderr]    Compiling url v2.5.0
[INFO] [stderr]    Compiling mio-uds v0.6.8
[INFO] [stderr]    Compiling pin-project-internal v1.1.3
[INFO] [stderr]    Compiling futures-macro v0.3.30
[INFO] [stderr]    Compiling serde_derive v1.0.194
[INFO] [stderr]    Compiling thiserror-impl v1.0.56
[INFO] [stderr]    Compiling tokio-macros v0.2.6
[INFO] [stderr]    Compiling tokio v0.2.25
[INFO] [stderr]    Compiling futures-util v0.3.30
[INFO] [stderr]    Compiling pin-project v1.1.3
[INFO] [stderr]    Compiling tracing-futures v0.2.5
[INFO] [stderr]    Compiling pin-project v0.4.30
[INFO] [stderr]    Compiling serde v1.0.194
[INFO] [stderr]    Compiling tokio-util v0.3.1
[INFO] [stderr]    Compiling h2 v0.2.7
[INFO] [stderr]    Compiling serde_urlencoded v0.6.1
[INFO] [stderr]    Compiling chrono v0.4.31
[INFO] [stderr]    Compiling hyper v0.13.10
[INFO] [stderr]    Compiling hyperlocal v0.7.0
[INFO] [stderr]    Compiling longshoreman v0.1.0 (/opt/rustwide/workdir)
[INFO] [stdout] warning: fields `status`, `progress`, and `id` are never read
[INFO] [stdout]    --> src/docker/images/pull.rs:104:5
[INFO] [stdout]     |
[INFO] [stdout] 103 | pub struct StatusMessage {
[INFO] [stdout]     |            ------------- fields in this struct
[INFO] [stdout] 104 |     status: String,
[INFO] [stdout]     |     ^^^^^^
[INFO] [stdout] 105 |     #[serde(flatten)]
[INFO] [stdout] 106 |     progress: Option<Progress>,
[INFO] [stdout]     |     ^^^^^^^^
[INFO] [stdout] 107 |     id: Option<String>,
[INFO] [stdout]     |     ^^
[INFO] [stdout]     |
[INFO] [stdout]     = note: `StatusMessage` has a derived impl for the trait `Debug`, but this is intentionally ignored during dead code analysis
[INFO] [stdout]     = note: `#[warn(dead_code)]` on by default
[INFO] [stdout] 
[INFO] [stdout] 
[INFO] [stdout] warning: fields `progress_detail` and `progress` are never read
[INFO] [stdout]    --> src/docker/images/pull.rs:113:5
[INFO] [stdout]     |
[INFO] [stdout] 112 | struct Progress {
[INFO] [stdout]     |        -------- fields in this struct
[INFO] [stdout] 113 |     progress_detail: ProgressDetail,
[INFO] [stdout]     |     ^^^^^^^^^^^^^^^
[INFO] [stdout] 114 |     progress: String,
[INFO] [stdout]     |     ^^^^^^^^
[INFO] [stdout]     |
[INFO] [stdout]     = note: `Progress` has a derived impl for the trait `Debug`, but this is intentionally ignored during dead code analysis
[INFO] [stdout] 
[INFO] [stdout] 
[INFO] [stdout] warning: fields `current` and `total` are never read
[INFO] [stdout]    --> src/docker/images/pull.rs:119:5
[INFO] [stdout]     |
[INFO] [stdout] 118 | struct ProgressDetail {
[INFO] [stdout]     |        -------------- fields in this struct
[INFO] [stdout] 119 |     current: u32,
[INFO] [stdout]     |     ^^^^^^^
[INFO] [stdout] 120 |     total: u32,
[INFO] [stdout]     |     ^^^^^
[INFO] [stdout]     |
[INFO] [stdout]     = note: `ProgressDetail` has a derived impl for the trait `Debug`, but this is intentionally ignored during dead code analysis
[INFO] [stdout] 
[INFO] [stdout] 
[INFO] [stdout] warning: multiple fields are never read
[INFO] [stdout]    --> src/docker/containers/list.rs:100:5
[INFO] [stdout]     |
[INFO] [stdout] 86  | pub struct Response {
[INFO] [stdout]     |            -------- fields in this struct
[INFO] [stdout] ...
[INFO] [stdout] 100 |     command: String,
[INFO] [stdout]     |     ^^^^^^^
[INFO] [stdout] ...
[INFO] [stdout] 106 |     ports: Vec<Port>,
[INFO] [stdout]     |     ^^^^^
[INFO] [stdout] 107 |     size_rw: Option<i64>,
[INFO] [stdout]     |     ^^^^^^^
[INFO] [stdout] 108 |     size_root_fs: Option<i64>,
[INFO] [stdout]     |     ^^^^^^^^^^^^
[INFO] [stdout] ...
[INFO] [stdout] 112 |     state: State,
[INFO] [stdout]     |     ^^^^^
[INFO] [stdout] 113 |     status: String,
[INFO] [stdout]     |     ^^^^^^
[INFO] [stdout] 114 |     host_config: HostConfig,
[INFO] [stdout]     |     ^^^^^^^^^^^
[INFO] [stdout] 115 |     network_settings: NetworkSettings,
[INFO] [stdout]     |     ^^^^^^^^^^^^^^^^
[INFO] [stdout] 116 |     mounts: Vec<Mount>,
[INFO] [stdout]     |     ^^^^^^
[INFO] [stdout]     |
[INFO] [stdout]     = note: `Response` has derived impls for the traits `Clone` and `Debug`, but these are intentionally ignored during dead code analysis
[INFO] [stdout] 
[INFO] [stdout] 
[INFO] [stdout] warning: fields `ip`, `private_port`, `public_port`, and `type` are never read
[INFO] [stdout]    --> src/docker/containers/list.rs:123:5
[INFO] [stdout]     |
[INFO] [stdout] 121 | struct Port {
[INFO] [stdout]     |        ---- fields in this struct
[INFO] [stdout] 122 |     #[serde(rename = "IP")]
[INFO] [stdout] 123 |     ip: Option<IpAddr>,
[INFO] [stdout]     |     ^^
[INFO] [stdout] 124 |     private_port: u16,
[INFO] [stdout]     |     ^^^^^^^^^^^^
[INFO] [stdout] 125 |     public_port: Option<u16>,
[INFO] [stdout]     |     ^^^^^^^^^^^
[INFO] [stdout] 126 |     r#type: PortType,
[INFO] [stdout]     |     ^^^^^^
[INFO] [stdout]     |
[INFO] [stdout]     = note: `Port` has derived impls for the traits `Clone` and `Debug`, but these are intentionally ignored during dead code analysis
[INFO] [stdout] 
[INFO] [stdout] 
[INFO] [stdout] warning: field `network_mode` is never read
[INFO] [stdout]    --> src/docker/containers/list.rs:148:5
[INFO] [stdout]     |
[INFO] [stdout] 147 | struct HostConfig {
[INFO] [stdout]     |        ---------- field in this struct
[INFO] [stdout] 148 |     network_mode: String,
[INFO] [stdout]     |     ^^^^^^^^^^^^
[INFO] [stdout]     |
[INFO] [stdout]     = note: `HostConfig` has derived impls for the traits `Clone` and `Debug`, but these are intentionally ignored during dead code analysis
[INFO] [stdout] 
[INFO] [stdout] 
[INFO] [stdout] warning: 6 warnings emitted
[INFO] [stdout] 
[INFO] [stdout] 
[INFO] [stderr]     Finished dev [unoptimized + debuginfo] target(s) in 16.97s
[INFO] running `Command { std: "docker" "inspect" "fa8fed6bbc5a14c1345d88b397cb22122de3d8d172b085a7bd3935b2e0566c8b", kill_on_drop: false }`
[INFO] running `Command { std: "docker" "rm" "-f" "fa8fed6bbc5a14c1345d88b397cb22122de3d8d172b085a7bd3935b2e0566c8b", kill_on_drop: false }`
[INFO] [stdout] fa8fed6bbc5a14c1345d88b397cb22122de3d8d172b085a7bd3935b2e0566c8b
[INFO] running `Command { std: "docker" "create" "-v" "/var/lib/crater-agent-workspace/builds/worker-0-tc1/target:/opt/rustwide/target:rw,Z" "-v" "/var/lib/crater-agent-workspace/builds/worker-0-tc1/source:/opt/rustwide/workdir:ro,Z" "-v" "/var/lib/crater-agent-workspace/cargo-home:/opt/rustwide/cargo-home:ro,Z" "-v" "/var/lib/crater-agent-workspace/rustup-home:/opt/rustwide/rustup-home:ro,Z" "-e" "SOURCE_DIR=/opt/rustwide/workdir" "-e" "CARGO_TARGET_DIR=/opt/rustwide/target" "-e" "CARGO_INCREMENTAL=0" "-e" "RUST_BACKTRACE=full" "-e" "RUSTFLAGS=--cap-lints=warn" "-e" "RUSTDOCFLAGS=--cap-lints=warn" "-e" "CARGO_HOME=/opt/rustwide/cargo-home" "-e" "RUSTUP_HOME=/opt/rustwide/rustup-home" "-w" "/opt/rustwide/workdir" "-m" "1610612736" "--user" "0:0" "--network" "none" "ghcr.io/rust-lang/crates-build-env/linux@sha256:2788e3201cd34a07e3172128adcd8b3090168a8e3bcc40d7c032b9dda1df7d1c" "/opt/rustwide/cargo-home/bin/cargo" "+1.75.0" "test" "--frozen" "--no-run" "--message-format=json", kill_on_drop: false }`
[INFO] [stdout] 9021490a369eab12d9b892ceb3d6ce1a7102f084a717c823434ecb9e85833c35
[INFO] running `Command { std: "docker" "start" "-a" "9021490a369eab12d9b892ceb3d6ce1a7102f084a717c823434ecb9e85833c35", kill_on_drop: false }`
[INFO] [stdout] warning: fields `status`, `progress`, and `id` are never read
[INFO] [stdout]    --> src/docker/images/pull.rs:104:5
[INFO] [stdout]     |
[INFO] [stdout] 103 | pub struct StatusMessage {
[INFO] [stdout]     |            ------------- fields in this struct
[INFO] [stdout] 104 |     status: String,
[INFO] [stdout]     |     ^^^^^^
[INFO] [stdout] 105 |     #[serde(flatten)]
[INFO] [stdout] 106 |     progress: Option<Progress>,
[INFO] [stdout]     |     ^^^^^^^^
[INFO] [stdout] 107 |     id: Option<String>,
[INFO] [stdout]     |     ^^
[INFO] [stdout]     |
[INFO] [stdout]     = note: `StatusMessage` has a derived impl for the trait `Debug`, but this is intentionally ignored during dead code analysis
[INFO] [stdout]     = note: `#[warn(dead_code)]` on by default
[INFO] [stdout] 
[INFO] [stdout] 
[INFO] [stdout] warning: fields `progress_detail` and `progress` are never read
[INFO] [stdout]    --> src/docker/images/pull.rs:113:5
[INFO] [stdout]     |
[INFO] [stdout] 112 | struct Progress {
[INFO] [stdout]     |        -------- fields in this struct
[INFO] [stdout] 113 |     progress_detail: ProgressDetail,
[INFO] [stdout]     |     ^^^^^^^^^^^^^^^
[INFO] [stdout] 114 |     progress: String,
[INFO] [stdout]     |     ^^^^^^^^
[INFO] [stdout]     |
[INFO] [stdout]     = note: `Progress` has a derived impl for the trait `Debug`, but this is intentionally ignored during dead code analysis
[INFO] [stdout] 
[INFO] [stdout] 
[INFO] [stderr]    Compiling longshoreman v0.1.0 (/opt/rustwide/workdir)
[INFO] [stdout] warning: fields `current` and `total` are never read
[INFO] [stdout]    --> src/docker/images/pull.rs:119:5
[INFO] [stdout]     |
[INFO] [stdout] 118 | struct ProgressDetail {
[INFO] [stdout]     |        -------------- fields in this struct
[INFO] [stdout] 119 |     current: u32,
[INFO] [stdout]     |     ^^^^^^^
[INFO] [stdout] 120 |     total: u32,
[INFO] [stdout]     |     ^^^^^
[INFO] [stdout]     |
[INFO] [stdout]     = note: `ProgressDetail` has a derived impl for the trait `Debug`, but this is intentionally ignored during dead code analysis
[INFO] [stdout] 
[INFO] [stdout] 
[INFO] [stdout] warning: multiple fields are never read
[INFO] [stdout]    --> src/docker/containers/list.rs:100:5
[INFO] [stdout]     |
[INFO] [stdout] 86  | pub struct Response {
[INFO] [stdout]     |            -------- fields in this struct
[INFO] [stdout] ...
[INFO] [stdout] 100 |     command: String,
[INFO] [stdout]     |     ^^^^^^^
[INFO] [stdout] ...
[INFO] [stdout] 106 |     ports: Vec<Port>,
[INFO] [stdout]     |     ^^^^^
[INFO] [stdout] 107 |     size_rw: Option<i64>,
[INFO] [stdout]     |     ^^^^^^^
[INFO] [stdout] 108 |     size_root_fs: Option<i64>,
[INFO] [stdout]     |     ^^^^^^^^^^^^
[INFO] [stdout] ...
[INFO] [stdout] 112 |     state: State,
[INFO] [stdout]     |     ^^^^^
[INFO] [stdout] 113 |     status: String,
[INFO] [stdout]     |     ^^^^^^
[INFO] [stdout] 114 |     host_config: HostConfig,
[INFO] [stdout]     |     ^^^^^^^^^^^
[INFO] [stdout] 115 |     network_settings: NetworkSettings,
[INFO] [stdout]     |     ^^^^^^^^^^^^^^^^
[INFO] [stdout] 116 |     mounts: Vec<Mount>,
[INFO] [stdout]     |     ^^^^^^
[INFO] [stdout]     |
[INFO] [stdout]     = note: `Response` has derived impls for the traits `Clone` and `Debug`, but these are intentionally ignored during dead code analysis
[INFO] [stdout] 
[INFO] [stdout] 
[INFO] [stdout] warning: fields `ip`, `private_port`, `public_port`, and `type` are never read
[INFO] [stdout]    --> src/docker/containers/list.rs:123:5
[INFO] [stdout]     |
[INFO] [stdout] 121 | struct Port {
[INFO] [stdout]     |        ---- fields in this struct
[INFO] [stdout] 122 |     #[serde(rename = "IP")]
[INFO] [stdout] 123 |     ip: Option<IpAddr>,
[INFO] [stdout]     |     ^^
[INFO] [stdout] 124 |     private_port: u16,
[INFO] [stdout]     |     ^^^^^^^^^^^^
[INFO] [stdout] 125 |     public_port: Option<u16>,
[INFO] [stdout]     |     ^^^^^^^^^^^
[INFO] [stdout] 126 |     r#type: PortType,
[INFO] [stdout]     |     ^^^^^^
[INFO] [stdout]     |
[INFO] [stdout]     = note: `Port` has derived impls for the traits `Clone` and `Debug`, but these are intentionally ignored during dead code analysis
[INFO] [stdout] 
[INFO] [stdout] 
[INFO] [stdout] warning: field `network_mode` is never read
[INFO] [stdout]    --> src/docker/containers/list.rs:148:5
[INFO] [stdout]     |
[INFO] [stdout] 147 | struct HostConfig {
[INFO] [stdout]     |        ---------- field in this struct
[INFO] [stdout] 148 |     network_mode: String,
[INFO] [stdout]     |     ^^^^^^^^^^^^
[INFO] [stdout]     |
[INFO] [stdout]     = note: `HostConfig` has derived impls for the traits `Clone` and `Debug`, but these are intentionally ignored during dead code analysis
[INFO] [stdout] 
[INFO] [stdout] 
[INFO] [stdout] warning: 6 warnings emitted
[INFO] [stdout] 
[INFO] [stdout] 
[INFO] [stdout] warning: fields `status`, `progress`, and `id` are never read
[INFO] [stdout]    --> src/docker/images/pull.rs:104:5
[INFO] [stdout]     |
[INFO] [stdout] 103 | pub struct StatusMessage {
[INFO] [stdout]     |            ------------- fields in this struct
[INFO] [stdout] 104 |     status: String,
[INFO] [stdout]     |     ^^^^^^
[INFO] [stdout] 105 |     #[serde(flatten)]
[INFO] [stdout] 106 |     progress: Option<Progress>,
[INFO] [stdout]     |     ^^^^^^^^
[INFO] [stdout] 107 |     id: Option<String>,
[INFO] [stdout]     |     ^^
[INFO] [stdout]     |
[INFO] [stdout]     = note: `StatusMessage` has a derived impl for the trait `Debug`, but this is intentionally ignored during dead code analysis
[INFO] [stdout]     = note: `#[warn(dead_code)]` on by default
[INFO] [stdout] 
[INFO] [stdout] 
[INFO] [stdout] warning: fields `progress_detail` and `progress` are never read
[INFO] [stdout]    --> src/docker/images/pull.rs:113:5
[INFO] [stdout]     |
[INFO] [stdout] 112 | struct Progress {
[INFO] [stdout]     |        -------- fields in this struct
[INFO] [stdout] 113 |     progress_detail: ProgressDetail,
[INFO] [stdout]     |     ^^^^^^^^^^^^^^^
[INFO] [stdout] 114 |     progress: String,
[INFO] [stdout]     |     ^^^^^^^^
[INFO] [stdout]     |
[INFO] [stdout]     = note: `Progress` has a derived impl for the trait `Debug`, but this is intentionally ignored during dead code analysis
[INFO] [stdout] 
[INFO] [stdout] 
[INFO] [stdout] warning: fields `current` and `total` are never read
[INFO] [stdout]    --> src/docker/images/pull.rs:119:5
[INFO] [stdout]     |
[INFO] [stdout] 118 | struct ProgressDetail {
[INFO] [stdout]     |        -------------- fields in this struct
[INFO] [stdout] 119 |     current: u32,
[INFO] [stdout]     |     ^^^^^^^
[INFO] [stdout] 120 |     total: u32,
[INFO] [stdout]     |     ^^^^^
[INFO] [stdout]     |
[INFO] [stdout]     = note: `ProgressDetail` has a derived impl for the trait `Debug`, but this is intentionally ignored during dead code analysis
[INFO] [stdout] 
[INFO] [stdout] 
[INFO] [stdout] warning: multiple fields are never read
[INFO] [stdout]    --> src/docker/containers/list.rs:100:5
[INFO] [stdout]     |
[INFO] [stdout] 86  | pub struct Response {
[INFO] [stdout]     |            -------- fields in this struct
[INFO] [stdout] ...
[INFO] [stdout] 100 |     command: String,
[INFO] [stdout]     |     ^^^^^^^
[INFO] [stdout] ...
[INFO] [stdout] 106 |     ports: Vec<Port>,
[INFO] [stdout]     |     ^^^^^
[INFO] [stdout] 107 |     size_rw: Option<i64>,
[INFO] [stdout]     |     ^^^^^^^
[INFO] [stdout] 108 |     size_root_fs: Option<i64>,
[INFO] [stdout]     |     ^^^^^^^^^^^^
[INFO] [stdout] ...
[INFO] [stdout] 112 |     state: State,
[INFO] [stdout]     |     ^^^^^
[INFO] [stdout] 113 |     status: String,
[INFO] [stdout]     |     ^^^^^^
[INFO] [stdout] 114 |     host_config: HostConfig,
[INFO] [stdout]     |     ^^^^^^^^^^^
[INFO] [stdout] 115 |     network_settings: NetworkSettings,
[INFO] [stdout]     |     ^^^^^^^^^^^^^^^^
[INFO] [stdout] 116 |     mounts: Vec<Mount>,
[INFO] [stdout]     |     ^^^^^^
[INFO] [stdout]     |
[INFO] [stdout]     = note: `Response` has derived impls for the traits `Clone` and `Debug`, but these are intentionally ignored during dead code analysis
[INFO] [stdout] 
[INFO] [stdout] 
[INFO] [stdout] warning: fields `ip`, `private_port`, `public_port`, and `type` are never read
[INFO] [stdout]    --> src/docker/containers/list.rs:123:5
[INFO] [stdout]     |
[INFO] [stdout] 121 | struct Port {
[INFO] [stdout]     |        ---- fields in this struct
[INFO] [stdout] 122 |     #[serde(rename = "IP")]
[INFO] [stdout] 123 |     ip: Option<IpAddr>,
[INFO] [stdout]     |     ^^
[INFO] [stdout] 124 |     private_port: u16,
[INFO] [stdout]     |     ^^^^^^^^^^^^
[INFO] [stdout] 125 |     public_port: Option<u16>,
[INFO] [stdout]     |     ^^^^^^^^^^^
[INFO] [stdout] 126 |     r#type: PortType,
[INFO] [stdout]     |     ^^^^^^
[INFO] [stdout]     |
[INFO] [stdout]     = note: `Port` has derived impls for the traits `Clone` and `Debug`, but these are intentionally ignored during dead code analysis
[INFO] [stdout] 
[INFO] [stdout] 
[INFO] [stdout] warning: field `network_mode` is never read
[INFO] [stdout]    --> src/docker/containers/list.rs:148:5
[INFO] [stdout]     |
[INFO] [stdout] 147 | struct HostConfig {
[INFO] [stdout]     |        ---------- field in this struct
[INFO] [stdout] 148 |     network_mode: String,
[INFO] [stdout]     |     ^^^^^^^^^^^^
[INFO] [stdout]     |
[INFO] [stdout]     = note: `HostConfig` has derived impls for the traits `Clone` and `Debug`, but these are intentionally ignored during dead code analysis
[INFO] [stdout] 
[INFO] [stdout] 
[INFO] [stdout] warning: 6 warnings emitted
[INFO] [stdout] 
[INFO] [stdout] 
[INFO] [stderr]     Finished test [unoptimized + debuginfo] target(s) in 4.62s
[INFO] running `Command { std: "docker" "inspect" "9021490a369eab12d9b892ceb3d6ce1a7102f084a717c823434ecb9e85833c35", kill_on_drop: false }`
[INFO] running `Command { std: "docker" "rm" "-f" "9021490a369eab12d9b892ceb3d6ce1a7102f084a717c823434ecb9e85833c35", kill_on_drop: false }`
[INFO] [stdout] 9021490a369eab12d9b892ceb3d6ce1a7102f084a717c823434ecb9e85833c35
[INFO] running `Command { std: "docker" "create" "-v" "/var/lib/crater-agent-workspace/builds/worker-0-tc1/target:/opt/rustwide/target:rw,Z" "-v" "/var/lib/crater-agent-workspace/builds/worker-0-tc1/source:/opt/rustwide/workdir:ro,Z" "-v" "/var/lib/crater-agent-workspace/cargo-home:/opt/rustwide/cargo-home:ro,Z" "-v" "/var/lib/crater-agent-workspace/rustup-home:/opt/rustwide/rustup-home:ro,Z" "-e" "SOURCE_DIR=/opt/rustwide/workdir" "-e" "CARGO_TARGET_DIR=/opt/rustwide/target" "-e" "CARGO_INCREMENTAL=0" "-e" "RUST_BACKTRACE=full" "-e" "RUSTFLAGS=--cap-lints=warn" "-e" "RUSTDOCFLAGS=--cap-lints=warn" "-e" "CARGO_HOME=/opt/rustwide/cargo-home" "-e" "RUSTUP_HOME=/opt/rustwide/rustup-home" "-w" "/opt/rustwide/workdir" "-m" "1610612736" "--user" "0:0" "--network" "none" "ghcr.io/rust-lang/crates-build-env/linux@sha256:2788e3201cd34a07e3172128adcd8b3090168a8e3bcc40d7c032b9dda1df7d1c" "/opt/rustwide/cargo-home/bin/cargo" "+1.75.0" "test" "--frozen", kill_on_drop: false }`
[INFO] [stdout] e9116c4b8b9ccb58e19e627651042b42f9b063ded10d325fb8d929ad5ffdf939
[INFO] running `Command { std: "docker" "start" "-a" "e9116c4b8b9ccb58e19e627651042b42f9b063ded10d325fb8d929ad5ffdf939", kill_on_drop: false }`
[INFO] [stderr] warning: fields `status`, `progress`, and `id` are never read
[INFO] [stderr]    --> src/docker/images/pull.rs:104:5
[INFO] [stderr]     |
[INFO] [stderr] 103 | pub struct StatusMessage {
[INFO] [stderr]     |            ------------- fields in this struct
[INFO] [stderr] 104 |     status: String,
[INFO] [stderr]     |     ^^^^^^
[INFO] [stderr] 105 |     #[serde(flatten)]
[INFO] [stderr] 106 |     progress: Option<Progress>,
[INFO] [stderr]     |     ^^^^^^^^
[INFO] [stderr] 107 |     id: Option<String>,
[INFO] [stderr]     |     ^^
[INFO] [stderr]     |
[INFO] [stderr]     = note: `StatusMessage` has a derived impl for the trait `Debug`, but this is intentionally ignored during dead code analysis
[INFO] [stderr]     = note: `#[warn(dead_code)]` on by default
[INFO] [stderr] 
[INFO] [stderr] warning: fields `progress_detail` and `progress` are never read
[INFO] [stderr]    --> src/docker/images/pull.rs:113:5
[INFO] [stderr]     |
[INFO] [stderr] 112 | struct Progress {
[INFO] [stderr]     |        -------- fields in this struct
[INFO] [stderr] 113 |     progress_detail: ProgressDetail,
[INFO] [stderr]     |     ^^^^^^^^^^^^^^^
[INFO] [stderr] 114 |     progress: String,
[INFO] [stderr]     |     ^^^^^^^^
[INFO] [stderr]     |
[INFO] [stderr]     = note: `Progress` has a derived impl for the trait `Debug`, but this is intentionally ignored during dead code analysis
[INFO] [stderr] 
[INFO] [stderr] warning: fields `current` and `total` are never read
[INFO] [stderr]    --> src/docker/images/pull.rs:119:5
[INFO] [stderr]     |
[INFO] [stderr] 118 | struct ProgressDetail {
[INFO] [stderr]     |        -------------- fields in this struct
[INFO] [stderr] 119 |     current: u32,
[INFO] [stderr]     |     ^^^^^^^
[INFO] [stderr] 120 |     total: u32,
[INFO] [stderr]     |     ^^^^^
[INFO] [stderr]     |
[INFO] [stderr]     = note: `ProgressDetail` has a derived impl for the trait `Debug`, but this is intentionally ignored during dead code analysis
[INFO] [stderr] 
[INFO] [stderr] warning: multiple fields are never read
[INFO] [stderr]    --> src/docker/containers/list.rs:100:5
[INFO] [stderr]     |
[INFO] [stderr] 86  | pub struct Response {
[INFO] [stderr]     |            -------- fields in this struct
[INFO] [stderr] ...
[INFO] [stderr] 100 |     command: String,
[INFO] [stderr]     |     ^^^^^^^
[INFO] [stderr] ...
[INFO] [stderr] 106 |     ports: Vec<Port>,
[INFO] [stderr]     |     ^^^^^
[INFO] [stderr] 107 |     size_rw: Option<i64>,
[INFO] [stderr]     |     ^^^^^^^
[INFO] [stderr] 108 |     size_root_fs: Option<i64>,
[INFO] [stderr]     |     ^^^^^^^^^^^^
[INFO] [stderr] ...
[INFO] [stderr] 112 |     state: State,
[INFO] [stderr]     |     ^^^^^
[INFO] [stderr] 113 |     status: String,
[INFO] [stderr]     |     ^^^^^^
[INFO] [stderr] 114 |     host_config: HostConfig,
[INFO] [stderr]     |     ^^^^^^^^^^^
[INFO] [stderr] 115 |     network_settings: NetworkSettings,
[INFO] [stderr]     |     ^^^^^^^^^^^^^^^^
[INFO] [stderr] 116 |     mounts: Vec<Mount>,
[INFO] [stderr]     |     ^^^^^^
[INFO] [stderr]     |
[INFO] [stderr]     = note: `Response` has derived impls for the traits `Clone` and `Debug`, but these are intentionally ignored during dead code analysis
[INFO] [stderr] 
[INFO] [stderr] warning: fields `ip`, `private_port`, `public_port`, and `type` are never read
[INFO] [stderr]    --> src/docker/containers/list.rs:123:5
[INFO] [stderr]     |
[INFO] [stderr] 121 | struct Port {
[INFO] [stderr]     |        ---- fields in this struct
[INFO] [stderr] 122 |     #[serde(rename = "IP")]
[INFO] [stderr] 123 |     ip: Option<IpAddr>,
[INFO] [stderr]     |     ^^
[INFO] [stderr] 124 |     private_port: u16,
[INFO] [stderr]     |     ^^^^^^^^^^^^
[INFO] [stderr] 125 |     public_port: Option<u16>,
[INFO] [stderr]     |     ^^^^^^^^^^^
[INFO] [stderr] 126 |     r#type: PortType,
[INFO] [stderr]     |     ^^^^^^
[INFO] [stderr]     |
[INFO] [stderr]     = note: `Port` has derived impls for the traits `Clone` and `Debug`, but these are intentionally ignored during dead code analysis
[INFO] [stderr] 
[INFO] [stderr] warning: field `network_mode` is never read
[INFO] [stderr]    --> src/docker/containers/list.rs:148:5
[INFO] [stderr]     |
[INFO] [stderr] 147 | struct HostConfig {
[INFO] [stderr]     |        ---------- field in this struct
[INFO] [stderr] 148 |     network_mode: String,
[INFO] [stderr]     |     ^^^^^^^^^^^^
[INFO] [stderr]     |
[INFO] [stderr]     = note: `HostConfig` has derived impls for the traits `Clone` and `Debug`, but these are intentionally ignored during dead code analysis
[INFO] [stderr] 
[INFO] [stderr] warning: `longshoreman` (lib) generated 6 warnings
[INFO] [stderr] warning: `longshoreman` (lib test) generated 6 warnings (6 duplicates)
[INFO] [stderr]     Finished test [unoptimized + debuginfo] target(s) in 0.08s
[INFO] [stderr]      Running unittests src/lib.rs (/opt/rustwide/target/debug/deps/longshoreman-76e71af44da704c7)
[INFO] [stdout] 
[INFO] [stdout] running 13 tests
[INFO] [stdout] test docker::images::load::tests::complete_deserialisation ... ok
[INFO] [stdout] test docker::containers::create::tests::deserialize_response ... ok
[INFO] [stdout] test docker::containers::inspect::tests::deserialise_response ... ok
[INFO] [stdout] test docker::images::load::tests::complete_image ... ok
[INFO] [stdout] test docker::containers::list::tests::deserialise_response ... ok
[INFO] [stdout] test docker::images::load::tests::status_deserialisation ... ok
[INFO] [stdout] test docker::images::load::tests::progress_deserialisation ... ok
[INFO] [stdout] test docker::images::pull::tests::status_message::deserialise::dowloading ... ok
[INFO] [stdout] test docker::images::pull::tests::status_message::deserialise::extracting ... ok
[INFO] [stdout] test docker::images::pull::tests::status_message::deserialise::pulling_complete ... ok
[INFO] [stdout] test docker::images::pull::tests::status_message::deserialise::pulling_from_repo ... ok
[INFO] [stdout] test docker::images::pull::tests::status_message::deserialise::pulling_fs_layer ... ok
[INFO] [stdout] test docker::images::pull::tests::status_message::deserialise::warning ... ok
[INFO] [stdout] 
[INFO] [stdout] test result: ok. 13 passed; 0 failed; 0 ignored; 0 measured; 0 filtered out; finished in 0.00s
[INFO] [stdout] 
[INFO] [stderr]      Running tests/container-create-inspect-remove.rs (/opt/rustwide/target/debug/deps/container_create_inspect_remove-86a2fa4e5ca22038)
[INFO] [stdout] 
[INFO] [stdout] running 1 test
[INFO] [stdout] test test ... FAILED
[INFO] [stdout] 
[INFO] [stdout] failures:
[INFO] [stdout] 
[INFO] [stdout] ---- test stdout ----
[INFO] [stdout] Error: Hyper(hyper::Error(Connect, Os { code: 2, kind: NotFound, message: "No such file or directory" }))
[INFO] [stdout] 
[INFO] [stdout] 
[INFO] [stdout] failures:
[INFO] [stdout]     test
[INFO] [stdout] 
[INFO] [stdout] test result: FAILED. 0 passed; 1 failed; 0 ignored; 0 measured; 0 filtered out; finished in 0.00s
[INFO] [stdout] 
[INFO] [stderr] error: test failed, to rerun pass `--test container-create-inspect-remove`
[INFO] running `Command { std: "docker" "inspect" "e9116c4b8b9ccb58e19e627651042b42f9b063ded10d325fb8d929ad5ffdf939", kill_on_drop: false }`
[INFO] running `Command { std: "docker" "rm" "-f" "e9116c4b8b9ccb58e19e627651042b42f9b063ded10d325fb8d929ad5ffdf939", kill_on_drop: false }`
[INFO] [stdout] e9116c4b8b9ccb58e19e627651042b42f9b063ded10d325fb8d929ad5ffdf939
[INFO] testing longshoreman-0.1.0 against beta-2023-12-22 for beta-1.76-1
[INFO] extracting crate longshoreman 0.1.0 into /workspace/builds/worker-0-tc2/source
[INFO] validating manifest of crates.io crate longshoreman 0.1.0 on toolchain beta-2023-12-22
[INFO] running `Command { std: CARGO_HOME="/workspace/cargo-home" RUSTUP_HOME="/workspace/rustup-home" "/workspace/cargo-home/bin/cargo" "+beta-2023-12-22" "metadata" "--manifest-path" "Cargo.toml" "--no-deps", kill_on_drop: false }`
[INFO] started tweaking crates.io crate longshoreman 0.1.0
[INFO] finished tweaking crates.io crate longshoreman 0.1.0
[INFO] tweaked toml for crates.io crate longshoreman 0.1.0 written to /workspace/builds/worker-0-tc2/source/Cargo.toml
[INFO] running `Command { std: CARGO_HOME="/workspace/cargo-home" RUSTUP_HOME="/workspace/rustup-home" "/workspace/cargo-home/bin/cargo" "+beta-2023-12-22" "generate-lockfile" "--manifest-path" "Cargo.toml", kill_on_drop: false }`
[INFO] [stderr]     Updating crates.io index
[INFO] running `Command { std: CARGO_HOME="/workspace/cargo-home" RUSTUP_HOME="/workspace/rustup-home" "/workspace/cargo-home/bin/cargo" "+beta-2023-12-22" "fetch" "--manifest-path" "Cargo.toml", kill_on_drop: false }`
[INFO] running `Command { std: "docker" "create" "-v" "/var/lib/crater-agent-workspace/builds/worker-0-tc2/target:/opt/rustwide/target:rw,Z" "-v" "/var/lib/crater-agent-workspace/builds/worker-0-tc2/source:/opt/rustwide/workdir:ro,Z" "-v" "/var/lib/crater-agent-workspace/cargo-home:/opt/rustwide/cargo-home:ro,Z" "-v" "/var/lib/crater-agent-workspace/rustup-home:/opt/rustwide/rustup-home:ro,Z" "-e" "SOURCE_DIR=/opt/rustwide/workdir" "-e" "CARGO_TARGET_DIR=/opt/rustwide/target" "-e" "CARGO_HOME=/opt/rustwide/cargo-home" "-e" "RUSTUP_HOME=/opt/rustwide/rustup-home" "-w" "/opt/rustwide/workdir" "-m" "1610612736" "--user" "0:0" "--network" "none" "ghcr.io/rust-lang/crates-build-env/linux@sha256:2788e3201cd34a07e3172128adcd8b3090168a8e3bcc40d7c032b9dda1df7d1c" "/opt/rustwide/cargo-home/bin/cargo" "+beta-2023-12-22" "metadata" "--no-deps" "--format-version=1", kill_on_drop: false }`
[INFO] [stdout] 850164ed9cf280143319536f3c019e20b9fbd5ff20d88cf166a3c8761808ab47
[INFO] running `Command { std: "docker" "start" "-a" "850164ed9cf280143319536f3c019e20b9fbd5ff20d88cf166a3c8761808ab47", kill_on_drop: false }`
[INFO] running `Command { std: "docker" "inspect" "850164ed9cf280143319536f3c019e20b9fbd5ff20d88cf166a3c8761808ab47", kill_on_drop: false }`
[INFO] running `Command { std: "docker" "rm" "-f" "850164ed9cf280143319536f3c019e20b9fbd5ff20d88cf166a3c8761808ab47", kill_on_drop: false }`
[INFO] [stdout] 850164ed9cf280143319536f3c019e20b9fbd5ff20d88cf166a3c8761808ab47
[INFO] running `Command { std: "docker" "create" "-v" "/var/lib/crater-agent-workspace/builds/worker-0-tc2/target:/opt/rustwide/target:rw,Z" "-v" "/var/lib/crater-agent-workspace/builds/worker-0-tc2/source:/opt/rustwide/workdir:ro,Z" "-v" "/var/lib/crater-agent-workspace/cargo-home:/opt/rustwide/cargo-home:ro,Z" "-v" "/var/lib/crater-agent-workspace/rustup-home:/opt/rustwide/rustup-home:ro,Z" "-e" "SOURCE_DIR=/opt/rustwide/workdir" "-e" "CARGO_TARGET_DIR=/opt/rustwide/target" "-e" "CARGO_INCREMENTAL=0" "-e" "RUST_BACKTRACE=full" "-e" "RUSTFLAGS=--cap-lints=warn" "-e" "RUSTDOCFLAGS=--cap-lints=warn" "-e" "CARGO_HOME=/opt/rustwide/cargo-home" "-e" "RUSTUP_HOME=/opt/rustwide/rustup-home" "-w" "/opt/rustwide/workdir" "-m" "1610612736" "--user" "0:0" "--network" "none" "ghcr.io/rust-lang/crates-build-env/linux@sha256:2788e3201cd34a07e3172128adcd8b3090168a8e3bcc40d7c032b9dda1df7d1c" "/opt/rustwide/cargo-home/bin/cargo" "+beta-2023-12-22" "build" "--frozen" "--message-format=json", kill_on_drop: false }`
[INFO] [stdout] f4f97290eb9c4bdeed2581e8641ed7b3b672b8829fc3924c43388dbf86c88d5d
[INFO] running `Command { std: "docker" "start" "-a" "f4f97290eb9c4bdeed2581e8641ed7b3b672b8829fc3924c43388dbf86c88d5d", kill_on_drop: false }`
[INFO] [stderr]    Compiling libc v0.2.151
[INFO] [stderr]    Compiling syn v1.0.109
[INFO] [stderr]    Compiling log v0.4.20
[INFO] [stderr]    Compiling futures-core v0.3.30
[INFO] [stderr]    Compiling memchr v2.7.1
[INFO] [stderr]    Compiling bytes v0.5.6
[INFO] [stderr]    Compiling once_cell v1.19.0
[INFO] [stderr]    Compiling pin-project-lite v0.2.13
[INFO] [stderr]    Compiling itoa v1.0.10
[INFO] [stderr]    Compiling bytes v1.5.0
[INFO] [stderr]    Compiling slab v0.4.9
[INFO] [stderr]    Compiling indexmap v1.9.3
[INFO] [stderr]    Compiling tinyvec_macros v0.1.1
[INFO] [stderr]    Compiling pin-project-lite v0.1.12
[INFO] [stderr]    Compiling syn v2.0.48
[INFO] [stderr]    Compiling futures-io v0.3.30
[INFO] [stderr]    Compiling tinyvec v1.6.0
[INFO] [stderr]    Compiling httparse v1.8.0
[INFO] [stderr]    Compiling pin-project-internal v0.4.30
[INFO] [stderr]    Compiling futures-task v0.3.30
[INFO] [stderr]    Compiling hashbrown v0.12.3
[INFO] [stderr]    Compiling futures-sink v0.3.30
[INFO] [stderr]    Compiling num-traits v0.2.17
[INFO] [stderr]    Compiling tracing-core v0.1.32
[INFO] [stderr]    Compiling itoa v0.4.8
[INFO] [stderr]    Compiling percent-encoding v2.3.1
[INFO] [stderr]    Compiling unicode-bidi v0.3.14
[INFO] [stderr]    Compiling try-lock v0.2.5
[INFO] [stderr]    Compiling http v0.2.11
[INFO] [stderr]    Compiling form_urlencoded v1.2.1
[INFO] [stderr]    Compiling want v0.3.1
[INFO] [stderr]    Compiling futures-channel v0.3.30
[INFO] [stderr]    Compiling tracing v0.1.40
[INFO] [stderr]    Compiling tower-service v0.3.2
[INFO] [stderr]    Compiling thiserror v1.0.56
[INFO] [stderr]    Compiling httpdate v0.3.2
[INFO] [stderr]    Compiling serde_json v1.0.111
[INFO] [stderr]    Compiling iana-time-zone v0.1.59
[INFO] [stderr]    Compiling dtoa v0.4.8
[INFO] [stderr]    Compiling ryu v1.0.16
[INFO] [stderr]    Compiling unicode-normalization v0.1.22
[INFO] [stderr]    Compiling hex v0.4.3
[INFO] [stderr]    Compiling mime v0.3.17
[INFO] [stderr]    Compiling iovec v0.1.4
[INFO] [stderr]    Compiling net2 v0.2.39
[INFO] [stderr]    Compiling num_cpus v1.16.0
[INFO] [stderr]    Compiling socket2 v0.3.19
[INFO] [stderr]    Compiling http-body v0.3.1
[INFO] [stderr]    Compiling mio v0.6.23
[INFO] [stderr]    Compiling idna v0.5.0
[INFO] [stderr]    Compiling mio-uds v0.6.8
[INFO] [stderr]    Compiling url v2.5.0
[INFO] [stderr]    Compiling pin-project-internal v1.1.3
[INFO] [stderr]    Compiling futures-macro v0.3.30
[INFO] [stderr]    Compiling serde_derive v1.0.194
[INFO] [stderr]    Compiling thiserror-impl v1.0.56
[INFO] [stderr]    Compiling tokio-macros v0.2.6
[INFO] [stderr]    Compiling tokio v0.2.25
[INFO] [stderr]    Compiling futures-util v0.3.30
[INFO] [stderr]    Compiling pin-project v1.1.3
[INFO] [stderr]    Compiling tracing-futures v0.2.5
[INFO] [stderr]    Compiling pin-project v0.4.30
[INFO] [stderr]    Compiling serde v1.0.194
[INFO] [stderr]    Compiling tokio-util v0.3.1
[INFO] [stderr]    Compiling h2 v0.2.7
[INFO] [stderr]    Compiling serde_urlencoded v0.6.1
[INFO] [stderr]    Compiling chrono v0.4.31
[INFO] [stderr]    Compiling hyper v0.13.10
[INFO] [stderr]    Compiling hyperlocal v0.7.0
[INFO] [stderr]    Compiling longshoreman v0.1.0 (/opt/rustwide/workdir)
[INFO] [stdout] warning: fields `status`, `progress`, and `id` are never read
[INFO] [stdout]    --> src/docker/images/pull.rs:104:5
[INFO] [stdout]     |
[INFO] [stdout] 103 | pub struct StatusMessage {
[INFO] [stdout]     |            ------------- fields in this struct
[INFO] [stdout] 104 |     status: String,
[INFO] [stdout]     |     ^^^^^^
[INFO] [stdout] 105 |     #[serde(flatten)]
[INFO] [stdout] 106 |     progress: Option<Progress>,
[INFO] [stdout]     |     ^^^^^^^^
[INFO] [stdout] 107 |     id: Option<String>,
[INFO] [stdout]     |     ^^
[INFO] [stdout]     |
[INFO] [stdout]     = note: `StatusMessage` has a derived impl for the trait `Debug`, but this is intentionally ignored during dead code analysis
[INFO] [stdout]     = note: `#[warn(dead_code)]` on by default
[INFO] [stdout] 
[INFO] [stdout] 
[INFO] [stdout] warning: fields `progress_detail` and `progress` are never read
[INFO] [stdout]    --> src/docker/images/pull.rs:113:5
[INFO] [stdout]     |
[INFO] [stdout] 112 | struct Progress {
[INFO] [stdout]     |        -------- fields in this struct
[INFO] [stdout] 113 |     progress_detail: ProgressDetail,
[INFO] [stdout]     |     ^^^^^^^^^^^^^^^
[INFO] [stdout] 114 |     progress: String,
[INFO] [stdout]     |     ^^^^^^^^
[INFO] [stdout]     |
[INFO] [stdout]     = note: `Progress` has a derived impl for the trait `Debug`, but this is intentionally ignored during dead code analysis
[INFO] [stdout] 
[INFO] [stdout] 
[INFO] [stdout] warning: fields `current` and `total` are never read
[INFO] [stdout]    --> src/docker/images/pull.rs:119:5
[INFO] [stdout]     |
[INFO] [stdout] 118 | struct ProgressDetail {
[INFO] [stdout]     |        -------------- fields in this struct
[INFO] [stdout] 119 |     current: u32,
[INFO] [stdout]     |     ^^^^^^^
[INFO] [stdout] 120 |     total: u32,
[INFO] [stdout]     |     ^^^^^
[INFO] [stdout]     |
[INFO] [stdout]     = note: `ProgressDetail` has a derived impl for the trait `Debug`, but this is intentionally ignored during dead code analysis
[INFO] [stdout] 
[INFO] [stdout] 
[INFO] [stdout] warning: multiple fields are never read
[INFO] [stdout]    --> src/docker/containers/list.rs:100:5
[INFO] [stdout]     |
[INFO] [stdout] 86  | pub struct Response {
[INFO] [stdout]     |            -------- fields in this struct
[INFO] [stdout] ...
[INFO] [stdout] 100 |     command: String,
[INFO] [stdout]     |     ^^^^^^^
[INFO] [stdout] ...
[INFO] [stdout] 106 |     ports: Vec<Port>,
[INFO] [stdout]     |     ^^^^^
[INFO] [stdout] 107 |     size_rw: Option<i64>,
[INFO] [stdout]     |     ^^^^^^^
[INFO] [stdout] 108 |     size_root_fs: Option<i64>,
[INFO] [stdout]     |     ^^^^^^^^^^^^
[INFO] [stdout] ...
[INFO] [stdout] 112 |     state: State,
[INFO] [stdout]     |     ^^^^^
[INFO] [stdout] 113 |     status: String,
[INFO] [stdout]     |     ^^^^^^
[INFO] [stdout] 114 |     host_config: HostConfig,
[INFO] [stdout]     |     ^^^^^^^^^^^
[INFO] [stdout] 115 |     network_settings: NetworkSettings,
[INFO] [stdout]     |     ^^^^^^^^^^^^^^^^
[INFO] [stdout] 116 |     mounts: Vec<Mount>,
[INFO] [stdout]     |     ^^^^^^
[INFO] [stdout]     |
[INFO] [stdout]     = note: `Response` has derived impls for the traits `Clone` and `Debug`, but these are intentionally ignored during dead code analysis
[INFO] [stdout] 
[INFO] [stdout] 
[INFO] [stdout] warning: fields `ip`, `private_port`, `public_port`, and `type` are never read
[INFO] [stdout]    --> src/docker/containers/list.rs:123:5
[INFO] [stdout]     |
[INFO] [stdout] 121 | struct Port {
[INFO] [stdout]     |        ---- fields in this struct
[INFO] [stdout] 122 |     #[serde(rename = "IP")]
[INFO] [stdout] 123 |     ip: Option<IpAddr>,
[INFO] [stdout]     |     ^^
[INFO] [stdout] 124 |     private_port: u16,
[INFO] [stdout]     |     ^^^^^^^^^^^^
[INFO] [stdout] 125 |     public_port: Option<u16>,
[INFO] [stdout]     |     ^^^^^^^^^^^
[INFO] [stdout] 126 |     r#type: PortType,
[INFO] [stdout]     |     ^^^^^^
[INFO] [stdout]     |
[INFO] [stdout]     = note: `Port` has derived impls for the traits `Clone` and `Debug`, but these are intentionally ignored during dead code analysis
[INFO] [stdout] 
[INFO] [stdout] 
[INFO] [stdout] warning: field `network_mode` is never read
[INFO] [stdout]    --> src/docker/containers/list.rs:148:5
[INFO] [stdout]     |
[INFO] [stdout] 147 | struct HostConfig {
[INFO] [stdout]     |        ---------- field in this struct
[INFO] [stdout] 148 |     network_mode: String,
[INFO] [stdout]     |     ^^^^^^^^^^^^
[INFO] [stdout]     |
[INFO] [stdout]     = note: `HostConfig` has derived impls for the traits `Clone` and `Debug`, but these are intentionally ignored during dead code analysis
[INFO] [stdout] 
[INFO] [stdout] 
[INFO] [stdout] warning: 6 warnings emitted
[INFO] [stdout] 
[INFO] [stdout] 
[INFO] [stderr]     Finished dev [unoptimized + debuginfo] target(s) in 18.68s
[INFO] running `Command { std: "docker" "inspect" "f4f97290eb9c4bdeed2581e8641ed7b3b672b8829fc3924c43388dbf86c88d5d", kill_on_drop: false }`
[INFO] running `Command { std: "docker" "rm" "-f" "f4f97290eb9c4bdeed2581e8641ed7b3b672b8829fc3924c43388dbf86c88d5d", kill_on_drop: false }`
[INFO] [stdout] f4f97290eb9c4bdeed2581e8641ed7b3b672b8829fc3924c43388dbf86c88d5d
[INFO] running `Command { std: "docker" "create" "-v" "/var/lib/crater-agent-workspace/builds/worker-0-tc2/target:/opt/rustwide/target:rw,Z" "-v" "/var/lib/crater-agent-workspace/builds/worker-0-tc2/source:/opt/rustwide/workdir:ro,Z" "-v" "/var/lib/crater-agent-workspace/cargo-home:/opt/rustwide/cargo-home:ro,Z" "-v" "/var/lib/crater-agent-workspace/rustup-home:/opt/rustwide/rustup-home:ro,Z" "-e" "SOURCE_DIR=/opt/rustwide/workdir" "-e" "CARGO_TARGET_DIR=/opt/rustwide/target" "-e" "CARGO_INCREMENTAL=0" "-e" "RUST_BACKTRACE=full" "-e" "RUSTFLAGS=--cap-lints=warn" "-e" "RUSTDOCFLAGS=--cap-lints=warn" "-e" "CARGO_HOME=/opt/rustwide/cargo-home" "-e" "RUSTUP_HOME=/opt/rustwide/rustup-home" "-w" "/opt/rustwide/workdir" "-m" "1610612736" "--user" "0:0" "--network" "none" "ghcr.io/rust-lang/crates-build-env/linux@sha256:2788e3201cd34a07e3172128adcd8b3090168a8e3bcc40d7c032b9dda1df7d1c" "/opt/rustwide/cargo-home/bin/cargo" "+beta-2023-12-22" "test" "--frozen" "--no-run" "--message-format=json", kill_on_drop: false }`
[INFO] [stdout] d83f0bfa9a9ede0afde00a1888a87a611b652cefb517dd07895cabcb42764801
[INFO] running `Command { std: "docker" "start" "-a" "d83f0bfa9a9ede0afde00a1888a87a611b652cefb517dd07895cabcb42764801", kill_on_drop: false }`
[INFO] [stdout] warning: fields `status`, `progress`, and `id` are never read
[INFO] [stdout]    --> src/docker/images/pull.rs:104:5
[INFO] [stdout]     |
[INFO] [stdout] 103 | pub struct StatusMessage {
[INFO] [stdout]     |            ------------- fields in this struct
[INFO] [stdout] 104 |     status: String,
[INFO] [stdout]     |     ^^^^^^
[INFO] [stdout] 105 |     #[serde(flatten)]
[INFO] [stdout] 106 |     progress: Option<Progress>,
[INFO] [stdout]     |     ^^^^^^^^
[INFO] [stdout] 107 |     id: Option<String>,
[INFO] [stdout]     |     ^^
[INFO] [stdout]     |
[INFO] [stdout]     = note: `StatusMessage` has a derived impl for the trait `Debug`, but this is intentionally ignored during dead code analysis
[INFO] [stdout]     = note: `#[warn(dead_code)]` on by default
[INFO] [stdout] 
[INFO] [stdout] 
[INFO] [stdout] warning: fields `progress_detail` and `progress` are never read
[INFO] [stdout]    --> src/docker/images/pull.rs:113:5
[INFO] [stdout]     |
[INFO] [stdout] 112 | struct Progress {
[INFO] [stdout]     |        -------- fields in this struct
[INFO] [stdout] 113 |     progress_detail: ProgressDetail,
[INFO] [stdout]     |     ^^^^^^^^^^^^^^^
[INFO] [stdout] 114 |     progress: String,
[INFO] [stdout]     |     ^^^^^^^^
[INFO] [stdout]     |
[INFO] [stdout]     = note: `Progress` has a derived impl for the trait `Debug`, but this is intentionally ignored during dead code analysis
[INFO] [stdout] 
[INFO] [stdout] 
[INFO] [stdout] warning: fields `current` and `total` are never read
[INFO] [stdout]    --> src/docker/images/pull.rs:119:5
[INFO] [stdout]     |
[INFO] [stdout] 118 | struct ProgressDetail {
[INFO] [stdout]     |        -------------- fields in this struct
[INFO] [stdout] 119 |     current: u32,
[INFO] [stdout]     |     ^^^^^^^
[INFO] [stdout] 120 |     total: u32,
[INFO] [stdout]     |     ^^^^^
[INFO] [stdout]     |
[INFO] [stdout]     = note: `ProgressDetail` has a derived impl for the trait `Debug`, but this is intentionally ignored during dead code analysis
[INFO] [stdout] 
[INFO] [stdout] 
[INFO] [stdout] warning: multiple fields are never read
[INFO] [stdout]    --> src/docker/containers/list.rs:100:5
[INFO] [stdout]     |
[INFO] [stdout] 86  | pub struct Response {
[INFO] [stdout]     |            -------- fields in this struct
[INFO] [stdout] ...
[INFO] [stdout] 100 |     command: String,
[INFO] [stdout]     |     ^^^^^^^
[INFO] [stdout] ...
[INFO] [stdout] 106 |     ports: Vec<Port>,
[INFO] [stdout]     |     ^^^^^
[INFO] [stdout] 107 |     size_rw: Option<i64>,
[INFO] [stdout]     |     ^^^^^^^
[INFO] [stdout] 108 |     size_root_fs: Option<i64>,
[INFO] [stdout]     |     ^^^^^^^^^^^^
[INFO] [stdout] ...
[INFO] [stdout] 112 |     state: State,
[INFO] [stdout]     |     ^^^^^
[INFO] [stdout] 113 |     status: String,
[INFO] [stdout]     |     ^^^^^^
[INFO] [stdout] 114 |     host_config: HostConfig,
[INFO] [stdout]     |     ^^^^^^^^^^^
[INFO] [stdout] 115 |     network_settings: NetworkSettings,
[INFO] [stdout]     |     ^^^^^^^^^^^^^^^^
[INFO] [stdout] 116 |     mounts: Vec<Mount>,
[INFO] [stdout]     |     ^^^^^^
[INFO] [stdout]     |
[INFO] [stdout]     = note: `Response` has derived impls for the traits `Clone` and `Debug`, but these are intentionally ignored during dead code analysis
[INFO] [stdout] 
[INFO] [stdout] 
[INFO] [stderr]    Compiling longshoreman v0.1.0 (/opt/rustwide/workdir)
[INFO] [stdout] warning: fields `ip`, `private_port`, `public_port`, and `type` are never read
[INFO] [stdout]    --> src/docker/containers/list.rs:123:5
[INFO] [stdout]     |
[INFO] [stdout] 121 | struct Port {
[INFO] [stdout]     |        ---- fields in this struct
[INFO] [stdout] 122 |     #[serde(rename = "IP")]
[INFO] [stdout] 123 |     ip: Option<IpAddr>,
[INFO] [stdout]     |     ^^
[INFO] [stdout] 124 |     private_port: u16,
[INFO] [stdout]     |     ^^^^^^^^^^^^
[INFO] [stdout] 125 |     public_port: Option<u16>,
[INFO] [stdout]     |     ^^^^^^^^^^^
[INFO] [stdout] 126 |     r#type: PortType,
[INFO] [stdout]     |     ^^^^^^
[INFO] [stdout]     |
[INFO] [stdout]     = note: `Port` has derived impls for the traits `Clone` and `Debug`, but these are intentionally ignored during dead code analysis
[INFO] [stdout] 
[INFO] [stdout] 
[INFO] [stdout] warning: field `network_mode` is never read
[INFO] [stdout]    --> src/docker/containers/list.rs:148:5
[INFO] [stdout]     |
[INFO] [stdout] 147 | struct HostConfig {
[INFO] [stdout]     |        ---------- field in this struct
[INFO] [stdout] 148 |     network_mode: String,
[INFO] [stdout]     |     ^^^^^^^^^^^^
[INFO] [stdout]     |
[INFO] [stdout]     = note: `HostConfig` has derived impls for the traits `Clone` and `Debug`, but these are intentionally ignored during dead code analysis
[INFO] [stdout] 
[INFO] [stdout] 
[INFO] [stdout] warning: 6 warnings emitted
[INFO] [stdout] 
[INFO] [stdout] 
[INFO] [stdout] warning: fields `status`, `progress`, and `id` are never read
[INFO] [stdout]    --> src/docker/images/pull.rs:104:5
[INFO] [stdout]     |
[INFO] [stdout] 103 | pub struct StatusMessage {
[INFO] [stdout]     |            ------------- fields in this struct
[INFO] [stdout] 104 |     status: String,
[INFO] [stdout]     |     ^^^^^^
[INFO] [stdout] 105 |     #[serde(flatten)]
[INFO] [stdout] 106 |     progress: Option<Progress>,
[INFO] [stdout]     |     ^^^^^^^^
[INFO] [stdout] 107 |     id: Option<String>,
[INFO] [stdout]     |     ^^
[INFO] [stdout]     |
[INFO] [stdout]     = note: `StatusMessage` has a derived impl for the trait `Debug`, but this is intentionally ignored during dead code analysis
[INFO] [stdout]     = note: `#[warn(dead_code)]` on by default
[INFO] [stdout] 
[INFO] [stdout] 
[INFO] [stdout] warning: fields `progress_detail` and `progress` are never read
[INFO] [stdout]    --> src/docker/images/pull.rs:113:5
[INFO] [stdout]     |
[INFO] [stdout] 112 | struct Progress {
[INFO] [stdout]     |        -------- fields in this struct
[INFO] [stdout] 113 |     progress_detail: ProgressDetail,
[INFO] [stdout]     |     ^^^^^^^^^^^^^^^
[INFO] [stdout] 114 |     progress: String,
[INFO] [stdout]     |     ^^^^^^^^
[INFO] [stdout]     |
[INFO] [stdout]     = note: `Progress` has a derived impl for the trait `Debug`, but this is intentionally ignored during dead code analysis
[INFO] [stdout] 
[INFO] [stdout] 
[INFO] [stdout] warning: fields `current` and `total` are never read
[INFO] [stdout]    --> src/docker/images/pull.rs:119:5
[INFO] [stdout]     |
[INFO] [stdout] 118 | struct ProgressDetail {
[INFO] [stdout]     |        -------------- fields in this struct
[INFO] [stdout] 119 |     current: u32,
[INFO] [stdout]     |     ^^^^^^^
[INFO] [stdout] 120 |     total: u32,
[INFO] [stdout]     |     ^^^^^
[INFO] [stdout]     |
[INFO] [stdout]     = note: `ProgressDetail` has a derived impl for the trait `Debug`, but this is intentionally ignored during dead code analysis
[INFO] [stdout] 
[INFO] [stdout] 
[INFO] [stdout] warning: multiple fields are never read
[INFO] [stdout]    --> src/docker/containers/list.rs:100:5
[INFO] [stdout]     |
[INFO] [stdout] 86  | pub struct Response {
[INFO] [stdout]     |            -------- fields in this struct
[INFO] [stdout] ...
[INFO] [stdout] 100 |     command: String,
[INFO] [stdout]     |     ^^^^^^^
[INFO] [stdout] ...
[INFO] [stdout] 106 |     ports: Vec<Port>,
[INFO] [stdout]     |     ^^^^^
[INFO] [stdout] 107 |     size_rw: Option<i64>,
[INFO] [stdout]     |     ^^^^^^^
[INFO] [stdout] 108 |     size_root_fs: Option<i64>,
[INFO] [stdout]     |     ^^^^^^^^^^^^
[INFO] [stdout] ...
[INFO] [stdout] 112 |     state: State,
[INFO] [stdout]     |     ^^^^^
[INFO] [stdout] 113 |     status: String,
[INFO] [stdout]     |     ^^^^^^
[INFO] [stdout] 114 |     host_config: HostConfig,
[INFO] [stdout]     |     ^^^^^^^^^^^
[INFO] [stdout] 115 |     network_settings: NetworkSettings,
[INFO] [stdout]     |     ^^^^^^^^^^^^^^^^
[INFO] [stdout] 116 |     mounts: Vec<Mount>,
[INFO] [stdout]     |     ^^^^^^
[INFO] [stdout]     |
[INFO] [stdout]     = note: `Response` has derived impls for the traits `Clone` and `Debug`, but these are intentionally ignored during dead code analysis
[INFO] [stdout] 
[INFO] [stdout] 
[INFO] [stdout] warning: fields `ip`, `private_port`, `public_port`, and `type` are never read
[INFO] [stdout]    --> src/docker/containers/list.rs:123:5
[INFO] [stdout]     |
[INFO] [stdout] 121 | struct Port {
[INFO] [stdout]     |        ---- fields in this struct
[INFO] [stdout] 122 |     #[serde(rename = "IP")]
[INFO] [stdout] 123 |     ip: Option<IpAddr>,
[INFO] [stdout]     |     ^^
[INFO] [stdout] 124 |     private_port: u16,
[INFO] [stdout]     |     ^^^^^^^^^^^^
[INFO] [stdout] 125 |     public_port: Option<u16>,
[INFO] [stdout]     |     ^^^^^^^^^^^
[INFO] [stdout] 126 |     r#type: PortType,
[INFO] [stdout]     |     ^^^^^^
[INFO] [stdout]     |
[INFO] [stdout]     = note: `Port` has derived impls for the traits `Clone` and `Debug`, but these are intentionally ignored during dead code analysis
[INFO] [stdout] 
[INFO] [stdout] 
[INFO] [stdout] warning: field `network_mode` is never read
[INFO] [stdout]    --> src/docker/containers/list.rs:148:5
[INFO] [stdout]     |
[INFO] [stdout] 147 | struct HostConfig {
[INFO] [stdout]     |        ---------- field in this struct
[INFO] [stdout] 148 |     network_mode: String,
[INFO] [stdout]     |     ^^^^^^^^^^^^
[INFO] [stdout]     |
[INFO] [stdout]     = note: `HostConfig` has derived impls for the traits `Clone` and `Debug`, but these are intentionally ignored during dead code analysis
[INFO] [stdout] 
[INFO] [stdout] 
[INFO] [stdout] warning: 6 warnings emitted
[INFO] [stdout] 
[INFO] [stdout] 
[INFO] [stderr]     Finished test [unoptimized + debuginfo] target(s) in 3.64s
[INFO] running `Command { std: "docker" "inspect" "d83f0bfa9a9ede0afde00a1888a87a611b652cefb517dd07895cabcb42764801", kill_on_drop: false }`
[INFO] running `Command { std: "docker" "rm" "-f" "d83f0bfa9a9ede0afde00a1888a87a611b652cefb517dd07895cabcb42764801", kill_on_drop: false }`
[INFO] [stdout] d83f0bfa9a9ede0afde00a1888a87a611b652cefb517dd07895cabcb42764801
[INFO] running `Command { std: "docker" "create" "-v" "/var/lib/crater-agent-workspace/builds/worker-0-tc2/target:/opt/rustwide/target:rw,Z" "-v" "/var/lib/crater-agent-workspace/builds/worker-0-tc2/source:/opt/rustwide/workdir:ro,Z" "-v" "/var/lib/crater-agent-workspace/cargo-home:/opt/rustwide/cargo-home:ro,Z" "-v" "/var/lib/crater-agent-workspace/rustup-home:/opt/rustwide/rustup-home:ro,Z" "-e" "SOURCE_DIR=/opt/rustwide/workdir" "-e" "CARGO_TARGET_DIR=/opt/rustwide/target" "-e" "CARGO_INCREMENTAL=0" "-e" "RUST_BACKTRACE=full" "-e" "RUSTFLAGS=--cap-lints=warn" "-e" "RUSTDOCFLAGS=--cap-lints=warn" "-e" "CARGO_HOME=/opt/rustwide/cargo-home" "-e" "RUSTUP_HOME=/opt/rustwide/rustup-home" "-w" "/opt/rustwide/workdir" "-m" "1610612736" "--user" "0:0" "--network" "none" "ghcr.io/rust-lang/crates-build-env/linux@sha256:2788e3201cd34a07e3172128adcd8b3090168a8e3bcc40d7c032b9dda1df7d1c" "/opt/rustwide/cargo-home/bin/cargo" "+beta-2023-12-22" "test" "--frozen", kill_on_drop: false }`
[INFO] [stdout] b729a83ab22104a82be20ff05a48a842522810c79c2d8cd962ea96b7dccb92da
[INFO] running `Command { std: "docker" "start" "-a" "b729a83ab22104a82be20ff05a48a842522810c79c2d8cd962ea96b7dccb92da", kill_on_drop: false }`
[INFO] [stderr] warning: fields `status`, `progress`, and `id` are never read
[INFO] [stderr]    --> src/docker/images/pull.rs:104:5
[INFO] [stderr]     |
[INFO] [stderr] 103 | pub struct StatusMessage {
[INFO] [stderr]     |            ------------- fields in this struct
[INFO] [stderr] 104 |     status: String,
[INFO] [stderr]     |     ^^^^^^
[INFO] [stderr] 105 |     #[serde(flatten)]
[INFO] [stderr] 106 |     progress: Option<Progress>,
[INFO] [stderr]     |     ^^^^^^^^
[INFO] [stderr] 107 |     id: Option<String>,
[INFO] [stderr]     |     ^^
[INFO] [stderr]     |
[INFO] [stderr]     = note: `StatusMessage` has a derived impl for the trait `Debug`, but this is intentionally ignored during dead code analysis
[INFO] [stderr]     = note: `#[warn(dead_code)]` on by default
[INFO] [stderr] 
[INFO] [stderr] warning: fields `progress_detail` and `progress` are never read
[INFO] [stderr]    --> src/docker/images/pull.rs:113:5
[INFO] [stderr]     |
[INFO] [stderr] 112 | struct Progress {
[INFO] [stderr]     |        -------- fields in this struct
[INFO] [stderr] 113 |     progress_detail: ProgressDetail,
[INFO] [stderr]     |     ^^^^^^^^^^^^^^^
[INFO] [stderr] 114 |     progress: String,
[INFO] [stderr]     |     ^^^^^^^^
[INFO] [stderr]     |
[INFO] [stderr]     = note: `Progress` has a derived impl for the trait `Debug`, but this is intentionally ignored during dead code analysis
[INFO] [stderr] 
[INFO] [stderr] warning: fields `current` and `total` are never read
[INFO] [stderr]    --> src/docker/images/pull.rs:119:5
[INFO] [stderr]     |
[INFO] [stderr] 118 | struct ProgressDetail {
[INFO] [stderr]     |        -------------- fields in this struct
[INFO] [stderr] 119 |     current: u32,
[INFO] [stderr]     |     ^^^^^^^
[INFO] [stderr] 120 |     total: u32,
[INFO] [stderr]     |     ^^^^^
[INFO] [stderr]     |
[INFO] [stderr]     = note: `ProgressDetail` has a derived impl for the trait `Debug`, but this is intentionally ignored during dead code analysis
[INFO] [stderr] 
[INFO] [stderr] warning: multiple fields are never read
[INFO] [stderr]    --> src/docker/containers/list.rs:100:5
[INFO] [stderr]     |
[INFO] [stderr] 86  | pub struct Response {
[INFO] [stderr]     |            -------- fields in this struct
[INFO] [stderr] ...
[INFO] [stderr] 100 |     command: String,
[INFO] [stderr]     |     ^^^^^^^
[INFO] [stderr] ...
[INFO] [stderr] 106 |     ports: Vec<Port>,
[INFO] [stderr]     |     ^^^^^
[INFO] [stderr] 107 |     size_rw: Option<i64>,
[INFO] [stderr]     |     ^^^^^^^
[INFO] [stderr] 108 |     size_root_fs: Option<i64>,
[INFO] [stderr]     |     ^^^^^^^^^^^^
[INFO] [stderr] ...
[INFO] [stderr] 112 |     state: State,
[INFO] [stderr]     |     ^^^^^
[INFO] [stderr] 113 |     status: String,
[INFO] [stderr]     |     ^^^^^^
[INFO] [stderr] 114 |     host_config: HostConfig,
[INFO] [stderr]     |     ^^^^^^^^^^^
[INFO] [stderr] 115 |     network_settings: NetworkSettings,
[INFO] [stderr]     |     ^^^^^^^^^^^^^^^^
[INFO] [stderr] 116 |     mounts: Vec<Mount>,
[INFO] [stderr]     |     ^^^^^^
[INFO] [stderr]     |
[INFO] [stderr]     = note: `Response` has derived impls for the traits `Clone` and `Debug`, but these are intentionally ignored during dead code analysis
[INFO] [stderr] 
[INFO] [stderr] warning: fields `ip`, `private_port`, `public_port`, and `type` are never read
[INFO] [stderr]    --> src/docker/containers/list.rs:123:5
[INFO] [stderr]     |
[INFO] [stderr] 121 | struct Port {
[INFO] [stderr]     |        ---- fields in this struct
[INFO] [stderr] 122 |     #[serde(rename = "IP")]
[INFO] [stderr] 123 |     ip: Option<IpAddr>,
[INFO] [stderr]     |     ^^
[INFO] [stderr] 124 |     private_port: u16,
[INFO] [stderr]     |     ^^^^^^^^^^^^
[INFO] [stderr] 125 |     public_port: Option<u16>,
[INFO] [stderr]     |     ^^^^^^^^^^^
[INFO] [stderr] 126 |     r#type: PortType,
[INFO] [stderr]     |     ^^^^^^
[INFO] [stderr]     |
[INFO] [stderr]     = note: `Port` has derived impls for the traits `Clone` and `Debug`, but these are intentionally ignored during dead code analysis
[INFO] [stderr] 
[INFO] [stderr] warning: field `network_mode` is never read
[INFO] [stderr]    --> src/docker/containers/list.rs:148:5
[INFO] [stderr]     |
[INFO] [stderr] 147 | struct HostConfig {
[INFO] [stderr]     |        ---------- field in this struct
[INFO] [stderr] 148 |     network_mode: String,
[INFO] [stderr]     |     ^^^^^^^^^^^^
[INFO] [stderr]     |
[INFO] [stderr]     = note: `HostConfig` has derived impls for the traits `Clone` and `Debug`, but these are intentionally ignored during dead code analysis
[INFO] [stderr] 
[INFO] [stderr] warning: `longshoreman` (lib) generated 6 warnings
[INFO] [stderr] warning: `longshoreman` (lib test) generated 6 warnings (6 duplicates)
[INFO] [stderr]     Finished test [unoptimized + debuginfo] target(s) in 0.08s
[INFO] [stderr]      Running unittests src/lib.rs (/opt/rustwide/target/debug/deps/longshoreman-3a1459979c61dda5)
[INFO] [stdout] 
[INFO] [stdout] running 13 tests
[INFO] [stdout] test docker::containers::create::tests::deserialize_response ... ok
[INFO] [stdout] test docker::containers::inspect::tests::deserialise_response ... ok
[INFO] [stdout] test docker::images::load::tests::complete_deserialisation ... ok
[INFO] [stdout] test docker::containers::list::tests::deserialise_response ... ok
[INFO] [stdout] test docker::images::load::tests::complete_image ... ok
[INFO] [stdout] test docker::images::load::tests::progress_deserialisation ... ok
[INFO] [stdout] test docker::images::load::tests::status_deserialisation ... ok
[INFO] [stdout] test docker::images::pull::tests::status_message::deserialise::dowloading ... ok
[INFO] [stdout] test docker::images::pull::tests::status_message::deserialise::extracting ... ok
[INFO] [stdout] test docker::images::pull::tests::status_message::deserialise::pulling_complete ... ok
[INFO] [stdout] test docker::images::pull::tests::status_message::deserialise::pulling_from_repo ... ok
[INFO] [stdout] test docker::images::pull::tests::status_message::deserialise::pulling_fs_layer ... ok
[INFO] [stdout] test docker::images::pull::tests::status_message::deserialise::warning ... ok
[INFO] [stdout] 
[INFO] [stdout] test result: ok. 13 passed; 0 failed; 0 ignored; 0 measured; 0 filtered out; finished in 0.00s
[INFO] [stdout] 
[INFO] [stderr]      Running tests/container-create-inspect-remove.rs (/opt/rustwide/target/debug/deps/container_create_inspect_remove-6596466257a7d862)
[INFO] [stdout] 
[INFO] [stdout] running 1 test
[INFO] [stdout] test test ... FAILED
[INFO] [stdout] 
[INFO] [stdout] failures:
[INFO] [stdout] 
[INFO] [stdout] ---- test stdout ----
[INFO] [stdout] Error: Hyper(hyper::Error(Connect, Os { code: 2, kind: NotFound, message: "No such file or directory" }))
[INFO] [stdout] 
[INFO] [stdout] 
[INFO] [stdout] failures:
[INFO] [stdout]     test
[INFO] [stdout] 
[INFO] [stdout] test result: FAILED. 0 passed; 1 failed; 0 ignored; 0 measured; 0 filtered out; finished in 0.00s
[INFO] [stdout] 
[INFO] [stderr] error: test failed, to rerun pass `--test container-create-inspect-remove`
[INFO] running `Command { std: "docker" "inspect" "b729a83ab22104a82be20ff05a48a842522810c79c2d8cd962ea96b7dccb92da", kill_on_drop: false }`
[INFO] running `Command { std: "docker" "rm" "-f" "b729a83ab22104a82be20ff05a48a842522810c79c2d8cd962ea96b7dccb92da", kill_on_drop: false }`
[INFO] [stdout] b729a83ab22104a82be20ff05a48a842522810c79c2d8cd962ea96b7dccb92da
