[INFO] fetching crate loginmanager-codegen 0.0.1...
[INFO] testing loginmanager-codegen-0.0.1 against 1.75.0 for beta-1.76-1
[INFO] extracting crate loginmanager-codegen 0.0.1 into /workspace/builds/worker-5-tc1/source
[INFO] validating manifest of crates.io crate loginmanager-codegen 0.0.1 on toolchain 1.75.0
[INFO] running `Command { std: CARGO_HOME="/workspace/cargo-home" RUSTUP_HOME="/workspace/rustup-home" "/workspace/cargo-home/bin/cargo" "+1.75.0" "metadata" "--manifest-path" "Cargo.toml" "--no-deps", kill_on_drop: false }`
[INFO] started tweaking crates.io crate loginmanager-codegen 0.0.1
[INFO] finished tweaking crates.io crate loginmanager-codegen 0.0.1
[INFO] tweaked toml for crates.io crate loginmanager-codegen 0.0.1 written to /workspace/builds/worker-5-tc1/source/Cargo.toml
[INFO] running `Command { std: CARGO_HOME="/workspace/cargo-home" RUSTUP_HOME="/workspace/rustup-home" "/workspace/cargo-home/bin/cargo" "+1.75.0" "generate-lockfile" "--manifest-path" "Cargo.toml", kill_on_drop: false }`
[INFO] [stderr]     Updating crates.io index
[INFO] running `Command { std: CARGO_HOME="/workspace/cargo-home" RUSTUP_HOME="/workspace/rustup-home" "/workspace/cargo-home/bin/cargo" "+1.75.0" "fetch" "--manifest-path" "Cargo.toml", kill_on_drop: false }`
[INFO] running `Command { std: "docker" "create" "-v" "/var/lib/crater-agent-workspace/builds/worker-5-tc1/target:/opt/rustwide/target:rw,Z" "-v" "/var/lib/crater-agent-workspace/builds/worker-5-tc1/source:/opt/rustwide/workdir:ro,Z" "-v" "/var/lib/crater-agent-workspace/cargo-home:/opt/rustwide/cargo-home:ro,Z" "-v" "/var/lib/crater-agent-workspace/rustup-home:/opt/rustwide/rustup-home:ro,Z" "-e" "SOURCE_DIR=/opt/rustwide/workdir" "-e" "CARGO_TARGET_DIR=/opt/rustwide/target" "-e" "CARGO_HOME=/opt/rustwide/cargo-home" "-e" "RUSTUP_HOME=/opt/rustwide/rustup-home" "-w" "/opt/rustwide/workdir" "-m" "1610612736" "--user" "0:0" "--network" "none" "ghcr.io/rust-lang/crates-build-env/linux@sha256:2788e3201cd34a07e3172128adcd8b3090168a8e3bcc40d7c032b9dda1df7d1c" "/opt/rustwide/cargo-home/bin/cargo" "+1.75.0" "metadata" "--no-deps" "--format-version=1", kill_on_drop: false }`
[INFO] [stdout] 46b1e10d8e8feb428307dc4581d716862a365589506c643df8ad1d64f0356f80
[INFO] running `Command { std: "docker" "start" "-a" "46b1e10d8e8feb428307dc4581d716862a365589506c643df8ad1d64f0356f80", kill_on_drop: false }`
[INFO] running `Command { std: "docker" "inspect" "46b1e10d8e8feb428307dc4581d716862a365589506c643df8ad1d64f0356f80", kill_on_drop: false }`
[INFO] running `Command { std: "docker" "rm" "-f" "46b1e10d8e8feb428307dc4581d716862a365589506c643df8ad1d64f0356f80", kill_on_drop: false }`
[INFO] [stdout] 46b1e10d8e8feb428307dc4581d716862a365589506c643df8ad1d64f0356f80
[INFO] running `Command { std: "docker" "create" "-v" "/var/lib/crater-agent-workspace/builds/worker-5-tc1/target:/opt/rustwide/target:rw,Z" "-v" "/var/lib/crater-agent-workspace/builds/worker-5-tc1/source:/opt/rustwide/workdir:ro,Z" "-v" "/var/lib/crater-agent-workspace/cargo-home:/opt/rustwide/cargo-home:ro,Z" "-v" "/var/lib/crater-agent-workspace/rustup-home:/opt/rustwide/rustup-home:ro,Z" "-e" "SOURCE_DIR=/opt/rustwide/workdir" "-e" "CARGO_TARGET_DIR=/opt/rustwide/target" "-e" "CARGO_INCREMENTAL=0" "-e" "RUST_BACKTRACE=full" "-e" "RUSTFLAGS=--cap-lints=warn" "-e" "RUSTDOCFLAGS=--cap-lints=warn" "-e" "CARGO_HOME=/opt/rustwide/cargo-home" "-e" "RUSTUP_HOME=/opt/rustwide/rustup-home" "-w" "/opt/rustwide/workdir" "-m" "1610612736" "--user" "0:0" "--network" "none" "ghcr.io/rust-lang/crates-build-env/linux@sha256:2788e3201cd34a07e3172128adcd8b3090168a8e3bcc40d7c032b9dda1df7d1c" "/opt/rustwide/cargo-home/bin/cargo" "+1.75.0" "build" "--frozen" "--message-format=json", kill_on_drop: false }`
[INFO] [stdout] 914a19faf7a14a8f3321d044ae0e5a2f3b2acc4b8802f1accf50889ee7005e2a
[INFO] running `Command { std: "docker" "start" "-a" "914a19faf7a14a8f3321d044ae0e5a2f3b2acc4b8802f1accf50889ee7005e2a", kill_on_drop: false }`
[INFO] [stderr]    Compiling proc-macro2 v1.0.75
[INFO] [stderr]    Compiling unicode-ident v1.0.12
[INFO] [stderr]    Compiling syn v1.0.109
[INFO] [stderr]    Compiling quote v1.0.35
[INFO] [stderr]    Compiling loginmanager-codegen v0.0.1 (/opt/rustwide/workdir)
[INFO] [stderr]     Finished dev [unoptimized + debuginfo] target(s) in 5.04s
[INFO] running `Command { std: "docker" "inspect" "914a19faf7a14a8f3321d044ae0e5a2f3b2acc4b8802f1accf50889ee7005e2a", kill_on_drop: false }`
[INFO] running `Command { std: "docker" "rm" "-f" "914a19faf7a14a8f3321d044ae0e5a2f3b2acc4b8802f1accf50889ee7005e2a", kill_on_drop: false }`
[INFO] [stdout] 914a19faf7a14a8f3321d044ae0e5a2f3b2acc4b8802f1accf50889ee7005e2a
[INFO] running `Command { std: "docker" "create" "-v" "/var/lib/crater-agent-workspace/builds/worker-5-tc1/target:/opt/rustwide/target:rw,Z" "-v" "/var/lib/crater-agent-workspace/builds/worker-5-tc1/source:/opt/rustwide/workdir:ro,Z" "-v" "/var/lib/crater-agent-workspace/cargo-home:/opt/rustwide/cargo-home:ro,Z" "-v" "/var/lib/crater-agent-workspace/rustup-home:/opt/rustwide/rustup-home:ro,Z" "-e" "SOURCE_DIR=/opt/rustwide/workdir" "-e" "CARGO_TARGET_DIR=/opt/rustwide/target" "-e" "CARGO_INCREMENTAL=0" "-e" "RUST_BACKTRACE=full" "-e" "RUSTFLAGS=--cap-lints=warn" "-e" "RUSTDOCFLAGS=--cap-lints=warn" "-e" "CARGO_HOME=/opt/rustwide/cargo-home" "-e" "RUSTUP_HOME=/opt/rustwide/rustup-home" "-w" "/opt/rustwide/workdir" "-m" "1610612736" "--user" "0:0" "--network" "none" "ghcr.io/rust-lang/crates-build-env/linux@sha256:2788e3201cd34a07e3172128adcd8b3090168a8e3bcc40d7c032b9dda1df7d1c" "/opt/rustwide/cargo-home/bin/cargo" "+1.75.0" "test" "--frozen" "--no-run" "--message-format=json", kill_on_drop: false }`
[INFO] [stdout] b47455bf9024b6b684bceaca8f0f6efb3730c33e608f65caf725d7164c27c36a
[INFO] running `Command { std: "docker" "start" "-a" "b47455bf9024b6b684bceaca8f0f6efb3730c33e608f65caf725d7164c27c36a", kill_on_drop: false }`
[INFO] [stderr]    Compiling loginmanager-codegen v0.0.1 (/opt/rustwide/workdir)
[INFO] [stderr]     Finished test [unoptimized + debuginfo] target(s) in 0.62s
[INFO] running `Command { std: "docker" "inspect" "b47455bf9024b6b684bceaca8f0f6efb3730c33e608f65caf725d7164c27c36a", kill_on_drop: false }`
[INFO] running `Command { std: "docker" "rm" "-f" "b47455bf9024b6b684bceaca8f0f6efb3730c33e608f65caf725d7164c27c36a", kill_on_drop: false }`
[INFO] [stdout] b47455bf9024b6b684bceaca8f0f6efb3730c33e608f65caf725d7164c27c36a
[INFO] running `Command { std: "docker" "create" "-v" "/var/lib/crater-agent-workspace/builds/worker-5-tc1/target:/opt/rustwide/target:rw,Z" "-v" "/var/lib/crater-agent-workspace/builds/worker-5-tc1/source:/opt/rustwide/workdir:ro,Z" "-v" "/var/lib/crater-agent-workspace/cargo-home:/opt/rustwide/cargo-home:ro,Z" "-v" "/var/lib/crater-agent-workspace/rustup-home:/opt/rustwide/rustup-home:ro,Z" "-e" "SOURCE_DIR=/opt/rustwide/workdir" "-e" "CARGO_TARGET_DIR=/opt/rustwide/target" "-e" "CARGO_INCREMENTAL=0" "-e" "RUST_BACKTRACE=full" "-e" "RUSTFLAGS=--cap-lints=warn" "-e" "RUSTDOCFLAGS=--cap-lints=warn" "-e" "CARGO_HOME=/opt/rustwide/cargo-home" "-e" "RUSTUP_HOME=/opt/rustwide/rustup-home" "-w" "/opt/rustwide/workdir" "-m" "1610612736" "--user" "0:0" "--network" "none" "ghcr.io/rust-lang/crates-build-env/linux@sha256:2788e3201cd34a07e3172128adcd8b3090168a8e3bcc40d7c032b9dda1df7d1c" "/opt/rustwide/cargo-home/bin/cargo" "+1.75.0" "test" "--frozen", kill_on_drop: false }`
[INFO] [stdout] 22107fc2d8419047f3dd6b529a2396ecbd6570fa6d232f9f865b0f3cc21398db
[INFO] running `Command { std: "docker" "start" "-a" "22107fc2d8419047f3dd6b529a2396ecbd6570fa6d232f9f865b0f3cc21398db", kill_on_drop: false }`
[INFO] [stderr]     Finished test [unoptimized + debuginfo] target(s) in 0.01s
[INFO] [stderr]      Running unittests src/lib.rs (/opt/rustwide/target/debug/deps/loginmanager_codegen-ff92ba309e18dcaa)
[INFO] [stderr]    Doc-tests loginmanager-codegen
[INFO] [stdout] 
[INFO] [stdout] running 0 tests
[INFO] [stdout] 
[INFO] [stdout] test result: ok. 0 passed; 0 failed; 0 ignored; 0 measured; 0 filtered out; finished in 0.00s
[INFO] [stdout] 
[INFO] [stdout] 
[INFO] [stdout] running 2 tests
[INFO] [stdout] test src/lib.rs - (line 3) ... FAILED
[INFO] [stdout] test src/lib.rs - login_required (line 34) ... FAILED
[INFO] [stdout] 
[INFO] [stdout] failures:
[INFO] [stdout] 
[INFO] [stdout] ---- src/lib.rs - (line 3) stdout ----
[INFO] [stdout] error[E0428]: the name `hello` is defined multiple times
[INFO] [stdout]   --> src/lib.rs:14:1
[INFO] [stdout]    |
[INFO] [stdout] 7  | async fn hello()->impl actix_web::Responder{
[INFO] [stdout]    | ------------------------------------------- previous definition of the value `hello` here
[INFO] [stdout] ...
[INFO] [stdout] 13 | async fn hello()->impl actix_web::Responder{
[INFO] [stdout]    | ^^^^^^^^^^^^^^^^^^^^^^^^^^^^^^^^^^^^^^^^^^^ `hello` redefined here
[INFO] [stdout]    |
[INFO] [stdout]    = note: `hello` must be defined only once in the value namespace of this block
[INFO] [stdout] 
[INFO] [stdout] error[E0432]: unresolved import `actix_loginmanager`
[INFO] [stdout]  --> src/lib.rs:4:5
[INFO] [stdout]   |
[INFO] [stdout] 3 | use actix_loginmanager::login_required;
[INFO] [stdout]   |     ^^^^^^^^^^^^^^^^^^ use of undeclared crate or module `actix_loginmanager`
[INFO] [stdout] 
[INFO] [stdout] error: cannot determine resolution for the attribute macro `login_required`
[INFO] [stdout]   --> src/lib.rs:13:3
[INFO] [stdout]    |
[INFO] [stdout] 12 | #[login_required(User, name="user")]
[INFO] [stdout]    |   ^^^^^^^^^^^^^^
[INFO] [stdout]    |
[INFO] [stdout]    = note: import resolution is stuck, try simplifying macro imports
[INFO] [stdout] 
[INFO] [stdout] error: cannot determine resolution for the attribute macro `login_required`
[INFO] [stdout]  --> src/lib.rs:7:3
[INFO] [stdout]   |
[INFO] [stdout] 6 | #[login_required(User)]
[INFO] [stdout]   |   ^^^^^^^^^^^^^^
[INFO] [stdout]   |
[INFO] [stdout]   = note: import resolution is stuck, try simplifying macro imports
[INFO] [stdout] 
[INFO] [stdout] error[E0425]: cannot find value `user` in this scope
[INFO] [stdout]  --> src/lib.rs:9:5
[INFO] [stdout]   |
[INFO] [stdout] 8 |     user.is_actived(); //can access user:Rc<User>
[INFO] [stdout]   |     ^^^^ not found in this scope
[INFO] [stdout] 
[INFO] [stdout] error[E0425]: cannot find value `user` in this scope
[INFO] [stdout]   --> src/lib.rs:15:5
[INFO] [stdout]    |
[INFO] [stdout] 14 |     user.is_actived(); //can access user:Rc<User>
[INFO] [stdout]    |     ^^^^ not found in this scope
[INFO] [stdout] 
[INFO] [stdout] error[E0433]: failed to resolve: use of undeclared crate or module `actix_web`
[INFO] [stdout]  --> src/lib.rs:8:24
[INFO] [stdout]   |
[INFO] [stdout] 7 | async fn hello()->impl actix_web::Responder{
[INFO] [stdout]   |                        ^^^^^^^^^ use of undeclared crate or module `actix_web`
[INFO] [stdout] 
[INFO] [stdout] error[E0433]: failed to resolve: use of undeclared crate or module `actix_web`
[INFO] [stdout]   --> src/lib.rs:14:24
[INFO] [stdout]    |
[INFO] [stdout] 13 | async fn hello()->impl actix_web::Responder{
[INFO] [stdout]    |                        ^^^^^^^^^ use of undeclared crate or module `actix_web`
[INFO] [stdout] 
[INFO] [stdout] error: aborting due to 8 previous errors
[INFO] [stdout] 
[INFO] [stdout] Some errors have detailed explanations: E0425, E0428, E0432, E0433.
[INFO] [stdout] For more information about an error, try `rustc --explain E0425`.
[INFO] [stdout] Couldn't compile the test.
[INFO] [stdout] ---- src/lib.rs - login_required (line 34) stdout ----
[INFO] [stdout] error: cannot find attribute `login_required` in this scope
[INFO] [stdout]  --> src/lib.rs:35:3
[INFO] [stdout]   |
[INFO] [stdout] 3 | #[login_required(User)]
[INFO] [stdout]   |   ^^^^^^^^^^^^^^
[INFO] [stdout]   |
[INFO] [stdout] help: consider importing this attribute macro
[INFO] [stdout]   |
[INFO] [stdout] 2 + use loginmanager_codegen::login_required;
[INFO] [stdout]   |
[INFO] [stdout] 
[INFO] [stdout] error[E0425]: cannot find value `user` in this scope
[INFO] [stdout]  --> src/lib.rs:37:5
[INFO] [stdout]   |
[INFO] [stdout] 5 |     user.is_actived(); //can access user:Rc<User>
[INFO] [stdout]   |     ^^^^ not found in this scope
[INFO] [stdout] 
[INFO] [stdout] error[E0433]: failed to resolve: use of undeclared crate or module `actix_web`
[INFO] [stdout]  --> src/lib.rs:36:24
[INFO] [stdout]   |
[INFO] [stdout] 4 | async fn hello()->impl actix_web::Responder{
[INFO] [stdout]   |                        ^^^^^^^^^ use of undeclared crate or module `actix_web`
[INFO] [stdout] 
[INFO] [stdout] error: aborting due to 3 previous errors
[INFO] [stdout] 
[INFO] [stdout] Some errors have detailed explanations: E0425, E0433.
[INFO] [stdout] For more information about an error, try `rustc --explain E0425`.
[INFO] [stdout] Couldn't compile the test.
[INFO] [stdout] 
[INFO] [stdout] failures:
[INFO] [stdout]     src/lib.rs - (line 3)
[INFO] [stdout]     src/lib.rs - login_required (line 34)
[INFO] [stdout] 
[INFO] [stdout] test result: FAILED. 0 passed; 2 failed; 0 ignored; 0 measured; 0 filtered out; finished in 0.11s
[INFO] [stdout] 
[INFO] [stderr] error: doctest failed, to rerun pass `--doc`
[INFO] running `Command { std: "docker" "inspect" "22107fc2d8419047f3dd6b529a2396ecbd6570fa6d232f9f865b0f3cc21398db", kill_on_drop: false }`
[INFO] running `Command { std: "docker" "rm" "-f" "22107fc2d8419047f3dd6b529a2396ecbd6570fa6d232f9f865b0f3cc21398db", kill_on_drop: false }`
[INFO] [stdout] 22107fc2d8419047f3dd6b529a2396ecbd6570fa6d232f9f865b0f3cc21398db
