[INFO] fetching crate logicng 0.1.0-alpha.3...
[INFO] testing logicng-0.1.0-alpha.3 against 1.75.0 for beta-1.76-1
[INFO] extracting crate logicng 0.1.0-alpha.3 into /workspace/builds/worker-2-tc1/source
[INFO] validating manifest of crates.io crate logicng 0.1.0-alpha.3 on toolchain 1.75.0
[INFO] running `Command { std: CARGO_HOME="/workspace/cargo-home" RUSTUP_HOME="/workspace/rustup-home" "/workspace/cargo-home/bin/cargo" "+1.75.0" "metadata" "--manifest-path" "Cargo.toml" "--no-deps", kill_on_drop: false }`
[INFO] started tweaking crates.io crate logicng 0.1.0-alpha.3
[INFO] removed 7 missing examples
[INFO] removed 2 missing tests
[INFO] finished tweaking crates.io crate logicng 0.1.0-alpha.3
[INFO] tweaked toml for crates.io crate logicng 0.1.0-alpha.3 written to /workspace/builds/worker-2-tc1/source/Cargo.toml
[INFO] crate crates.io crate logicng 0.1.0-alpha.3 already has a lockfile, it will not be regenerated
[INFO] running `Command { std: CARGO_HOME="/workspace/cargo-home" RUSTUP_HOME="/workspace/rustup-home" "/workspace/cargo-home/bin/cargo" "+1.75.0" "fetch" "--manifest-path" "Cargo.toml", kill_on_drop: false }`
[INFO] [stderr]     Updating crates.io index
[INFO] [stderr]  Downloading crates ...
[INFO] [stderr]   Downloaded pest_derive v2.7.3
[INFO] [stderr]   Downloaded pest_generator v2.7.3
[INFO] [stderr]   Downloaded cxxbridge-flags v1.0.107
[INFO] [stderr]   Downloaded pest v2.7.3
[INFO] [stderr]   Downloaded pest_meta v2.7.3
[INFO] [stderr]   Downloaded cxxbridge-macro v1.0.107
[INFO] [stderr]   Downloaded cxx-build v1.0.107
[INFO] [stderr]   Downloaded cxx v1.0.107
[INFO] [stderr]   Downloaded logicng-open-wbo-sys v0.1.0-alpha.3
[INFO] running `Command { std: "docker" "create" "-v" "/var/lib/crater-agent-workspace/builds/worker-2-tc1/target:/opt/rustwide/target:rw,Z" "-v" "/var/lib/crater-agent-workspace/builds/worker-2-tc1/source:/opt/rustwide/workdir:ro,Z" "-v" "/var/lib/crater-agent-workspace/cargo-home:/opt/rustwide/cargo-home:ro,Z" "-v" "/var/lib/crater-agent-workspace/rustup-home:/opt/rustwide/rustup-home:ro,Z" "-e" "SOURCE_DIR=/opt/rustwide/workdir" "-e" "CARGO_TARGET_DIR=/opt/rustwide/target" "-e" "CARGO_HOME=/opt/rustwide/cargo-home" "-e" "RUSTUP_HOME=/opt/rustwide/rustup-home" "-w" "/opt/rustwide/workdir" "-m" "1610612736" "--user" "0:0" "--network" "none" "ghcr.io/rust-lang/crates-build-env/linux@sha256:2788e3201cd34a07e3172128adcd8b3090168a8e3bcc40d7c032b9dda1df7d1c" "/opt/rustwide/cargo-home/bin/cargo" "+1.75.0" "metadata" "--no-deps" "--format-version=1", kill_on_drop: false }`
[INFO] [stdout] 237f73eba7f5c67223e1d49f726c56791ed9447480df01de94538345333865c5
[INFO] running `Command { std: "docker" "start" "-a" "237f73eba7f5c67223e1d49f726c56791ed9447480df01de94538345333865c5", kill_on_drop: false }`
[INFO] running `Command { std: "docker" "inspect" "237f73eba7f5c67223e1d49f726c56791ed9447480df01de94538345333865c5", kill_on_drop: false }`
[INFO] running `Command { std: "docker" "rm" "-f" "237f73eba7f5c67223e1d49f726c56791ed9447480df01de94538345333865c5", kill_on_drop: false }`
[INFO] [stdout] 237f73eba7f5c67223e1d49f726c56791ed9447480df01de94538345333865c5
[INFO] running `Command { std: "docker" "create" "-v" "/var/lib/crater-agent-workspace/builds/worker-2-tc1/target:/opt/rustwide/target:rw,Z" "-v" "/var/lib/crater-agent-workspace/builds/worker-2-tc1/source:/opt/rustwide/workdir:ro,Z" "-v" "/var/lib/crater-agent-workspace/cargo-home:/opt/rustwide/cargo-home:ro,Z" "-v" "/var/lib/crater-agent-workspace/rustup-home:/opt/rustwide/rustup-home:ro,Z" "-e" "SOURCE_DIR=/opt/rustwide/workdir" "-e" "CARGO_TARGET_DIR=/opt/rustwide/target" "-e" "CARGO_INCREMENTAL=0" "-e" "RUST_BACKTRACE=full" "-e" "RUSTFLAGS=--cap-lints=warn" "-e" "RUSTDOCFLAGS=--cap-lints=warn" "-e" "CARGO_HOME=/opt/rustwide/cargo-home" "-e" "RUSTUP_HOME=/opt/rustwide/rustup-home" "-w" "/opt/rustwide/workdir" "-m" "1610612736" "--user" "0:0" "--network" "none" "ghcr.io/rust-lang/crates-build-env/linux@sha256:2788e3201cd34a07e3172128adcd8b3090168a8e3bcc40d7c032b9dda1df7d1c" "/opt/rustwide/cargo-home/bin/cargo" "+1.75.0" "build" "--frozen" "--message-format=json", kill_on_drop: false }`
[INFO] [stdout] 70c6209cd5bb77c99cdf4cbe729573906b52c1afb5a618967c0c5de666ffad35
[INFO] running `Command { std: "docker" "start" "-a" "70c6209cd5bb77c99cdf4cbe729573906b52c1afb5a618967c0c5de666ffad35", kill_on_drop: false }`
[INFO] [stderr]    Compiling proc-macro2 v1.0.66
[INFO] [stderr]    Compiling memchr v2.6.3
[INFO] [stderr]    Compiling thiserror v1.0.48
[INFO] [stderr]    Compiling num-traits v0.2.16
[INFO] [stderr]    Compiling once_cell v1.18.0
[INFO] [stderr]    Compiling libc v0.2.147
[INFO] [stderr]    Compiling ucd-trie v0.1.6
[INFO] [stderr]    Compiling num-integer v0.1.45
[INFO] [stderr]    Compiling lock_api v0.4.10
[INFO] [stderr]    Compiling radium v0.7.0
[INFO] [stderr]    Compiling parking_lot_core v0.9.8
[INFO] [stderr]    Compiling num-bigint v0.4.4
[INFO] [stderr]    Compiling scopeguard v1.2.0
[INFO] [stderr]    Compiling smallvec v1.11.0
[INFO] [stderr]    Compiling aho-corasick v1.0.5
[INFO] [stderr]    Compiling tap v1.0.1
[INFO] [stderr]    Compiling regex-syntax v0.7.5
[INFO] [stderr]    Compiling wyz v0.5.1
[INFO] [stderr]    Compiling quote v1.0.33
[INFO] [stderr]    Compiling syn v2.0.32
[INFO] [stderr]    Compiling hashbrown v0.14.0
[INFO] [stderr]    Compiling funty v2.0.0
[INFO] [stderr]    Compiling either v1.9.0
[INFO] [stderr]    Compiling fastrand v2.0.0
[INFO] [stderr]    Compiling itertools v0.11.0
[INFO] [stderr]    Compiling dashmap v5.5.3
[INFO] [stderr]    Compiling bitvec v1.0.1
[INFO] [stderr]    Compiling regex-automata v0.3.8
[INFO] [stderr]    Compiling thiserror-impl v1.0.48
[INFO] [stderr]    Compiling pest v2.7.3
[INFO] [stderr]    Compiling regex v1.9.5
[INFO] [stderr]    Compiling pest_meta v2.7.3
[INFO] [stderr]    Compiling pest_generator v2.7.3
[INFO] [stderr]    Compiling pest_derive v2.7.3
[INFO] [stderr]    Compiling logicng v0.1.0-alpha.3 (/opt/rustwide/workdir)
[INFO] [stdout] warning: unused import: `formula_on_solver_function::*`
[INFO] [stdout]  --> src/solver/functions/mod.rs:8:9
[INFO] [stdout]   |
[INFO] [stdout] 8 | pub use formula_on_solver_function::*;
[INFO] [stdout]   |         ^^^^^^^^^^^^^^^^^^^^^^^^^^^^^
[INFO] [stdout]   |
[INFO] [stdout]   = note: `#[warn(unused_imports)]` on by default
[INFO] [stdout] 
[INFO] [stdout] 
[INFO] [stdout] warning: 1 warning emitted
[INFO] [stdout] 
[INFO] [stdout] 
[INFO] [stderr]     Finished dev [unoptimized + debuginfo] target(s) in 9.23s
[INFO] running `Command { std: "docker" "inspect" "70c6209cd5bb77c99cdf4cbe729573906b52c1afb5a618967c0c5de666ffad35", kill_on_drop: false }`
[INFO] running `Command { std: "docker" "rm" "-f" "70c6209cd5bb77c99cdf4cbe729573906b52c1afb5a618967c0c5de666ffad35", kill_on_drop: false }`
[INFO] [stdout] 70c6209cd5bb77c99cdf4cbe729573906b52c1afb5a618967c0c5de666ffad35
[INFO] running `Command { std: "docker" "create" "-v" "/var/lib/crater-agent-workspace/builds/worker-2-tc1/target:/opt/rustwide/target:rw,Z" "-v" "/var/lib/crater-agent-workspace/builds/worker-2-tc1/source:/opt/rustwide/workdir:ro,Z" "-v" "/var/lib/crater-agent-workspace/cargo-home:/opt/rustwide/cargo-home:ro,Z" "-v" "/var/lib/crater-agent-workspace/rustup-home:/opt/rustwide/rustup-home:ro,Z" "-e" "SOURCE_DIR=/opt/rustwide/workdir" "-e" "CARGO_TARGET_DIR=/opt/rustwide/target" "-e" "CARGO_INCREMENTAL=0" "-e" "RUST_BACKTRACE=full" "-e" "RUSTFLAGS=--cap-lints=warn" "-e" "RUSTDOCFLAGS=--cap-lints=warn" "-e" "CARGO_HOME=/opt/rustwide/cargo-home" "-e" "RUSTUP_HOME=/opt/rustwide/rustup-home" "-w" "/opt/rustwide/workdir" "-m" "1610612736" "--user" "0:0" "--network" "none" "ghcr.io/rust-lang/crates-build-env/linux@sha256:2788e3201cd34a07e3172128adcd8b3090168a8e3bcc40d7c032b9dda1df7d1c" "/opt/rustwide/cargo-home/bin/cargo" "+1.75.0" "test" "--frozen" "--no-run" "--message-format=json", kill_on_drop: false }`
[INFO] [stdout] b7a34a097d68874de8aa11c3d0326d0b6e50e08566476cc03817535ed357c5e8
[INFO] running `Command { std: "docker" "start" "-a" "b7a34a097d68874de8aa11c3d0326d0b6e50e08566476cc03817535ed357c5e8", kill_on_drop: false }`
[INFO] [stdout] warning: unused import: `formula_on_solver_function::*`
[INFO] [stdout]  --> src/solver/functions/mod.rs:8:9
[INFO] [stdout]   |
[INFO] [stdout] 8 | pub use formula_on_solver_function::*;
[INFO] [stdout]   |         ^^^^^^^^^^^^^^^^^^^^^^^^^^^^^
[INFO] [stdout]   |
[INFO] [stdout]   = note: `#[warn(unused_imports)]` on by default
[INFO] [stdout] 
[INFO] [stdout] 
[INFO] [stderr]    Compiling logicng v0.1.0-alpha.3 (/opt/rustwide/workdir)
[INFO] [stdout] warning: 1 warning emitted
[INFO] [stdout] 
[INFO] [stdout] 
[INFO] [stdout] warning: unused import: `formula_on_solver_function::*`
[INFO] [stdout]  --> src/solver/functions/mod.rs:8:9
[INFO] [stdout]   |
[INFO] [stdout] 8 | pub use formula_on_solver_function::*;
[INFO] [stdout]   |         ^^^^^^^^^^^^^^^^^^^^^^^^^^^^^
[INFO] [stdout]   |
[INFO] [stdout]   = note: `#[warn(unused_imports)]` on by default
[INFO] [stdout] 
[INFO] [stdout] 
[INFO] [stdout] warning: 1 warning emitted
[INFO] [stdout] 
[INFO] [stdout] 
[INFO] [stderr]     Finished test [unoptimized + debuginfo] target(s) in 6.70s
[INFO] running `Command { std: "docker" "inspect" "b7a34a097d68874de8aa11c3d0326d0b6e50e08566476cc03817535ed357c5e8", kill_on_drop: false }`
[INFO] running `Command { std: "docker" "rm" "-f" "b7a34a097d68874de8aa11c3d0326d0b6e50e08566476cc03817535ed357c5e8", kill_on_drop: false }`
[INFO] [stdout] b7a34a097d68874de8aa11c3d0326d0b6e50e08566476cc03817535ed357c5e8
[INFO] running `Command { std: "docker" "create" "-v" "/var/lib/crater-agent-workspace/builds/worker-2-tc1/target:/opt/rustwide/target:rw,Z" "-v" "/var/lib/crater-agent-workspace/builds/worker-2-tc1/source:/opt/rustwide/workdir:ro,Z" "-v" "/var/lib/crater-agent-workspace/cargo-home:/opt/rustwide/cargo-home:ro,Z" "-v" "/var/lib/crater-agent-workspace/rustup-home:/opt/rustwide/rustup-home:ro,Z" "-e" "SOURCE_DIR=/opt/rustwide/workdir" "-e" "CARGO_TARGET_DIR=/opt/rustwide/target" "-e" "CARGO_INCREMENTAL=0" "-e" "RUST_BACKTRACE=full" "-e" "RUSTFLAGS=--cap-lints=warn" "-e" "RUSTDOCFLAGS=--cap-lints=warn" "-e" "CARGO_HOME=/opt/rustwide/cargo-home" "-e" "RUSTUP_HOME=/opt/rustwide/rustup-home" "-w" "/opt/rustwide/workdir" "-m" "1610612736" "--user" "0:0" "--network" "none" "ghcr.io/rust-lang/crates-build-env/linux@sha256:2788e3201cd34a07e3172128adcd8b3090168a8e3bcc40d7c032b9dda1df7d1c" "/opt/rustwide/cargo-home/bin/cargo" "+1.75.0" "test" "--frozen", kill_on_drop: false }`
[INFO] [stdout] 19c1bde81e60cf457f8f02288849019a2dbfe2a4e092de85dc1d87f62a860658
[INFO] running `Command { std: "docker" "start" "-a" "19c1bde81e60cf457f8f02288849019a2dbfe2a4e092de85dc1d87f62a860658", kill_on_drop: false }`
[INFO] [stderr] warning: unused import: `formula_on_solver_function::*`
[INFO] [stderr]  --> src/solver/functions/mod.rs:8:9
[INFO] [stderr]   |
[INFO] [stderr] 8 | pub use formula_on_solver_function::*;
[INFO] [stderr]   |         ^^^^^^^^^^^^^^^^^^^^^^^^^^^^^
[INFO] [stderr]   |
[INFO] [stderr]   = note: `#[warn(unused_imports)]` on by default
[INFO] [stderr] 
[INFO] [stderr] warning: `logicng` (lib) generated 1 warning (run `cargo fix --lib -p logicng` to apply 1 suggestion)
[INFO] [stderr] warning: `logicng` (lib test) generated 1 warning (1 duplicate)
[INFO] [stderr]     Finished test [unoptimized + debuginfo] target(s) in 0.03s
[INFO] [stderr]      Running unittests src/lib.rs (/opt/rustwide/target/debug/deps/logicng-7b25cc56de32426d)
[INFO] [stdout] 
[INFO] [stdout] running 476 tests
[INFO] [stdout] test backbones::tests::test_unsat_backbone ... ok
[INFO] [stdout] test backbones::tests::test_is_empty ... ok
[INFO] [stdout] test backbones::tests::test_complete_backbone ... ok
[INFO] [stdout] test cardinality_constraints::tests::cc_incremental_formula_tests::test_large_lower_bound_alk ... ignored
[INFO] [stdout] test cardinality_constraints::tests::cc_incremental_formula_tests::test_large_upper_bound_amk ... ignored
[INFO] [stdout] test cardinality_constraints::tests::amo_tests::test_amo_0 ... ok
[INFO] [stdout] test cardinality_constraints::tests::amo_tests::test_amo_1 ... ok
[INFO] [stdout] test cardinality_constraints::tests::cc_incremental_formula_tests::test_very_large_modular_totalizer_amk ... ignored, Too large for MiniSat, requires Glucose
[INFO] [stdout] test cardinality_constraints::tests::cc_incremental_solver_tests::test_large_lower_bound_alk ... ignored
[INFO] [stdout] test cardinality_constraints::tests::cc_incremental_solver_tests::test_large_upper_bound_amk ... ignored
[INFO] [stdout] test backbones::tests::test_to_formula ... ok
[INFO] [stdout] test cardinality_constraints::tests::cc_incremental_formula_tests::test_incremental_data ... ok
[INFO] [stdout] test cardinality_constraints::tests::cc_incremental_solver_tests::test_very_large_modular_totalizer_amk ... ignored, Too large for MiniSat, requires Glucose
[INFO] [stdout] test cardinality_constraints::tests::cc_performance_tests::test_amk_performance ... ignored
[INFO] [stdout] test cardinality_constraints::tests::cc_incremental_solver_tests::test_simple_incremental_alk ... ok
[INFO] [stdout] test cardinality_constraints::tests::exo_tests::test_exo_0 ... ok
[INFO] [stdout] test cardinality_constraints::tests::exo_tests::test_exo_1 ... ok
[INFO] [stdout] test cardinality_constraints::tests::cc_incremental_solver_tests::test_simple_incremental_amk ... ok
[INFO] [stdout] test collections::append_vec::test_indices ... ok
[INFO] [stdout] test collections::append_vec::test_parallel_pushing ... ok
[INFO] [stdout] test collections::append_vec::test_pushing_and_indexing ... ok
[INFO] [stdout] test datastructures::assignment::tests::test_blocking_clause ... ok
[INFO] [stdout] test datastructures::assignment::tests::test_constructor1 ... ok
[INFO] [stdout] test cardinality_constraints::tests::cc_incremental_formula_tests::test_simple_incremental_alk ... ok
[INFO] [stdout] test datastructures::assignment::tests::test_constructor3 ... ok
[INFO] [stdout] test datastructures::assignment::tests::test_constructor2 ... ok
[INFO] [stdout] test datastructures::assignment::tests::test_constructor4 ... ok
[INFO] [stdout] test datastructures::assignment::tests::test_contains ... ok
[INFO] [stdout] test datastructures::assignment::tests::test_evaluate_lit ... ok
[INFO] [stdout] test datastructures::assignment::tests::test_is_empty ... ok
[INFO] [stdout] test datastructures::assignment::tests::test_restrict_lit ... ok
[INFO] [stdout] test datastructures::model::tests::test_constructor1 ... ok
[INFO] [stdout] test datastructures::model::tests::test_constructor2 ... ok
[INFO] [stdout] test datastructures::model::tests::test_constructor3 ... ok
[INFO] [stdout] test datastructures::model::tests::test_is_empty ... ok
[INFO] [stdout] test datastructures::assignment::tests::test_to_string ... ok
[INFO] [stdout] test datastructures::model::tests::test_literals ... ok
[INFO] [stdout] test datastructures::model::tests::test_to_assignment ... ok
[INFO] [stdout] test datastructures::model::tests::test_to_string ... ok
[INFO] [stdout] test datastructures::ubtree::tests::test_all_sets ... ok
[INFO] [stdout] test datastructures::ubtree::tests::test_contains_subset ... ok
[INFO] [stdout] test datastructures::ubtree::tests::test_empty_set ... ok
[INFO] [stdout] test datastructures::model::tests::test_string_literals ... ok
[INFO] [stdout] test datastructures::ubtree::tests::test_single_set ... ok
[INFO] [stdout] test datastructures::ubtree::tests::test_example_from_paper ... ok
[INFO] [stdout] test cardinality_constraints::tests::cc_incremental_formula_tests::test_simple_incremental_amk ... ok
[INFO] [stdout] test explanations::drup::tests::drup_tests::test_core_and_assumptions ... ok
[INFO] [stdout] test explanations::drup::tests::drup_tests::test_core_and_assumptions2 ... ok
[INFO] [stdout] test explanations::drup::tests::drup_tests::test_core_and_assumptions4 ... ok
[INFO] [stdout] test explanations::drup::tests::drup_tests::test_proposition_handling ... ok
[INFO] [stdout] test explanations::drup::tests::drup_tests::test_core_and_assumptions3 ... ok
[INFO] [stdout] test explanations::drup::tests::drup_tests::test_trivial_cases_propositions ... ok
[INFO] [stdout] test explanations::drup::tests::drup_tests::test_unsat_core_from_dimacs ... ignored
[INFO] [stdout] test explanations::drup::tests::drup_tests::test_unsat_cores_aim_testset ... ignored
[INFO] [stdout] test explanations::drup::tests::drup_tests::test_unsat_cores_from_large_testset ... ignored
[INFO] [stdout] test explanations::drup::tests::drup_tests::test_with_cc_propositions ... ok
[INFO] [stdout] test formulas::formula::tests::test_formula_creation ... ok
[INFO] [stdout] test explanations::drup::tests::drup_tests::test_proposition_inc_dec ... ok
[INFO] [stdout] test formulas::formula::tests::test_from_string ... ok
[INFO] [stdout] test formulas::formula::tests::test_to_string ... ok
[INFO] [stdout] test formulas::formula_cache::formula_factory_caches::test::config::disable_backbone_simps ... ok
[INFO] [stdout] test formulas::formula_cache::formula_factory_caches::test::config::disable_cc_encoding ... ok
[INFO] [stdout] test explanations::drup::tests::drup_tests::test_with_special_unit_case_mini_sat ... ok
[INFO] [stdout] test formulas::formula_cache::formula_factory_caches::test::config::disable_dnf ... ok
[INFO] [stdout] test formulas::formula_cache::formula_factory_caches::test::config::disable_contains_pbc ... ok
[INFO] [stdout] test formulas::formula_cache::formula_factory_caches::test::config::disable_formula_depth ... ok
[INFO] [stdout] test formulas::formula_cache::formula_factory_caches::test::config::disable_factorization_cnf ... ok
[INFO] [stdout] test formulas::formula_cache::formula_factory_caches::test::config::disable_is_dnf ... ok
[INFO] [stdout] test formulas::formula_cache::formula_factory_caches::test::config::disable_is_nnf ... ok
[INFO] [stdout] test formulas::formula_cache::formula_factory_caches::test::config::disable_is_cnf ... ok
[INFO] [stdout] test formulas::formula_cache::formula_factory_caches::test::config::disable_literals ... ok
[INFO] [stdout] test formulas::formula_cache::formula_factory_caches::test::config::disable_number_of_atoms ... ok
[INFO] [stdout] test formulas::formula_cache::formula_factory_caches::test::config::disable_number_of_nodes ... ok
[INFO] [stdout] test formulas::formula_cache::formula_factory_caches::test::config::disable_sat ... ok
[INFO] [stdout] test formulas::formula_cache::formula_factory_caches::test::config::disable_pbc_encoding ... ok
[INFO] [stdout] test formulas::formula_cache::formula_factory_caches::test::config::disable_nnf ... ok
[INFO] [stdout] test formulas::formula_cache::formula_factory_caches::test::config::disable_sub_nodes ... ok
[INFO] [stdout] test formulas::formula_cache::formula_factory_caches::test::config::enable_cc_encoding ... ok
[INFO] [stdout] test formulas::formula_cache::formula_factory_caches::test::config::enable_backbone_simps ... ok
[INFO] [stdout] test formulas::formula_cache::formula_factory_caches::test::config::disable_variables ... ok
[INFO] [stdout] test formulas::formula_cache::formula_factory_caches::test::config::enable_contains_pbc ... ok
[INFO] [stdout] test formulas::formula_cache::formula_factory_caches::test::config::enable_dnf ... ok
[INFO] [stdout] test formulas::formula_cache::formula_factory_caches::test::config::enable_formula_depth ... ok
[INFO] [stdout] test formulas::formula_cache::formula_factory_caches::test::config::enable_factorization_cnf ... ok
[INFO] [stdout] test formulas::formula_cache::formula_factory_caches::test::config::enable_is_cnf ... ok
[INFO] [stdout] test formulas::formula_cache::formula_factory_caches::test::config::enable_is_dnf ... ok
[INFO] [stdout] test formulas::formula_cache::formula_factory_caches::test::config::enable_nnf ... ok
[INFO] [stdout] test formulas::formula_cache::formula_factory_caches::test::config::enable_literals ... ok
[INFO] [stdout] test cardinality_constraints::tests::alk_tests::test_alk ... ok
[INFO] [stdout] test formulas::formula_cache::formula_factory_caches::test::config::enable_number_of_nodes ... ok
[INFO] [stdout] test formulas::formula_cache::formula_factory_caches::test::config::enable_is_nnf ... ok
[INFO] [stdout] test formulas::formula_cache::formula_factory_caches::test::config::enable_pbc_encoding ... ok
[INFO] [stdout] test formulas::formula_cache::formula_factory_caches::test::config::enable_number_of_atoms ... ok
[INFO] [stdout] test formulas::formula_cache::formula_factory_caches::test::config::enable_sub_nodes ... ok
[INFO] [stdout] test formulas::formula_cache::formula_factory_caches::test::config::enable_variables ... ok
[INFO] [stdout] test formulas::pbc_cc::tests::test_evaluate_coeffs ... ok
[INFO] [stdout] test formulas::pbc_cc::tests::test_normalization_trivial ... ok
[INFO] [stdout] test formulas::pbc_cc::tests::test_normalization_simplifications ... ok
[INFO] [stdout] test formulas::formula_cache::formula_factory_caches::test::config::enable_sat ... ok
[INFO] [stdout] test formulas::pbc_cc::tests::test_normalization ... ok
[INFO] [stdout] test formulas::tests::and::and_test::test_complementary_check ... ok
[INFO] [stdout] test formulas::tests::and::and_test::test_creation ... ok
[INFO] [stdout] test formulas::tests::and::and_test::test_equals ... ok
[INFO] [stdout] test formulas::tests::and::and_test::test_is_atomic ... ok
[INFO] [stdout] test formulas::tests::and::and_test::test_contains ... ok
[INFO] [stdout] test formulas::tests::and::and_test::test_hash ... ok
[INFO] [stdout] test formulas::tests::and::and_test::test_literals ... ok
[INFO] [stdout] test formulas::tests::and::and_test::test_is_constant ... ok
[INFO] [stdout] test formulas::tests::and::and_test::test_num_internal_nodes ... ok
[INFO] [stdout] test formulas::tests::and::and_test::test_num_atoms ... ok
[INFO] [stdout] test formulas::tests::and::and_test::test_num_nodes ... ok
[INFO] [stdout] test formulas::tests::and::and_test::test_num_operands ... ok
[INFO] [stdout] test formulas::tests::and::and_test::test_to_string ... ok
[INFO] [stdout] test formulas::tests::and::and_test::test_variables ... ok
[INFO] [stdout] test formulas::tests::and::and_test::test_type ... ok
[INFO] [stdout] test formulas::tests::constant_false::false_test::test_atomic_formula ... ok
[INFO] [stdout] test formulas::tests::constant_false::false_test::test_equals ... ok
[INFO] [stdout] test formulas::tests::constant_false::false_test::test_is_constant_formula ... ok
[INFO] [stdout] test formulas::tests::constant_false::false_test::test_contains ... ok
[INFO] [stdout] test formulas::tests::constant_false::false_test::test_hash ... ok
[INFO] [stdout] test formulas::tests::constant_false::false_test::test_literals ... ok
[INFO] [stdout] test formulas::tests::constant_false::false_test::test_number_of_atoms ... ok
[INFO] [stdout] test formulas::tests::constant_false::false_test::test_negation ... ok
[INFO] [stdout] test formulas::tests::constant_false::false_test::test_number_of_internal_nodes ... ok
[INFO] [stdout] test formulas::tests::constant_false::false_test::test_number_of_operands ... ok
[INFO] [stdout] test formulas::tests::constant_false::false_test::test_number_of_nodes ... ok
[INFO] [stdout] test formulas::tests::constant_false::false_test::test_type ... ok
[INFO] [stdout] test formulas::tests::constant_false::false_test::test_to_string ... ok
[INFO] [stdout] test formulas::tests::constant_false::false_test::test_variables ... ok
[INFO] [stdout] test formulas::tests::constant_true::true_test::test_contains ... ok
[INFO] [stdout] test formulas::tests::constant_true::true_test::test_atomic_formula ... ok
[INFO] [stdout] test formulas::tests::constant_true::true_test::test_hash ... ok
[INFO] [stdout] test formulas::tests::constant_true::true_test::test_equals ... ok
[INFO] [stdout] test formulas::tests::constant_true::true_test::test_literals ... ok
[INFO] [stdout] test formulas::tests::constant_true::true_test::test_negation ... ok
[INFO] [stdout] test formulas::tests::constant_true::true_test::test_number_of_atoms ... ok
[INFO] [stdout] test formulas::tests::constant_true::true_test::test_number_of_internal_nodes ... ok
[INFO] [stdout] test formulas::tests::constant_true::true_test::test_is_constant_formula ... ok
[INFO] [stdout] test formulas::tests::constant_true::true_test::test_number_of_nodes ... ok
[INFO] [stdout] test formulas::tests::constant_true::true_test::test_to_string ... ok
[INFO] [stdout] test formulas::tests::constant_true::true_test::test_number_of_operands ... ok
[INFO] [stdout] test formulas::tests::constant_true::true_test::test_type ... ok
[INFO] [stdout] test formulas::tests::constant_true::true_test::test_variables ... ok
[INFO] [stdout] test formulas::tests::equivalence::implication_test::test_atomic_formula ... ok
[INFO] [stdout] test formulas::tests::equivalence::implication_test::test_equals ... ok
[INFO] [stdout] test formulas::tests::equivalence::implication_test::test_creator ... ok
[INFO] [stdout] test formulas::tests::equivalence::implication_test::test_contains ... ok
[INFO] [stdout] test formulas::tests::equivalence::implication_test::test_getters ... ok
[INFO] [stdout] test formulas::tests::equivalence::implication_test::test_is_constant_formula ... ok
[INFO] [stdout] test formulas::tests::equivalence::implication_test::test_hash ... ok
[INFO] [stdout] test formulas::tests::equivalence::implication_test::test_number_of_atoms ... ok
[INFO] [stdout] test formulas::tests::equivalence::implication_test::test_negation ... ok
[INFO] [stdout] test formulas::tests::equivalence::implication_test::test_literals ... ok
[INFO] [stdout] test formulas::tests::equivalence::implication_test::test_number_of_operands ... ok
[INFO] [stdout] test formulas::tests::equivalence::implication_test::test_number_of_nodes ... ok
[INFO] [stdout] test formulas::tests::equivalence::implication_test::test_number_of_internal_nodes ... ok
[INFO] [stdout] test formulas::tests::equivalence::implication_test::test_to_string ... ok
[INFO] [stdout] test formulas::tests::equivalence::implication_test::test_type ... ok
[INFO] [stdout] test formulas::tests::evaluation::evaluation_tests::test_binary_eval ... ok
[INFO] [stdout] test formulas::tests::evaluation::evaluation_tests::test_constant_eval ... ok
[INFO] [stdout] test formulas::tests::equivalence::implication_test::test_variables ... ok
[INFO] [stdout] test formulas::tests::evaluation::evaluation_tests::test_literal_eval ... ok
[INFO] [stdout] test formulas::tests::formula_factory::formula_factory_tests::test ... ok
[INFO] [stdout] test formulas::tests::evaluation::evaluation_tests::test_not_eval ... ok
[INFO] [stdout] test formulas::tests::formula_factory::formula_factory_tests::test_operands ... ok
[INFO] [stdout] test formulas::tests::formula_factory::formula_factory_tests::test_formula_creation ... ok
[INFO] [stdout] test formulas::tests::evaluation::evaluation_tests::test_nary_eval ... ok
[INFO] [stdout] test formulas::tests::formula_factory::formula_factory_tests::test_ordering ... ok
[INFO] [stdout] test formulas::tests::formula_factory::formula_factory_tests::test_simplification ... ok
[INFO] [stdout] test formulas::tests::formula_factory::formula_factory_tests::test_variables ... ok
[INFO] [stdout] test formulas::tests::implication::implication_test::test_creator ... ok
[INFO] [stdout] test formulas::tests::implication::implication_test::test_contains ... ok
[INFO] [stdout] test formulas::tests::implication::implication_test::test_atomic_formula ... ok
[INFO] [stdout] test formulas::tests::implication::implication_test::test_getters ... ok
[INFO] [stdout] test formulas::tests::implication::implication_test::test_equals ... ok
[INFO] [stdout] test formulas::tests::implication::implication_test::test_is_constant_formula ... ok
[INFO] [stdout] test formulas::tests::implication::implication_test::test_literals ... ok
[INFO] [stdout] test formulas::tests::implication::implication_test::test_hash ... ok
[INFO] [stdout] test formulas::tests::implication::implication_test::test_negation ... ok
[INFO] [stdout] test formulas::tests::implication::implication_test::test_number_of_internal_nodes ... ok
[INFO] [stdout] test formulas::tests::implication::implication_test::test_number_of_nodes ... ok
[INFO] [stdout] test formulas::tests::implication::implication_test::test_number_of_atoms ... ok
[INFO] [stdout] test formulas::tests::implication::implication_test::test_number_of_operands ... ok
[INFO] [stdout] test formulas::tests::implication::implication_test::test_to_string ... ok
[INFO] [stdout] test formulas::tests::implication::implication_test::test_type ... ok
[INFO] [stdout] test formulas::tests::implication::implication_test::test_variables ... ok
[INFO] [stdout] test formulas::tests::literals::literals_test::test_atomic_formula ... ok
[INFO] [stdout] test formulas::tests::literals::literals_test::test_contains ... ok
[INFO] [stdout] test formulas::tests::literals::literals_test::test_creation ... ok
[INFO] [stdout] test formulas::tests::literals::literals_test::test_getters ... ok
[INFO] [stdout] test formulas::tests::literals::literals_test::test_equals ... ok
[INFO] [stdout] test formulas::tests::literals::literals_test::test_is_constant_formula ... ok
[INFO] [stdout] test formulas::tests::literals::literals_test::test_hash ... ok
[INFO] [stdout] test formulas::tests::literals::literals_test::test_literals ... ok
[INFO] [stdout] test formulas::tests::literals::literals_test::test_number_of_atoms ... ok
[INFO] [stdout] test formulas::tests::literals::literals_test::test_negation ... ok
[INFO] [stdout] test formulas::tests::literals::literals_test::test_number_of_nodes ... ok
[INFO] [stdout] test formulas::tests::literals::literals_test::test_number_of_internal_nodes ... ok
[INFO] [stdout] test formulas::tests::literals::literals_test::test_to_string ... ok
[INFO] [stdout] test formulas::tests::literals::literals_test::test_variables ... ok
[INFO] [stdout] test formulas::tests::literals::literals_test::test_type ... ok
[INFO] [stdout] test formulas::tests::literals::literals_test::test_number_of_operands ... ok
[INFO] [stdout] test formulas::tests::not::not_test::test_atomic_formula ... ok
[INFO] [stdout] test formulas::tests::not::not_test::test_creator ... ok
[INFO] [stdout] test formulas::tests::not::not_test::test_contains ... ok
[INFO] [stdout] test formulas::tests::not::not_test::test_equals ... ok
[INFO] [stdout] test formulas::tests::not::not_test::test_getters ... ok
[INFO] [stdout] test formulas::tests::not::not_test::test_hash ... ok
[INFO] [stdout] test formulas::tests::not::not_test::test_is_constant_formula ... ok
[INFO] [stdout] test formulas::tests::not::not_test::test_literals ... ok
[INFO] [stdout] test formulas::tests::not::not_test::test_number_of_atoms ... ok
[INFO] [stdout] test formulas::tests::not::not_test::test_number_of_nodes ... ok
[INFO] [stdout] test formulas::tests::not::not_test::test_number_of_internal_nodes ... ok
[INFO] [stdout] test formulas::tests::not::not_test::test_number_of_operands ... ok
[INFO] [stdout] test formulas::tests::not::not_test::test_type ... ok
[INFO] [stdout] test formulas::tests::not::not_test::test_to_string ... ok
[INFO] [stdout] test formulas::tests::not::not_test::test_variables ... ok
[INFO] [stdout] test formulas::tests::or::or_test::test_atomic_formula ... ok
[INFO] [stdout] test formulas::tests::or::or_test::test_complementary_check ... ok
[INFO] [stdout] test formulas::tests::or::or_test::test_contains ... ok
[INFO] [stdout] test formulas::tests::or::or_test::test_equals ... ok
[INFO] [stdout] test formulas::tests::or::or_test::test_creator ... ok
[INFO] [stdout] test formulas::tests::or::or_test::test_hash ... ok
[INFO] [stdout] test formulas::tests::or::or_test::test_is_constant_formula ... ok
[INFO] [stdout] test formulas::tests::or::or_test::test_literals ... ok
[INFO] [stdout] test formulas::tests::or::or_test::test_number_of_atoms ... ok
[INFO] [stdout] test formulas::tests::or::or_test::test_number_of_nodes ... ok
[INFO] [stdout] test formulas::tests::or::or_test::test_number_of_internal_nodes ... ok
[INFO] [stdout] test formulas::tests::or::or_test::test_number_of_operands ... ok
[INFO] [stdout] test formulas::tests::or::or_test::test_type ... ok
[INFO] [stdout] test formulas::tests::or::or_test::test_to_string ... ok
[INFO] [stdout] test formulas::tests::pb_constraint::pb_constraint_tests::test_contains ... ok
[INFO] [stdout] test formulas::tests::pb_constraint::pb_constraint_tests::test_contains_subformula ... ok
[INFO] [stdout] test formulas::tests::pb_constraint::pb_constraint_tests::test_create_cc_instead_of_pbc ... ok
[INFO] [stdout] test formulas::tests::or::or_test::test_variables ... ok
[INFO] [stdout] test formulas::tests::pb_constraint::pb_constraint_tests::test_evaluate ... ok
[INFO] [stdout] test formulas::tests::pb_constraint::pb_constraint_tests::test_is_amo ... ok
[INFO] [stdout] test formulas::tests::pb_constraint::pb_constraint_tests::test_is_atomic ... ok
[INFO] [stdout] test formulas::tests::pb_constraint::pb_constraint_tests::test_is_cnf ... ok
[INFO] [stdout] test formulas::tests::pb_constraint::pb_constraint_tests::test_is_constant ... ok
[INFO] [stdout] test formulas::tests::pb_constraint::pb_constraint_tests::test_is_dnf ... ok
[INFO] [stdout] test formulas::tests::pb_constraint::pb_constraint_tests::test_is_exo ... ok
[INFO] [stdout] test formulas::tests::pb_constraint::pb_constraint_tests::test_is_nnf ... ok
[INFO] [stdout] test formulas::tests::pb_constraint::pb_constraint_tests::test_literals ... ok
[INFO] [stdout] test formulas::tests::pb_constraint::pb_constraint_tests::test_negation_cc ... ok
[INFO] [stdout] test formulas::tests::pb_constraint::pb_constraint_tests::test_negation_pbc ... ok
[INFO] [stdout] test formulas::tests::pb_constraint::pb_constraint_tests::test_nnf ... ok
[INFO] [stdout] test formulas::tests::pb_constraint::pb_constraint_tests::test_number_of_atoms ... ok
[INFO] [stdout] test formulas::tests::pb_constraint::pb_constraint_tests::test_number_of_operands ... ok
[INFO] [stdout] test formulas::tests::pb_constraint::pb_constraint_tests::test_number_of_nodes ... ok
[INFO] [stdout] test formulas::tests::pb_constraint::pb_constraint_tests::test_restrict ... ok
[INFO] [stdout] test formulas::tests::pb_constraint::pb_constraint_tests::test_restrict_inequality ... ok
[INFO] [stdout] test formulas::tests::pb_constraint::pb_constraint_tests::test_simplified_to_string ... ok
[INFO] [stdout] test formulas::tests::pb_constraint::pb_constraint_tests::test_trivial_constant ... ok
[INFO] [stdout] test formulas::tests::pb_constraint::pb_constraint_tests::test_variables ... ok
[INFO] [stdout] test formulas::tests::restriction::restriction_tests::test_binary_restrict ... ok
[INFO] [stdout] test formulas::tests::restriction::restriction_tests::test_constant_restrict ... ok
[INFO] [stdout] test formulas::tests::pb_constraint::pb_constraint_tests::test_type_and_getters ... ok
[INFO] [stdout] test formulas::tests::restriction::restriction_tests::test_literal_restrict ... ok
[INFO] [stdout] test formulas::tests::restriction::restriction_tests::test_restrict_pbc ... ok
[INFO] [stdout] test formulas::tests::restriction::restriction_tests::test_nary_restrict ... ok
[INFO] [stdout] test formulas::tests::restriction::restriction_tests::test_restrict_pbc_inequality ... ok
[INFO] [stdout] test formulas::tests::restriction::restriction_tests::test_not_restrict ... ok
[INFO] [stdout] test graphs::hypergraph::tests::test_center_of_gravity ... ok
[INFO] [stdout] test graphs::hypergraph::tests::test_hypergraph ... ok
[INFO] [stdout] test graphs::hypergraph_generator::tests::test_from_constants ... ok
[INFO] [stdout] test graphs::hypergraph_generator::tests::test_from_cnf ... ok
[INFO] [stdout] test graphs::hypergraph_generator::tests::test_from_clause ... ok
[INFO] [stdout] test graphs::hypergraph_generator::tests::test_from_literals ... ok
[INFO] [stdout] test knowledge_compilation::bdd::bdd_cache::tests::test_cache ... ok
[INFO] [stdout] test knowledge_compilation::bdd::bdd_prime::tests::test_is_prime ... ok
[INFO] [stdout] test knowledge_compilation::bdd::bdd_kernel::tests::create_kernel ... ok
[INFO] [stdout] test knowledge_compilation::bdd::bdd_prime::tests::test_prime_gte ... ok
[INFO] [stdout] test knowledge_compilation::bdd::bdd_prime::tests::test_prime_lte ... ok
[INFO] [stdout] test knowledge_compilation::bdd::bdd_construction::tests::test_simple_methods ... ok
[INFO] [stdout] test knowledge_compilation::bdd::bdd_prime::tests::test_numb_of_bits ... ok
[INFO] [stdout] test knowledge_compilation::bdd::orderings::bfs_ordering::tests::test_simple_formulas ... ok
[INFO] [stdout] test knowledge_compilation::bdd::orderings::dfs_ordering::tests::test_complex_formula ... ok
[INFO] [stdout] test knowledge_compilation::bdd::orderings::dfs_ordering::tests::test_simple_formulas ... ok
[INFO] [stdout] test knowledge_compilation::bdd::orderings::bfs_ordering::tests::test_complex_formula ... ok
[INFO] [stdout] test knowledge_compilation::bdd::orderings::force_ordering::tests::test_complex_formula ... ok
[INFO] [stdout] test knowledge_compilation::bdd::orderings::occurrence_ordering::tests::test_complex_formula ... ok
[INFO] [stdout] test knowledge_compilation::bdd::tests::bdd_model_enumeration_test::tests::large_bdd_test ... ignored
[INFO] [stdout] test knowledge_compilation::bdd::orderings::occurrence_ordering::tests::test_simple_formulas ... ok
[INFO] [stdout] test knowledge_compilation::bdd::orderings::force_ordering::tests::test_simple_formulas ... ok
[INFO] [stdout] test formulas::tests::pb_constraint::pb_constraint_tests::test_illegal_pb - should panic ... ok
[INFO] [stdout] test knowledge_compilation::bdd::tests::bdd_operations_tests::tests::test_cnf ... ok
[INFO] [stdout] test knowledge_compilation::bdd::tests::bdd_operations_tests::tests::test_contradiction ... ok
[INFO] [stdout] test knowledge_compilation::bdd::tests::bdd_operations_tests::tests::test_dnf ... ok
[INFO] [stdout] test knowledge_compilation::bdd::tests::bdd_operations_tests::tests::test_enumerate_all_models ... ok
[INFO] [stdout] test knowledge_compilation::bdd::tests::bdd_operations_tests::tests::test_enumerate_all_models_projected ... ok
[INFO] [stdout] test knowledge_compilation::bdd::tests::bdd_operations_tests::tests::test_exists ... ok
[INFO] [stdout] test knowledge_compilation::bdd::tests::bdd_operations_tests::tests::test_forall ... ok
[INFO] [stdout] test knowledge_compilation::bdd::tests::bdd_operations_tests::tests::test_full_model ... ok
[INFO] [stdout] test knowledge_compilation::bdd::tests::bdd_operations_tests::tests::test_model ... ok
[INFO] [stdout] test knowledge_compilation::bdd::tests::bdd_operations_tests::tests::test_model_count ... ok
[INFO] [stdout] test knowledge_compilation::bdd::tests::bdd_operations_tests::tests::test_model_for_variables ... ok
[INFO] [stdout] test knowledge_compilation::bdd::tests::bdd_operations_tests::tests::test_node_count ... ok
[INFO] [stdout] test knowledge_compilation::bdd::tests::bdd_operations_tests::tests::test_path_count ... ok
[INFO] [stdout] test knowledge_compilation::bdd::tests::bdd_operations_tests::tests::test_restrict ... ok
[INFO] [stdout] test knowledge_compilation::bdd::tests::bdd_operations_tests::tests::test_support ... ok
[INFO] [stdout] test knowledge_compilation::bdd::tests::bdd_operations_tests::tests::test_tautology ... ok
[INFO] [stdout] test knowledge_compilation::bdd::tests::bdd_operations_tests::tests::test_to_formula ... ok
[INFO] [stdout] test knowledge_compilation::bdd::tests::bdd_operations_tests::tests::test_variable_profile ... ok
[INFO] [stdout] test knowledge_compilation::bdd::tests::bdd_operations_tests::tests::test_with_handler ... ok
[INFO] [stdout] test knowledge_compilation::dnnf::dnnf_compiler::tests::test_all_small_formulas ... ignored
[INFO] [stdout] test knowledge_compilation::dnnf::dnnf_compiler::tests::test_large_formulas ... ignored
[INFO] [stdout] test cardinality_constraints::tests::exk_tests::test_exk ... ok
[INFO] [stdout] test knowledge_compilation::dnnf::dtree::dtree_generator::tests::test_dtree_generation ... ignored
[INFO] [stdout] test operations::functions::formula_depth_function::test::test_atoms ... ok
[INFO] [stdout] test operations::functions::formula_depth_function::test::test_cache ... ok
[INFO] [stdout] test operations::functions::formula_depth_function::test::test_deep_formulas ... ok
[INFO] [stdout] test operations::functions::formula_depth_function::test::test_deeper_formulas ... ok
[INFO] [stdout] test operations::functions::sub_node_function::tests::test ... ok
[INFO] [stdout] test operations::functions::variable_profile_function::tests::test_variable_profile_complex ... ok
[INFO] [stdout] test operations::functions::variable_profile_function::tests::test_variable_profile_simple ... ok
[INFO] [stdout] test operations::predicates::cnf::tests::test ... ok
[INFO] [stdout] test operations::predicates::dnf::tests::test ... ok
[INFO] [stdout] test operations::predicates::nnf::tests::test ... ok
[INFO] [stdout] test operations::predicates::term::tests::test_clause ... ok
[INFO] [stdout] test operations::predicates::term::tests::test_maxterm ... ok
[INFO] [stdout] test operations::predicates::term::tests::test_minterm ... ok
[INFO] [stdout] test operations::transformations::cnf::factorization::tests::test_binary_operators ... ok
[INFO] [stdout] test operations::transformations::cnf::factorization::tests::test_constants ... ok
[INFO] [stdout] test operations::transformations::cnf::factorization::tests::test_large_formula ... FAILED
[INFO] [stdout] test operations::transformations::cnf::factorization::tests::test_literals ... ok
[INFO] [stdout] test operations::transformations::cnf::factorization::tests::test_nary_operators ... ok
[INFO] [stdout] test operations::transformations::cnf::factorization::tests::test_not ... ok
[INFO] [stdout] test operations::transformations::cnf::factorization::tests::test_with_handler ... ok
[INFO] [stdout] test operations::transformations::cnf::plaisted_greenbaum_on_formula::tests::test_binary_operators ... ok
[INFO] [stdout] test operations::transformations::cnf::plaisted_greenbaum_on_formula::tests::test_cc ... ok
[INFO] [stdout] test operations::transformations::cnf::plaisted_greenbaum_on_formula::tests::test_constants ... ok
[INFO] [stdout] test operations::transformations::cnf::plaisted_greenbaum_on_formula::tests::test_factorization ... ok
[INFO] [stdout] test operations::transformations::cnf::plaisted_greenbaum_on_formula::tests::test_formulas ... ok
[INFO] [stdout] test operations::transformations::cnf::plaisted_greenbaum_on_formula::tests::test_literals ... ok
[INFO] [stdout] test operations::transformations::cnf::plaisted_greenbaum_on_formula::tests::test_nary_operators ... ok
[INFO] [stdout] test operations::transformations::cnf::plaisted_greenbaum_on_formula::tests::test_not_binary ... ok
[INFO] [stdout] test operations::transformations::cnf::plaisted_greenbaum_on_formula::tests::test_not_nary ... ok
[INFO] [stdout] test operations::transformations::cnf::plaisted_greenbaum_on_solver::tests::test_binary_operators ... ok
[INFO] [stdout] test operations::transformations::cnf::plaisted_greenbaum_on_solver::tests::test_cc ... ok
[INFO] [stdout] test operations::transformations::cnf::plaisted_greenbaum_on_solver::tests::test_constants ... ok
[INFO] [stdout] test operations::transformations::cnf::plaisted_greenbaum_on_solver::tests::test_formulas ... ok
[INFO] [stdout] test operations::transformations::cnf::plaisted_greenbaum_on_solver::tests::test_literals ... ok
[INFO] [stdout] test operations::transformations::cnf::plaisted_greenbaum_on_solver::tests::test_nary_operators ... ok
[INFO] [stdout] test operations::transformations::cnf::plaisted_greenbaum_on_solver::tests::test_not_binary ... ok
[INFO] [stdout] test operations::transformations::cnf::plaisted_greenbaum_on_solver::tests::test_not_nary ... ok
[INFO] [stdout] test operations::transformations::cnf::tests::test_advanced ... ok
[INFO] [stdout] test operations::transformations::cnf::tests::test_advanced_with_pg_fallback ... ok
[INFO] [stdout] test cardinality_constraints::tests::amo_tests::test_amo_k ... ok
[INFO] [stdout] test operations::transformations::cnf::tests::test_bdd ... ok
[INFO] [stdout] test operations::transformations::cnf::tests::test_factorization ... ok
[INFO] [stdout] test operations::transformations::cnf::tests::test_pg ... ok
[INFO] [stdout] test operations::transformations::cnf::tests::test_cancellable_cnf ... ok
[INFO] [stdout] test operations::transformations::cnf::tests::test_tseitin ... ok
[INFO] [stdout] test operations::transformations::cnf::tseitin::tests::test ... ok
[INFO] [stdout] test operations::transformations::cnf::tseitin::tests::test_large_formula ... FAILED
[INFO] [stdout] test operations::transformations::dnf::factorization::tests::test_constants ... ok
[INFO] [stdout] test operations::transformations::dnf::factorization::tests::test_literals ... ok
[INFO] [stdout] test operations::transformations::dnf::factorization::tests::test_binary_operators ... ok
[INFO] [stdout] test operations::transformations::dnf::factorization::tests::test_nary_operators ... ok
[INFO] [stdout] test operations::transformations::dnf::factorization::tests::test_not ... ok
[INFO] [stdout] test operations::transformations::dnf::factorization::tests::test_with_handler ... ok
[INFO] [stdout] test operations::transformations::nnf::tests::test_constants ... ok
[INFO] [stdout] test operations::transformations::nnf::tests::test_binary_operators ... ok
[INFO] [stdout] test operations::transformations::nnf::tests::test_literals ... ok
[INFO] [stdout] test operations::transformations::nnf::tests::test_nary_operators ... ok
[INFO] [stdout] test operations::transformations::nnf::tests::test_not ... ok
[INFO] [stdout] test operations::transformations::simplification::backbone_simplification::tests::test_real_backbones ... ok
[INFO] [stdout] test operations::transformations::simplification::backbone_simplification::tests::test_trivial_backbones ... ok
[INFO] [stdout] test operations::transformations::substitution::tests::test_cc ... ok
[INFO] [stdout] test operations::transformations::substitution::tests::test_binary ... ok
[INFO] [stdout] test operations::transformations::substitution::tests::test_constant ... ok
[INFO] [stdout] test operations::transformations::substitution::tests::test_literal ... ok
[INFO] [stdout] test operations::transformations::substitution::tests::test_nary ... ok
[INFO] [stdout] test operations::transformations::substitution::tests::test_not ... ok
[INFO] [stdout] test operations::transformations::substitution::tests::test_pbc ... ok
[INFO] [stdout] test operations::transformations::substitution::tests::test_substitute_var ... ok
[INFO] [stdout] test parser::pseudo_boolean_parser_test::test_combination ... ok
[INFO] [stdout] test parser::pseudo_boolean_parser_test::test_number_literals ... ok
[INFO] [stdout] test parser::pseudo_boolean_parser_test::test_parse_addition ... ok
[INFO] [stdout] test parser::pseudo_boolean_parser_test::test_parse_constants ... ok
[INFO] [stdout] test cardinality_constraints::tests::exo_tests::test_exo_k ... ok
[INFO] [stdout] test parser::pseudo_boolean_parser_test::test_parse_empty ... ok
[INFO] [stdout] test parser::pseudo_boolean_parser_test::test_illegal_input ... ok
[INFO] [stdout] test parser::pseudo_boolean_parser_test::test_parse_multiplication ... ok
[INFO] [stdout] test parser::pseudo_boolean_parser_test::test_parse_literals ... ok
[INFO] [stdout] test parser::pseudo_boolean_parser_test::test_parse_operators ... ok
[INFO] [stdout] test parser::pseudo_boolean_parser_test::test_parse_precedences ... ok
[INFO] [stdout] test knowledge_compilation::dnnf::dnnf_compiler::tests::test_trivial_formulas ... ok
[INFO] [stdout] test pseudo_booleans::tests::pb_solver_test::test_pb_greater ... ok
[INFO] [stdout] test solver::functions::model_enumeration::tests::test_model_enumeration_does_not_alter_solver ... ok
[INFO] [stdout] test solver::functions::model_enumeration::tests::test_model_enumeration_simple ... ok
[INFO] [stdout] test solver::functions::model_enumeration::tests::test_unknown_variable_not_occurring_in_model ... ok
[INFO] [stdout] test solver::functions::model_enumeration::tests::test_variables_removed_by_simplification_occurs_in_models ... ok
[INFO] [stdout] test solver::functions::tests::backbone_function_tests::test_constant ... ok
[INFO] [stdout] test solver::functions::tests::backbone_function_tests::test_real_formula_incremental1 ... ignored
[INFO] [stdout] test solver::functions::tests::backbone_function_tests::test_real_formula_incremental2 ... ignored
[INFO] [stdout] test solver::functions::tests::backbone_function_tests::test_real_formula_incremental_decremental1 ... ignored
[INFO] [stdout] test solver::functions::tests::backbone_function_tests::test_real_formula_incremental_decremental2 ... ignored
[INFO] [stdout] test solver::functions::tests::backbone_function_tests::test_simple_backbones ... ok
[INFO] [stdout] test solver::functions::tests::backbone_function_tests::test_simple_formulas ... ok
[INFO] [stdout] test solver::functions::tests::formula_on_solver_tests::test_formula_on_solver ... ok
[INFO] [stdout] test solver::functions::tests::formula_on_solver_tests::test_formula_on_solver_with_contradiction ... ok
[INFO] [stdout] test solver::functions::tests::optimization_function_tests::test_additional_variables ... ok
[INFO] [stdout] test knowledge_compilation::bdd::tests::bdd_model_enumeration_test::tests::test_exo ... ok
[INFO] [stdout] test solver::functions::tests::optimization_function_tests::test_exo_model ... ok
[INFO] [stdout] test knowledge_compilation::bdd::tests::bdd_model_enumeration_test::tests::test_amo ... ok
[INFO] [stdout] test solver::functions::tests::optimization_function_tests::test_large_formula_maximize ... ignored
[INFO] [stdout] test solver::functions::tests::optimization_function_tests::test_large_formula_minimize ... ignored
[INFO] [stdout] test solver::functions::tests::optimization_function_tests::test_larger_formula_maximize ... ignored
[INFO] [stdout] test solver::functions::tests::optimization_function_tests::test_larger_formula_minimize ... ignored
[INFO] [stdout] test solver::functions::tests::optimization_function_tests::test_random_small ... ignored
[INFO] [stdout] test solver::functions::tests::optimization_function_tests::test_single_model ... ok
[INFO] [stdout] test solver::functions::tests::optimization_function_tests::test_unsat_formula ... ok
[INFO] [stdout] test solver::tests::assume_tests::test_assume ... ok
[INFO] [stdout] test solver::tests::inc_dec_tests::test_inc_dec ... ok
[INFO] [stdout] test solver::tests::inc_dec_tests::test_inc_dec_deep_1 - should panic ... ok
[INFO] [stdout] test solver::tests::inc_dec_tests::test_inc_dec_deep_2 - should panic ... ok
[INFO] [stdout] test solver::tests::inc_dec_tests::test_inc_dec_deep_3 - should panic ... ok
[INFO] [stdout] test solver::tests::inc_dec_tests::test_not_incremental_1 - should panic ... ok
[INFO] [stdout] test solver::tests::inc_dec_tests::test_not_incremental_2 - should panic ... ok
[INFO] [stdout] test solver::tests::sat_tests::test_and1 ... ok
[INFO] [stdout] test solver::tests::sat_tests::test_and2 ... ok
[INFO] [stdout] test solver::tests::sat_tests::test_and3 ... ok
[INFO] [stdout] test solver::functions::tests::optimization_function_tests::test_incrementality_minimize_and_maximize ... ok
[INFO] [stdout] test solver::tests::sat_tests::test_different_clause_minimizations ... ignored
[INFO] [stdout] test solver::tests::sat_tests::test_dimacs_files ... ignored
[INFO] [stdout] test solver::tests::sat_tests::test_dimacs_files_with_selection_order ... ignored
[INFO] [stdout] test solver::tests::sat_tests::test_empty_enumeration ... ok
[INFO] [stdout] test solver::tests::sat_tests::test_false ... ok
[INFO] [stdout] test solver::tests::sat_tests::test_formula1 ... ok
[INFO] [stdout] test solver::tests::sat_tests::test_formula2 ... ok
[INFO] [stdout] test solver::tests::sat_tests::test_formula3 ... ok
[INFO] [stdout] test solver::tests::sat_tests::test_known_variables ... ok
[INFO] [stdout] test solver::tests::sat_tests::test_literals ... ok
[INFO] [stdout] test solver::tests::sat_tests::test_model_before_solving - should panic ... ok
[INFO] [stdout] test solver::tests::sat_tests::test_model_enumeration ... ok
[INFO] [stdout] test solver::tests::sat_tests::test_model_enumeration_with_additional_variables ... ok
[INFO] [stdout] test pseudo_booleans::tests::pb_solver_test::test_pb_eq ... ok
[INFO] [stdout] test solver::tests::sat_tests::test_partial_model ... ok
[INFO] [stdout] test solver::tests::sat_tests::test_pbc ... ok
[INFO] [stdout] test solver::tests::sat_tests::test_cc1 ... ok
[INFO] [stdout] test solver::tests::sat_tests::test_pigeon_hole_large ... ignored
[INFO] [stdout] test solver::tests::sat_tests::test_pigeon_hole_with_reset ... ok
[INFO] [stdout] test solver::tests::sat_tests::test_selection_order_simple01 ... ok
[INFO] [stdout] test solver::tests::sat_tests::test_selection_order_simple02 ... ok
[INFO] [stdout] test solver::tests::sat_tests::test_true ... ok
[INFO] [stdout] test knowledge_compilation::bdd::tests::bdd_model_enumeration_test::tests::test_exk ... ok
[INFO] [stdout] test solver::tests::sat_tests::test_unknown_variable_not_occurring_in_model ... ok
[INFO] [stdout] test solver::tests::sat_tests::test_up_zero_literals_dimacs_files ... ignored
[INFO] [stdout] test solver::tests::sat_tests::test_up_zero_literals ... ok
[INFO] [stdout] test solver::tests::sat_tests::test_up_zero_literals_for_undef_state - should panic ... ok
[INFO] [stdout] test solver::tests::sat_tests::test_up_zero_literals_unsat ... ok
[INFO] [stdout] test solver::tests::sat_tests::test_variables_removed_by_simplification_occurs_in_models ... ok
[INFO] [stdout] test util::formula_randomizer::tests::test_amo ... ok
[INFO] [stdout] test pseudo_booleans::tests::pb_solver_test::test_pb_less ... ok
[INFO] [stdout] test cardinality_constraints::tests::amk_tests::test_amk ... ok
[INFO] [stdout] test util::formula_randomizer::tests::test_constant ... ok
[INFO] [stdout] test util::formula_randomizer::tests::test_atom ... ok
[INFO] [stdout] test util::formula_randomizer::tests::test_determinism ... ok
[INFO] [stdout] test util::formula_randomizer::tests::test_exo ... ok
[INFO] [stdout] test solver::tests::sat_tests::test_number_of_models_handler ... ok
[INFO] [stdout] test util::formula_randomizer::tests::test_cc ... ok
[INFO] [stdout] test util::formula_randomizer::tests::test_and ... ok
[INFO] [stdout] test util::formula_randomizer::tests::test_literal ... ok
[INFO] [stdout] test util::formula_randomizer::tests::test_not ... ok
[INFO] [stdout] test util::formula_randomizer::tests::test_equiv ... ok
[INFO] [stdout] test util::formula_randomizer::tests::test_impl ... ok
[INFO] [stdout] test util::formula_randomizer::tests::test_pbc ... ok
[INFO] [stdout] test util::formula_randomizer::tests::test_or ... ok
[INFO] [stdout] test solver::tests::sat_tests::test_pigeon_hole ... ok
[INFO] [stdout] test util::formula_randomizer::tests::test_variable ... ok
[INFO] [stdout] test util::formula_randomizer::tests::test_formula ... ok
[INFO] [stdout] test pseudo_booleans::tests::pb_solver_test::test_pb_negative ... ok
[INFO] [stdout] test util::formula_randomizer::tests::test_formula_with_pbc ... ok
[INFO] [stdout] test solver::functions::tests::optimization_function_tests::test_corner_cases ... ok
[INFO] [stdout] 
[INFO] [stdout] failures:
[INFO] [stdout] 
[INFO] [stdout] ---- operations::transformations::cnf::factorization::tests::test_large_formula stdout ----
[INFO] [stdout] thread 'operations::transformations::cnf::factorization::tests::test_large_formula' panicked at src/operations/transformations/cnf/factorization.rs:211:59:
[INFO] [stdout] called `Result::unwrap()` on an `Err` value: Os { code: 2, kind: NotFound, message: "No such file or directory" }
[INFO] [stdout] stack backtrace:
[INFO] [stdout]    0:     0x55630482d7dc - std::backtrace_rs::backtrace::libunwind::trace::ha637c64ce894333a
[INFO] [stdout]                                at /rustc/82e1608dfa6e0b5569232559e3d385fea5a93112/library/std/src/../../backtrace/src/backtrace/libunwind.rs:104:5
[INFO] [stdout]    1:     0x55630482d7dc - std::backtrace_rs::backtrace::trace_unsynchronized::h47f62dea28e0c88d
[INFO] [stdout]                                at /rustc/82e1608dfa6e0b5569232559e3d385fea5a93112/library/std/src/../../backtrace/src/backtrace/mod.rs:66:5
[INFO] [stdout]    2:     0x55630482d7dc - std::sys_common::backtrace::_print_fmt::h9eef0abe20ede486
[INFO] [stdout]                                at /rustc/82e1608dfa6e0b5569232559e3d385fea5a93112/library/std/src/sys_common/backtrace.rs:67:5
[INFO] [stdout]    3:     0x55630482d7dc - <std::sys_common::backtrace::_print::DisplayBacktrace as core::fmt::Display>::fmt::hed7f999df88cc644
[INFO] [stdout]                                at /rustc/82e1608dfa6e0b5569232559e3d385fea5a93112/library/std/src/sys_common/backtrace.rs:44:22
[INFO] [stdout]    4:     0x5563048585d0 - core::fmt::rt::Argument::fmt::h1539a9308b8d058d
[INFO] [stdout]                                at /rustc/82e1608dfa6e0b5569232559e3d385fea5a93112/library/core/src/fmt/rt.rs:142:9
[INFO] [stdout]    5:     0x5563048585d0 - core::fmt::write::h3a39390d8560d9c9
[INFO] [stdout]                                at /rustc/82e1608dfa6e0b5569232559e3d385fea5a93112/library/core/src/fmt/mod.rs:1120:17
[INFO] [stdout]    6:     0x55630482b00f - std::io::Write::write_fmt::h040b369f3a0f9cbc
[INFO] [stdout]                                at /rustc/82e1608dfa6e0b5569232559e3d385fea5a93112/library/std/src/io/mod.rs:1762:15
[INFO] [stdout]    7:     0x55630482d5c4 - std::sys_common::backtrace::_print::h894006fb5c6f3d45
[INFO] [stdout]                                at /rustc/82e1608dfa6e0b5569232559e3d385fea5a93112/library/std/src/sys_common/backtrace.rs:47:5
[INFO] [stdout]    8:     0x55630482d5c4 - std::sys_common::backtrace::print::h23a2d212c6fff936
[INFO] [stdout]                                at /rustc/82e1608dfa6e0b5569232559e3d385fea5a93112/library/std/src/sys_common/backtrace.rs:34:9
[INFO] [stdout]    9:     0x55630482f287 - std::panicking::default_hook::{{closure}}::h8a1d2ee00185001a
[INFO] [stdout]   10:     0x55630482ef73 - std::panicking::default_hook::h6038f2eba384e475
[INFO] [stdout]                                at /rustc/82e1608dfa6e0b5569232559e3d385fea5a93112/library/std/src/panicking.rs:289:9
[INFO] [stdout]   11:     0x556304560697 - <alloc::boxed::Box<F,A> as core::ops::function::Fn<Args>>::call::h0ad024c9bdc6d768
[INFO] [stdout]                                at /rustc/82e1608dfa6e0b5569232559e3d385fea5a93112/library/alloc/src/boxed.rs:2021:9
[INFO] [stdout]   12:     0x556304560697 - test::test_main::{{closure}}::h7500b54257359db6
[INFO] [stdout]                                at /rustc/82e1608dfa6e0b5569232559e3d385fea5a93112/library/test/src/lib.rs:138:21
[INFO] [stdout]   13:     0x55630482f898 - <alloc::boxed::Box<F,A> as core::ops::function::Fn<Args>>::call::h1f8f335eaa9cfaee
[INFO] [stdout]                                at /rustc/82e1608dfa6e0b5569232559e3d385fea5a93112/library/alloc/src/boxed.rs:2021:9
[INFO] [stdout]   14:     0x55630482f898 - std::panicking::rust_panic_with_hook::h2b5517d590cab22e
[INFO] [stdout]                                at /rustc/82e1608dfa6e0b5569232559e3d385fea5a93112/library/std/src/panicking.rs:783:13
[INFO] [stdout]   15:     0x55630482f5ee - std::panicking::begin_panic_handler::{{closure}}::h233112c06e0ef43e
[INFO] [stdout]                                at /rustc/82e1608dfa6e0b5569232559e3d385fea5a93112/library/std/src/panicking.rs:657:13
[INFO] [stdout]   16:     0x55630482dca6 - std::sys_common::backtrace::__rust_end_short_backtrace::h6e893f24d7ebbff8
[INFO] [stdout]                                at /rustc/82e1608dfa6e0b5569232559e3d385fea5a93112/library/std/src/sys_common/backtrace.rs:170:18
[INFO] [stdout]   17:     0x55630482f352 - rust_begin_unwind
[INFO] [stdout]                                at /rustc/82e1608dfa6e0b5569232559e3d385fea5a93112/library/std/src/panicking.rs:645:5
[INFO] [stdout]   18:     0x5563040ac335 - core::panicking::panic_fmt::hbf0e066aabfa482c
[INFO] [stdout]                                at /rustc/82e1608dfa6e0b5569232559e3d385fea5a93112/library/core/src/panicking.rs:72:14
[INFO] [stdout]   19:     0x5563040ac903 - core::result::unwrap_failed::hddb4fea594200c52
[INFO] [stdout]                                at /rustc/82e1608dfa6e0b5569232559e3d385fea5a93112/library/core/src/result.rs:1653:5
[INFO] [stdout]   20:     0x5563042c4e3b - core::result::Result<T,E>::unwrap::h340128cae3ec58b8
[INFO] [stdout]                                at /rustc/82e1608dfa6e0b5569232559e3d385fea5a93112/library/core/src/result.rs:1077:23
[INFO] [stdout]   21:     0x5563044fc606 - logicng::operations::transformations::cnf::factorization::tests::test_large_formula::heb3798cd0af18a97
[INFO] [stdout]                                at /opt/rustwide/workdir/src/operations/transformations/cnf/factorization.rs:211:37
[INFO] [stdout]   22:     0x5563044fc567 - logicng::operations::transformations::cnf::factorization::tests::test_large_formula::{{closure}}::h929db4e2dffcb18a
[INFO] [stdout]                                at /opt/rustwide/workdir/src/operations/transformations/cnf/factorization.rs:209:28
[INFO] [stdout]   23:     0x556304405096 - core::ops::function::FnOnce::call_once::h6d3bf63d9a74aba8
[INFO] [stdout]                                at /rustc/82e1608dfa6e0b5569232559e3d385fea5a93112/library/core/src/ops/function.rs:250:5
[INFO] [stdout]   24:     0x556304565cef - core::ops::function::FnOnce::call_once::h2b5d431d5046312d
[INFO] [stdout]                                at /rustc/82e1608dfa6e0b5569232559e3d385fea5a93112/library/core/src/ops/function.rs:250:5
[INFO] [stdout]   25:     0x556304565cef - test::__rust_begin_short_backtrace::h7714669af176e207
[INFO] [stdout]                                at /rustc/82e1608dfa6e0b5569232559e3d385fea5a93112/library/test/src/lib.rs:628:18
[INFO] [stdout]   26:     0x556304564d05 - test::run_test_in_process::{{closure}}::h85218797dcbcec12
[INFO] [stdout]                                at /rustc/82e1608dfa6e0b5569232559e3d385fea5a93112/library/test/src/lib.rs:651:60
[INFO] [stdout]   27:     0x556304564d05 - <core::panic::unwind_safe::AssertUnwindSafe<F> as core::ops::function::FnOnce<()>>::call_once::h76c106ea31c14d7b
[INFO] [stdout]                                at /rustc/82e1608dfa6e0b5569232559e3d385fea5a93112/library/core/src/panic/unwind_safe.rs:272:9
[INFO] [stdout]   28:     0x556304564d05 - std::panicking::try::do_call::h3bd5d0f6620ee946
[INFO] [stdout]                                at /rustc/82e1608dfa6e0b5569232559e3d385fea5a93112/library/std/src/panicking.rs:552:40
[INFO] [stdout]   29:     0x556304564d05 - std::panicking::try::h232e535e4744fe31
[INFO] [stdout]                                at /rustc/82e1608dfa6e0b5569232559e3d385fea5a93112/library/std/src/panicking.rs:516:19
[INFO] [stdout]   30:     0x556304564d05 - std::panic::catch_unwind::h3ce3bd6ca8dbac68
[INFO] [stdout]                                at /rustc/82e1608dfa6e0b5569232559e3d385fea5a93112/library/std/src/panic.rs:142:14
[INFO] [stdout]   31:     0x556304564d05 - test::run_test_in_process::hc97b257c9621286a
[INFO] [stdout]                                at /rustc/82e1608dfa6e0b5569232559e3d385fea5a93112/library/test/src/lib.rs:651:27
[INFO] [stdout]   32:     0x556304564d05 - test::run_test::{{closure}}::h2aa798823a438d38
[INFO] [stdout]                                at /rustc/82e1608dfa6e0b5569232559e3d385fea5a93112/library/test/src/lib.rs:574:43
[INFO] [stdout]   33:     0x55630452cfc6 - test::run_test::{{closure}}::h87d231c78fb59832
[INFO] [stdout]                                at /rustc/82e1608dfa6e0b5569232559e3d385fea5a93112/library/test/src/lib.rs:602:41
[INFO] [stdout]   34:     0x55630452cfc6 - std::sys_common::backtrace::__rust_begin_short_backtrace::he6df152596625789
[INFO] [stdout]                                at /rustc/82e1608dfa6e0b5569232559e3d385fea5a93112/library/std/src/sys_common/backtrace.rs:154:18
[INFO] [stdout]   35:     0x556304532077 - std::thread::Builder::spawn_unchecked_::{{closure}}::{{closure}}::ha94be15d1e0acf36
[INFO] [stdout]                                at /rustc/82e1608dfa6e0b5569232559e3d385fea5a93112/library/std/src/thread/mod.rs:529:17
[INFO] [stdout]   36:     0x556304532077 - <core::panic::unwind_safe::AssertUnwindSafe<F> as core::ops::function::FnOnce<()>>::call_once::h9dc6bd6372f16606
[INFO] [stdout]                                at /rustc/82e1608dfa6e0b5569232559e3d385fea5a93112/library/core/src/panic/unwind_safe.rs:272:9
[INFO] [stdout]   37:     0x556304532077 - std::panicking::try::do_call::h9057517f80303cd4
[INFO] [stdout]                                at /rustc/82e1608dfa6e0b5569232559e3d385fea5a93112/library/std/src/panicking.rs:552:40
[INFO] [stdout]   38:     0x556304532077 - std::panicking::try::he3a30b11ee45340c
[INFO] [stdout]                                at /rustc/82e1608dfa6e0b5569232559e3d385fea5a93112/library/std/src/panicking.rs:516:19
[INFO] [stdout]   39:     0x556304532077 - std::panic::catch_unwind::h410458cfd3528b8b
[INFO] [stdout]                                at /rustc/82e1608dfa6e0b5569232559e3d385fea5a93112/library/std/src/panic.rs:142:14
[INFO] [stdout]   40:     0x556304532077 - std::thread::Builder::spawn_unchecked_::{{closure}}::h72ac3bdb567b737b
[INFO] [stdout]                                at /rustc/82e1608dfa6e0b5569232559e3d385fea5a93112/library/std/src/thread/mod.rs:528:30
[INFO] [stdout]   41:     0x556304532077 - core::ops::function::FnOnce::call_once{{vtable.shim}}::h38f34da3654a8344
[INFO] [stdout]                                at /rustc/82e1608dfa6e0b5569232559e3d385fea5a93112/library/core/src/ops/function.rs:250:5
[INFO] [stdout]   42:     0x5563048347d5 - <alloc::boxed::Box<F,A> as core::ops::function::FnOnce<Args>>::call_once::hc7eafaff61e32df9
[INFO] [stdout]                                at /rustc/82e1608dfa6e0b5569232559e3d385fea5a93112/library/alloc/src/boxed.rs:2007:9
[INFO] [stdout]   43:     0x5563048347d5 - <alloc::boxed::Box<F,A> as core::ops::function::FnOnce<Args>>::call_once::h6ba4a5de48dd2304
[INFO] [stdout]                                at /rustc/82e1608dfa6e0b5569232559e3d385fea5a93112/library/alloc/src/boxed.rs:2007:9
[INFO] [stdout]   44:     0x5563048347d5 - std::sys::unix::thread::Thread::new::thread_start::he469335aef763e45
[INFO] [stdout]                                at /rustc/82e1608dfa6e0b5569232559e3d385fea5a93112/library/std/src/sys/unix/thread.rs:108:17
[INFO] [stdout]   45:     0x7ff261914ac3 - <unknown>
[INFO] [stdout]   46:     0x7ff2619a5bf4 - __clone
[INFO] [stdout]   47:                0x0 - <unknown>
[INFO] [stdout] 
[INFO] [stdout] ---- operations::transformations::cnf::tseitin::tests::test_large_formula stdout ----
[INFO] [stdout] thread 'operations::transformations::cnf::tseitin::tests::test_large_formula' panicked at src/operations/transformations/cnf/tseitin.rs:108:85:
[INFO] [stdout] called `Result::unwrap()` on an `Err` value: Os { code: 2, kind: NotFound, message: "No such file or directory" }
[INFO] [stdout] stack backtrace:
[INFO] [stdout]    0:     0x55630482d7dc - std::backtrace_rs::backtrace::libunwind::trace::ha637c64ce894333a
[INFO] [stdout]                                at /rustc/82e1608dfa6e0b5569232559e3d385fea5a93112/library/std/src/../../backtrace/src/backtrace/libunwind.rs:104:5
[INFO] [stdout]    1:     0x55630482d7dc - std::backtrace_rs::backtrace::trace_unsynchronized::h47f62dea28e0c88d
[INFO] [stdout]                                at /rustc/82e1608dfa6e0b5569232559e3d385fea5a93112/library/std/src/../../backtrace/src/backtrace/mod.rs:66:5
[INFO] [stdout]    2:     0x55630482d7dc - std::sys_common::backtrace::_print_fmt::h9eef0abe20ede486
[INFO] [stdout]                                at /rustc/82e1608dfa6e0b5569232559e3d385fea5a93112/library/std/src/sys_common/backtrace.rs:67:5
[INFO] [stdout]    3:     0x55630482d7dc - <std::sys_common::backtrace::_print::DisplayBacktrace as core::fmt::Display>::fmt::hed7f999df88cc644
[INFO] [stdout]                                at /rustc/82e1608dfa6e0b5569232559e3d385fea5a93112/library/std/src/sys_common/backtrace.rs:44:22
[INFO] [stdout]    4:     0x5563048585d0 - core::fmt::rt::Argument::fmt::h1539a9308b8d058d
[INFO] [stdout]                                at /rustc/82e1608dfa6e0b5569232559e3d385fea5a93112/library/core/src/fmt/rt.rs:142:9
[INFO] [stdout]    5:     0x5563048585d0 - core::fmt::write::h3a39390d8560d9c9
[INFO] [stdout]                                at /rustc/82e1608dfa6e0b5569232559e3d385fea5a93112/library/core/src/fmt/mod.rs:1120:17
[INFO] [stdout]    6:     0x55630482b00f - std::io::Write::write_fmt::h040b369f3a0f9cbc
[INFO] [stdout]                                at /rustc/82e1608dfa6e0b5569232559e3d385fea5a93112/library/std/src/io/mod.rs:1762:15
[INFO] [stdout]    7:     0x55630482d5c4 - std::sys_common::backtrace::_print::h894006fb5c6f3d45
[INFO] [stdout]                                at /rustc/82e1608dfa6e0b5569232559e3d385fea5a93112/library/std/src/sys_common/backtrace.rs:47:5
[INFO] [stdout]    8:     0x55630482d5c4 - std::sys_common::backtrace::print::h23a2d212c6fff936
[INFO] [stdout]                                at /rustc/82e1608dfa6e0b5569232559e3d385fea5a93112/library/std/src/sys_common/backtrace.rs:34:9
[INFO] [stdout]    9:     0x55630482f287 - std::panicking::default_hook::{{closure}}::h8a1d2ee00185001a
[INFO] [stdout]   10:     0x55630482ef73 - std::panicking::default_hook::h6038f2eba384e475
[INFO] [stdout]                                at /rustc/82e1608dfa6e0b5569232559e3d385fea5a93112/library/std/src/panicking.rs:289:9
[INFO] [stdout]   11:     0x556304560697 - <alloc::boxed::Box<F,A> as core::ops::function::Fn<Args>>::call::h0ad024c9bdc6d768
[INFO] [stdout]                                at /rustc/82e1608dfa6e0b5569232559e3d385fea5a93112/library/alloc/src/boxed.rs:2021:9
[INFO] [stdout]   12:     0x556304560697 - test::test_main::{{closure}}::h7500b54257359db6
[INFO] [stdout]                                at /rustc/82e1608dfa6e0b5569232559e3d385fea5a93112/library/test/src/lib.rs:138:21
[INFO] [stdout]   13:     0x55630482f898 - <alloc::boxed::Box<F,A> as core::ops::function::Fn<Args>>::call::h1f8f335eaa9cfaee
[INFO] [stdout]                                at /rustc/82e1608dfa6e0b5569232559e3d385fea5a93112/library/alloc/src/boxed.rs:2021:9
[INFO] [stdout]   14:     0x55630482f898 - std::panicking::rust_panic_with_hook::h2b5517d590cab22e
[INFO] [stdout]                                at /rustc/82e1608dfa6e0b5569232559e3d385fea5a93112/library/std/src/panicking.rs:783:13
[INFO] [stdout]   15:     0x55630482f5ee - std::panicking::begin_panic_handler::{{closure}}::h233112c06e0ef43e
[INFO] [stdout]                                at /rustc/82e1608dfa6e0b5569232559e3d385fea5a93112/library/std/src/panicking.rs:657:13
[INFO] [stdout]   16:     0x55630482dca6 - std::sys_common::backtrace::__rust_end_short_backtrace::h6e893f24d7ebbff8
[INFO] [stdout]                                at /rustc/82e1608dfa6e0b5569232559e3d385fea5a93112/library/std/src/sys_common/backtrace.rs:170:18
[INFO] [stdout]   17:     0x55630482f352 - rust_begin_unwind
[INFO] [stdout]                                at /rustc/82e1608dfa6e0b5569232559e3d385fea5a93112/library/std/src/panicking.rs:645:5
[INFO] [stdout]   18:     0x5563040ac335 - core::panicking::panic_fmt::hbf0e066aabfa482c
[INFO] [stdout]                                at /rustc/82e1608dfa6e0b5569232559e3d385fea5a93112/library/core/src/panicking.rs:72:14
[INFO] [stdout]   19:     0x5563040ac903 - core::result::unwrap_failed::hddb4fea594200c52
[INFO] [stdout]                                at /rustc/82e1608dfa6e0b5569232559e3d385fea5a93112/library/core/src/result.rs:1653:5
[INFO] [stdout]   20:     0x5563042c522c - core::result::Result<T,E>::unwrap::h5e07320e61aa00df
[INFO] [stdout]                                at /rustc/82e1608dfa6e0b5569232559e3d385fea5a93112/library/core/src/result.rs:1077:23
[INFO] [stdout]   21:     0x556304374b07 - logicng::operations::transformations::cnf::tseitin::tests::test_large_formula::h16be3350a6d26739
[INFO] [stdout]                                at /opt/rustwide/workdir/src/operations/transformations/cnf/tseitin.rs:108:30
[INFO] [stdout]   22:     0x556304374aa7 - logicng::operations::transformations::cnf::tseitin::tests::test_large_formula::{{closure}}::hc7d48f3c4ec71c33
[INFO] [stdout]                                at /opt/rustwide/workdir/src/operations/transformations/cnf/tseitin.rs:107:28
[INFO] [stdout]   23:     0x556304401eb6 - core::ops::function::FnOnce::call_once::h1e129d5895a8765c
[INFO] [stdout]                                at /rustc/82e1608dfa6e0b5569232559e3d385fea5a93112/library/core/src/ops/function.rs:250:5
[INFO] [stdout]   24:     0x556304565cef - core::ops::function::FnOnce::call_once::h2b5d431d5046312d
[INFO] [stdout]                                at /rustc/82e1608dfa6e0b5569232559e3d385fea5a93112/library/core/src/ops/function.rs:250:5
[INFO] [stdout]   25:     0x556304565cef - test::__rust_begin_short_backtrace::h7714669af176e207
[INFO] [stdout]                                at /rustc/82e1608dfa6e0b5569232559e3d385fea5a93112/library/test/src/lib.rs:628:18
[INFO] [stdout]   26:     0x556304564d05 - test::run_test_in_process::{{closure}}::h85218797dcbcec12
[INFO] [stdout]                                at /rustc/82e1608dfa6e0b5569232559e3d385fea5a93112/library/test/src/lib.rs:651:60
[INFO] [stdout]   27:     0x556304564d05 - <core::panic::unwind_safe::AssertUnwindSafe<F> as core::ops::function::FnOnce<()>>::call_once::h76c106ea31c14d7b
[INFO] [stdout]                                at /rustc/82e1608dfa6e0b5569232559e3d385fea5a93112/library/core/src/panic/unwind_safe.rs:272:9
[INFO] [stdout]   28:     0x556304564d05 - std::panicking::try::do_call::h3bd5d0f6620ee946
[INFO] [stdout]                                at /rustc/82e1608dfa6e0b5569232559e3d385fea5a93112/library/std/src/panicking.rs:552:40
[INFO] [stdout]   29:     0x556304564d05 - std::panicking::try::h232e535e4744fe31
[INFO] [stdout]                                at /rustc/82e1608dfa6e0b5569232559e3d385fea5a93112/library/std/src/panicking.rs:516:19
[INFO] [stdout]   30:     0x556304564d05 - std::panic::catch_unwind::h3ce3bd6ca8dbac68
[INFO] [stdout]                                at /rustc/82e1608dfa6e0b5569232559e3d385fea5a93112/library/std/src/panic.rs:142:14
[INFO] [stdout]   31:     0x556304564d05 - test::run_test_in_process::hc97b257c9621286a
[INFO] [stdout]                                at /rustc/82e1608dfa6e0b5569232559e3d385fea5a93112/library/test/src/lib.rs:651:27
[INFO] [stdout]   32:     0x556304564d05 - test::run_test::{{closure}}::h2aa798823a438d38
[INFO] [stdout]                                at /rustc/82e1608dfa6e0b5569232559e3d385fea5a93112/library/test/src/lib.rs:574:43
[INFO] [stdout]   33:     0x55630452cfc6 - test::run_test::{{closure}}::h87d231c78fb59832
[INFO] [stdout]                                at /rustc/82e1608dfa6e0b5569232559e3d385fea5a93112/library/test/src/lib.rs:602:41
[INFO] [stdout]   34:     0x55630452cfc6 - std::sys_common::backtrace::__rust_begin_short_backtrace::he6df152596625789
[INFO] [stdout]                                at /rustc/82e1608dfa6e0b5569232559e3d385fea5a93112/library/std/src/sys_common/backtrace.rs:154:18
[INFO] [stdout]   35:     0x556304532077 - std::thread::Builder::spawn_unchecked_::{{closure}}::{{closure}}::ha94be15d1e0acf36
[INFO] [stdout]                                at /rustc/82e1608dfa6e0b5569232559e3d385fea5a93112/library/std/src/thread/mod.rs:529:17
[INFO] [stdout]   36:     0x556304532077 - <core::panic::unwind_safe::AssertUnwindSafe<F> as core::ops::function::FnOnce<()>>::call_once::h9dc6bd6372f16606
[INFO] [stdout]                                at /rustc/82e1608dfa6e0b5569232559e3d385fea5a93112/library/core/src/panic/unwind_safe.rs:272:9
[INFO] [stdout]   37:     0x556304532077 - std::panicking::try::do_call::h9057517f80303cd4
[INFO] [stdout]                                at /rustc/82e1608dfa6e0b5569232559e3d385fea5a93112/library/std/src/panicking.rs:552:40
[INFO] [stdout]   38:     0x556304532077 - std::panicking::try::he3a30b11ee45340c
[INFO] [stdout]                                at /rustc/82e1608dfa6e0b5569232559e3d385fea5a93112/library/std/src/panicking.rs:516:19
[INFO] [stdout]   39:     0x556304532077 - std::panic::catch_unwind::h410458cfd3528b8b
[INFO] [stdout]                                at /rustc/82e1608dfa6e0b5569232559e3d385fea5a93112/library/std/src/panic.rs:142:14
[INFO] [stdout]   40:     0x556304532077 - std::thread::Builder::spawn_unchecked_::{{closure}}::h72ac3bdb567b737b
[INFO] [stdout]                                at /rustc/82e1608dfa6e0b5569232559e3d385fea5a93112/library/std/src/thread/mod.rs:528:30
[INFO] [stdout]   41:     0x556304532077 - core::ops::function::FnOnce::call_once{{vtable.shim}}::h38f34da3654a8344
[INFO] [stdout]                                at /rustc/82e1608dfa6e0b5569232559e3d385fea5a93112/library/core/src/ops/function.rs:250:5
[INFO] [stdout]   42:     0x5563048347d5 - <alloc::boxed::Box<F,A> as core::ops::function::FnOnce<Args>>::call_once::hc7eafaff61e32df9
[INFO] [stdout]                                at /rustc/82e1608dfa6e0b5569232559e3d385fea5a93112/library/alloc/src/boxed.rs:2007:9
[INFO] [stdout]   43:     0x5563048347d5 - <alloc::boxed::Box<F,A> as core::ops::function::FnOnce<Args>>::call_once::h6ba4a5de48dd2304
[INFO] [stdout]                                at /rustc/82e1608dfa6e0b5569232559e3d385fea5a93112/library/alloc/src/boxed.rs:2007:9
[INFO] [stdout]   44:     0x5563048347d5 - std::sys::unix::thread::Thread::new::thread_start::he469335aef763e45
[INFO] [stdout]                                at /rustc/82e1608dfa6e0b5569232559e3d385fea5a93112/library/std/src/sys/unix/thread.rs:108:17
[INFO] [stdout]   45:     0x7ff261914ac3 - <unknown>
[INFO] [stdout]   46:     0x7ff2619a5bf4 - __clone
[INFO] [stdout]   47:                0x0 - <unknown>
[INFO] [stdout] 
[INFO] [stdout] 
[INFO] [stdout] failures:
[INFO] [stdout]     operations::transformations::cnf::factorization::tests::test_large_formula
[INFO] [stdout]     operations::transformations::cnf::tseitin::tests::test_large_formula
[INFO] [stdout] 
[INFO] [stdout] test result: FAILED. 446 passed; 2 failed; 28 ignored; 0 measured; 0 filtered out; finished in 3.16s
[INFO] [stdout] 
[INFO] [stderr] error: test failed, to rerun pass `--lib`
[INFO] running `Command { std: "docker" "inspect" "19c1bde81e60cf457f8f02288849019a2dbfe2a4e092de85dc1d87f62a860658", kill_on_drop: false }`
[INFO] running `Command { std: "docker" "rm" "-f" "19c1bde81e60cf457f8f02288849019a2dbfe2a4e092de85dc1d87f62a860658", kill_on_drop: false }`
[INFO] [stdout] 19c1bde81e60cf457f8f02288849019a2dbfe2a4e092de85dc1d87f62a860658
[INFO] testing logicng-0.1.0-alpha.3 against beta-2023-12-22 for beta-1.76-1
[INFO] extracting crate logicng 0.1.0-alpha.3 into /workspace/builds/worker-2-tc2/source
[INFO] validating manifest of crates.io crate logicng 0.1.0-alpha.3 on toolchain beta-2023-12-22
[INFO] running `Command { std: CARGO_HOME="/workspace/cargo-home" RUSTUP_HOME="/workspace/rustup-home" "/workspace/cargo-home/bin/cargo" "+beta-2023-12-22" "metadata" "--manifest-path" "Cargo.toml" "--no-deps", kill_on_drop: false }`
[INFO] started tweaking crates.io crate logicng 0.1.0-alpha.3
[INFO] removed 7 missing examples
[INFO] removed 2 missing tests
[INFO] finished tweaking crates.io crate logicng 0.1.0-alpha.3
[INFO] tweaked toml for crates.io crate logicng 0.1.0-alpha.3 written to /workspace/builds/worker-2-tc2/source/Cargo.toml
[INFO] crate crates.io crate logicng 0.1.0-alpha.3 already has a lockfile, it will not be regenerated
[INFO] running `Command { std: CARGO_HOME="/workspace/cargo-home" RUSTUP_HOME="/workspace/rustup-home" "/workspace/cargo-home/bin/cargo" "+beta-2023-12-22" "fetch" "--manifest-path" "Cargo.toml", kill_on_drop: false }`
[INFO] running `Command { std: "docker" "create" "-v" "/var/lib/crater-agent-workspace/builds/worker-2-tc2/target:/opt/rustwide/target:rw,Z" "-v" "/var/lib/crater-agent-workspace/builds/worker-2-tc2/source:/opt/rustwide/workdir:ro,Z" "-v" "/var/lib/crater-agent-workspace/cargo-home:/opt/rustwide/cargo-home:ro,Z" "-v" "/var/lib/crater-agent-workspace/rustup-home:/opt/rustwide/rustup-home:ro,Z" "-e" "SOURCE_DIR=/opt/rustwide/workdir" "-e" "CARGO_TARGET_DIR=/opt/rustwide/target" "-e" "CARGO_HOME=/opt/rustwide/cargo-home" "-e" "RUSTUP_HOME=/opt/rustwide/rustup-home" "-w" "/opt/rustwide/workdir" "-m" "1610612736" "--user" "0:0" "--network" "none" "ghcr.io/rust-lang/crates-build-env/linux@sha256:2788e3201cd34a07e3172128adcd8b3090168a8e3bcc40d7c032b9dda1df7d1c" "/opt/rustwide/cargo-home/bin/cargo" "+beta-2023-12-22" "metadata" "--no-deps" "--format-version=1", kill_on_drop: false }`
[INFO] [stdout] 031cc81142e2b7fd541f49a94a3613b98ff5a1131fe830599a9a4a442c11a44f
[INFO] running `Command { std: "docker" "start" "-a" "031cc81142e2b7fd541f49a94a3613b98ff5a1131fe830599a9a4a442c11a44f", kill_on_drop: false }`
[INFO] running `Command { std: "docker" "inspect" "031cc81142e2b7fd541f49a94a3613b98ff5a1131fe830599a9a4a442c11a44f", kill_on_drop: false }`
[INFO] running `Command { std: "docker" "rm" "-f" "031cc81142e2b7fd541f49a94a3613b98ff5a1131fe830599a9a4a442c11a44f", kill_on_drop: false }`
[INFO] [stdout] 031cc81142e2b7fd541f49a94a3613b98ff5a1131fe830599a9a4a442c11a44f
[INFO] running `Command { std: "docker" "create" "-v" "/var/lib/crater-agent-workspace/builds/worker-2-tc2/target:/opt/rustwide/target:rw,Z" "-v" "/var/lib/crater-agent-workspace/builds/worker-2-tc2/source:/opt/rustwide/workdir:ro,Z" "-v" "/var/lib/crater-agent-workspace/cargo-home:/opt/rustwide/cargo-home:ro,Z" "-v" "/var/lib/crater-agent-workspace/rustup-home:/opt/rustwide/rustup-home:ro,Z" "-e" "SOURCE_DIR=/opt/rustwide/workdir" "-e" "CARGO_TARGET_DIR=/opt/rustwide/target" "-e" "CARGO_INCREMENTAL=0" "-e" "RUST_BACKTRACE=full" "-e" "RUSTFLAGS=--cap-lints=warn" "-e" "RUSTDOCFLAGS=--cap-lints=warn" "-e" "CARGO_HOME=/opt/rustwide/cargo-home" "-e" "RUSTUP_HOME=/opt/rustwide/rustup-home" "-w" "/opt/rustwide/workdir" "-m" "1610612736" "--user" "0:0" "--network" "none" "ghcr.io/rust-lang/crates-build-env/linux@sha256:2788e3201cd34a07e3172128adcd8b3090168a8e3bcc40d7c032b9dda1df7d1c" "/opt/rustwide/cargo-home/bin/cargo" "+beta-2023-12-22" "build" "--frozen" "--message-format=json", kill_on_drop: false }`
[INFO] [stdout] 66c0d757a1cb4936486dcbb9b4f9d9d2f6db1df2b767989aae9c937f4a3dcd0e
[INFO] running `Command { std: "docker" "start" "-a" "66c0d757a1cb4936486dcbb9b4f9d9d2f6db1df2b767989aae9c937f4a3dcd0e", kill_on_drop: false }`
[INFO] [stderr]    Compiling proc-macro2 v1.0.66
[INFO] [stderr]    Compiling memchr v2.6.3
[INFO] [stderr]    Compiling thiserror v1.0.48
[INFO] [stderr]    Compiling num-traits v0.2.16
[INFO] [stderr]    Compiling ucd-trie v0.1.6
[INFO] [stderr]    Compiling libc v0.2.147
[INFO] [stderr]    Compiling once_cell v1.18.0
[INFO] [stderr]    Compiling lock_api v0.4.10
[INFO] [stderr]    Compiling num-integer v0.1.45
[INFO] [stderr]    Compiling parking_lot_core v0.9.8
[INFO] [stderr]    Compiling radium v0.7.0
[INFO] [stderr]    Compiling num-bigint v0.4.4
[INFO] [stderr]    Compiling smallvec v1.11.0
[INFO] [stderr]    Compiling aho-corasick v1.0.5
[INFO] [stderr]    Compiling scopeguard v1.2.0
[INFO] [stderr]    Compiling regex-syntax v0.7.5
[INFO] [stderr]    Compiling tap v1.0.1
[INFO] [stderr]    Compiling quote v1.0.33
[INFO] [stderr]    Compiling syn v2.0.32
[INFO] [stderr]    Compiling wyz v0.5.1
[INFO] [stderr]    Compiling either v1.9.0
[INFO] [stderr]    Compiling funty v2.0.0
[INFO] [stderr]    Compiling hashbrown v0.14.0
[INFO] [stderr]    Compiling itertools v0.11.0
[INFO] [stderr]    Compiling fastrand v2.0.0
[INFO] [stderr]    Compiling dashmap v5.5.3
[INFO] [stderr]    Compiling bitvec v1.0.1
[INFO] [stderr]    Compiling regex-automata v0.3.8
[INFO] [stderr]    Compiling thiserror-impl v1.0.48
[INFO] [stderr]    Compiling pest v2.7.3
[INFO] [stderr]    Compiling regex v1.9.5
[INFO] [stderr]    Compiling pest_meta v2.7.3
[INFO] [stderr]    Compiling pest_generator v2.7.3
[INFO] [stderr]    Compiling pest_derive v2.7.3
[INFO] [stderr]    Compiling logicng v0.1.0-alpha.3 (/opt/rustwide/workdir)
[INFO] [stdout] warning: unused import: `formula_on_solver_function::*`
[INFO] [stdout]  --> src/solver/functions/mod.rs:8:9
[INFO] [stdout]   |
[INFO] [stdout] 8 | pub use formula_on_solver_function::*;
[INFO] [stdout]   |         ^^^^^^^^^^^^^^^^^^^^^^^^^^^^^
[INFO] [stdout]   |
[INFO] [stdout]   = note: `#[warn(unused_imports)]` on by default
[INFO] [stdout] 
[INFO] [stdout] 
[INFO] [stdout] warning: 1 warning emitted
[INFO] [stdout] 
[INFO] [stdout] 
[INFO] [stderr]     Finished dev [unoptimized + debuginfo] target(s) in 10.02s
[INFO] running `Command { std: "docker" "inspect" "66c0d757a1cb4936486dcbb9b4f9d9d2f6db1df2b767989aae9c937f4a3dcd0e", kill_on_drop: false }`
[INFO] running `Command { std: "docker" "rm" "-f" "66c0d757a1cb4936486dcbb9b4f9d9d2f6db1df2b767989aae9c937f4a3dcd0e", kill_on_drop: false }`
[INFO] [stdout] 66c0d757a1cb4936486dcbb9b4f9d9d2f6db1df2b767989aae9c937f4a3dcd0e
[INFO] running `Command { std: "docker" "create" "-v" "/var/lib/crater-agent-workspace/builds/worker-2-tc2/target:/opt/rustwide/target:rw,Z" "-v" "/var/lib/crater-agent-workspace/builds/worker-2-tc2/source:/opt/rustwide/workdir:ro,Z" "-v" "/var/lib/crater-agent-workspace/cargo-home:/opt/rustwide/cargo-home:ro,Z" "-v" "/var/lib/crater-agent-workspace/rustup-home:/opt/rustwide/rustup-home:ro,Z" "-e" "SOURCE_DIR=/opt/rustwide/workdir" "-e" "CARGO_TARGET_DIR=/opt/rustwide/target" "-e" "CARGO_INCREMENTAL=0" "-e" "RUST_BACKTRACE=full" "-e" "RUSTFLAGS=--cap-lints=warn" "-e" "RUSTDOCFLAGS=--cap-lints=warn" "-e" "CARGO_HOME=/opt/rustwide/cargo-home" "-e" "RUSTUP_HOME=/opt/rustwide/rustup-home" "-w" "/opt/rustwide/workdir" "-m" "1610612736" "--user" "0:0" "--network" "none" "ghcr.io/rust-lang/crates-build-env/linux@sha256:2788e3201cd34a07e3172128adcd8b3090168a8e3bcc40d7c032b9dda1df7d1c" "/opt/rustwide/cargo-home/bin/cargo" "+beta-2023-12-22" "test" "--frozen" "--no-run" "--message-format=json", kill_on_drop: false }`
[INFO] [stdout] ccb0ff5279b5f06e58388be79b9fdb7fbf29f9cb55b539710c14bfa12bb35c14
[INFO] running `Command { std: "docker" "start" "-a" "ccb0ff5279b5f06e58388be79b9fdb7fbf29f9cb55b539710c14bfa12bb35c14", kill_on_drop: false }`
[INFO] [stdout] warning: unused import: `formula_on_solver_function::*`
[INFO] [stdout]  --> src/solver/functions/mod.rs:8:9
[INFO] [stdout]   |
[INFO] [stdout] 8 | pub use formula_on_solver_function::*;
[INFO] [stdout]   |         ^^^^^^^^^^^^^^^^^^^^^^^^^^^^^
[INFO] [stdout]   |
[INFO] [stdout]   = note: `#[warn(unused_imports)]` on by default
[INFO] [stdout] 
[INFO] [stdout] 
[INFO] [stderr]    Compiling logicng v0.1.0-alpha.3 (/opt/rustwide/workdir)
[INFO] [stdout] warning: 1 warning emitted
[INFO] [stdout] 
[INFO] [stdout] 
[INFO] [stdout] warning: unused import: `formula_on_solver_function::*`
[INFO] [stdout]  --> src/solver/functions/mod.rs:8:9
[INFO] [stdout]   |
[INFO] [stdout] 8 | pub use formula_on_solver_function::*;
[INFO] [stdout]   |         ^^^^^^^^^^^^^^^^^^^^^^^^^^^^^
[INFO] [stdout]   |
[INFO] [stdout]   = note: `#[warn(unused_imports)]` on by default
[INFO] [stdout] 
[INFO] [stdout] 
[INFO] [stdout] warning: 1 warning emitted
[INFO] [stdout] 
[INFO] [stdout] 
[INFO] [stderr]     Finished test [unoptimized + debuginfo] target(s) in 8.46s
[INFO] running `Command { std: "docker" "inspect" "ccb0ff5279b5f06e58388be79b9fdb7fbf29f9cb55b539710c14bfa12bb35c14", kill_on_drop: false }`
[INFO] running `Command { std: "docker" "rm" "-f" "ccb0ff5279b5f06e58388be79b9fdb7fbf29f9cb55b539710c14bfa12bb35c14", kill_on_drop: false }`
[INFO] [stdout] ccb0ff5279b5f06e58388be79b9fdb7fbf29f9cb55b539710c14bfa12bb35c14
[INFO] running `Command { std: "docker" "create" "-v" "/var/lib/crater-agent-workspace/builds/worker-2-tc2/target:/opt/rustwide/target:rw,Z" "-v" "/var/lib/crater-agent-workspace/builds/worker-2-tc2/source:/opt/rustwide/workdir:ro,Z" "-v" "/var/lib/crater-agent-workspace/cargo-home:/opt/rustwide/cargo-home:ro,Z" "-v" "/var/lib/crater-agent-workspace/rustup-home:/opt/rustwide/rustup-home:ro,Z" "-e" "SOURCE_DIR=/opt/rustwide/workdir" "-e" "CARGO_TARGET_DIR=/opt/rustwide/target" "-e" "CARGO_INCREMENTAL=0" "-e" "RUST_BACKTRACE=full" "-e" "RUSTFLAGS=--cap-lints=warn" "-e" "RUSTDOCFLAGS=--cap-lints=warn" "-e" "CARGO_HOME=/opt/rustwide/cargo-home" "-e" "RUSTUP_HOME=/opt/rustwide/rustup-home" "-w" "/opt/rustwide/workdir" "-m" "1610612736" "--user" "0:0" "--network" "none" "ghcr.io/rust-lang/crates-build-env/linux@sha256:2788e3201cd34a07e3172128adcd8b3090168a8e3bcc40d7c032b9dda1df7d1c" "/opt/rustwide/cargo-home/bin/cargo" "+beta-2023-12-22" "test" "--frozen", kill_on_drop: false }`
[INFO] [stdout] 50a8bfed0688d65302e049db0317af7a7a1a1ff9505d6e98ea2aa8eae0da25e2
[INFO] running `Command { std: "docker" "start" "-a" "50a8bfed0688d65302e049db0317af7a7a1a1ff9505d6e98ea2aa8eae0da25e2", kill_on_drop: false }`
[INFO] [stderr] warning: unused import: `formula_on_solver_function::*`
[INFO] [stderr]  --> src/solver/functions/mod.rs:8:9
[INFO] [stderr]   |
[INFO] [stderr] 8 | pub use formula_on_solver_function::*;
[INFO] [stderr]   |         ^^^^^^^^^^^^^^^^^^^^^^^^^^^^^
[INFO] [stderr]   |
[INFO] [stderr]   = note: `#[warn(unused_imports)]` on by default
[INFO] [stderr] 
[INFO] [stderr] warning: `logicng` (lib) generated 1 warning (run `cargo fix --lib -p logicng` to apply 1 suggestion)
[INFO] [stderr] warning: `logicng` (lib test) generated 1 warning (1 duplicate)
[INFO] [stderr]     Finished test [unoptimized + debuginfo] target(s) in 0.03s
[INFO] [stderr]      Running unittests src/lib.rs (/opt/rustwide/target/debug/deps/logicng-0cd4499dd80a9e92)
[INFO] [stdout] 
[INFO] [stdout] running 476 tests
[INFO] [stdout] test backbones::tests::test_unsat_backbone ... ok
[INFO] [stdout] test backbones::tests::test_is_empty ... ok
[INFO] [stdout] test backbones::tests::test_complete_backbone ... ok
[INFO] [stdout] test cardinality_constraints::tests::cc_incremental_formula_tests::test_large_lower_bound_alk ... ignored
[INFO] [stdout] test cardinality_constraints::tests::cc_incremental_formula_tests::test_large_upper_bound_amk ... ignored
[INFO] [stdout] test cardinality_constraints::tests::amo_tests::test_amo_0 ... ok
[INFO] [stdout] test cardinality_constraints::tests::amo_tests::test_amo_1 ... ok
[INFO] [stdout] test cardinality_constraints::tests::cc_incremental_formula_tests::test_very_large_modular_totalizer_amk ... ignored, Too large for MiniSat, requires Glucose
[INFO] [stdout] test cardinality_constraints::tests::cc_incremental_solver_tests::test_large_lower_bound_alk ... ignored
[INFO] [stdout] test cardinality_constraints::tests::cc_incremental_solver_tests::test_large_upper_bound_amk ... ignored
[INFO] [stdout] test backbones::tests::test_to_formula ... ok
[INFO] [stdout] test cardinality_constraints::tests::cc_incremental_formula_tests::test_incremental_data ... ok
[INFO] [stdout] test cardinality_constraints::tests::cc_incremental_solver_tests::test_very_large_modular_totalizer_amk ... ignored, Too large for MiniSat, requires Glucose
[INFO] [stdout] test cardinality_constraints::tests::cc_performance_tests::test_amk_performance ... ignored
[INFO] [stdout] test cardinality_constraints::tests::cc_incremental_solver_tests::test_simple_incremental_alk ... ok
[INFO] [stdout] test cardinality_constraints::tests::cc_incremental_solver_tests::test_simple_incremental_amk ... ok
[INFO] [stdout] test cardinality_constraints::tests::exo_tests::test_exo_1 ... ok
[INFO] [stdout] test cardinality_constraints::tests::exo_tests::test_exo_0 ... ok
[INFO] [stdout] test collections::append_vec::test_indices ... ok
[INFO] [stdout] test collections::append_vec::test_parallel_pushing ... ok
[INFO] [stdout] test collections::append_vec::test_pushing_and_indexing ... ok
[INFO] [stdout] test datastructures::assignment::tests::test_blocking_clause ... ok
[INFO] [stdout] test datastructures::assignment::tests::test_constructor1 ... ok
[INFO] [stdout] test datastructures::assignment::tests::test_constructor2 ... ok
[INFO] [stdout] test datastructures::assignment::tests::test_constructor3 ... ok
[INFO] [stdout] test datastructures::assignment::tests::test_constructor4 ... ok
[INFO] [stdout] test datastructures::assignment::tests::test_contains ... ok
[INFO] [stdout] test datastructures::assignment::tests::test_evaluate_lit ... ok
[INFO] [stdout] test datastructures::assignment::tests::test_is_empty ... ok
[INFO] [stdout] test datastructures::assignment::tests::test_restrict_lit ... ok
[INFO] [stdout] test datastructures::assignment::tests::test_to_string ... ok
[INFO] [stdout] test datastructures::model::tests::test_constructor1 ... ok
[INFO] [stdout] test datastructures::model::tests::test_constructor2 ... ok
[INFO] [stdout] test datastructures::model::tests::test_constructor3 ... ok
[INFO] [stdout] test datastructures::model::tests::test_is_empty ... ok
[INFO] [stdout] test cardinality_constraints::tests::cc_incremental_formula_tests::test_simple_incremental_alk ... ok
[INFO] [stdout] test datastructures::model::tests::test_string_literals ... ok
[INFO] [stdout] test datastructures::model::tests::test_literals ... ok
[INFO] [stdout] test datastructures::model::tests::test_to_assignment ... ok
[INFO] [stdout] test datastructures::model::tests::test_to_string ... ok
[INFO] [stdout] test datastructures::ubtree::tests::test_contains_subset ... ok
[INFO] [stdout] test datastructures::ubtree::tests::test_empty_set ... ok
[INFO] [stdout] test datastructures::ubtree::tests::test_example_from_paper ... ok
[INFO] [stdout] test datastructures::ubtree::tests::test_single_set ... ok
[INFO] [stdout] test datastructures::ubtree::tests::test_all_sets ... ok
[INFO] [stdout] test explanations::drup::tests::drup_tests::test_core_and_assumptions ... ok
[INFO] [stdout] test cardinality_constraints::tests::cc_incremental_formula_tests::test_simple_incremental_amk ... ok
[INFO] [stdout] test explanations::drup::tests::drup_tests::test_core_and_assumptions2 ... ok
[INFO] [stdout] test explanations::drup::tests::drup_tests::test_core_and_assumptions4 ... ok
[INFO] [stdout] test explanations::drup::tests::drup_tests::test_core_and_assumptions3 ... ok
[INFO] [stdout] test explanations::drup::tests::drup_tests::test_trivial_cases_propositions ... ok
[INFO] [stdout] test explanations::drup::tests::drup_tests::test_unsat_core_from_dimacs ... ignored
[INFO] [stdout] test explanations::drup::tests::drup_tests::test_unsat_cores_aim_testset ... ignored
[INFO] [stdout] test explanations::drup::tests::drup_tests::test_unsat_cores_from_large_testset ... ignored
[INFO] [stdout] test explanations::drup::tests::drup_tests::test_proposition_handling ... ok
[INFO] [stdout] test explanations::drup::tests::drup_tests::test_proposition_inc_dec ... ok
[INFO] [stdout] test explanations::drup::tests::drup_tests::test_with_cc_propositions ... ok
[INFO] [stdout] test formulas::formula::tests::test_formula_creation ... ok
[INFO] [stdout] test formulas::formula::tests::test_from_string ... ok
[INFO] [stdout] test formulas::formula::tests::test_to_string ... ok
[INFO] [stdout] test formulas::formula_cache::formula_factory_caches::test::config::disable_cc_encoding ... ok
[INFO] [stdout] test formulas::formula_cache::formula_factory_caches::test::config::disable_backbone_simps ... ok
[INFO] [stdout] test formulas::formula_cache::formula_factory_caches::test::config::disable_contains_pbc ... ok
[INFO] [stdout] test formulas::formula_cache::formula_factory_caches::test::config::disable_factorization_cnf ... ok
[INFO] [stdout] test formulas::formula_cache::formula_factory_caches::test::config::disable_dnf ... ok
[INFO] [stdout] test formulas::formula_cache::formula_factory_caches::test::config::disable_formula_depth ... ok
[INFO] [stdout] test formulas::formula_cache::formula_factory_caches::test::config::disable_is_cnf ... ok
[INFO] [stdout] test formulas::formula_cache::formula_factory_caches::test::config::disable_is_nnf ... ok
[INFO] [stdout] test formulas::formula_cache::formula_factory_caches::test::config::disable_is_dnf ... ok
[INFO] [stdout] test formulas::formula_cache::formula_factory_caches::test::config::disable_nnf ... ok
[INFO] [stdout] test formulas::formula_cache::formula_factory_caches::test::config::disable_literals ... ok
[INFO] [stdout] test formulas::formula_cache::formula_factory_caches::test::config::disable_number_of_nodes ... ok
[INFO] [stdout] test explanations::drup::tests::drup_tests::test_with_special_unit_case_mini_sat ... ok
[INFO] [stdout] test formulas::formula_cache::formula_factory_caches::test::config::disable_number_of_atoms ... ok
[INFO] [stdout] test formulas::formula_cache::formula_factory_caches::test::config::disable_pbc_encoding ... ok
[INFO] [stdout] test formulas::formula_cache::formula_factory_caches::test::config::disable_sat ... ok
[INFO] [stdout] test formulas::formula_cache::formula_factory_caches::test::config::disable_sub_nodes ... ok
[INFO] [stdout] test formulas::formula_cache::formula_factory_caches::test::config::disable_variables ... ok
[INFO] [stdout] test formulas::formula_cache::formula_factory_caches::test::config::enable_backbone_simps ... ok
[INFO] [stdout] test formulas::formula_cache::formula_factory_caches::test::config::enable_cc_encoding ... ok
[INFO] [stdout] test formulas::formula_cache::formula_factory_caches::test::config::enable_contains_pbc ... ok
[INFO] [stdout] test formulas::formula_cache::formula_factory_caches::test::config::enable_factorization_cnf ... ok
[INFO] [stdout] test formulas::formula_cache::formula_factory_caches::test::config::enable_dnf ... ok
[INFO] [stdout] test formulas::formula_cache::formula_factory_caches::test::config::enable_formula_depth ... ok
[INFO] [stdout] test formulas::formula_cache::formula_factory_caches::test::config::enable_is_cnf ... ok
[INFO] [stdout] test formulas::formula_cache::formula_factory_caches::test::config::enable_is_nnf ... ok
[INFO] [stdout] test formulas::formula_cache::formula_factory_caches::test::config::enable_is_dnf ... ok
[INFO] [stdout] test formulas::formula_cache::formula_factory_caches::test::config::enable_literals ... ok
[INFO] [stdout] test formulas::formula_cache::formula_factory_caches::test::config::enable_nnf ... ok
[INFO] [stdout] test formulas::formula_cache::formula_factory_caches::test::config::enable_number_of_atoms ... ok
[INFO] [stdout] test formulas::formula_cache::formula_factory_caches::test::config::enable_pbc_encoding ... ok
[INFO] [stdout] test formulas::formula_cache::formula_factory_caches::test::config::enable_number_of_nodes ... ok
[INFO] [stdout] test formulas::formula_cache::formula_factory_caches::test::config::enable_sat ... ok
[INFO] [stdout] test formulas::pbc_cc::tests::test_evaluate_coeffs ... ok
[INFO] [stdout] test formulas::formula_cache::formula_factory_caches::test::config::enable_variables ... ok
[INFO] [stdout] test formulas::formula_cache::formula_factory_caches::test::config::enable_sub_nodes ... ok
[INFO] [stdout] test formulas::pbc_cc::tests::test_normalization_trivial ... ok
[INFO] [stdout] test formulas::pbc_cc::tests::test_normalization ... ok
[INFO] [stdout] test formulas::pbc_cc::tests::test_normalization_simplifications ... ok
[INFO] [stdout] test formulas::tests::and::and_test::test_complementary_check ... ok
[INFO] [stdout] test formulas::tests::and::and_test::test_equals ... ok
[INFO] [stdout] test formulas::tests::and::and_test::test_contains ... ok
[INFO] [stdout] test formulas::tests::and::and_test::test_hash ... ok
[INFO] [stdout] test cardinality_constraints::tests::alk_tests::test_alk ... ok
[INFO] [stdout] test formulas::tests::and::and_test::test_is_atomic ... ok
[INFO] [stdout] test formulas::tests::and::and_test::test_literals ... ok
[INFO] [stdout] test formulas::tests::and::and_test::test_creation ... ok
[INFO] [stdout] test formulas::tests::and::and_test::test_is_constant ... ok
[INFO] [stdout] test formulas::tests::and::and_test::test_num_atoms ... ok
[INFO] [stdout] test formulas::tests::and::and_test::test_num_operands ... ok
[INFO] [stdout] test formulas::tests::and::and_test::test_to_string ... ok
[INFO] [stdout] test formulas::tests::and::and_test::test_num_internal_nodes ... ok
[INFO] [stdout] test formulas::tests::and::and_test::test_num_nodes ... ok
[INFO] [stdout] test formulas::tests::and::and_test::test_type ... ok
[INFO] [stdout] test formulas::tests::constant_false::false_test::test_atomic_formula ... ok
[INFO] [stdout] test formulas::tests::constant_false::false_test::test_contains ... ok
[INFO] [stdout] test formulas::tests::and::and_test::test_variables ... ok
[INFO] [stdout] test formulas::tests::constant_false::false_test::test_equals ... ok
[INFO] [stdout] test formulas::tests::constant_false::false_test::test_hash ... ok
[INFO] [stdout] test formulas::tests::constant_false::false_test::test_is_constant_formula ... ok
[INFO] [stdout] test formulas::tests::constant_false::false_test::test_negation ... ok
[INFO] [stdout] test formulas::tests::constant_false::false_test::test_number_of_atoms ... ok
[INFO] [stdout] test formulas::tests::constant_false::false_test::test_number_of_internal_nodes ... ok
[INFO] [stdout] test formulas::tests::constant_false::false_test::test_number_of_operands ... ok
[INFO] [stdout] test formulas::tests::constant_false::false_test::test_number_of_nodes ... ok
[INFO] [stdout] test formulas::tests::constant_false::false_test::test_literals ... ok
[INFO] [stdout] test formulas::tests::constant_false::false_test::test_to_string ... ok
[INFO] [stdout] test formulas::tests::constant_false::false_test::test_type ... ok
[INFO] [stdout] test formulas::tests::constant_false::false_test::test_variables ... ok
[INFO] [stdout] test formulas::tests::constant_true::true_test::test_atomic_formula ... ok
[INFO] [stdout] test formulas::tests::constant_true::true_test::test_contains ... ok
[INFO] [stdout] test formulas::tests::constant_true::true_test::test_equals ... ok
[INFO] [stdout] test formulas::tests::constant_true::true_test::test_is_constant_formula ... ok
[INFO] [stdout] test formulas::tests::constant_true::true_test::test_literals ... ok
[INFO] [stdout] test formulas::tests::constant_true::true_test::test_negation ... ok
[INFO] [stdout] test formulas::tests::constant_true::true_test::test_number_of_atoms ... ok
[INFO] [stdout] test formulas::tests::constant_true::true_test::test_hash ... ok
[INFO] [stdout] test formulas::tests::constant_true::true_test::test_to_string ... ok
[INFO] [stdout] test formulas::tests::constant_true::true_test::test_number_of_operands ... ok
[INFO] [stdout] test formulas::tests::constant_true::true_test::test_number_of_nodes ... ok
[INFO] [stdout] test formulas::tests::constant_true::true_test::test_type ... ok
[INFO] [stdout] test formulas::tests::constant_true::true_test::test_number_of_internal_nodes ... ok
[INFO] [stdout] test formulas::tests::constant_true::true_test::test_variables ... ok
[INFO] [stdout] test formulas::tests::equivalence::implication_test::test_atomic_formula ... ok
[INFO] [stdout] test formulas::tests::equivalence::implication_test::test_contains ... ok
[INFO] [stdout] test formulas::tests::equivalence::implication_test::test_creator ... ok
[INFO] [stdout] test formulas::tests::equivalence::implication_test::test_equals ... ok
[INFO] [stdout] test formulas::tests::equivalence::implication_test::test_hash ... ok
[INFO] [stdout] test formulas::tests::equivalence::implication_test::test_getters ... ok
[INFO] [stdout] test formulas::tests::equivalence::implication_test::test_is_constant_formula ... ok
[INFO] [stdout] test formulas::tests::equivalence::implication_test::test_literals ... ok
[INFO] [stdout] test formulas::tests::equivalence::implication_test::test_number_of_atoms ... ok
[INFO] [stdout] test formulas::tests::equivalence::implication_test::test_negation ... ok
[INFO] [stdout] test formulas::tests::equivalence::implication_test::test_number_of_nodes ... ok
[INFO] [stdout] test formulas::tests::equivalence::implication_test::test_to_string ... ok
[INFO] [stdout] test formulas::tests::equivalence::implication_test::test_number_of_internal_nodes ... ok
[INFO] [stdout] test formulas::tests::equivalence::implication_test::test_number_of_operands ... ok
[INFO] [stdout] test formulas::tests::equivalence::implication_test::test_type ... ok
[INFO] [stdout] test formulas::tests::evaluation::evaluation_tests::test_binary_eval ... ok
[INFO] [stdout] test formulas::tests::equivalence::implication_test::test_variables ... ok
[INFO] [stdout] test formulas::tests::evaluation::evaluation_tests::test_constant_eval ... ok
[INFO] [stdout] test formulas::tests::evaluation::evaluation_tests::test_nary_eval ... ok
[INFO] [stdout] test formulas::tests::evaluation::evaluation_tests::test_not_eval ... ok
[INFO] [stdout] test formulas::tests::evaluation::evaluation_tests::test_literal_eval ... ok
[INFO] [stdout] test formulas::tests::formula_factory::formula_factory_tests::test_operands ... ok
[INFO] [stdout] test formulas::tests::formula_factory::formula_factory_tests::test ... ok
[INFO] [stdout] test formulas::tests::formula_factory::formula_factory_tests::test_formula_creation ... ok
[INFO] [stdout] test formulas::tests::formula_factory::formula_factory_tests::test_ordering ... ok
[INFO] [stdout] test formulas::tests::formula_factory::formula_factory_tests::test_simplification ... ok
[INFO] [stdout] test formulas::tests::formula_factory::formula_factory_tests::test_variables ... ok
[INFO] [stdout] test formulas::tests::implication::implication_test::test_creator ... ok
[INFO] [stdout] test formulas::tests::implication::implication_test::test_atomic_formula ... ok
[INFO] [stdout] test formulas::tests::implication::implication_test::test_contains ... ok
[INFO] [stdout] test formulas::tests::implication::implication_test::test_equals ... ok
[INFO] [stdout] test formulas::tests::implication::implication_test::test_hash ... ok
[INFO] [stdout] test formulas::tests::implication::implication_test::test_getters ... ok
[INFO] [stdout] test formulas::tests::implication::implication_test::test_is_constant_formula ... ok
[INFO] [stdout] test formulas::tests::implication::implication_test::test_negation ... ok
[INFO] [stdout] test formulas::tests::implication::implication_test::test_literals ... ok
[INFO] [stdout] test formulas::tests::implication::implication_test::test_number_of_atoms ... ok
[INFO] [stdout] test formulas::tests::implication::implication_test::test_number_of_internal_nodes ... ok
[INFO] [stdout] test formulas::tests::implication::implication_test::test_number_of_nodes ... ok
[INFO] [stdout] test formulas::tests::implication::implication_test::test_to_string ... ok
[INFO] [stdout] test formulas::tests::implication::implication_test::test_number_of_operands ... ok
[INFO] [stdout] test formulas::tests::implication::implication_test::test_type ... ok
[INFO] [stdout] test formulas::tests::literals::literals_test::test_contains ... ok
[INFO] [stdout] test formulas::tests::literals::literals_test::test_creation ... ok
[INFO] [stdout] test formulas::tests::implication::implication_test::test_variables ... ok
[INFO] [stdout] test formulas::tests::literals::literals_test::test_equals ... ok
[INFO] [stdout] test formulas::tests::literals::literals_test::test_atomic_formula ... ok
[INFO] [stdout] test formulas::tests::literals::literals_test::test_hash ... ok
[INFO] [stdout] test formulas::tests::literals::literals_test::test_getters ... ok
[INFO] [stdout] test formulas::tests::literals::literals_test::test_negation ... ok
[INFO] [stdout] test formulas::tests::literals::literals_test::test_is_constant_formula ... ok
[INFO] [stdout] test formulas::tests::literals::literals_test::test_literals ... ok
[INFO] [stdout] test formulas::tests::literals::literals_test::test_number_of_nodes ... ok
[INFO] [stdout] test formulas::tests::literals::literals_test::test_number_of_atoms ... ok
[INFO] [stdout] test formulas::tests::literals::literals_test::test_number_of_internal_nodes ... ok
[INFO] [stdout] test formulas::tests::literals::literals_test::test_to_string ... ok
[INFO] [stdout] test formulas::tests::literals::literals_test::test_number_of_operands ... ok
[INFO] [stdout] test formulas::tests::literals::literals_test::test_type ... ok
[INFO] [stdout] test formulas::tests::not::not_test::test_atomic_formula ... ok
[INFO] [stdout] test formulas::tests::literals::literals_test::test_variables ... ok
[INFO] [stdout] test formulas::tests::not::not_test::test_creator ... ok
[INFO] [stdout] test formulas::tests::not::not_test::test_getters ... ok
[INFO] [stdout] test formulas::tests::not::not_test::test_contains ... ok
[INFO] [stdout] test formulas::tests::not::not_test::test_hash ... ok
[INFO] [stdout] test formulas::tests::not::not_test::test_equals ... ok
[INFO] [stdout] test formulas::tests::not::not_test::test_number_of_atoms ... ok
[INFO] [stdout] test formulas::tests::not::not_test::test_literals ... ok
[INFO] [stdout] test formulas::tests::not::not_test::test_is_constant_formula ... ok
[INFO] [stdout] test formulas::tests::not::not_test::test_number_of_nodes ... ok
[INFO] [stdout] test formulas::tests::not::not_test::test_number_of_operands ... ok
[INFO] [stdout] test formulas::tests::not::not_test::test_to_string ... ok
[INFO] [stdout] test formulas::tests::not::not_test::test_number_of_internal_nodes ... ok
[INFO] [stdout] test formulas::tests::not::not_test::test_variables ... ok
[INFO] [stdout] test formulas::tests::or::or_test::test_complementary_check ... ok
[INFO] [stdout] test formulas::tests::not::not_test::test_type ... ok
[INFO] [stdout] test formulas::tests::or::or_test::test_contains ... ok
[INFO] [stdout] test formulas::tests::or::or_test::test_atomic_formula ... ok
[INFO] [stdout] test formulas::tests::or::or_test::test_creator ... ok
[INFO] [stdout] test formulas::tests::or::or_test::test_equals ... ok
[INFO] [stdout] test formulas::tests::or::or_test::test_hash ... ok
[INFO] [stdout] test formulas::tests::or::or_test::test_is_constant_formula ... ok
[INFO] [stdout] test formulas::tests::or::or_test::test_number_of_atoms ... ok
[INFO] [stdout] test formulas::tests::or::or_test::test_literals ... ok
[INFO] [stdout] test formulas::tests::or::or_test::test_number_of_internal_nodes ... ok
[INFO] [stdout] test formulas::tests::or::or_test::test_number_of_operands ... ok
[INFO] [stdout] test formulas::tests::or::or_test::test_number_of_nodes ... ok
[INFO] [stdout] test formulas::tests::or::or_test::test_to_string ... ok
[INFO] [stdout] test formulas::tests::pb_constraint::pb_constraint_tests::test_contains ... ok
[INFO] [stdout] test formulas::tests::pb_constraint::pb_constraint_tests::test_contains_subformula ... ok
[INFO] [stdout] test formulas::tests::or::or_test::test_variables ... ok
[INFO] [stdout] test formulas::tests::pb_constraint::pb_constraint_tests::test_create_cc_instead_of_pbc ... ok
[INFO] [stdout] test formulas::tests::pb_constraint::pb_constraint_tests::test_evaluate ... ok
[INFO] [stdout] test formulas::tests::pb_constraint::pb_constraint_tests::test_is_amo ... ok
[INFO] [stdout] test formulas::tests::or::or_test::test_type ... ok
[INFO] [stdout] test formulas::tests::pb_constraint::pb_constraint_tests::test_is_atomic ... ok
[INFO] [stdout] test formulas::tests::pb_constraint::pb_constraint_tests::test_is_cnf ... ok
[INFO] [stdout] test formulas::tests::pb_constraint::pb_constraint_tests::test_is_dnf ... ok
[INFO] [stdout] test formulas::tests::pb_constraint::pb_constraint_tests::test_is_constant ... ok
[INFO] [stdout] test formulas::tests::pb_constraint::pb_constraint_tests::test_is_nnf ... ok
[INFO] [stdout] test formulas::tests::pb_constraint::pb_constraint_tests::test_is_exo ... ok
[INFO] [stdout] test formulas::tests::pb_constraint::pb_constraint_tests::test_literals ... ok
[INFO] [stdout] test formulas::tests::pb_constraint::pb_constraint_tests::test_negation_cc ... ok
[INFO] [stdout] test formulas::tests::pb_constraint::pb_constraint_tests::test_negation_pbc ... ok
[INFO] [stdout] test formulas::tests::pb_constraint::pb_constraint_tests::test_nnf ... ok
[INFO] [stdout] test formulas::tests::pb_constraint::pb_constraint_tests::test_number_of_operands ... ok
[INFO] [stdout] test formulas::tests::pb_constraint::pb_constraint_tests::test_restrict ... ok
[INFO] [stdout] test formulas::tests::pb_constraint::pb_constraint_tests::test_number_of_nodes ... ok
[INFO] [stdout] test formulas::tests::pb_constraint::pb_constraint_tests::test_number_of_atoms ... ok
[INFO] [stdout] test formulas::tests::pb_constraint::pb_constraint_tests::test_simplified_to_string ... ok
[INFO] [stdout] test formulas::tests::pb_constraint::pb_constraint_tests::test_restrict_inequality ... ok
[INFO] [stdout] test formulas::tests::pb_constraint::pb_constraint_tests::test_trivial_constant ... ok
[INFO] [stdout] test formulas::tests::pb_constraint::pb_constraint_tests::test_type_and_getters ... ok
[INFO] [stdout] test formulas::tests::restriction::restriction_tests::test_binary_restrict ... ok
[INFO] [stdout] test formulas::tests::pb_constraint::pb_constraint_tests::test_variables ... ok
[INFO] [stdout] test formulas::tests::restriction::restriction_tests::test_constant_restrict ... ok
[INFO] [stdout] test formulas::tests::restriction::restriction_tests::test_not_restrict ... ok
[INFO] [stdout] test formulas::tests::restriction::restriction_tests::test_restrict_pbc ... ok
[INFO] [stdout] test formulas::tests::restriction::restriction_tests::test_nary_restrict ... ok
[INFO] [stdout] test formulas::tests::restriction::restriction_tests::test_restrict_pbc_inequality ... ok
[INFO] [stdout] test graphs::hypergraph::tests::test_center_of_gravity ... ok
[INFO] [stdout] test graphs::hypergraph::tests::test_hypergraph ... ok
[INFO] [stdout] test formulas::tests::restriction::restriction_tests::test_literal_restrict ... ok
[INFO] [stdout] test graphs::hypergraph_generator::tests::test_from_clause ... ok
[INFO] [stdout] test graphs::hypergraph_generator::tests::test_from_cnf ... ok
[INFO] [stdout] test graphs::hypergraph_generator::tests::test_from_constants ... ok
[INFO] [stdout] test graphs::hypergraph_generator::tests::test_from_literals ... ok
[INFO] [stdout] test knowledge_compilation::bdd::bdd_cache::tests::test_cache ... ok
[INFO] [stdout] test knowledge_compilation::bdd::bdd_prime::tests::test_is_prime ... ok
[INFO] [stdout] test knowledge_compilation::bdd::bdd_prime::tests::test_numb_of_bits ... ok
[INFO] [stdout] test knowledge_compilation::bdd::bdd_kernel::tests::create_kernel ... ok
[INFO] [stdout] test knowledge_compilation::bdd::bdd_prime::tests::test_prime_gte ... ok
[INFO] [stdout] test knowledge_compilation::bdd::bdd_prime::tests::test_prime_lte ... ok
[INFO] [stdout] test knowledge_compilation::bdd::bdd_construction::tests::test_simple_methods ... ok
[INFO] [stdout] test knowledge_compilation::bdd::orderings::bfs_ordering::tests::test_simple_formulas ... ok
[INFO] [stdout] test knowledge_compilation::bdd::orderings::bfs_ordering::tests::test_complex_formula ... ok
[INFO] [stdout] test knowledge_compilation::bdd::orderings::dfs_ordering::tests::test_complex_formula ... ok
[INFO] [stdout] test knowledge_compilation::bdd::orderings::dfs_ordering::tests::test_simple_formulas ... ok
[INFO] [stdout] test knowledge_compilation::bdd::orderings::occurrence_ordering::tests::test_complex_formula ... ok
[INFO] [stdout] test knowledge_compilation::bdd::orderings::force_ordering::tests::test_complex_formula ... ok
[INFO] [stdout] test knowledge_compilation::bdd::tests::bdd_model_enumeration_test::tests::large_bdd_test ... ignored
[INFO] [stdout] test knowledge_compilation::bdd::orderings::occurrence_ordering::tests::test_simple_formulas ... ok
[INFO] [stdout] test knowledge_compilation::bdd::orderings::force_ordering::tests::test_simple_formulas ... ok
[INFO] [stdout] test formulas::tests::pb_constraint::pb_constraint_tests::test_illegal_pb - should panic ... ok
[INFO] [stdout] test knowledge_compilation::bdd::tests::bdd_operations_tests::tests::test_cnf ... ok
[INFO] [stdout] test knowledge_compilation::bdd::tests::bdd_operations_tests::tests::test_contradiction ... ok
[INFO] [stdout] test knowledge_compilation::bdd::tests::bdd_operations_tests::tests::test_dnf ... ok
[INFO] [stdout] test knowledge_compilation::bdd::tests::bdd_operations_tests::tests::test_enumerate_all_models ... ok
[INFO] [stdout] test knowledge_compilation::bdd::tests::bdd_operations_tests::tests::test_enumerate_all_models_projected ... ok
[INFO] [stdout] test knowledge_compilation::bdd::tests::bdd_operations_tests::tests::test_exists ... ok
[INFO] [stdout] test knowledge_compilation::bdd::tests::bdd_operations_tests::tests::test_forall ... ok
[INFO] [stdout] test knowledge_compilation::bdd::tests::bdd_operations_tests::tests::test_full_model ... ok
[INFO] [stdout] test knowledge_compilation::bdd::tests::bdd_operations_tests::tests::test_model ... ok
[INFO] [stdout] test knowledge_compilation::bdd::tests::bdd_operations_tests::tests::test_model_count ... ok
[INFO] [stdout] test knowledge_compilation::bdd::tests::bdd_operations_tests::tests::test_model_for_variables ... ok
[INFO] [stdout] test knowledge_compilation::bdd::tests::bdd_operations_tests::tests::test_node_count ... ok
[INFO] [stdout] test knowledge_compilation::bdd::tests::bdd_operations_tests::tests::test_path_count ... ok
[INFO] [stdout] test knowledge_compilation::bdd::tests::bdd_operations_tests::tests::test_restrict ... ok
[INFO] [stdout] test knowledge_compilation::bdd::tests::bdd_operations_tests::tests::test_support ... ok
[INFO] [stdout] test knowledge_compilation::bdd::tests::bdd_operations_tests::tests::test_tautology ... ok
[INFO] [stdout] test knowledge_compilation::bdd::tests::bdd_operations_tests::tests::test_to_formula ... ok
[INFO] [stdout] test knowledge_compilation::bdd::tests::bdd_operations_tests::tests::test_variable_profile ... ok
[INFO] [stdout] test knowledge_compilation::bdd::tests::bdd_operations_tests::tests::test_with_handler ... ok
[INFO] [stdout] test knowledge_compilation::dnnf::dnnf_compiler::tests::test_all_small_formulas ... ignored
[INFO] [stdout] test knowledge_compilation::dnnf::dnnf_compiler::tests::test_large_formulas ... ignored
[INFO] [stdout] test cardinality_constraints::tests::exk_tests::test_exk ... ok
[INFO] [stdout] test knowledge_compilation::dnnf::dtree::dtree_generator::tests::test_dtree_generation ... ignored
[INFO] [stdout] test operations::functions::formula_depth_function::test::test_atoms ... ok
[INFO] [stdout] test operations::functions::formula_depth_function::test::test_cache ... ok
[INFO] [stdout] test operations::functions::formula_depth_function::test::test_deep_formulas ... ok
[INFO] [stdout] test operations::functions::formula_depth_function::test::test_deeper_formulas ... ok
[INFO] [stdout] test operations::functions::sub_node_function::tests::test ... ok
[INFO] [stdout] test operations::functions::variable_profile_function::tests::test_variable_profile_complex ... ok
[INFO] [stdout] test operations::functions::variable_profile_function::tests::test_variable_profile_simple ... ok
[INFO] [stdout] test operations::predicates::cnf::tests::test ... ok
[INFO] [stdout] test operations::predicates::dnf::tests::test ... ok
[INFO] [stdout] test operations::predicates::nnf::tests::test ... ok
[INFO] [stdout] test operations::predicates::term::tests::test_clause ... ok
[INFO] [stdout] test operations::predicates::term::tests::test_maxterm ... ok
[INFO] [stdout] test operations::predicates::term::tests::test_minterm ... ok
[INFO] [stdout] test operations::transformations::cnf::factorization::tests::test_binary_operators ... ok
[INFO] [stdout] test operations::transformations::cnf::factorization::tests::test_constants ... ok
[INFO] [stdout] test operations::transformations::cnf::factorization::tests::test_large_formula ... FAILED
[INFO] [stdout] test operations::transformations::cnf::factorization::tests::test_literals ... ok
[INFO] [stdout] test operations::transformations::cnf::factorization::tests::test_nary_operators ... ok
[INFO] [stdout] test operations::transformations::cnf::factorization::tests::test_not ... ok
[INFO] [stdout] test operations::transformations::cnf::factorization::tests::test_with_handler ... ok
[INFO] [stdout] test operations::transformations::cnf::plaisted_greenbaum_on_formula::tests::test_binary_operators ... ok
[INFO] [stdout] test operations::transformations::cnf::plaisted_greenbaum_on_formula::tests::test_cc ... ok
[INFO] [stdout] test operations::transformations::cnf::plaisted_greenbaum_on_formula::tests::test_constants ... ok
[INFO] [stdout] test operations::transformations::cnf::plaisted_greenbaum_on_formula::tests::test_factorization ... ok
[INFO] [stdout] test operations::transformations::cnf::plaisted_greenbaum_on_formula::tests::test_formulas ... ok
[INFO] [stdout] test operations::transformations::cnf::plaisted_greenbaum_on_formula::tests::test_literals ... ok
[INFO] [stdout] test operations::transformations::cnf::plaisted_greenbaum_on_formula::tests::test_nary_operators ... ok
[INFO] [stdout] test operations::transformations::cnf::plaisted_greenbaum_on_formula::tests::test_not_binary ... ok
[INFO] [stdout] test operations::transformations::cnf::plaisted_greenbaum_on_formula::tests::test_not_nary ... ok
[INFO] [stdout] test operations::transformations::cnf::plaisted_greenbaum_on_solver::tests::test_binary_operators ... ok
[INFO] [stdout] test operations::transformations::cnf::plaisted_greenbaum_on_solver::tests::test_cc ... ok
[INFO] [stdout] test operations::transformations::cnf::plaisted_greenbaum_on_solver::tests::test_constants ... ok
[INFO] [stdout] test operations::transformations::cnf::plaisted_greenbaum_on_solver::tests::test_formulas ... ok
[INFO] [stdout] test operations::transformations::cnf::plaisted_greenbaum_on_solver::tests::test_literals ... ok
[INFO] [stdout] test cardinality_constraints::tests::amo_tests::test_amo_k ... ok
[INFO] [stdout] test operations::transformations::cnf::plaisted_greenbaum_on_solver::tests::test_not_binary ... ok
[INFO] [stdout] test operations::transformations::cnf::plaisted_greenbaum_on_solver::tests::test_not_nary ... ok
[INFO] [stdout] test operations::transformations::cnf::tests::test_advanced ... ok
[INFO] [stdout] test operations::transformations::cnf::tests::test_advanced_with_pg_fallback ... ok
[INFO] [stdout] test operations::transformations::cnf::plaisted_greenbaum_on_solver::tests::test_nary_operators ... ok
[INFO] [stdout] test cardinality_constraints::tests::exo_tests::test_exo_k ... ok
[INFO] [stdout] test operations::transformations::cnf::tests::test_factorization ... ok
[INFO] [stdout] test operations::transformations::cnf::tests::test_cancellable_cnf ... ok
[INFO] [stdout] test operations::transformations::cnf::tests::test_tseitin ... ok
[INFO] [stdout] test operations::transformations::cnf::tests::test_pg ... ok
[INFO] [stdout] test operations::transformations::cnf::tseitin::tests::test ... ok
[INFO] [stdout] test operations::transformations::cnf::tseitin::tests::test_large_formula ... FAILED
[INFO] [stdout] test operations::transformations::dnf::factorization::tests::test_binary_operators ... ok
[INFO] [stdout] test operations::transformations::dnf::factorization::tests::test_constants ... ok
[INFO] [stdout] test operations::transformations::dnf::factorization::tests::test_literals ... ok
[INFO] [stdout] test operations::transformations::dnf::factorization::tests::test_nary_operators ... ok
[INFO] [stdout] test operations::transformations::dnf::factorization::tests::test_not ... ok
[INFO] [stdout] test operations::transformations::nnf::tests::test_binary_operators ... ok
[INFO] [stdout] test operations::transformations::dnf::factorization::tests::test_with_handler ... ok
[INFO] [stdout] test operations::transformations::nnf::tests::test_constants ... ok
[INFO] [stdout] test operations::transformations::nnf::tests::test_nary_operators ... ok
[INFO] [stdout] test operations::transformations::nnf::tests::test_literals ... ok
[INFO] [stdout] test operations::transformations::cnf::tests::test_bdd ... ok
[INFO] [stdout] test operations::transformations::nnf::tests::test_not ... ok
[INFO] [stdout] test operations::transformations::simplification::backbone_simplification::tests::test_real_backbones ... ok
[INFO] [stdout] test operations::transformations::substitution::tests::test_binary ... ok
[INFO] [stdout] test operations::transformations::substitution::tests::test_constant ... ok
[INFO] [stdout] test operations::transformations::simplification::backbone_simplification::tests::test_trivial_backbones ... ok
[INFO] [stdout] test operations::transformations::substitution::tests::test_cc ... ok
[INFO] [stdout] test operations::transformations::substitution::tests::test_literal ... ok
[INFO] [stdout] test operations::transformations::substitution::tests::test_not ... ok
[INFO] [stdout] test operations::transformations::substitution::tests::test_nary ... ok
[INFO] [stdout] test parser::pseudo_boolean_parser_test::test_combination ... ok
[INFO] [stdout] test operations::transformations::substitution::tests::test_pbc ... ok
[INFO] [stdout] test operations::transformations::substitution::tests::test_substitute_var ... ok
[INFO] [stdout] test parser::pseudo_boolean_parser_test::test_illegal_input ... ok
[INFO] [stdout] test parser::pseudo_boolean_parser_test::test_number_literals ... ok
[INFO] [stdout] test parser::pseudo_boolean_parser_test::test_parse_addition ... ok
[INFO] [stdout] test parser::pseudo_boolean_parser_test::test_parse_constants ... ok
[INFO] [stdout] test parser::pseudo_boolean_parser_test::test_parse_empty ... ok
[INFO] [stdout] test parser::pseudo_boolean_parser_test::test_parse_literals ... ok
[INFO] [stdout] test parser::pseudo_boolean_parser_test::test_parse_multiplication ... ok
[INFO] [stdout] test parser::pseudo_boolean_parser_test::test_parse_operators ... ok
[INFO] [stdout] test parser::pseudo_boolean_parser_test::test_parse_precedences ... ok
[INFO] [stdout] test knowledge_compilation::dnnf::dnnf_compiler::tests::test_trivial_formulas ... ok
[INFO] [stdout] test pseudo_booleans::tests::pb_solver_test::test_pb_greater ... ok
[INFO] [stdout] test solver::functions::model_enumeration::tests::test_model_enumeration_does_not_alter_solver ... ok
[INFO] [stdout] test solver::functions::model_enumeration::tests::test_model_enumeration_simple ... ok
[INFO] [stdout] test solver::functions::model_enumeration::tests::test_unknown_variable_not_occurring_in_model ... ok
[INFO] [stdout] test solver::functions::model_enumeration::tests::test_variables_removed_by_simplification_occurs_in_models ... ok
[INFO] [stdout] test solver::functions::tests::backbone_function_tests::test_constant ... ok
[INFO] [stdout] test solver::functions::tests::backbone_function_tests::test_real_formula_incremental1 ... ignored
[INFO] [stdout] test solver::functions::tests::backbone_function_tests::test_real_formula_incremental2 ... ignored
[INFO] [stdout] test solver::functions::tests::backbone_function_tests::test_real_formula_incremental_decremental1 ... ignored
[INFO] [stdout] test solver::functions::tests::backbone_function_tests::test_real_formula_incremental_decremental2 ... ignored
[INFO] [stdout] test solver::functions::tests::backbone_function_tests::test_simple_backbones ... ok
[INFO] [stdout] test solver::functions::tests::backbone_function_tests::test_simple_formulas ... ok
[INFO] [stdout] test solver::functions::tests::formula_on_solver_tests::test_formula_on_solver ... ok
[INFO] [stdout] test solver::functions::tests::formula_on_solver_tests::test_formula_on_solver_with_contradiction ... ok
[INFO] [stdout] test solver::functions::tests::optimization_function_tests::test_additional_variables ... ok
[INFO] [stdout] test knowledge_compilation::bdd::tests::bdd_model_enumeration_test::tests::test_amo ... ok
[INFO] [stdout] test solver::functions::tests::optimization_function_tests::test_exo_model ... ok
[INFO] [stdout] test pseudo_booleans::tests::pb_solver_test::test_pb_eq ... ok
[INFO] [stdout] test solver::functions::tests::optimization_function_tests::test_large_formula_maximize ... ignored
[INFO] [stdout] test solver::functions::tests::optimization_function_tests::test_large_formula_minimize ... ignored
[INFO] [stdout] test solver::functions::tests::optimization_function_tests::test_larger_formula_maximize ... ignored
[INFO] [stdout] test solver::functions::tests::optimization_function_tests::test_larger_formula_minimize ... ignored
[INFO] [stdout] test solver::functions::tests::optimization_function_tests::test_random_small ... ignored
[INFO] [stdout] test solver::functions::tests::optimization_function_tests::test_single_model ... ok
[INFO] [stdout] test solver::functions::tests::optimization_function_tests::test_unsat_formula ... ok
[INFO] [stdout] test solver::tests::assume_tests::test_assume ... ok
[INFO] [stdout] test solver::tests::inc_dec_tests::test_inc_dec ... ok
[INFO] [stdout] test solver::tests::inc_dec_tests::test_inc_dec_deep_1 - should panic ... ok
[INFO] [stdout] test solver::tests::inc_dec_tests::test_inc_dec_deep_2 - should panic ... ok
[INFO] [stdout] test knowledge_compilation::bdd::tests::bdd_model_enumeration_test::tests::test_exo ... ok
[INFO] [stdout] test solver::tests::inc_dec_tests::test_not_incremental_1 - should panic ... ok
[INFO] [stdout] test solver::tests::inc_dec_tests::test_not_incremental_2 - should panic ... ok
[INFO] [stdout] test pseudo_booleans::tests::pb_solver_test::test_pb_less ... ok
[INFO] [stdout] test solver::tests::sat_tests::test_and1 ... ok
[INFO] [stdout] test solver::tests::inc_dec_tests::test_inc_dec_deep_3 - should panic ... ok
[INFO] [stdout] test solver::tests::sat_tests::test_and2 ... ok
[INFO] [stdout] test solver::tests::sat_tests::test_different_clause_minimizations ... ignored
[INFO] [stdout] test solver::tests::sat_tests::test_dimacs_files ... ignored
[INFO] [stdout] test solver::tests::sat_tests::test_dimacs_files_with_selection_order ... ignored
[INFO] [stdout] test solver::tests::sat_tests::test_empty_enumeration ... ok
[INFO] [stdout] test solver::tests::sat_tests::test_false ... ok
[INFO] [stdout] test solver::tests::sat_tests::test_and3 ... ok
[INFO] [stdout] test solver::tests::sat_tests::test_formula2 ... ok
[INFO] [stdout] test solver::tests::sat_tests::test_formula3 ... ok
[INFO] [stdout] test solver::functions::tests::optimization_function_tests::test_incrementality_minimize_and_maximize ... ok
[INFO] [stdout] test solver::tests::sat_tests::test_formula1 ... ok
[INFO] [stdout] test solver::tests::sat_tests::test_known_variables ... ok
[INFO] [stdout] test solver::tests::sat_tests::test_literals ... ok
[INFO] [stdout] test solver::tests::sat_tests::test_model_before_solving - should panic ... ok
[INFO] [stdout] test solver::tests::sat_tests::test_model_enumeration_with_additional_variables ... ok
[INFO] [stdout] test solver::tests::sat_tests::test_partial_model ... ok
[INFO] [stdout] test solver::tests::sat_tests::test_model_enumeration ... ok
[INFO] [stdout] test solver::tests::sat_tests::test_pbc ... ok
[INFO] [stdout] test solver::tests::sat_tests::test_pigeon_hole_large ... ignored
[INFO] [stdout] test solver::tests::sat_tests::test_pigeon_hole_with_reset ... ok
[INFO] [stdout] test solver::tests::sat_tests::test_selection_order_simple01 ... ok
[INFO] [stdout] test solver::tests::sat_tests::test_cc1 ... ok
[INFO] [stdout] test solver::tests::sat_tests::test_true ... ok
[INFO] [stdout] test solver::tests::sat_tests::test_unknown_variable_not_occurring_in_model ... ok
[INFO] [stdout] test solver::tests::sat_tests::test_selection_order_simple02 ... ok
[INFO] [stdout] test solver::tests::sat_tests::test_up_zero_literals ... ok
[INFO] [stdout] test cardinality_constraints::tests::amk_tests::test_amk ... ok
[INFO] [stdout] test solver::tests::sat_tests::test_up_zero_literals_dimacs_files ... ignored
[INFO] [stdout] test solver::tests::sat_tests::test_up_zero_literals_for_undef_state - should panic ... ok
[INFO] [stdout] test solver::tests::sat_tests::test_variables_removed_by_simplification_occurs_in_models ... ok
[INFO] [stdout] test util::formula_randomizer::tests::test_amo ... ok
[INFO] [stdout] test solver::tests::sat_tests::test_up_zero_literals_unsat ... ok
[INFO] [stdout] test util::formula_randomizer::tests::test_cc ... ok
[INFO] [stdout] test util::formula_randomizer::tests::test_constant ... ok
[INFO] [stdout] test util::formula_randomizer::tests::test_determinism ... ok
[INFO] [stdout] test util::formula_randomizer::tests::test_atom ... ok
[INFO] [stdout] test util::formula_randomizer::tests::test_and ... ok
[INFO] [stdout] test util::formula_randomizer::tests::test_exo ... ok
[INFO] [stdout] test knowledge_compilation::bdd::tests::bdd_model_enumeration_test::tests::test_exk ... ok
[INFO] [stdout] test util::formula_randomizer::tests::test_equiv ... ok
[INFO] [stdout] test util::formula_randomizer::tests::test_literal ... ok
[INFO] [stdout] test solver::tests::sat_tests::test_number_of_models_handler ... ok
[INFO] [stdout] test util::formula_randomizer::tests::test_not ... ok
[INFO] [stdout] test util::formula_randomizer::tests::test_impl ... ok
[INFO] [stdout] test util::formula_randomizer::tests::test_pbc ... ok
[INFO] [stdout] test solver::tests::sat_tests::test_pigeon_hole ... ok
[INFO] [stdout] test util::formula_randomizer::tests::test_variable ... ok
[INFO] [stdout] test util::formula_randomizer::tests::test_or ... ok
[INFO] [stdout] test util::formula_randomizer::tests::test_formula ... ok
[INFO] [stdout] test util::formula_randomizer::tests::test_formula_with_pbc ... ok
[INFO] [stdout] test pseudo_booleans::tests::pb_solver_test::test_pb_negative ... ok
[INFO] [stdout] test solver::functions::tests::optimization_function_tests::test_corner_cases ... ok
[INFO] [stdout] 
[INFO] [stdout] failures:
[INFO] [stdout] 
[INFO] [stdout] ---- operations::transformations::cnf::factorization::tests::test_large_formula stdout ----
[INFO] [stdout] thread 'operations::transformations::cnf::factorization::tests::test_large_formula' panicked at src/operations/transformations/cnf/factorization.rs:211:59:
[INFO] [stdout] called `Result::unwrap()` on an `Err` value: Os { code: 2, kind: NotFound, message: "No such file or directory" }
[INFO] [stdout] stack backtrace:
[INFO] [stdout]    0:     0x561f4a68f766 - std::backtrace_rs::backtrace::libunwind::trace::h261606ad26a499c1
[INFO] [stdout]                                at /rustc/0e09125c6c3c2fd70d7de961bcf0e51575235fad/library/std/src/../../backtrace/src/backtrace/libunwind.rs:104:5
[INFO] [stdout]    1:     0x561f4a68f766 - std::backtrace_rs::backtrace::trace_unsynchronized::hd183f0625477fb28
[INFO] [stdout]                                at /rustc/0e09125c6c3c2fd70d7de961bcf0e51575235fad/library/std/src/../../backtrace/src/backtrace/mod.rs:66:5
[INFO] [stdout]    2:     0x561f4a68f766 - std::sys_common::backtrace::_print_fmt::hd7f8fef21b4eda67
[INFO] [stdout]                                at /rustc/0e09125c6c3c2fd70d7de961bcf0e51575235fad/library/std/src/sys_common/backtrace.rs:68:5
[INFO] [stdout]    3:     0x561f4a68f766 - <std::sys_common::backtrace::_print::DisplayBacktrace as core::fmt::Display>::fmt::h623d9b51f2f453f1
[INFO] [stdout]                                at /rustc/0e09125c6c3c2fd70d7de961bcf0e51575235fad/library/std/src/sys_common/backtrace.rs:44:22
[INFO] [stdout]    4:     0x561f4a6b9850 - core::fmt::rt::Argument::fmt::h9f417ac76a86f368
[INFO] [stdout]                                at /rustc/0e09125c6c3c2fd70d7de961bcf0e51575235fad/library/core/src/fmt/rt.rs:142:9
[INFO] [stdout]    5:     0x561f4a6b9850 - core::fmt::write::hc9b6faf4ac2aeff7
[INFO] [stdout]                                at /rustc/0e09125c6c3c2fd70d7de961bcf0e51575235fad/library/core/src/fmt/mod.rs:1120:17
[INFO] [stdout]    6:     0x561f4a68d04f - std::io::Write::write_fmt::he04625a3a989fec3
[INFO] [stdout]                                at /rustc/0e09125c6c3c2fd70d7de961bcf0e51575235fad/library/std/src/io/mod.rs:1810:15
[INFO] [stdout]    7:     0x561f4a68f544 - std::sys_common::backtrace::_print::hd5d66399c7df88a2
[INFO] [stdout]                                at /rustc/0e09125c6c3c2fd70d7de961bcf0e51575235fad/library/std/src/sys_common/backtrace.rs:47:5
[INFO] [stdout]    8:     0x561f4a68f544 - std::sys_common::backtrace::print::he81ed2da642d37e5
[INFO] [stdout]                                at /rustc/0e09125c6c3c2fd70d7de961bcf0e51575235fad/library/std/src/sys_common/backtrace.rs:34:9
[INFO] [stdout]    9:     0x561f4a6912b7 - std::panicking::default_hook::{{closure}}::h85773f4fa117163d
[INFO] [stdout]   10:     0x561f4a690f9d - std::panicking::default_hook::h6a1694a91d09b278
[INFO] [stdout]                                at /rustc/0e09125c6c3c2fd70d7de961bcf0e51575235fad/library/std/src/panicking.rs:289:9
[INFO] [stdout]   11:     0x561f4a3bfb97 - <alloc::boxed::Box<F,A> as core::ops::function::Fn<Args>>::call::h616ac37fa3cd6c8f
[INFO] [stdout]                                at /rustc/0e09125c6c3c2fd70d7de961bcf0e51575235fad/library/alloc/src/boxed.rs:2029:9
[INFO] [stdout]   12:     0x561f4a3bfb97 - test::test_main::{{closure}}::h00d84697cefdcbb6
[INFO] [stdout]                                at /rustc/0e09125c6c3c2fd70d7de961bcf0e51575235fad/library/test/src/lib.rs:138:21
[INFO] [stdout]   13:     0x561f4a6918d6 - <alloc::boxed::Box<F,A> as core::ops::function::Fn<Args>>::call::hcb3fe3b9bb537ba8
[INFO] [stdout]                                at /rustc/0e09125c6c3c2fd70d7de961bcf0e51575235fad/library/alloc/src/boxed.rs:2029:9
[INFO] [stdout]   14:     0x561f4a6918d6 - std::panicking::rust_panic_with_hook::h0a7ad96e90f7145b
[INFO] [stdout]                                at /rustc/0e09125c6c3c2fd70d7de961bcf0e51575235fad/library/std/src/panicking.rs:783:13
[INFO] [stdout]   15:     0x561f4a691622 - std::panicking::begin_panic_handler::{{closure}}::h7919090525c6485e
[INFO] [stdout]                                at /rustc/0e09125c6c3c2fd70d7de961bcf0e51575235fad/library/std/src/panicking.rs:657:13
[INFO] [stdout]   16:     0x561f4a68fc66 - std::sys_common::backtrace::__rust_end_short_backtrace::hf3289479464f7dfe
[INFO] [stdout]                                at /rustc/0e09125c6c3c2fd70d7de961bcf0e51575235fad/library/std/src/sys_common/backtrace.rs:171:18
[INFO] [stdout]   17:     0x561f4a691380 - rust_begin_unwind
[INFO] [stdout]                                at /rustc/0e09125c6c3c2fd70d7de961bcf0e51575235fad/library/std/src/panicking.rs:645:5
[INFO] [stdout]   18:     0x561f49f0c325 - core::panicking::panic_fmt::hcc9f77c5c132af55
[INFO] [stdout]                                at /rustc/0e09125c6c3c2fd70d7de961bcf0e51575235fad/library/core/src/panicking.rs:72:14
[INFO] [stdout]   19:     0x561f49f0c903 - core::result::unwrap_failed::hbe14f498be1452f9
[INFO] [stdout]                                at /rustc/0e09125c6c3c2fd70d7de961bcf0e51575235fad/library/core/src/result.rs:1649:5
[INFO] [stdout]   20:     0x561f4a081aab - core::result::Result<T,E>::unwrap::h237c384a82f48a6c
[INFO] [stdout]                                at /rustc/0e09125c6c3c2fd70d7de961bcf0e51575235fad/library/core/src/result.rs:1073:23
[INFO] [stdout]   21:     0x561f4a315f96 - logicng::operations::transformations::cnf::factorization::tests::test_large_formula::h071ac915bfd0ede9
[INFO] [stdout]                                at /opt/rustwide/workdir/src/operations/transformations/cnf/factorization.rs:211:37
[INFO] [stdout]   22:     0x561f4a315ef7 - logicng::operations::transformations::cnf::factorization::tests::test_large_formula::{{closure}}::h218aaaa7b3f91f6b
[INFO] [stdout]                                at /opt/rustwide/workdir/src/operations/transformations/cnf/factorization.rs:209:28
[INFO] [stdout]   23:     0x561f4a1c26b6 - core::ops::function::FnOnce::call_once::h9331684c6b700d68
[INFO] [stdout]                                at /rustc/0e09125c6c3c2fd70d7de961bcf0e51575235fad/library/core/src/ops/function.rs:250:5
[INFO] [stdout]   24:     0x561f4a3c546f - core::ops::function::FnOnce::call_once::hd64d26f405258157
[INFO] [stdout]                                at /rustc/0e09125c6c3c2fd70d7de961bcf0e51575235fad/library/core/src/ops/function.rs:250:5
[INFO] [stdout]   25:     0x561f4a3c546f - test::__rust_begin_short_backtrace::he21b0b7a6d731bf9
[INFO] [stdout]                                at /rustc/0e09125c6c3c2fd70d7de961bcf0e51575235fad/library/test/src/lib.rs:627:18
[INFO] [stdout]   26:     0x561f4a3c41f1 - test::run_test_in_process::{{closure}}::hf5c73986d7bdfde2
[INFO] [stdout]                                at /rustc/0e09125c6c3c2fd70d7de961bcf0e51575235fad/library/test/src/lib.rs:650:60
[INFO] [stdout]   27:     0x561f4a3c41f1 - <core::panic::unwind_safe::AssertUnwindSafe<F> as core::ops::function::FnOnce<()>>::call_once::h330011ad032aadc0
[INFO] [stdout]                                at /rustc/0e09125c6c3c2fd70d7de961bcf0e51575235fad/library/core/src/panic/unwind_safe.rs:272:9
[INFO] [stdout]   28:     0x561f4a3c41f1 - std::panicking::try::do_call::he61b0a958b795a41
[INFO] [stdout]                                at /rustc/0e09125c6c3c2fd70d7de961bcf0e51575235fad/library/std/src/panicking.rs:552:40
[INFO] [stdout]   29:     0x561f4a3c41f1 - std::panicking::try::h7309da130f906eb7
[INFO] [stdout]                                at /rustc/0e09125c6c3c2fd70d7de961bcf0e51575235fad/library/std/src/panicking.rs:516:19
[INFO] [stdout]   30:     0x561f4a3c41f1 - std::panic::catch_unwind::hc5c3a06fdaf0a92a
[INFO] [stdout]                                at /rustc/0e09125c6c3c2fd70d7de961bcf0e51575235fad/library/std/src/panic.rs:142:14
[INFO] [stdout]   31:     0x561f4a3c41f1 - test::run_test_in_process::h7e7b7c71c3324e0f
[INFO] [stdout]                                at /rustc/0e09125c6c3c2fd70d7de961bcf0e51575235fad/library/test/src/lib.rs:650:27
[INFO] [stdout]   32:     0x561f4a3c41f1 - test::run_test::{{closure}}::h1f509f28f5cf20b1
[INFO] [stdout]                                at /rustc/0e09125c6c3c2fd70d7de961bcf0e51575235fad/library/test/src/lib.rs:573:43
[INFO] [stdout]   33:     0x561f4a38b526 - test::run_test::{{closure}}::h1754218abf443f6d
[INFO] [stdout]                                at /rustc/0e09125c6c3c2fd70d7de961bcf0e51575235fad/library/test/src/lib.rs:601:41
[INFO] [stdout]   34:     0x561f4a38b526 - std::sys_common::backtrace::__rust_begin_short_backtrace::h2ee174b9d5954948
[INFO] [stdout]                                at /rustc/0e09125c6c3c2fd70d7de961bcf0e51575235fad/library/std/src/sys_common/backtrace.rs:155:18
[INFO] [stdout]   35:     0x561f4a390587 - std::thread::Builder::spawn_unchecked_::{{closure}}::{{closure}}::hf60bee9c1a17ef09
[INFO] [stdout]                                at /rustc/0e09125c6c3c2fd70d7de961bcf0e51575235fad/library/std/src/thread/mod.rs:529:17
[INFO] [stdout]   36:     0x561f4a390587 - <core::panic::unwind_safe::AssertUnwindSafe<F> as core::ops::function::FnOnce<()>>::call_once::h33d0dddec5216160
[INFO] [stdout]                                at /rustc/0e09125c6c3c2fd70d7de961bcf0e51575235fad/library/core/src/panic/unwind_safe.rs:272:9
[INFO] [stdout]   37:     0x561f4a390587 - std::panicking::try::do_call::h144b3048b546f835
[INFO] [stdout]                                at /rustc/0e09125c6c3c2fd70d7de961bcf0e51575235fad/library/std/src/panicking.rs:552:40
[INFO] [stdout]   38:     0x561f4a390587 - std::panicking::try::h978244d04646189f
[INFO] [stdout]                                at /rustc/0e09125c6c3c2fd70d7de961bcf0e51575235fad/library/std/src/panicking.rs:516:19
[INFO] [stdout]   39:     0x561f4a390587 - std::panic::catch_unwind::hdf436369d188fe86
[INFO] [stdout]                                at /rustc/0e09125c6c3c2fd70d7de961bcf0e51575235fad/library/std/src/panic.rs:142:14
[INFO] [stdout]   40:     0x561f4a390587 - std::thread::Builder::spawn_unchecked_::{{closure}}::h87329cbdd33c79ec
[INFO] [stdout]                                at /rustc/0e09125c6c3c2fd70d7de961bcf0e51575235fad/library/std/src/thread/mod.rs:528:30
[INFO] [stdout]   41:     0x561f4a390587 - core::ops::function::FnOnce::call_once{{vtable.shim}}::h401abbe67897d450
[INFO] [stdout]                                at /rustc/0e09125c6c3c2fd70d7de961bcf0e51575235fad/library/core/src/ops/function.rs:250:5
[INFO] [stdout]   42:     0x561f4a696835 - <alloc::boxed::Box<F,A> as core::ops::function::FnOnce<Args>>::call_once::h5d7c8f150ab9c84c
[INFO] [stdout]                                at /rustc/0e09125c6c3c2fd70d7de961bcf0e51575235fad/library/alloc/src/boxed.rs:2015:9
[INFO] [stdout]   43:     0x561f4a696835 - <alloc::boxed::Box<F,A> as core::ops::function::FnOnce<Args>>::call_once::h570d5b005c242c15
[INFO] [stdout]                                at /rustc/0e09125c6c3c2fd70d7de961bcf0e51575235fad/library/alloc/src/boxed.rs:2015:9
[INFO] [stdout]   44:     0x561f4a696835 - std::sys::unix::thread::Thread::new::thread_start::h36b0a20c0b2361ad
[INFO] [stdout]                                at /rustc/0e09125c6c3c2fd70d7de961bcf0e51575235fad/library/std/src/sys/unix/thread.rs:108:17
[INFO] [stdout]   45:     0x7f769b30eac3 - <unknown>
[INFO] [stdout]   46:     0x7f769b39fbf4 - __clone
[INFO] [stdout]   47:                0x0 - <unknown>
[INFO] [stdout] 
[INFO] [stdout] ---- operations::transformations::cnf::tseitin::tests::test_large_formula stdout ----
[INFO] [stdout] thread 'operations::transformations::cnf::tseitin::tests::test_large_formula' panicked at src/operations/transformations/cnf/tseitin.rs:108:85:
[INFO] [stdout] called `Result::unwrap()` on an `Err` value: Os { code: 2, kind: NotFound, message: "No such file or directory" }
[INFO] [stdout] stack backtrace:
[INFO] [stdout]    0:     0x561f4a68f766 - std::backtrace_rs::backtrace::libunwind::trace::h261606ad26a499c1
[INFO] [stdout]                                at /rustc/0e09125c6c3c2fd70d7de961bcf0e51575235fad/library/std/src/../../backtrace/src/backtrace/libunwind.rs:104:5
[INFO] [stdout]    1:     0x561f4a68f766 - std::backtrace_rs::backtrace::trace_unsynchronized::hd183f0625477fb28
[INFO] [stdout]                                at /rustc/0e09125c6c3c2fd70d7de961bcf0e51575235fad/library/std/src/../../backtrace/src/backtrace/mod.rs:66:5
[INFO] [stdout]    2:     0x561f4a68f766 - std::sys_common::backtrace::_print_fmt::hd7f8fef21b4eda67
[INFO] [stdout]                                at /rustc/0e09125c6c3c2fd70d7de961bcf0e51575235fad/library/std/src/sys_common/backtrace.rs:68:5
[INFO] [stdout]    3:     0x561f4a68f766 - <std::sys_common::backtrace::_print::DisplayBacktrace as core::fmt::Display>::fmt::h623d9b51f2f453f1
[INFO] [stdout]                                at /rustc/0e09125c6c3c2fd70d7de961bcf0e51575235fad/library/std/src/sys_common/backtrace.rs:44:22
[INFO] [stdout]    4:     0x561f4a6b9850 - core::fmt::rt::Argument::fmt::h9f417ac76a86f368
[INFO] [stdout]                                at /rustc/0e09125c6c3c2fd70d7de961bcf0e51575235fad/library/core/src/fmt/rt.rs:142:9
[INFO] [stdout]    5:     0x561f4a6b9850 - core::fmt::write::hc9b6faf4ac2aeff7
[INFO] [stdout]                                at /rustc/0e09125c6c3c2fd70d7de961bcf0e51575235fad/library/core/src/fmt/mod.rs:1120:17
[INFO] [stdout]    6:     0x561f4a68d04f - std::io::Write::write_fmt::he04625a3a989fec3
[INFO] [stdout]                                at /rustc/0e09125c6c3c2fd70d7de961bcf0e51575235fad/library/std/src/io/mod.rs:1810:15
[INFO] [stdout]    7:     0x561f4a68f544 - std::sys_common::backtrace::_print::hd5d66399c7df88a2
[INFO] [stdout]                                at /rustc/0e09125c6c3c2fd70d7de961bcf0e51575235fad/library/std/src/sys_common/backtrace.rs:47:5
[INFO] [stdout]    8:     0x561f4a68f544 - std::sys_common::backtrace::print::he81ed2da642d37e5
[INFO] [stdout]                                at /rustc/0e09125c6c3c2fd70d7de961bcf0e51575235fad/library/std/src/sys_common/backtrace.rs:34:9
[INFO] [stdout]    9:     0x561f4a6912b7 - std::panicking::default_hook::{{closure}}::h85773f4fa117163d
[INFO] [stdout]   10:     0x561f4a690f9d - std::panicking::default_hook::h6a1694a91d09b278
[INFO] [stdout]                                at /rustc/0e09125c6c3c2fd70d7de961bcf0e51575235fad/library/std/src/panicking.rs:289:9
[INFO] [stdout]   11:     0x561f4a3bfb97 - <alloc::boxed::Box<F,A> as core::ops::function::Fn<Args>>::call::h616ac37fa3cd6c8f
[INFO] [stdout]                                at /rustc/0e09125c6c3c2fd70d7de961bcf0e51575235fad/library/alloc/src/boxed.rs:2029:9
[INFO] [stdout]   12:     0x561f4a3bfb97 - test::test_main::{{closure}}::h00d84697cefdcbb6
[INFO] [stdout]                                at /rustc/0e09125c6c3c2fd70d7de961bcf0e51575235fad/library/test/src/lib.rs:138:21
[INFO] [stdout]   13:     0x561f4a6918d6 - <alloc::boxed::Box<F,A> as core::ops::function::Fn<Args>>::call::hcb3fe3b9bb537ba8
[INFO] [stdout]                                at /rustc/0e09125c6c3c2fd70d7de961bcf0e51575235fad/library/alloc/src/boxed.rs:2029:9
[INFO] [stdout]   14:     0x561f4a6918d6 - std::panicking::rust_panic_with_hook::h0a7ad96e90f7145b
[INFO] [stdout]                                at /rustc/0e09125c6c3c2fd70d7de961bcf0e51575235fad/library/std/src/panicking.rs:783:13
[INFO] [stdout]   15:     0x561f4a691622 - std::panicking::begin_panic_handler::{{closure}}::h7919090525c6485e
[INFO] [stdout]                                at /rustc/0e09125c6c3c2fd70d7de961bcf0e51575235fad/library/std/src/panicking.rs:657:13
[INFO] [stdout]   16:     0x561f4a68fc66 - std::sys_common::backtrace::__rust_end_short_backtrace::hf3289479464f7dfe
[INFO] [stdout]                                at /rustc/0e09125c6c3c2fd70d7de961bcf0e51575235fad/library/std/src/sys_common/backtrace.rs:171:18
[INFO] [stdout]   17:     0x561f4a691380 - rust_begin_unwind
[INFO] [stdout]                                at /rustc/0e09125c6c3c2fd70d7de961bcf0e51575235fad/library/std/src/panicking.rs:645:5
[INFO] [stdout]   18:     0x561f49f0c325 - core::panicking::panic_fmt::hcc9f77c5c132af55
[INFO] [stdout]                                at /rustc/0e09125c6c3c2fd70d7de961bcf0e51575235fad/library/core/src/panicking.rs:72:14
[INFO] [stdout]   19:     0x561f49f0c903 - core::result::unwrap_failed::hbe14f498be1452f9
[INFO] [stdout]                                at /rustc/0e09125c6c3c2fd70d7de961bcf0e51575235fad/library/core/src/result.rs:1649:5
[INFO] [stdout]   20:     0x561f4a082612 - core::result::Result<T,E>::unwrap::ha6e769c5cb9c7ad4
[INFO] [stdout]                                at /rustc/0e09125c6c3c2fd70d7de961bcf0e51575235fad/library/core/src/result.rs:1073:23
[INFO] [stdout]   21:     0x561f4a383b37 - logicng::operations::transformations::cnf::tseitin::tests::test_large_formula::hab9fb02130647e06
[INFO] [stdout]                                at /opt/rustwide/workdir/src/operations/transformations/cnf/tseitin.rs:108:30
[INFO] [stdout]   22:     0x561f4a383ad7 - logicng::operations::transformations::cnf::tseitin::tests::test_large_formula::{{closure}}::h8543247c1482a7c6
[INFO] [stdout]                                at /opt/rustwide/workdir/src/operations/transformations/cnf/tseitin.rs:107:28
[INFO] [stdout]   23:     0x561f4a1c3226 - core::ops::function::FnOnce::call_once::h9fc32ec10ce715c8
[INFO] [stdout]                                at /rustc/0e09125c6c3c2fd70d7de961bcf0e51575235fad/library/core/src/ops/function.rs:250:5
[INFO] [stdout]   24:     0x561f4a3c546f - core::ops::function::FnOnce::call_once::hd64d26f405258157
[INFO] [stdout]                                at /rustc/0e09125c6c3c2fd70d7de961bcf0e51575235fad/library/core/src/ops/function.rs:250:5
[INFO] [stdout]   25:     0x561f4a3c546f - test::__rust_begin_short_backtrace::he21b0b7a6d731bf9
[INFO] [stdout]                                at /rustc/0e09125c6c3c2fd70d7de961bcf0e51575235fad/library/test/src/lib.rs:627:18
[INFO] [stdout]   26:     0x561f4a3c41f1 - test::run_test_in_process::{{closure}}::hf5c73986d7bdfde2
[INFO] [stdout]                                at /rustc/0e09125c6c3c2fd70d7de961bcf0e51575235fad/library/test/src/lib.rs:650:60
[INFO] [stdout]   27:     0x561f4a3c41f1 - <core::panic::unwind_safe::AssertUnwindSafe<F> as core::ops::function::FnOnce<()>>::call_once::h330011ad032aadc0
[INFO] [stdout]                                at /rustc/0e09125c6c3c2fd70d7de961bcf0e51575235fad/library/core/src/panic/unwind_safe.rs:272:9
[INFO] [stdout]   28:     0x561f4a3c41f1 - std::panicking::try::do_call::he61b0a958b795a41
[INFO] [stdout]                                at /rustc/0e09125c6c3c2fd70d7de961bcf0e51575235fad/library/std/src/panicking.rs:552:40
[INFO] [stdout]   29:     0x561f4a3c41f1 - std::panicking::try::h7309da130f906eb7
[INFO] [stdout]                                at /rustc/0e09125c6c3c2fd70d7de961bcf0e51575235fad/library/std/src/panicking.rs:516:19
[INFO] [stdout]   30:     0x561f4a3c41f1 - std::panic::catch_unwind::hc5c3a06fdaf0a92a
[INFO] [stdout]                                at /rustc/0e09125c6c3c2fd70d7de961bcf0e51575235fad/library/std/src/panic.rs:142:14
[INFO] [stdout]   31:     0x561f4a3c41f1 - test::run_test_in_process::h7e7b7c71c3324e0f
[INFO] [stdout]                                at /rustc/0e09125c6c3c2fd70d7de961bcf0e51575235fad/library/test/src/lib.rs:650:27
[INFO] [stdout]   32:     0x561f4a3c41f1 - test::run_test::{{closure}}::h1f509f28f5cf20b1
[INFO] [stdout]                                at /rustc/0e09125c6c3c2fd70d7de961bcf0e51575235fad/library/test/src/lib.rs:573:43
[INFO] [stdout]   33:     0x561f4a38b526 - test::run_test::{{closure}}::h1754218abf443f6d
[INFO] [stdout]                                at /rustc/0e09125c6c3c2fd70d7de961bcf0e51575235fad/library/test/src/lib.rs:601:41
[INFO] [stdout]   34:     0x561f4a38b526 - std::sys_common::backtrace::__rust_begin_short_backtrace::h2ee174b9d5954948
[INFO] [stdout]                                at /rustc/0e09125c6c3c2fd70d7de961bcf0e51575235fad/library/std/src/sys_common/backtrace.rs:155:18
[INFO] [stdout]   35:     0x561f4a390587 - std::thread::Builder::spawn_unchecked_::{{closure}}::{{closure}}::hf60bee9c1a17ef09
[INFO] [stdout]                                at /rustc/0e09125c6c3c2fd70d7de961bcf0e51575235fad/library/std/src/thread/mod.rs:529:17
[INFO] [stdout]   36:     0x561f4a390587 - <core::panic::unwind_safe::AssertUnwindSafe<F> as core::ops::function::FnOnce<()>>::call_once::h33d0dddec5216160
[INFO] [stdout]                                at /rustc/0e09125c6c3c2fd70d7de961bcf0e51575235fad/library/core/src/panic/unwind_safe.rs:272:9
[INFO] [stdout]   37:     0x561f4a390587 - std::panicking::try::do_call::h144b3048b546f835
[INFO] [stdout]                                at /rustc/0e09125c6c3c2fd70d7de961bcf0e51575235fad/library/std/src/panicking.rs:552:40
[INFO] [stdout]   38:     0x561f4a390587 - std::panicking::try::h978244d04646189f
[INFO] [stdout]                                at /rustc/0e09125c6c3c2fd70d7de961bcf0e51575235fad/library/std/src/panicking.rs:516:19
[INFO] [stdout]   39:     0x561f4a390587 - std::panic::catch_unwind::hdf436369d188fe86
[INFO] [stdout]                                at /rustc/0e09125c6c3c2fd70d7de961bcf0e51575235fad/library/std/src/panic.rs:142:14
[INFO] [stdout]   40:     0x561f4a390587 - std::thread::Builder::spawn_unchecked_::{{closure}}::h87329cbdd33c79ec
[INFO] [stdout]                                at /rustc/0e09125c6c3c2fd70d7de961bcf0e51575235fad/library/std/src/thread/mod.rs:528:30
[INFO] [stdout]   41:     0x561f4a390587 - core::ops::function::FnOnce::call_once{{vtable.shim}}::h401abbe67897d450
[INFO] [stdout]                                at /rustc/0e09125c6c3c2fd70d7de961bcf0e51575235fad/library/core/src/ops/function.rs:250:5
[INFO] [stdout]   42:     0x561f4a696835 - <alloc::boxed::Box<F,A> as core::ops::function::FnOnce<Args>>::call_once::h5d7c8f150ab9c84c
[INFO] [stdout]                                at /rustc/0e09125c6c3c2fd70d7de961bcf0e51575235fad/library/alloc/src/boxed.rs:2015:9
[INFO] [stdout]   43:     0x561f4a696835 - <alloc::boxed::Box<F,A> as core::ops::function::FnOnce<Args>>::call_once::h570d5b005c242c15
[INFO] [stdout]                                at /rustc/0e09125c6c3c2fd70d7de961bcf0e51575235fad/library/alloc/src/boxed.rs:2015:9
[INFO] [stdout]   44:     0x561f4a696835 - std::sys::unix::thread::Thread::new::thread_start::h36b0a20c0b2361ad
[INFO] [stdout]                                at /rustc/0e09125c6c3c2fd70d7de961bcf0e51575235fad/library/std/src/sys/unix/thread.rs:108:17
[INFO] [stdout]   45:     0x7f769b30eac3 - <unknown>
[INFO] [stdout]   46:     0x7f769b39fbf4 - __clone
[INFO] [stdout]   47:                0x0 - <unknown>
[INFO] [stdout] 
[INFO] [stdout] 
[INFO] [stdout] failures:
[INFO] [stdout]     operations::transformations::cnf::factorization::tests::test_large_formula
[INFO] [stdout]     operations::transformations::cnf::tseitin::tests::test_large_formula
[INFO] [stdout] 
[INFO] [stdout] test result: FAILED. 446 passed; 2 failed; 28 ignored; 0 measured; 0 filtered out; finished in 4.70s
[INFO] [stdout] 
[INFO] [stderr] error: test failed, to rerun pass `--lib`
[INFO] running `Command { std: "docker" "inspect" "50a8bfed0688d65302e049db0317af7a7a1a1ff9505d6e98ea2aa8eae0da25e2", kill_on_drop: false }`
[INFO] running `Command { std: "docker" "rm" "-f" "50a8bfed0688d65302e049db0317af7a7a1a1ff9505d6e98ea2aa8eae0da25e2", kill_on_drop: false }`
[INFO] [stdout] 50a8bfed0688d65302e049db0317af7a7a1a1ff9505d6e98ea2aa8eae0da25e2
