[INFO] fetching crate lock_freedom 0.1.0...
[INFO] testing lock_freedom-0.1.0 against 1.75.0 for beta-1.76-1
[INFO] extracting crate lock_freedom 0.1.0 into /workspace/builds/worker-1-tc1/source
[INFO] validating manifest of crates.io crate lock_freedom 0.1.0 on toolchain 1.75.0
[INFO] running `Command { std: CARGO_HOME="/workspace/cargo-home" RUSTUP_HOME="/workspace/rustup-home" "/workspace/cargo-home/bin/cargo" "+1.75.0" "metadata" "--manifest-path" "Cargo.toml" "--no-deps", kill_on_drop: false }`
[INFO] started tweaking crates.io crate lock_freedom 0.1.0
[INFO] finished tweaking crates.io crate lock_freedom 0.1.0
[INFO] tweaked toml for crates.io crate lock_freedom 0.1.0 written to /workspace/builds/worker-1-tc1/source/Cargo.toml
[INFO] running `Command { std: CARGO_HOME="/workspace/cargo-home" RUSTUP_HOME="/workspace/rustup-home" "/workspace/cargo-home/bin/cargo" "+1.75.0" "generate-lockfile" "--manifest-path" "Cargo.toml", kill_on_drop: false }`
[INFO] [stderr]     Updating crates.io index
[INFO] running `Command { std: CARGO_HOME="/workspace/cargo-home" RUSTUP_HOME="/workspace/rustup-home" "/workspace/cargo-home/bin/cargo" "+1.75.0" "fetch" "--manifest-path" "Cargo.toml", kill_on_drop: false }`
[INFO] [stderr]  Downloading crates ...
[INFO] [stderr]   Downloaded tux-owned-alloc v0.2.0
[INFO] running `Command { std: "docker" "create" "-v" "/var/lib/crater-agent-workspace/builds/worker-1-tc1/target:/opt/rustwide/target:rw,Z" "-v" "/var/lib/crater-agent-workspace/builds/worker-1-tc1/source:/opt/rustwide/workdir:ro,Z" "-v" "/var/lib/crater-agent-workspace/cargo-home:/opt/rustwide/cargo-home:ro,Z" "-v" "/var/lib/crater-agent-workspace/rustup-home:/opt/rustwide/rustup-home:ro,Z" "-e" "SOURCE_DIR=/opt/rustwide/workdir" "-e" "CARGO_TARGET_DIR=/opt/rustwide/target" "-e" "CARGO_HOME=/opt/rustwide/cargo-home" "-e" "RUSTUP_HOME=/opt/rustwide/rustup-home" "-w" "/opt/rustwide/workdir" "-m" "1610612736" "--user" "0:0" "--network" "none" "ghcr.io/rust-lang/crates-build-env/linux@sha256:2788e3201cd34a07e3172128adcd8b3090168a8e3bcc40d7c032b9dda1df7d1c" "/opt/rustwide/cargo-home/bin/cargo" "+1.75.0" "metadata" "--no-deps" "--format-version=1", kill_on_drop: false }`
[INFO] [stdout] e8f50ca9873907f9eac3a214b14b7c8dbd971074aa77aae027bcc227f9faa84f
[INFO] running `Command { std: "docker" "start" "-a" "e8f50ca9873907f9eac3a214b14b7c8dbd971074aa77aae027bcc227f9faa84f", kill_on_drop: false }`
[INFO] running `Command { std: "docker" "inspect" "e8f50ca9873907f9eac3a214b14b7c8dbd971074aa77aae027bcc227f9faa84f", kill_on_drop: false }`
[INFO] running `Command { std: "docker" "rm" "-f" "e8f50ca9873907f9eac3a214b14b7c8dbd971074aa77aae027bcc227f9faa84f", kill_on_drop: false }`
[INFO] [stdout] e8f50ca9873907f9eac3a214b14b7c8dbd971074aa77aae027bcc227f9faa84f
[INFO] running `Command { std: "docker" "create" "-v" "/var/lib/crater-agent-workspace/builds/worker-1-tc1/target:/opt/rustwide/target:rw,Z" "-v" "/var/lib/crater-agent-workspace/builds/worker-1-tc1/source:/opt/rustwide/workdir:ro,Z" "-v" "/var/lib/crater-agent-workspace/cargo-home:/opt/rustwide/cargo-home:ro,Z" "-v" "/var/lib/crater-agent-workspace/rustup-home:/opt/rustwide/rustup-home:ro,Z" "-e" "SOURCE_DIR=/opt/rustwide/workdir" "-e" "CARGO_TARGET_DIR=/opt/rustwide/target" "-e" "CARGO_INCREMENTAL=0" "-e" "RUST_BACKTRACE=full" "-e" "RUSTFLAGS=--cap-lints=warn" "-e" "RUSTDOCFLAGS=--cap-lints=warn" "-e" "CARGO_HOME=/opt/rustwide/cargo-home" "-e" "RUSTUP_HOME=/opt/rustwide/rustup-home" "-w" "/opt/rustwide/workdir" "-m" "1610612736" "--user" "0:0" "--network" "none" "ghcr.io/rust-lang/crates-build-env/linux@sha256:2788e3201cd34a07e3172128adcd8b3090168a8e3bcc40d7c032b9dda1df7d1c" "/opt/rustwide/cargo-home/bin/cargo" "+1.75.0" "build" "--frozen" "--message-format=json", kill_on_drop: false }`
[INFO] [stdout] 699a1137ae5ee6b41dd37af4a43e744163b9acbc69ef17ec40f248cd1614ee17
[INFO] running `Command { std: "docker" "start" "-a" "699a1137ae5ee6b41dd37af4a43e744163b9acbc69ef17ec40f248cd1614ee17", kill_on_drop: false }`
[INFO] [stderr]    Compiling tux-owned-alloc v0.2.0
[INFO] [stderr]    Compiling lock_freedom v0.1.0 (/opt/rustwide/workdir)
[INFO] [stderr]     Finished dev [unoptimized + debuginfo] target(s) in 0.75s
[INFO] running `Command { std: "docker" "inspect" "699a1137ae5ee6b41dd37af4a43e744163b9acbc69ef17ec40f248cd1614ee17", kill_on_drop: false }`
[INFO] running `Command { std: "docker" "rm" "-f" "699a1137ae5ee6b41dd37af4a43e744163b9acbc69ef17ec40f248cd1614ee17", kill_on_drop: false }`
[INFO] [stdout] 699a1137ae5ee6b41dd37af4a43e744163b9acbc69ef17ec40f248cd1614ee17
[INFO] running `Command { std: "docker" "create" "-v" "/var/lib/crater-agent-workspace/builds/worker-1-tc1/target:/opt/rustwide/target:rw,Z" "-v" "/var/lib/crater-agent-workspace/builds/worker-1-tc1/source:/opt/rustwide/workdir:ro,Z" "-v" "/var/lib/crater-agent-workspace/cargo-home:/opt/rustwide/cargo-home:ro,Z" "-v" "/var/lib/crater-agent-workspace/rustup-home:/opt/rustwide/rustup-home:ro,Z" "-e" "SOURCE_DIR=/opt/rustwide/workdir" "-e" "CARGO_TARGET_DIR=/opt/rustwide/target" "-e" "CARGO_INCREMENTAL=0" "-e" "RUST_BACKTRACE=full" "-e" "RUSTFLAGS=--cap-lints=warn" "-e" "RUSTDOCFLAGS=--cap-lints=warn" "-e" "CARGO_HOME=/opt/rustwide/cargo-home" "-e" "RUSTUP_HOME=/opt/rustwide/rustup-home" "-w" "/opt/rustwide/workdir" "-m" "1610612736" "--user" "0:0" "--network" "none" "ghcr.io/rust-lang/crates-build-env/linux@sha256:2788e3201cd34a07e3172128adcd8b3090168a8e3bcc40d7c032b9dda1df7d1c" "/opt/rustwide/cargo-home/bin/cargo" "+1.75.0" "test" "--frozen" "--no-run" "--message-format=json", kill_on_drop: false }`
[INFO] [stdout] 2c9ed808c5a3591c99d821235a7b2e397ea7c1946058dda09329b86535db4ccf
[INFO] running `Command { std: "docker" "start" "-a" "2c9ed808c5a3591c99d821235a7b2e397ea7c1946058dda09329b86535db4ccf", kill_on_drop: false }`
[INFO] [stderr]    Compiling serde v1.0.194
[INFO] [stderr]    Compiling crossbeam-utils v0.8.18
[INFO] [stderr]    Compiling proc-macro2 v1.0.75
[INFO] [stderr]    Compiling cfg-if v1.0.0
[INFO] [stderr]    Compiling autocfg v1.1.0
[INFO] [stderr]    Compiling unicode-ident v1.0.12
[INFO] [stderr]    Compiling rayon-core v1.12.0
[INFO] [stderr]    Compiling itoa v1.0.10
[INFO] [stderr]    Compiling either v1.9.0
[INFO] [stderr]    Compiling ryu v1.0.16
[INFO] [stderr]    Compiling serde_json v1.0.111
[INFO] [stderr]    Compiling libc v0.2.151
[INFO] [stderr]    Compiling unicode-width v0.1.11
[INFO] [stderr]    Compiling memchr v2.7.1
[INFO] [stderr]    Compiling num-traits v0.2.17
[INFO] [stderr]    Compiling plotters-backend v0.3.5
[INFO] [stderr]    Compiling regex-syntax v0.8.2
[INFO] [stderr]    Compiling plotters-svg v0.3.5
[INFO] [stderr]    Compiling crossbeam-epoch v0.9.17
[INFO] [stderr]    Compiling quote v1.0.35
[INFO] [stderr]    Compiling csv-core v0.1.11
[INFO] [stderr]    Compiling crossbeam-deque v0.8.4
[INFO] [stderr]    Compiling textwrap v0.11.0
[INFO] [stderr]    Compiling syn v2.0.48
[INFO] [stderr]    Compiling itertools v0.10.5
[INFO] [stderr]    Compiling half v1.8.2
[INFO] [stderr]    Compiling bitflags v1.3.2
[INFO] [stderr]    Compiling same-file v1.0.6
[INFO] [stderr]    Compiling cast v0.3.0
[INFO] [stderr]    Compiling walkdir v2.4.0
[INFO] [stderr]    Compiling plotters v0.3.5
[INFO] [stderr]    Compiling regex-automata v0.4.3
[INFO] [stderr]    Compiling rayon v1.8.0
[INFO] [stderr]    Compiling clap v2.34.0
[INFO] [stderr]    Compiling criterion-plot v0.4.5
[INFO] [stderr]    Compiling atty v0.2.14
[INFO] [stderr]    Compiling lazy_static v1.4.0
[INFO] [stderr]    Compiling oorandom v11.1.3
[INFO] [stderr]    Compiling csv v1.3.0
[INFO] [stderr]    Compiling serde_cbor v0.11.2
[INFO] [stderr]    Compiling regex v1.10.2
[INFO] [stderr]    Compiling serde_derive v1.0.194
[INFO] [stderr]    Compiling tinytemplate v1.2.1
[INFO] [stderr]    Compiling criterion v0.3.6
[INFO] [stderr]    Compiling lock_freedom v0.1.0 (/opt/rustwide/workdir)
[INFO] [stderr]     Finished test [unoptimized + debuginfo] target(s) in 24.78s
[INFO] running `Command { std: "docker" "inspect" "2c9ed808c5a3591c99d821235a7b2e397ea7c1946058dda09329b86535db4ccf", kill_on_drop: false }`
[INFO] running `Command { std: "docker" "rm" "-f" "2c9ed808c5a3591c99d821235a7b2e397ea7c1946058dda09329b86535db4ccf", kill_on_drop: false }`
[INFO] [stdout] 2c9ed808c5a3591c99d821235a7b2e397ea7c1946058dda09329b86535db4ccf
[INFO] running `Command { std: "docker" "create" "-v" "/var/lib/crater-agent-workspace/builds/worker-1-tc1/target:/opt/rustwide/target:rw,Z" "-v" "/var/lib/crater-agent-workspace/builds/worker-1-tc1/source:/opt/rustwide/workdir:ro,Z" "-v" "/var/lib/crater-agent-workspace/cargo-home:/opt/rustwide/cargo-home:ro,Z" "-v" "/var/lib/crater-agent-workspace/rustup-home:/opt/rustwide/rustup-home:ro,Z" "-e" "SOURCE_DIR=/opt/rustwide/workdir" "-e" "CARGO_TARGET_DIR=/opt/rustwide/target" "-e" "CARGO_INCREMENTAL=0" "-e" "RUST_BACKTRACE=full" "-e" "RUSTFLAGS=--cap-lints=warn" "-e" "RUSTDOCFLAGS=--cap-lints=warn" "-e" "CARGO_HOME=/opt/rustwide/cargo-home" "-e" "RUSTUP_HOME=/opt/rustwide/rustup-home" "-w" "/opt/rustwide/workdir" "-m" "1610612736" "--user" "0:0" "--network" "none" "ghcr.io/rust-lang/crates-build-env/linux@sha256:2788e3201cd34a07e3172128adcd8b3090168a8e3bcc40d7c032b9dda1df7d1c" "/opt/rustwide/cargo-home/bin/cargo" "+1.75.0" "test" "--frozen", kill_on_drop: false }`
[INFO] [stdout] 176455a59fc0a7971287d6c170eee35a075f5d898d7799ca1fbc7b83546d7b80
[INFO] running `Command { std: "docker" "start" "-a" "176455a59fc0a7971287d6c170eee35a075f5d898d7799ca1fbc7b83546d7b80", kill_on_drop: false }`
[INFO] [stderr]     Finished test [unoptimized + debuginfo] target(s) in 0.05s
[INFO] [stderr]      Running unittests src/lib.rs (/opt/rustwide/target/debug/deps/lock_freedom-8cdc4e523f1d2960)
[INFO] [stdout] 
[INFO] [stdout] running 36 tests
[INFO] [stdout] test map::test::inserts_and_gets ... ok
[INFO] [stdout] test map::test::create ... ok
[INFO] [stdout] test map::test::iter_valid_items ... ok
[INFO] [stdout] test channel::spmc::test::correct_numbers ... ok
[INFO] [stdout] test map::test::inserts_reinserts ... ok
[INFO] [stdout] test map::test::inserts_and_removes ... ok
[INFO] [stdout] test map::test::never_inserts ... ok
[INFO] [stdout] test map::test::never_reinserts ... ok
[INFO] [stdout] test map::test::reinsert_from_other_map_fails ... ok
[INFO] [stdout] test map::test::iter_mut_and_into_iter ... ok
[INFO] [stdout] test map::test::reinserts_update ... ok
[INFO] [stdout] test channel::mpsc::test::correct_numbers ... ok
[INFO] [stdout] test map::test::reinserts_create ... ok
[INFO] [stdout] test map::test::repeated_inserts ... ok
[INFO] [stdout] test map::test::update ... ok
[INFO] [stdout] test channel::spsc::test::correct_sequence ... ok
[INFO] [stdout] test queue::test::on_empty_last_pop_is_none ... ok
[INFO] [stdout] test queue::test::order ... ok
[INFO] [stdout] test queue::test::on_empty_first_pop_is_none ... ok
[INFO] [stdout] test queue::test::queue_iter ... ok
[INFO] [stdout] test set::test::insert_with ... ok
[INFO] [stdout] test channel::mpmc::test::correct_numbers ... ok
[INFO] [stdout] test map::test::multithreaded ... ok
[INFO] [stdout] test set::test::inserts_and_contains_checks ... ok
[INFO] [stdout] test stack::test::on_empty_last_pop_is_none ... ok
[INFO] [stdout] test set::test::inserts_and_removes ... ok
[INFO] [stdout] test set::test::reinsert_with ... ok
[INFO] [stdout] test set::test::inserts_and_reinserts ... ok
[INFO] [stdout] test queue::test::no_data_corruption ... ok
[INFO] [stdout] test stack::test::order ... ok
[INFO] [stdout] test stack::test::on_empty_first_pop_is_none ... ok
[INFO] [stdout] test stack::test::no_data_corruption ... ok
[INFO] [stdout] test tls::test::iter ... ok
[INFO] [stdout] test tls::test::iter_mut ... ok
[INFO] [stdout] test tls::test::threads_with_their_id ... ok
[INFO] [stderr]    Doc-tests lock_freedom
[INFO] [stdout] test map::test::optimize_space_preserves_entries ... ok
[INFO] [stdout] 
[INFO] [stdout] test result: ok. 36 passed; 0 failed; 0 ignored; 0 measured; 0 filtered out; finished in 0.52s
[INFO] [stdout] 
[INFO] [stdout] 
[INFO] [stdout] running 2 tests
[INFO] [stdout] test src/incin.rs - incin::Incinerator (line 26) ... FAILED
[INFO] [stdout] test src/tls/mod.rs - tls::ThreadLocal (line 24) ... FAILED
[INFO] [stdout] 
[INFO] [stdout] failures:
[INFO] [stdout] 
[INFO] [stdout] ---- src/incin.rs - incin::Incinerator (line 26) stdout ----
[INFO] [stdout] error[E0433]: failed to resolve: use of undeclared crate or module `tux_lockfree`
[INFO] [stdout]  --> src/incin.rs:28:5
[INFO] [stdout]   |
[INFO] [stdout] 4 | use tux_lockfree::incin::Incinerator;
[INFO] [stdout]   |     ^^^^^^^^^^^^ use of undeclared crate or module `tux_lockfree`
[INFO] [stdout] 
[INFO] [stdout] error: aborting due to previous error
[INFO] [stdout] 
[INFO] [stdout] For more information about this error, try `rustc --explain E0433`.
[INFO] [stdout] Couldn't compile the test.
[INFO] [stdout] ---- src/tls/mod.rs - tls::ThreadLocal (line 24) stdout ----
[INFO] [stdout] error[E0433]: failed to resolve: use of undeclared crate or module `tux_lockfree`
[INFO] [stdout]  --> src/tls/mod.rs:26:5
[INFO] [stdout]   |
[INFO] [stdout] 4 | use tux_lockfree::tls::ThreadLocal;
[INFO] [stdout]   |     ^^^^^^^^^^^^ use of undeclared crate or module `tux_lockfree`
[INFO] [stdout] 
[INFO] [stdout] error: aborting due to previous error
[INFO] [stdout] 
[INFO] [stdout] For more information about this error, try `rustc --explain E0433`.
[INFO] [stdout] Couldn't compile the test.
[INFO] [stdout] 
[INFO] [stdout] failures:
[INFO] [stdout]     src/incin.rs - incin::Incinerator (line 26)
[INFO] [stdout]     src/tls/mod.rs - tls::ThreadLocal (line 24)
[INFO] [stdout] 
[INFO] [stdout] test result: FAILED. 0 passed; 2 failed; 0 ignored; 0 measured; 0 filtered out; finished in 0.05s
[INFO] [stdout] 
[INFO] [stderr] error: doctest failed, to rerun pass `--doc`
[INFO] running `Command { std: "docker" "inspect" "176455a59fc0a7971287d6c170eee35a075f5d898d7799ca1fbc7b83546d7b80", kill_on_drop: false }`
[INFO] running `Command { std: "docker" "rm" "-f" "176455a59fc0a7971287d6c170eee35a075f5d898d7799ca1fbc7b83546d7b80", kill_on_drop: false }`
[INFO] [stdout] 176455a59fc0a7971287d6c170eee35a075f5d898d7799ca1fbc7b83546d7b80
[INFO] testing lock_freedom-0.1.0 against beta-2023-12-22 for beta-1.76-1
[INFO] extracting crate lock_freedom 0.1.0 into /workspace/builds/worker-1-tc2/source
[INFO] validating manifest of crates.io crate lock_freedom 0.1.0 on toolchain beta-2023-12-22
[INFO] running `Command { std: CARGO_HOME="/workspace/cargo-home" RUSTUP_HOME="/workspace/rustup-home" "/workspace/cargo-home/bin/cargo" "+beta-2023-12-22" "metadata" "--manifest-path" "Cargo.toml" "--no-deps", kill_on_drop: false }`
[INFO] started tweaking crates.io crate lock_freedom 0.1.0
[INFO] finished tweaking crates.io crate lock_freedom 0.1.0
[INFO] tweaked toml for crates.io crate lock_freedom 0.1.0 written to /workspace/builds/worker-1-tc2/source/Cargo.toml
[INFO] running `Command { std: CARGO_HOME="/workspace/cargo-home" RUSTUP_HOME="/workspace/rustup-home" "/workspace/cargo-home/bin/cargo" "+beta-2023-12-22" "generate-lockfile" "--manifest-path" "Cargo.toml", kill_on_drop: false }`
[INFO] [stderr]     Updating crates.io index
[INFO] running `Command { std: CARGO_HOME="/workspace/cargo-home" RUSTUP_HOME="/workspace/rustup-home" "/workspace/cargo-home/bin/cargo" "+beta-2023-12-22" "fetch" "--manifest-path" "Cargo.toml", kill_on_drop: false }`
[INFO] running `Command { std: "docker" "create" "-v" "/var/lib/crater-agent-workspace/builds/worker-1-tc2/target:/opt/rustwide/target:rw,Z" "-v" "/var/lib/crater-agent-workspace/builds/worker-1-tc2/source:/opt/rustwide/workdir:ro,Z" "-v" "/var/lib/crater-agent-workspace/cargo-home:/opt/rustwide/cargo-home:ro,Z" "-v" "/var/lib/crater-agent-workspace/rustup-home:/opt/rustwide/rustup-home:ro,Z" "-e" "SOURCE_DIR=/opt/rustwide/workdir" "-e" "CARGO_TARGET_DIR=/opt/rustwide/target" "-e" "CARGO_HOME=/opt/rustwide/cargo-home" "-e" "RUSTUP_HOME=/opt/rustwide/rustup-home" "-w" "/opt/rustwide/workdir" "-m" "1610612736" "--user" "0:0" "--network" "none" "ghcr.io/rust-lang/crates-build-env/linux@sha256:2788e3201cd34a07e3172128adcd8b3090168a8e3bcc40d7c032b9dda1df7d1c" "/opt/rustwide/cargo-home/bin/cargo" "+beta-2023-12-22" "metadata" "--no-deps" "--format-version=1", kill_on_drop: false }`
[INFO] [stdout] 59f0ca990b4b6ab641d12490980cc85547ee42604e03049ea906b41e96133fce
[INFO] running `Command { std: "docker" "start" "-a" "59f0ca990b4b6ab641d12490980cc85547ee42604e03049ea906b41e96133fce", kill_on_drop: false }`
[INFO] running `Command { std: "docker" "inspect" "59f0ca990b4b6ab641d12490980cc85547ee42604e03049ea906b41e96133fce", kill_on_drop: false }`
[INFO] running `Command { std: "docker" "rm" "-f" "59f0ca990b4b6ab641d12490980cc85547ee42604e03049ea906b41e96133fce", kill_on_drop: false }`
[INFO] [stdout] 59f0ca990b4b6ab641d12490980cc85547ee42604e03049ea906b41e96133fce
[INFO] running `Command { std: "docker" "create" "-v" "/var/lib/crater-agent-workspace/builds/worker-1-tc2/target:/opt/rustwide/target:rw,Z" "-v" "/var/lib/crater-agent-workspace/builds/worker-1-tc2/source:/opt/rustwide/workdir:ro,Z" "-v" "/var/lib/crater-agent-workspace/cargo-home:/opt/rustwide/cargo-home:ro,Z" "-v" "/var/lib/crater-agent-workspace/rustup-home:/opt/rustwide/rustup-home:ro,Z" "-e" "SOURCE_DIR=/opt/rustwide/workdir" "-e" "CARGO_TARGET_DIR=/opt/rustwide/target" "-e" "CARGO_INCREMENTAL=0" "-e" "RUST_BACKTRACE=full" "-e" "RUSTFLAGS=--cap-lints=warn" "-e" "RUSTDOCFLAGS=--cap-lints=warn" "-e" "CARGO_HOME=/opt/rustwide/cargo-home" "-e" "RUSTUP_HOME=/opt/rustwide/rustup-home" "-w" "/opt/rustwide/workdir" "-m" "1610612736" "--user" "0:0" "--network" "none" "ghcr.io/rust-lang/crates-build-env/linux@sha256:2788e3201cd34a07e3172128adcd8b3090168a8e3bcc40d7c032b9dda1df7d1c" "/opt/rustwide/cargo-home/bin/cargo" "+beta-2023-12-22" "build" "--frozen" "--message-format=json", kill_on_drop: false }`
[INFO] [stdout] eba67bb5b88815617d55c8caebd143a5ba4210f34dc8cc5c4b67d4c9612ff913
[INFO] running `Command { std: "docker" "start" "-a" "eba67bb5b88815617d55c8caebd143a5ba4210f34dc8cc5c4b67d4c9612ff913", kill_on_drop: false }`
[INFO] [stderr]    Compiling tux-owned-alloc v0.2.0
[INFO] [stderr]    Compiling lock_freedom v0.1.0 (/opt/rustwide/workdir)
[INFO] [stderr]     Finished dev [unoptimized + debuginfo] target(s) in 0.68s
[INFO] running `Command { std: "docker" "inspect" "eba67bb5b88815617d55c8caebd143a5ba4210f34dc8cc5c4b67d4c9612ff913", kill_on_drop: false }`
[INFO] running `Command { std: "docker" "rm" "-f" "eba67bb5b88815617d55c8caebd143a5ba4210f34dc8cc5c4b67d4c9612ff913", kill_on_drop: false }`
[INFO] [stdout] eba67bb5b88815617d55c8caebd143a5ba4210f34dc8cc5c4b67d4c9612ff913
[INFO] running `Command { std: "docker" "create" "-v" "/var/lib/crater-agent-workspace/builds/worker-1-tc2/target:/opt/rustwide/target:rw,Z" "-v" "/var/lib/crater-agent-workspace/builds/worker-1-tc2/source:/opt/rustwide/workdir:ro,Z" "-v" "/var/lib/crater-agent-workspace/cargo-home:/opt/rustwide/cargo-home:ro,Z" "-v" "/var/lib/crater-agent-workspace/rustup-home:/opt/rustwide/rustup-home:ro,Z" "-e" "SOURCE_DIR=/opt/rustwide/workdir" "-e" "CARGO_TARGET_DIR=/opt/rustwide/target" "-e" "CARGO_INCREMENTAL=0" "-e" "RUST_BACKTRACE=full" "-e" "RUSTFLAGS=--cap-lints=warn" "-e" "RUSTDOCFLAGS=--cap-lints=warn" "-e" "CARGO_HOME=/opt/rustwide/cargo-home" "-e" "RUSTUP_HOME=/opt/rustwide/rustup-home" "-w" "/opt/rustwide/workdir" "-m" "1610612736" "--user" "0:0" "--network" "none" "ghcr.io/rust-lang/crates-build-env/linux@sha256:2788e3201cd34a07e3172128adcd8b3090168a8e3bcc40d7c032b9dda1df7d1c" "/opt/rustwide/cargo-home/bin/cargo" "+beta-2023-12-22" "test" "--frozen" "--no-run" "--message-format=json", kill_on_drop: false }`
[INFO] [stdout] e7efede9303d595cb5bdacd147bcece06e2ce46660baaf30247a037274a1368c
[INFO] running `Command { std: "docker" "start" "-a" "e7efede9303d595cb5bdacd147bcece06e2ce46660baaf30247a037274a1368c", kill_on_drop: false }`
[INFO] [stderr]    Compiling serde v1.0.194
[INFO] [stderr]    Compiling crossbeam-utils v0.8.18
[INFO] [stderr]    Compiling proc-macro2 v1.0.75
[INFO] [stderr]    Compiling cfg-if v1.0.0
[INFO] [stderr]    Compiling unicode-ident v1.0.12
[INFO] [stderr]    Compiling autocfg v1.1.0
[INFO] [stderr]    Compiling itoa v1.0.10
[INFO] [stderr]    Compiling ryu v1.0.16
[INFO] [stderr]    Compiling rayon-core v1.12.0
[INFO] [stderr]    Compiling either v1.9.0
[INFO] [stderr]    Compiling libc v0.2.151
[INFO] [stderr]    Compiling serde_json v1.0.111
[INFO] [stderr]    Compiling plotters-backend v0.3.5
[INFO] [stderr]    Compiling memchr v2.7.1
[INFO] [stderr]    Compiling regex-syntax v0.8.2
[INFO] [stderr]    Compiling num-traits v0.2.17
[INFO] [stderr]    Compiling unicode-width v0.1.11
[INFO] [stderr]    Compiling textwrap v0.11.0
[INFO] [stderr]    Compiling plotters-svg v0.3.5
[INFO] [stderr]    Compiling crossbeam-epoch v0.9.17
[INFO] [stderr]    Compiling quote v1.0.35
[INFO] [stderr]    Compiling syn v2.0.48
[INFO] [stderr]    Compiling csv-core v0.1.11
[INFO] [stderr]    Compiling crossbeam-deque v0.8.4
[INFO] [stderr]    Compiling itertools v0.10.5
[INFO] [stderr]    Compiling cast v0.3.0
[INFO] [stderr]    Compiling bitflags v1.3.2
[INFO] [stderr]    Compiling half v1.8.2
[INFO] [stderr]    Compiling regex-automata v0.4.3
[INFO] [stderr]    Compiling same-file v1.0.6
[INFO] [stderr]    Compiling walkdir v2.4.0
[INFO] [stderr]    Compiling plotters v0.3.5
[INFO] [stderr]    Compiling rayon v1.8.0
[INFO] [stderr]    Compiling atty v0.2.14
[INFO] [stderr]    Compiling clap v2.34.0
[INFO] [stderr]    Compiling criterion-plot v0.4.5
[INFO] [stderr]    Compiling regex v1.10.2
[INFO] [stderr]    Compiling csv v1.3.0
[INFO] [stderr]    Compiling serde_cbor v0.11.2
[INFO] [stderr]    Compiling lazy_static v1.4.0
[INFO] [stderr]    Compiling oorandom v11.1.3
[INFO] [stderr]    Compiling serde_derive v1.0.194
[INFO] [stderr]    Compiling tinytemplate v1.2.1
[INFO] [stderr]    Compiling criterion v0.3.6
[INFO] [stderr]    Compiling lock_freedom v0.1.0 (/opt/rustwide/workdir)
[INFO] [stderr]     Finished test [unoptimized + debuginfo] target(s) in 18.92s
[INFO] running `Command { std: "docker" "inspect" "e7efede9303d595cb5bdacd147bcece06e2ce46660baaf30247a037274a1368c", kill_on_drop: false }`
[INFO] running `Command { std: "docker" "rm" "-f" "e7efede9303d595cb5bdacd147bcece06e2ce46660baaf30247a037274a1368c", kill_on_drop: false }`
[INFO] [stdout] e7efede9303d595cb5bdacd147bcece06e2ce46660baaf30247a037274a1368c
[INFO] running `Command { std: "docker" "create" "-v" "/var/lib/crater-agent-workspace/builds/worker-1-tc2/target:/opt/rustwide/target:rw,Z" "-v" "/var/lib/crater-agent-workspace/builds/worker-1-tc2/source:/opt/rustwide/workdir:ro,Z" "-v" "/var/lib/crater-agent-workspace/cargo-home:/opt/rustwide/cargo-home:ro,Z" "-v" "/var/lib/crater-agent-workspace/rustup-home:/opt/rustwide/rustup-home:ro,Z" "-e" "SOURCE_DIR=/opt/rustwide/workdir" "-e" "CARGO_TARGET_DIR=/opt/rustwide/target" "-e" "CARGO_INCREMENTAL=0" "-e" "RUST_BACKTRACE=full" "-e" "RUSTFLAGS=--cap-lints=warn" "-e" "RUSTDOCFLAGS=--cap-lints=warn" "-e" "CARGO_HOME=/opt/rustwide/cargo-home" "-e" "RUSTUP_HOME=/opt/rustwide/rustup-home" "-w" "/opt/rustwide/workdir" "-m" "1610612736" "--user" "0:0" "--network" "none" "ghcr.io/rust-lang/crates-build-env/linux@sha256:2788e3201cd34a07e3172128adcd8b3090168a8e3bcc40d7c032b9dda1df7d1c" "/opt/rustwide/cargo-home/bin/cargo" "+beta-2023-12-22" "test" "--frozen", kill_on_drop: false }`
[INFO] [stdout] 514cb0e40a73577a450655fd0bf4d3bc2b0b05cc212cf33c1c20d8a9710dba7f
[INFO] running `Command { std: "docker" "start" "-a" "514cb0e40a73577a450655fd0bf4d3bc2b0b05cc212cf33c1c20d8a9710dba7f", kill_on_drop: false }`
[INFO] [stderr]     Finished test [unoptimized + debuginfo] target(s) in 0.05s
[INFO] [stderr]      Running unittests src/lib.rs (/opt/rustwide/target/debug/deps/lock_freedom-0e67030960209400)
[INFO] [stdout] 
[INFO] [stdout] running 36 tests
[INFO] [stdout] test map::test::create ... ok
[INFO] [stdout] test map::test::inserts_reinserts ... ok
[INFO] [stdout] test channel::spsc::test::correct_sequence ... ok
[INFO] [stdout] test map::test::inserts_and_gets ... ok
[INFO] [stdout] test map::test::inserts_and_removes ... ok
[INFO] [stdout] test map::test::never_reinserts ... ok
[INFO] [stdout] test map::test::never_inserts ... ok
[INFO] [stdout] test map::test::reinsert_from_other_map_fails ... ok
[INFO] [stdout] test map::test::reinserts_create ... ok
[INFO] [stdout] test map::test::reinserts_update ... ok
[INFO] [stdout] test map::test::repeated_inserts ... ok
[INFO] [stdout] test map::test::update ... ok
[INFO] [stdout] test map::test::multithreaded ... ok
[INFO] [stdout] test channel::mpsc::test::correct_numbers ... ok
[INFO] [stdout] test map::test::iter_valid_items ... ok
[INFO] [stdout] test queue::test::on_empty_first_pop_is_none ... ok
[INFO] [stdout] test queue::test::on_empty_last_pop_is_none ... ok
[INFO] [stdout] test channel::spmc::test::correct_numbers ... ok
[INFO] [stdout] test queue::test::queue_iter ... ok
[INFO] [stdout] test set::test::inserts_and_contains_checks ... ok
[INFO] [stdout] test set::test::inserts_and_reinserts ... ok
[INFO] [stdout] test map::test::iter_mut_and_into_iter ... ok
[INFO] [stdout] test queue::test::order ... ok
[INFO] [stdout] test set::test::insert_with ... ok
[INFO] [stdout] test channel::mpmc::test::correct_numbers ... ok
[INFO] [stdout] test queue::test::no_data_corruption ... ok
[INFO] [stdout] test stack::test::on_empty_last_pop_is_none ... ok
[INFO] [stdout] test stack::test::on_empty_first_pop_is_none ... ok
[INFO] [stdout] test stack::test::order ... ok
[INFO] [stdout] test set::test::inserts_and_removes ... ok
[INFO] [stdout] test set::test::reinsert_with ... ok
[INFO] [stdout] test tls::test::iter ... ok
[INFO] [stdout] test stack::test::no_data_corruption ... ok
[INFO] [stdout] test tls::test::threads_with_their_id ... ok
[INFO] [stdout] test tls::test::iter_mut ... ok
[INFO] [stdout] test map::test::optimize_space_preserves_entries ... ok
[INFO] [stdout] 
[INFO] [stdout] test result: ok. 36 passed; 0 failed; 0 ignored; 0 measured; 0 filtered out; finished in 0.42s
[INFO] [stdout] 
[INFO] [stderr]    Doc-tests lock_freedom
[INFO] [stdout] 
[INFO] [stdout] running 2 tests
[INFO] [stdout] test src/incin.rs - incin::Incinerator (line 26) ... FAILED
[INFO] [stdout] test src/tls/mod.rs - tls::ThreadLocal (line 24) ... FAILED
[INFO] [stdout] 
[INFO] [stdout] failures:
[INFO] [stdout] 
[INFO] [stdout] ---- src/incin.rs - incin::Incinerator (line 26) stdout ----
[INFO] [stdout] error[E0433]: failed to resolve: use of undeclared crate or module `tux_lockfree`
[INFO] [stdout]  --> src/incin.rs:28:5
[INFO] [stdout]   |
[INFO] [stdout] 4 | use tux_lockfree::incin::Incinerator;
[INFO] [stdout]   |     ^^^^^^^^^^^^ use of undeclared crate or module `tux_lockfree`
[INFO] [stdout] 
[INFO] [stdout] error: aborting due to 1 previous error
[INFO] [stdout] 
[INFO] [stdout] For more information about this error, try `rustc --explain E0433`.
[INFO] [stdout] Couldn't compile the test.
[INFO] [stdout] ---- src/tls/mod.rs - tls::ThreadLocal (line 24) stdout ----
[INFO] [stdout] error[E0433]: failed to resolve: use of undeclared crate or module `tux_lockfree`
[INFO] [stdout]  --> src/tls/mod.rs:26:5
[INFO] [stdout]   |
[INFO] [stdout] 4 | use tux_lockfree::tls::ThreadLocal;
[INFO] [stdout]   |     ^^^^^^^^^^^^ use of undeclared crate or module `tux_lockfree`
[INFO] [stdout] 
[INFO] [stdout] error: aborting due to 1 previous error
[INFO] [stdout] 
[INFO] [stdout] For more information about this error, try `rustc --explain E0433`.
[INFO] [stdout] Couldn't compile the test.
[INFO] [stdout] 
[INFO] [stdout] failures:
[INFO] [stdout]     src/incin.rs - incin::Incinerator (line 26)
[INFO] [stdout]     src/tls/mod.rs - tls::ThreadLocal (line 24)
[INFO] [stdout] 
[INFO] [stdout] test result: FAILED. 0 passed; 2 failed; 0 ignored; 0 measured; 0 filtered out; finished in 0.05s
[INFO] [stdout] 
[INFO] [stderr] error: doctest failed, to rerun pass `--doc`
[INFO] running `Command { std: "docker" "inspect" "514cb0e40a73577a450655fd0bf4d3bc2b0b05cc212cf33c1c20d8a9710dba7f", kill_on_drop: false }`
[INFO] running `Command { std: "docker" "rm" "-f" "514cb0e40a73577a450655fd0bf4d3bc2b0b05cc212cf33c1c20d8a9710dba7f", kill_on_drop: false }`
[INFO] [stdout] 514cb0e40a73577a450655fd0bf4d3bc2b0b05cc212cf33c1c20d8a9710dba7f
