[INFO] fetching crate locenv-macros 0.7.0...
[INFO] testing locenv-macros-0.7.0 against 1.75.0 for beta-1.76-1
[INFO] extracting crate locenv-macros 0.7.0 into /workspace/builds/worker-5-tc1/source
[INFO] validating manifest of crates.io crate locenv-macros 0.7.0 on toolchain 1.75.0
[INFO] running `Command { std: CARGO_HOME="/workspace/cargo-home" RUSTUP_HOME="/workspace/rustup-home" "/workspace/cargo-home/bin/cargo" "+1.75.0" "metadata" "--manifest-path" "Cargo.toml" "--no-deps", kill_on_drop: false }`
[INFO] started tweaking crates.io crate locenv-macros 0.7.0
[INFO] finished tweaking crates.io crate locenv-macros 0.7.0
[INFO] tweaked toml for crates.io crate locenv-macros 0.7.0 written to /workspace/builds/worker-5-tc1/source/Cargo.toml
[INFO] running `Command { std: CARGO_HOME="/workspace/cargo-home" RUSTUP_HOME="/workspace/rustup-home" "/workspace/cargo-home/bin/cargo" "+1.75.0" "generate-lockfile" "--manifest-path" "Cargo.toml", kill_on_drop: false }`
[INFO] [stderr]     Updating crates.io index
[INFO] running `Command { std: CARGO_HOME="/workspace/cargo-home" RUSTUP_HOME="/workspace/rustup-home" "/workspace/cargo-home/bin/cargo" "+1.75.0" "fetch" "--manifest-path" "Cargo.toml", kill_on_drop: false }`
[INFO] running `Command { std: "docker" "create" "-v" "/var/lib/crater-agent-workspace/builds/worker-5-tc1/target:/opt/rustwide/target:rw,Z" "-v" "/var/lib/crater-agent-workspace/builds/worker-5-tc1/source:/opt/rustwide/workdir:ro,Z" "-v" "/var/lib/crater-agent-workspace/cargo-home:/opt/rustwide/cargo-home:ro,Z" "-v" "/var/lib/crater-agent-workspace/rustup-home:/opt/rustwide/rustup-home:ro,Z" "-e" "SOURCE_DIR=/opt/rustwide/workdir" "-e" "CARGO_TARGET_DIR=/opt/rustwide/target" "-e" "CARGO_HOME=/opt/rustwide/cargo-home" "-e" "RUSTUP_HOME=/opt/rustwide/rustup-home" "-w" "/opt/rustwide/workdir" "-m" "1610612736" "--user" "0:0" "--network" "none" "ghcr.io/rust-lang/crates-build-env/linux@sha256:2788e3201cd34a07e3172128adcd8b3090168a8e3bcc40d7c032b9dda1df7d1c" "/opt/rustwide/cargo-home/bin/cargo" "+1.75.0" "metadata" "--no-deps" "--format-version=1", kill_on_drop: false }`
[INFO] [stdout] c364719b5e6aca6e5acbeab75c0b9d45796576a91ba3431867cf8e2971e0b8b3
[INFO] running `Command { std: "docker" "start" "-a" "c364719b5e6aca6e5acbeab75c0b9d45796576a91ba3431867cf8e2971e0b8b3", kill_on_drop: false }`
[INFO] running `Command { std: "docker" "inspect" "c364719b5e6aca6e5acbeab75c0b9d45796576a91ba3431867cf8e2971e0b8b3", kill_on_drop: false }`
[INFO] running `Command { std: "docker" "rm" "-f" "c364719b5e6aca6e5acbeab75c0b9d45796576a91ba3431867cf8e2971e0b8b3", kill_on_drop: false }`
[INFO] [stdout] c364719b5e6aca6e5acbeab75c0b9d45796576a91ba3431867cf8e2971e0b8b3
[INFO] running `Command { std: "docker" "create" "-v" "/var/lib/crater-agent-workspace/builds/worker-5-tc1/target:/opt/rustwide/target:rw,Z" "-v" "/var/lib/crater-agent-workspace/builds/worker-5-tc1/source:/opt/rustwide/workdir:ro,Z" "-v" "/var/lib/crater-agent-workspace/cargo-home:/opt/rustwide/cargo-home:ro,Z" "-v" "/var/lib/crater-agent-workspace/rustup-home:/opt/rustwide/rustup-home:ro,Z" "-e" "SOURCE_DIR=/opt/rustwide/workdir" "-e" "CARGO_TARGET_DIR=/opt/rustwide/target" "-e" "CARGO_INCREMENTAL=0" "-e" "RUST_BACKTRACE=full" "-e" "RUSTFLAGS=--cap-lints=warn" "-e" "RUSTDOCFLAGS=--cap-lints=warn" "-e" "CARGO_HOME=/opt/rustwide/cargo-home" "-e" "RUSTUP_HOME=/opt/rustwide/rustup-home" "-w" "/opt/rustwide/workdir" "-m" "1610612736" "--user" "0:0" "--network" "none" "ghcr.io/rust-lang/crates-build-env/linux@sha256:2788e3201cd34a07e3172128adcd8b3090168a8e3bcc40d7c032b9dda1df7d1c" "/opt/rustwide/cargo-home/bin/cargo" "+1.75.0" "build" "--frozen" "--message-format=json", kill_on_drop: false }`
[INFO] [stdout] 59e670a1a8ef5c72e4a931b34c9456a0a2c08ca1e1b6f34cda096cb886b188da
[INFO] running `Command { std: "docker" "start" "-a" "59e670a1a8ef5c72e4a931b34c9456a0a2c08ca1e1b6f34cda096cb886b188da", kill_on_drop: false }`
[INFO] [stderr]    Compiling proc-macro2 v1.0.75
[INFO] [stderr]    Compiling syn v1.0.109
[INFO] [stderr]    Compiling quote v1.0.35
[INFO] [stderr]    Compiling locenv-macros v0.7.0 (/opt/rustwide/workdir)
[INFO] [stderr]     Finished dev [unoptimized + debuginfo] target(s) in 3.44s
[INFO] running `Command { std: "docker" "inspect" "59e670a1a8ef5c72e4a931b34c9456a0a2c08ca1e1b6f34cda096cb886b188da", kill_on_drop: false }`
[INFO] running `Command { std: "docker" "rm" "-f" "59e670a1a8ef5c72e4a931b34c9456a0a2c08ca1e1b6f34cda096cb886b188da", kill_on_drop: false }`
[INFO] [stdout] 59e670a1a8ef5c72e4a931b34c9456a0a2c08ca1e1b6f34cda096cb886b188da
[INFO] running `Command { std: "docker" "create" "-v" "/var/lib/crater-agent-workspace/builds/worker-5-tc1/target:/opt/rustwide/target:rw,Z" "-v" "/var/lib/crater-agent-workspace/builds/worker-5-tc1/source:/opt/rustwide/workdir:ro,Z" "-v" "/var/lib/crater-agent-workspace/cargo-home:/opt/rustwide/cargo-home:ro,Z" "-v" "/var/lib/crater-agent-workspace/rustup-home:/opt/rustwide/rustup-home:ro,Z" "-e" "SOURCE_DIR=/opt/rustwide/workdir" "-e" "CARGO_TARGET_DIR=/opt/rustwide/target" "-e" "CARGO_INCREMENTAL=0" "-e" "RUST_BACKTRACE=full" "-e" "RUSTFLAGS=--cap-lints=warn" "-e" "RUSTDOCFLAGS=--cap-lints=warn" "-e" "CARGO_HOME=/opt/rustwide/cargo-home" "-e" "RUSTUP_HOME=/opt/rustwide/rustup-home" "-w" "/opt/rustwide/workdir" "-m" "1610612736" "--user" "0:0" "--network" "none" "ghcr.io/rust-lang/crates-build-env/linux@sha256:2788e3201cd34a07e3172128adcd8b3090168a8e3bcc40d7c032b9dda1df7d1c" "/opt/rustwide/cargo-home/bin/cargo" "+1.75.0" "test" "--frozen" "--no-run" "--message-format=json", kill_on_drop: false }`
[INFO] [stdout] bd05858c02ab445d8b3af654580c4f28d285bf68d5f8390353f15247398177ca
[INFO] running `Command { std: "docker" "start" "-a" "bd05858c02ab445d8b3af654580c4f28d285bf68d5f8390353f15247398177ca", kill_on_drop: false }`
[INFO] [stderr]    Compiling locenv-macros v0.7.0 (/opt/rustwide/workdir)
[INFO] [stderr]     Finished test [unoptimized + debuginfo] target(s) in 0.39s
[INFO] running `Command { std: "docker" "inspect" "bd05858c02ab445d8b3af654580c4f28d285bf68d5f8390353f15247398177ca", kill_on_drop: false }`
[INFO] running `Command { std: "docker" "rm" "-f" "bd05858c02ab445d8b3af654580c4f28d285bf68d5f8390353f15247398177ca", kill_on_drop: false }`
[INFO] [stdout] bd05858c02ab445d8b3af654580c4f28d285bf68d5f8390353f15247398177ca
[INFO] running `Command { std: "docker" "create" "-v" "/var/lib/crater-agent-workspace/builds/worker-5-tc1/target:/opt/rustwide/target:rw,Z" "-v" "/var/lib/crater-agent-workspace/builds/worker-5-tc1/source:/opt/rustwide/workdir:ro,Z" "-v" "/var/lib/crater-agent-workspace/cargo-home:/opt/rustwide/cargo-home:ro,Z" "-v" "/var/lib/crater-agent-workspace/rustup-home:/opt/rustwide/rustup-home:ro,Z" "-e" "SOURCE_DIR=/opt/rustwide/workdir" "-e" "CARGO_TARGET_DIR=/opt/rustwide/target" "-e" "CARGO_INCREMENTAL=0" "-e" "RUST_BACKTRACE=full" "-e" "RUSTFLAGS=--cap-lints=warn" "-e" "RUSTDOCFLAGS=--cap-lints=warn" "-e" "CARGO_HOME=/opt/rustwide/cargo-home" "-e" "RUSTUP_HOME=/opt/rustwide/rustup-home" "-w" "/opt/rustwide/workdir" "-m" "1610612736" "--user" "0:0" "--network" "none" "ghcr.io/rust-lang/crates-build-env/linux@sha256:2788e3201cd34a07e3172128adcd8b3090168a8e3bcc40d7c032b9dda1df7d1c" "/opt/rustwide/cargo-home/bin/cargo" "+1.75.0" "test" "--frozen", kill_on_drop: false }`
[INFO] [stdout] 74c23063ef78ecbc8fbfefc3be54923ba8c2b5e5264c04e339decc0bc28be20a
[INFO] running `Command { std: "docker" "start" "-a" "74c23063ef78ecbc8fbfefc3be54923ba8c2b5e5264c04e339decc0bc28be20a", kill_on_drop: false }`
[INFO] [stderr]     Finished test [unoptimized + debuginfo] target(s) in 0.00s
[INFO] [stderr]      Running unittests src/lib.rs (/opt/rustwide/target/debug/deps/locenv_macros-021c1729cb9559df)
[INFO] [stdout] 
[INFO] [stdout] running 0 tests
[INFO] [stdout] 
[INFO] [stdout] test result: ok. 0 passed; 0 failed; 0 ignored; 0 measured; 0 filtered out; finished in 0.00s
[INFO] [stdout] 
[INFO] [stderr]    Doc-tests locenv-macros
[INFO] [stdout] 
[INFO] [stdout] running 1 test
[INFO] [stdout] test src/lib.rs - loader (line 11) - compile ... FAILED
[INFO] [stdout] 
[INFO] [stdout] failures:
[INFO] [stdout] 
[INFO] [stdout] ---- src/lib.rs - loader (line 11) stdout ----
[INFO] [stdout] error[E0433]: failed to resolve: use of undeclared crate or module `locenv`
[INFO] [stdout]  --> src/lib.rs:13:5
[INFO] [stdout]   |
[INFO] [stdout] 5 | use locenv::api::LuaState;
[INFO] [stdout]   |     ^^^^^^ use of undeclared crate or module `locenv`
[INFO] [stdout] 
[INFO] [stdout] error[E0433]: failed to resolve: use of undeclared crate or module `locenv`
[INFO] [stdout]  --> src/lib.rs:17:1
[INFO] [stdout]   |
[INFO] [stdout] 9 | #[loader]
[INFO] [stdout]   | ^^^^^^^^^ use of undeclared crate or module `locenv`
[INFO] [stdout]   |
[INFO] [stdout]   = note: this error originates in the attribute macro `loader` (in Nightly builds, run with -Z macro-backtrace for more info)
[INFO] [stdout] 
[INFO] [stdout] error[E0433]: failed to resolve: use of undeclared crate or module `locenv`
[INFO] [stdout]  --> src/lib.rs:17:1
[INFO] [stdout]   |
[INFO] [stdout] 9 | #[loader]
[INFO] [stdout]   | ^^^^^^^^^ use of undeclared crate or module `locenv`
[INFO] [stdout]   |
[INFO] [stdout]   = note: this error originates in the attribute macro `loader` (in Nightly builds, run with -Z macro-backtrace for more info)
[INFO] [stdout] help: consider importing one of these items
[INFO] [stdout]   |
[INFO] [stdout] 2 + use core::task::Context;
[INFO] [stdout]   |
[INFO] [stdout] 2 + use std::task::Context;
[INFO] [stdout]   |
[INFO] [stdout] 
[INFO] [stdout] error[E0282]: type annotations needed
[INFO] [stdout]  --> src/lib.rs:17:1
[INFO] [stdout]   |
[INFO] [stdout] 9 | #[loader]
[INFO] [stdout]   | ^^^^^^^^^ cannot infer type
[INFO] [stdout]   |
[INFO] [stdout]   = note: this error originates in the attribute macro `loader` (in Nightly builds, run with -Z macro-backtrace for more info)
[INFO] [stdout] 
[INFO] [stdout] error: aborting due to 4 previous errors
[INFO] [stdout] 
[INFO] [stdout] Some errors have detailed explanations: E0282, E0433.
[INFO] [stdout] For more information about an error, try `rustc --explain E0282`.
[INFO] [stdout] Couldn't compile the test.
[INFO] [stdout] 
[INFO] [stdout] failures:
[INFO] [stdout]     src/lib.rs - loader (line 11)
[INFO] [stdout] 
[INFO] [stdout] test result: FAILED. 0 passed; 1 failed; 0 ignored; 0 measured; 0 filtered out; finished in 0.13s
[INFO] [stdout] 
[INFO] [stderr] error: doctest failed, to rerun pass `--doc`
[INFO] running `Command { std: "docker" "inspect" "74c23063ef78ecbc8fbfefc3be54923ba8c2b5e5264c04e339decc0bc28be20a", kill_on_drop: false }`
[INFO] running `Command { std: "docker" "rm" "-f" "74c23063ef78ecbc8fbfefc3be54923ba8c2b5e5264c04e339decc0bc28be20a", kill_on_drop: false }`
[INFO] [stdout] 74c23063ef78ecbc8fbfefc3be54923ba8c2b5e5264c04e339decc0bc28be20a
