[INFO] fetching crate localizer 0.3.5...
[INFO] testing localizer-0.3.5 against 1.75.0 for beta-1.76-1
[INFO] extracting crate localizer 0.3.5 into /workspace/builds/worker-7-tc1/source
[INFO] validating manifest of crates.io crate localizer 0.3.5 on toolchain 1.75.0
[INFO] running `Command { std: CARGO_HOME="/workspace/cargo-home" RUSTUP_HOME="/workspace/rustup-home" "/workspace/cargo-home/bin/cargo" "+1.75.0" "metadata" "--manifest-path" "Cargo.toml" "--no-deps", kill_on_drop: false }`
[INFO] started tweaking crates.io crate localizer 0.3.5
[INFO] finished tweaking crates.io crate localizer 0.3.5
[INFO] tweaked toml for crates.io crate localizer 0.3.5 written to /workspace/builds/worker-7-tc1/source/Cargo.toml
[INFO] crate crates.io crate localizer 0.3.5 already has a lockfile, it will not be regenerated
[INFO] running `Command { std: CARGO_HOME="/workspace/cargo-home" RUSTUP_HOME="/workspace/rustup-home" "/workspace/cargo-home/bin/cargo" "+1.75.0" "fetch" "--manifest-path" "Cargo.toml", kill_on_drop: false }`
[INFO] [stderr]  Downloading crates ...
[INFO] [stderr]   Downloaded spin v0.9.0
[INFO] running `Command { std: "docker" "create" "-v" "/var/lib/crater-agent-workspace/builds/worker-7-tc1/target:/opt/rustwide/target:rw,Z" "-v" "/var/lib/crater-agent-workspace/builds/worker-7-tc1/source:/opt/rustwide/workdir:ro,Z" "-v" "/var/lib/crater-agent-workspace/cargo-home:/opt/rustwide/cargo-home:ro,Z" "-v" "/var/lib/crater-agent-workspace/rustup-home:/opt/rustwide/rustup-home:ro,Z" "-e" "SOURCE_DIR=/opt/rustwide/workdir" "-e" "CARGO_TARGET_DIR=/opt/rustwide/target" "-e" "CARGO_HOME=/opt/rustwide/cargo-home" "-e" "RUSTUP_HOME=/opt/rustwide/rustup-home" "-w" "/opt/rustwide/workdir" "-m" "1610612736" "--user" "0:0" "--network" "none" "ghcr.io/rust-lang/crates-build-env/linux@sha256:2788e3201cd34a07e3172128adcd8b3090168a8e3bcc40d7c032b9dda1df7d1c" "/opt/rustwide/cargo-home/bin/cargo" "+1.75.0" "metadata" "--no-deps" "--format-version=1", kill_on_drop: false }`
[INFO] [stdout] 1717dc40af786c047ecc5adc21f89a98e48137850475f2df539064ef9e9fedd5
[INFO] running `Command { std: "docker" "start" "-a" "1717dc40af786c047ecc5adc21f89a98e48137850475f2df539064ef9e9fedd5", kill_on_drop: false }`
[INFO] running `Command { std: "docker" "inspect" "1717dc40af786c047ecc5adc21f89a98e48137850475f2df539064ef9e9fedd5", kill_on_drop: false }`
[INFO] running `Command { std: "docker" "rm" "-f" "1717dc40af786c047ecc5adc21f89a98e48137850475f2df539064ef9e9fedd5", kill_on_drop: false }`
[INFO] [stdout] 1717dc40af786c047ecc5adc21f89a98e48137850475f2df539064ef9e9fedd5
[INFO] running `Command { std: "docker" "create" "-v" "/var/lib/crater-agent-workspace/builds/worker-7-tc1/target:/opt/rustwide/target:rw,Z" "-v" "/var/lib/crater-agent-workspace/builds/worker-7-tc1/source:/opt/rustwide/workdir:ro,Z" "-v" "/var/lib/crater-agent-workspace/cargo-home:/opt/rustwide/cargo-home:ro,Z" "-v" "/var/lib/crater-agent-workspace/rustup-home:/opt/rustwide/rustup-home:ro,Z" "-e" "SOURCE_DIR=/opt/rustwide/workdir" "-e" "CARGO_TARGET_DIR=/opt/rustwide/target" "-e" "CARGO_INCREMENTAL=0" "-e" "RUST_BACKTRACE=full" "-e" "RUSTFLAGS=--cap-lints=warn" "-e" "RUSTDOCFLAGS=--cap-lints=warn" "-e" "CARGO_HOME=/opt/rustwide/cargo-home" "-e" "RUSTUP_HOME=/opt/rustwide/rustup-home" "-w" "/opt/rustwide/workdir" "-m" "1610612736" "--user" "0:0" "--network" "none" "ghcr.io/rust-lang/crates-build-env/linux@sha256:2788e3201cd34a07e3172128adcd8b3090168a8e3bcc40d7c032b9dda1df7d1c" "/opt/rustwide/cargo-home/bin/cargo" "+1.75.0" "build" "--frozen" "--message-format=json", kill_on_drop: false }`
[INFO] [stdout] 3dc24728f57dea3b9409b5920c24727ac167e52399b647bb17fc8377d2c4e929
[INFO] running `Command { std: "docker" "start" "-a" "3dc24728f57dea3b9409b5920c24727ac167e52399b647bb17fc8377d2c4e929", kill_on_drop: false }`
[INFO] [stderr]    Compiling proc-macro2 v1.0.24
[INFO] [stderr]    Compiling unicode-xid v0.2.1
[INFO] [stderr]    Compiling syn v1.0.64
[INFO] [stderr]    Compiling serde_derive v1.0.115
[INFO] [stderr]    Compiling serde v1.0.115
[INFO] [stderr]    Compiling ryu v1.0.5
[INFO] [stderr]    Compiling serde_json v1.0.64
[INFO] [stderr]    Compiling scopeguard v1.1.0
[INFO] [stderr]    Compiling lock_api v0.4.2
[INFO] [stderr]    Compiling itoa v0.4.7
[INFO] [stderr]    Compiling lazy_static v1.4.0
[INFO] [stderr]    Compiling spin v0.9.0
[INFO] [stderr]    Compiling quote v1.0.9
[INFO] [stderr]    Compiling toml v0.5.6
[INFO] [stderr]    Compiling localizer v0.3.5 (/opt/rustwide/workdir)
[INFO] [stderr]     Finished dev [unoptimized + debuginfo] target(s) in 9.99s
[INFO] running `Command { std: "docker" "inspect" "3dc24728f57dea3b9409b5920c24727ac167e52399b647bb17fc8377d2c4e929", kill_on_drop: false }`
[INFO] running `Command { std: "docker" "rm" "-f" "3dc24728f57dea3b9409b5920c24727ac167e52399b647bb17fc8377d2c4e929", kill_on_drop: false }`
[INFO] [stdout] 3dc24728f57dea3b9409b5920c24727ac167e52399b647bb17fc8377d2c4e929
[INFO] running `Command { std: "docker" "create" "-v" "/var/lib/crater-agent-workspace/builds/worker-7-tc1/target:/opt/rustwide/target:rw,Z" "-v" "/var/lib/crater-agent-workspace/builds/worker-7-tc1/source:/opt/rustwide/workdir:ro,Z" "-v" "/var/lib/crater-agent-workspace/cargo-home:/opt/rustwide/cargo-home:ro,Z" "-v" "/var/lib/crater-agent-workspace/rustup-home:/opt/rustwide/rustup-home:ro,Z" "-e" "SOURCE_DIR=/opt/rustwide/workdir" "-e" "CARGO_TARGET_DIR=/opt/rustwide/target" "-e" "CARGO_INCREMENTAL=0" "-e" "RUST_BACKTRACE=full" "-e" "RUSTFLAGS=--cap-lints=warn" "-e" "RUSTDOCFLAGS=--cap-lints=warn" "-e" "CARGO_HOME=/opt/rustwide/cargo-home" "-e" "RUSTUP_HOME=/opt/rustwide/rustup-home" "-w" "/opt/rustwide/workdir" "-m" "1610612736" "--user" "0:0" "--network" "none" "ghcr.io/rust-lang/crates-build-env/linux@sha256:2788e3201cd34a07e3172128adcd8b3090168a8e3bcc40d7c032b9dda1df7d1c" "/opt/rustwide/cargo-home/bin/cargo" "+1.75.0" "test" "--frozen" "--no-run" "--message-format=json", kill_on_drop: false }`
[INFO] [stdout] b3bc36f9c2a03b936d330583a1aedd34bbb3ed56bf9ae8ee3819d82ca44a23cb
[INFO] running `Command { std: "docker" "start" "-a" "b3bc36f9c2a03b936d330583a1aedd34bbb3ed56bf9ae8ee3819d82ca44a23cb", kill_on_drop: false }`
[INFO] [stderr]    Compiling localizer v0.3.5 (/opt/rustwide/workdir)
[INFO] [stderr]     Finished test [unoptimized + debuginfo] target(s) in 0.52s
[INFO] running `Command { std: "docker" "inspect" "b3bc36f9c2a03b936d330583a1aedd34bbb3ed56bf9ae8ee3819d82ca44a23cb", kill_on_drop: false }`
[INFO] running `Command { std: "docker" "rm" "-f" "b3bc36f9c2a03b936d330583a1aedd34bbb3ed56bf9ae8ee3819d82ca44a23cb", kill_on_drop: false }`
[INFO] [stdout] b3bc36f9c2a03b936d330583a1aedd34bbb3ed56bf9ae8ee3819d82ca44a23cb
[INFO] running `Command { std: "docker" "create" "-v" "/var/lib/crater-agent-workspace/builds/worker-7-tc1/target:/opt/rustwide/target:rw,Z" "-v" "/var/lib/crater-agent-workspace/builds/worker-7-tc1/source:/opt/rustwide/workdir:ro,Z" "-v" "/var/lib/crater-agent-workspace/cargo-home:/opt/rustwide/cargo-home:ro,Z" "-v" "/var/lib/crater-agent-workspace/rustup-home:/opt/rustwide/rustup-home:ro,Z" "-e" "SOURCE_DIR=/opt/rustwide/workdir" "-e" "CARGO_TARGET_DIR=/opt/rustwide/target" "-e" "CARGO_INCREMENTAL=0" "-e" "RUST_BACKTRACE=full" "-e" "RUSTFLAGS=--cap-lints=warn" "-e" "RUSTDOCFLAGS=--cap-lints=warn" "-e" "CARGO_HOME=/opt/rustwide/cargo-home" "-e" "RUSTUP_HOME=/opt/rustwide/rustup-home" "-w" "/opt/rustwide/workdir" "-m" "1610612736" "--user" "0:0" "--network" "none" "ghcr.io/rust-lang/crates-build-env/linux@sha256:2788e3201cd34a07e3172128adcd8b3090168a8e3bcc40d7c032b9dda1df7d1c" "/opt/rustwide/cargo-home/bin/cargo" "+1.75.0" "test" "--frozen", kill_on_drop: false }`
[INFO] [stdout] e1651e13bc8f5263b19edb42e33d13cb1f7307305b4eb1edac954576c82d7722
[INFO] running `Command { std: "docker" "start" "-a" "e1651e13bc8f5263b19edb42e33d13cb1f7307305b4eb1edac954576c82d7722", kill_on_drop: false }`
[INFO] [stderr]     Finished test [unoptimized + debuginfo] target(s) in 0.01s
[INFO] [stderr]      Running unittests src/lib.rs (/opt/rustwide/target/debug/deps/localizer-92178ebc8281aaee)
[INFO] [stdout] 
[INFO] [stdout] running 0 tests
[INFO] [stdout] 
[INFO] [stdout] test result: ok. 0 passed; 0 failed; 0 ignored; 0 measured; 0 filtered out; finished in 0.00s
[INFO] [stdout] 
[INFO] [stderr]    Doc-tests localizer
[INFO] [stdout] 
[INFO] [stdout] running 1 test
[INFO] [stdout] test src/lib.rs - (line 7) ... FAILED
[INFO] [stdout] 
[INFO] [stdout] failures:
[INFO] [stdout] 
[INFO] [stdout] ---- src/lib.rs - (line 7) stdout ----
[INFO] [stdout] error[E0599]: no method named `set_current_lang` found for mutable reference `&mut localizer::Localizer` in the current scope
[INFO] [stdout]   --> src/lib.rs:18:36
[INFO] [stdout]    |
[INFO] [stdout] 14 | localizer::change_localizer(&|x|{x.set_current_lang(Some("ru".to_string()));});
[INFO] [stdout]    |                                    ^^^^^^^^^^^^^^^^ method not found in `&mut Localizer`
[INFO] [stdout]    |
[INFO] [stdout] help: one of the expressions' fields has a method of the same name
[INFO] [stdout]    |
[INFO] [stdout] 14 | localizer::change_localizer(&|x|{x.properties.set_current_lang(Some("ru".to_string()));});
[INFO] [stdout]    |                                    +++++++++++
[INFO] [stdout] 
[INFO] [stdout] error[E0599]: no method named `file` found for struct `localizer::Localizer` in the current scope
[INFO] [stdout]   --> src/lib.rs:20:31
[INFO] [stdout]    |
[INFO] [stdout] 16 | let loc = Localizer::create().file(None).current_lang(Some("ru".to_string()));
[INFO] [stdout]    |                               ^^^^ method not found in `Localizer`
[INFO] [stdout] 
[INFO] [stdout] error: aborting due to 2 previous errors
[INFO] [stdout] 
[INFO] [stdout] For more information about this error, try `rustc --explain E0599`.
[INFO] [stdout] Couldn't compile the test.
[INFO] [stdout] 
[INFO] [stdout] failures:
[INFO] [stdout]     src/lib.rs - (line 7)
[INFO] [stdout] 
[INFO] [stdout] test result: FAILED. 0 passed; 1 failed; 0 ignored; 0 measured; 0 filtered out; finished in 0.05s
[INFO] [stdout] 
[INFO] [stderr] error: doctest failed, to rerun pass `--doc`
[INFO] running `Command { std: "docker" "inspect" "e1651e13bc8f5263b19edb42e33d13cb1f7307305b4eb1edac954576c82d7722", kill_on_drop: false }`
[INFO] running `Command { std: "docker" "rm" "-f" "e1651e13bc8f5263b19edb42e33d13cb1f7307305b4eb1edac954576c82d7722", kill_on_drop: false }`
[INFO] [stdout] e1651e13bc8f5263b19edb42e33d13cb1f7307305b4eb1edac954576c82d7722
[INFO] testing localizer-0.3.5 against beta-2023-12-22 for beta-1.76-1
[INFO] extracting crate localizer 0.3.5 into /workspace/builds/worker-7-tc2/source
[INFO] validating manifest of crates.io crate localizer 0.3.5 on toolchain beta-2023-12-22
[INFO] running `Command { std: CARGO_HOME="/workspace/cargo-home" RUSTUP_HOME="/workspace/rustup-home" "/workspace/cargo-home/bin/cargo" "+beta-2023-12-22" "metadata" "--manifest-path" "Cargo.toml" "--no-deps", kill_on_drop: false }`
[INFO] started tweaking crates.io crate localizer 0.3.5
[INFO] finished tweaking crates.io crate localizer 0.3.5
[INFO] tweaked toml for crates.io crate localizer 0.3.5 written to /workspace/builds/worker-7-tc2/source/Cargo.toml
[INFO] crate crates.io crate localizer 0.3.5 already has a lockfile, it will not be regenerated
[INFO] running `Command { std: CARGO_HOME="/workspace/cargo-home" RUSTUP_HOME="/workspace/rustup-home" "/workspace/cargo-home/bin/cargo" "+beta-2023-12-22" "fetch" "--manifest-path" "Cargo.toml", kill_on_drop: false }`
[INFO] running `Command { std: "docker" "create" "-v" "/var/lib/crater-agent-workspace/builds/worker-7-tc2/target:/opt/rustwide/target:rw,Z" "-v" "/var/lib/crater-agent-workspace/builds/worker-7-tc2/source:/opt/rustwide/workdir:ro,Z" "-v" "/var/lib/crater-agent-workspace/cargo-home:/opt/rustwide/cargo-home:ro,Z" "-v" "/var/lib/crater-agent-workspace/rustup-home:/opt/rustwide/rustup-home:ro,Z" "-e" "SOURCE_DIR=/opt/rustwide/workdir" "-e" "CARGO_TARGET_DIR=/opt/rustwide/target" "-e" "CARGO_HOME=/opt/rustwide/cargo-home" "-e" "RUSTUP_HOME=/opt/rustwide/rustup-home" "-w" "/opt/rustwide/workdir" "-m" "1610612736" "--user" "0:0" "--network" "none" "ghcr.io/rust-lang/crates-build-env/linux@sha256:2788e3201cd34a07e3172128adcd8b3090168a8e3bcc40d7c032b9dda1df7d1c" "/opt/rustwide/cargo-home/bin/cargo" "+beta-2023-12-22" "metadata" "--no-deps" "--format-version=1", kill_on_drop: false }`
[INFO] [stdout] e609e30815e6d8df321541d7ddfd82368f1af6e42d5b89b86ac19f1603c4d167
[INFO] running `Command { std: "docker" "start" "-a" "e609e30815e6d8df321541d7ddfd82368f1af6e42d5b89b86ac19f1603c4d167", kill_on_drop: false }`
[INFO] running `Command { std: "docker" "inspect" "e609e30815e6d8df321541d7ddfd82368f1af6e42d5b89b86ac19f1603c4d167", kill_on_drop: false }`
[INFO] running `Command { std: "docker" "rm" "-f" "e609e30815e6d8df321541d7ddfd82368f1af6e42d5b89b86ac19f1603c4d167", kill_on_drop: false }`
[INFO] [stdout] e609e30815e6d8df321541d7ddfd82368f1af6e42d5b89b86ac19f1603c4d167
[INFO] running `Command { std: "docker" "create" "-v" "/var/lib/crater-agent-workspace/builds/worker-7-tc2/target:/opt/rustwide/target:rw,Z" "-v" "/var/lib/crater-agent-workspace/builds/worker-7-tc2/source:/opt/rustwide/workdir:ro,Z" "-v" "/var/lib/crater-agent-workspace/cargo-home:/opt/rustwide/cargo-home:ro,Z" "-v" "/var/lib/crater-agent-workspace/rustup-home:/opt/rustwide/rustup-home:ro,Z" "-e" "SOURCE_DIR=/opt/rustwide/workdir" "-e" "CARGO_TARGET_DIR=/opt/rustwide/target" "-e" "CARGO_INCREMENTAL=0" "-e" "RUST_BACKTRACE=full" "-e" "RUSTFLAGS=--cap-lints=warn" "-e" "RUSTDOCFLAGS=--cap-lints=warn" "-e" "CARGO_HOME=/opt/rustwide/cargo-home" "-e" "RUSTUP_HOME=/opt/rustwide/rustup-home" "-w" "/opt/rustwide/workdir" "-m" "1610612736" "--user" "0:0" "--network" "none" "ghcr.io/rust-lang/crates-build-env/linux@sha256:2788e3201cd34a07e3172128adcd8b3090168a8e3bcc40d7c032b9dda1df7d1c" "/opt/rustwide/cargo-home/bin/cargo" "+beta-2023-12-22" "build" "--frozen" "--message-format=json", kill_on_drop: false }`
[INFO] [stdout] 59e4e2ba1efc4d7827f20fafeb688b3616808d21a9d153a1098abaaf0b2bc07a
[INFO] running `Command { std: "docker" "start" "-a" "59e4e2ba1efc4d7827f20fafeb688b3616808d21a9d153a1098abaaf0b2bc07a", kill_on_drop: false }`
[INFO] [stderr]    Compiling proc-macro2 v1.0.24
[INFO] [stderr]    Compiling unicode-xid v0.2.1
[INFO] [stderr]    Compiling syn v1.0.64
[INFO] [stderr]    Compiling serde_derive v1.0.115
[INFO] [stderr]    Compiling serde v1.0.115
[INFO] [stderr]    Compiling ryu v1.0.5
[INFO] [stderr]    Compiling scopeguard v1.1.0
[INFO] [stderr]    Compiling serde_json v1.0.64
[INFO] [stderr]    Compiling lock_api v0.4.2
[INFO] [stderr]    Compiling itoa v0.4.7
[INFO] [stderr]    Compiling lazy_static v1.4.0
[INFO] [stderr]    Compiling spin v0.9.0
[INFO] [stderr]    Compiling quote v1.0.9
[INFO] [stderr]    Compiling toml v0.5.6
[INFO] [stderr]    Compiling localizer v0.3.5 (/opt/rustwide/workdir)
[INFO] [stderr]     Finished dev [unoptimized + debuginfo] target(s) in 10.42s
[INFO] running `Command { std: "docker" "inspect" "59e4e2ba1efc4d7827f20fafeb688b3616808d21a9d153a1098abaaf0b2bc07a", kill_on_drop: false }`
[INFO] running `Command { std: "docker" "rm" "-f" "59e4e2ba1efc4d7827f20fafeb688b3616808d21a9d153a1098abaaf0b2bc07a", kill_on_drop: false }`
[INFO] [stdout] 59e4e2ba1efc4d7827f20fafeb688b3616808d21a9d153a1098abaaf0b2bc07a
[INFO] running `Command { std: "docker" "create" "-v" "/var/lib/crater-agent-workspace/builds/worker-7-tc2/target:/opt/rustwide/target:rw,Z" "-v" "/var/lib/crater-agent-workspace/builds/worker-7-tc2/source:/opt/rustwide/workdir:ro,Z" "-v" "/var/lib/crater-agent-workspace/cargo-home:/opt/rustwide/cargo-home:ro,Z" "-v" "/var/lib/crater-agent-workspace/rustup-home:/opt/rustwide/rustup-home:ro,Z" "-e" "SOURCE_DIR=/opt/rustwide/workdir" "-e" "CARGO_TARGET_DIR=/opt/rustwide/target" "-e" "CARGO_INCREMENTAL=0" "-e" "RUST_BACKTRACE=full" "-e" "RUSTFLAGS=--cap-lints=warn" "-e" "RUSTDOCFLAGS=--cap-lints=warn" "-e" "CARGO_HOME=/opt/rustwide/cargo-home" "-e" "RUSTUP_HOME=/opt/rustwide/rustup-home" "-w" "/opt/rustwide/workdir" "-m" "1610612736" "--user" "0:0" "--network" "none" "ghcr.io/rust-lang/crates-build-env/linux@sha256:2788e3201cd34a07e3172128adcd8b3090168a8e3bcc40d7c032b9dda1df7d1c" "/opt/rustwide/cargo-home/bin/cargo" "+beta-2023-12-22" "test" "--frozen" "--no-run" "--message-format=json", kill_on_drop: false }`
[INFO] [stdout] 7c9c986dbaa94a6ccc3565c0c50074fc0febd179e8ad044c3e85a77c1559a209
[INFO] running `Command { std: "docker" "start" "-a" "7c9c986dbaa94a6ccc3565c0c50074fc0febd179e8ad044c3e85a77c1559a209", kill_on_drop: false }`
[INFO] [stderr]    Compiling localizer v0.3.5 (/opt/rustwide/workdir)
[INFO] [stderr]     Finished test [unoptimized + debuginfo] target(s) in 0.75s
[INFO] running `Command { std: "docker" "inspect" "7c9c986dbaa94a6ccc3565c0c50074fc0febd179e8ad044c3e85a77c1559a209", kill_on_drop: false }`
[INFO] running `Command { std: "docker" "rm" "-f" "7c9c986dbaa94a6ccc3565c0c50074fc0febd179e8ad044c3e85a77c1559a209", kill_on_drop: false }`
[INFO] [stdout] 7c9c986dbaa94a6ccc3565c0c50074fc0febd179e8ad044c3e85a77c1559a209
[INFO] running `Command { std: "docker" "create" "-v" "/var/lib/crater-agent-workspace/builds/worker-7-tc2/target:/opt/rustwide/target:rw,Z" "-v" "/var/lib/crater-agent-workspace/builds/worker-7-tc2/source:/opt/rustwide/workdir:ro,Z" "-v" "/var/lib/crater-agent-workspace/cargo-home:/opt/rustwide/cargo-home:ro,Z" "-v" "/var/lib/crater-agent-workspace/rustup-home:/opt/rustwide/rustup-home:ro,Z" "-e" "SOURCE_DIR=/opt/rustwide/workdir" "-e" "CARGO_TARGET_DIR=/opt/rustwide/target" "-e" "CARGO_INCREMENTAL=0" "-e" "RUST_BACKTRACE=full" "-e" "RUSTFLAGS=--cap-lints=warn" "-e" "RUSTDOCFLAGS=--cap-lints=warn" "-e" "CARGO_HOME=/opt/rustwide/cargo-home" "-e" "RUSTUP_HOME=/opt/rustwide/rustup-home" "-w" "/opt/rustwide/workdir" "-m" "1610612736" "--user" "0:0" "--network" "none" "ghcr.io/rust-lang/crates-build-env/linux@sha256:2788e3201cd34a07e3172128adcd8b3090168a8e3bcc40d7c032b9dda1df7d1c" "/opt/rustwide/cargo-home/bin/cargo" "+beta-2023-12-22" "test" "--frozen", kill_on_drop: false }`
[INFO] [stdout] f716b0722dbeaa8f40d409576abeb50b9efa8264e4546493604550e491200224
[INFO] running `Command { std: "docker" "start" "-a" "f716b0722dbeaa8f40d409576abeb50b9efa8264e4546493604550e491200224", kill_on_drop: false }`
[INFO] [stderr]     Finished test [unoptimized + debuginfo] target(s) in 0.02s
[INFO] [stderr]      Running unittests src/lib.rs (/opt/rustwide/target/debug/deps/localizer-4cb1ade0ed8d69c0)
[INFO] [stdout] 
[INFO] [stdout] running 0 tests
[INFO] [stdout] 
[INFO] [stdout] test result: ok. 0 passed; 0 failed; 0 ignored; 0 measured; 0 filtered out; finished in 0.00s
[INFO] [stdout] 
[INFO] [stderr]    Doc-tests localizer
[INFO] [stdout] 
[INFO] [stdout] running 1 test
[INFO] [stdout] test src/lib.rs - (line 7) ... FAILED
[INFO] [stdout] 
[INFO] [stdout] failures:
[INFO] [stdout] 
[INFO] [stdout] ---- src/lib.rs - (line 7) stdout ----
[INFO] [stdout] error[E0599]: no method named `set_current_lang` found for mutable reference `&mut localizer::Localizer` in the current scope
[INFO] [stdout]   --> src/lib.rs:18:36
[INFO] [stdout]    |
[INFO] [stdout] 14 | localizer::change_localizer(&|x|{x.set_current_lang(Some("ru".to_string()));});
[INFO] [stdout]    |                                    ^^^^^^^^^^^^^^^^ method not found in `&mut Localizer`
[INFO] [stdout]    |
[INFO] [stdout] help: one of the expressions' fields has a method of the same name
[INFO] [stdout]    |
[INFO] [stdout] 14 | localizer::change_localizer(&|x|{x.properties.set_current_lang(Some("ru".to_string()));});
[INFO] [stdout]    |                                    +++++++++++
[INFO] [stdout] 
[INFO] [stdout] error[E0599]: no method named `file` found for struct `localizer::Localizer` in the current scope
[INFO] [stdout]   --> src/lib.rs:20:31
[INFO] [stdout]    |
[INFO] [stdout] 16 | let loc = Localizer::create().file(None).current_lang(Some("ru".to_string()));
[INFO] [stdout]    |                               ^^^^ method not found in `Localizer`
[INFO] [stdout] 
[INFO] [stdout] error: aborting due to 2 previous errors
[INFO] [stdout] 
[INFO] [stdout] For more information about this error, try `rustc --explain E0599`.
[INFO] [stdout] Couldn't compile the test.
[INFO] [stdout] 
[INFO] [stdout] failures:
[INFO] [stdout]     src/lib.rs - (line 7)
[INFO] [stdout] 
[INFO] [stdout] test result: FAILED. 0 passed; 1 failed; 0 ignored; 0 measured; 0 filtered out; finished in 0.07s
[INFO] [stdout] 
[INFO] [stderr] error: doctest failed, to rerun pass `--doc`
[INFO] running `Command { std: "docker" "inspect" "f716b0722dbeaa8f40d409576abeb50b9efa8264e4546493604550e491200224", kill_on_drop: false }`
[INFO] running `Command { std: "docker" "rm" "-f" "f716b0722dbeaa8f40d409576abeb50b9efa8264e4546493604550e491200224", kill_on_drop: false }`
[INFO] [stdout] f716b0722dbeaa8f40d409576abeb50b9efa8264e4546493604550e491200224
