[INFO] fetching crate localize 0.2.0...
[INFO] testing localize-0.2.0 against 1.75.0 for beta-1.76-1
[INFO] extracting crate localize 0.2.0 into /workspace/builds/worker-6-tc1/source
[INFO] validating manifest of crates.io crate localize 0.2.0 on toolchain 1.75.0
[INFO] running `Command { std: CARGO_HOME="/workspace/cargo-home" RUSTUP_HOME="/workspace/rustup-home" "/workspace/cargo-home/bin/cargo" "+1.75.0" "metadata" "--manifest-path" "Cargo.toml" "--no-deps", kill_on_drop: false }`
[INFO] started tweaking crates.io crate localize 0.2.0
[INFO] finished tweaking crates.io crate localize 0.2.0
[INFO] tweaked toml for crates.io crate localize 0.2.0 written to /workspace/builds/worker-6-tc1/source/Cargo.toml
[INFO] crate crates.io crate localize 0.2.0 already has a lockfile, it will not be regenerated
[INFO] running `Command { std: CARGO_HOME="/workspace/cargo-home" RUSTUP_HOME="/workspace/rustup-home" "/workspace/cargo-home/bin/cargo" "+1.75.0" "fetch" "--manifest-path" "Cargo.toml", kill_on_drop: false }`
[INFO] [stderr]  Downloading crates ...
[INFO] [stderr]   Downloaded quote v1.0.14
[INFO] [stderr]   Downloaded time-macros v0.2.3
[INFO] [stderr]   Downloaded serde v1.0.133
[INFO] [stderr]   Downloaded time v0.3.5
[INFO] [stderr]   Downloaded syn v1.0.84
[INFO] [stderr]   Downloaded serde_json v1.0.74
[INFO] running `Command { std: "docker" "create" "-v" "/var/lib/crater-agent-workspace/builds/worker-6-tc1/target:/opt/rustwide/target:rw,Z" "-v" "/var/lib/crater-agent-workspace/builds/worker-6-tc1/source:/opt/rustwide/workdir:ro,Z" "-v" "/var/lib/crater-agent-workspace/cargo-home:/opt/rustwide/cargo-home:ro,Z" "-v" "/var/lib/crater-agent-workspace/rustup-home:/opt/rustwide/rustup-home:ro,Z" "-e" "SOURCE_DIR=/opt/rustwide/workdir" "-e" "CARGO_TARGET_DIR=/opt/rustwide/target" "-e" "CARGO_HOME=/opt/rustwide/cargo-home" "-e" "RUSTUP_HOME=/opt/rustwide/rustup-home" "-w" "/opt/rustwide/workdir" "-m" "1610612736" "--user" "0:0" "--network" "none" "ghcr.io/rust-lang/crates-build-env/linux@sha256:2788e3201cd34a07e3172128adcd8b3090168a8e3bcc40d7c032b9dda1df7d1c" "/opt/rustwide/cargo-home/bin/cargo" "+1.75.0" "metadata" "--no-deps" "--format-version=1", kill_on_drop: false }`
[INFO] [stdout] 361dfdaa881baa374b1ee13b4ffecd7cb31501492b44ea95451334de9849841d
[INFO] running `Command { std: "docker" "start" "-a" "361dfdaa881baa374b1ee13b4ffecd7cb31501492b44ea95451334de9849841d", kill_on_drop: false }`
[INFO] running `Command { std: "docker" "inspect" "361dfdaa881baa374b1ee13b4ffecd7cb31501492b44ea95451334de9849841d", kill_on_drop: false }`
[INFO] running `Command { std: "docker" "rm" "-f" "361dfdaa881baa374b1ee13b4ffecd7cb31501492b44ea95451334de9849841d", kill_on_drop: false }`
[INFO] [stdout] 361dfdaa881baa374b1ee13b4ffecd7cb31501492b44ea95451334de9849841d
[INFO] running `Command { std: "docker" "create" "-v" "/var/lib/crater-agent-workspace/builds/worker-6-tc1/target:/opt/rustwide/target:rw,Z" "-v" "/var/lib/crater-agent-workspace/builds/worker-6-tc1/source:/opt/rustwide/workdir:ro,Z" "-v" "/var/lib/crater-agent-workspace/cargo-home:/opt/rustwide/cargo-home:ro,Z" "-v" "/var/lib/crater-agent-workspace/rustup-home:/opt/rustwide/rustup-home:ro,Z" "-e" "SOURCE_DIR=/opt/rustwide/workdir" "-e" "CARGO_TARGET_DIR=/opt/rustwide/target" "-e" "CARGO_INCREMENTAL=0" "-e" "RUST_BACKTRACE=full" "-e" "RUSTFLAGS=--cap-lints=warn" "-e" "RUSTDOCFLAGS=--cap-lints=warn" "-e" "CARGO_HOME=/opt/rustwide/cargo-home" "-e" "RUSTUP_HOME=/opt/rustwide/rustup-home" "-w" "/opt/rustwide/workdir" "-m" "1610612736" "--user" "0:0" "--network" "none" "ghcr.io/rust-lang/crates-build-env/linux@sha256:2788e3201cd34a07e3172128adcd8b3090168a8e3bcc40d7c032b9dda1df7d1c" "/opt/rustwide/cargo-home/bin/cargo" "+1.75.0" "build" "--frozen" "--message-format=json", kill_on_drop: false }`
[INFO] [stdout] 0116e0e59cab84100e8de57fef187e697187d50fa1ccdc0037fd99e9a162c7a4
[INFO] running `Command { std: "docker" "start" "-a" "0116e0e59cab84100e8de57fef187e697187d50fa1ccdc0037fd99e9a162c7a4", kill_on_drop: false }`
[INFO] [stderr]    Compiling proc-macro2 v1.0.36
[INFO] [stderr]    Compiling unicode-xid v0.2.2
[INFO] [stderr]    Compiling syn v1.0.84
[INFO] [stderr]    Compiling serde v1.0.133
[INFO] [stderr]    Compiling log v0.4.14
[INFO] [stderr]    Compiling serde_json v1.0.74
[INFO] [stderr]    Compiling itoa v1.0.1
[INFO] [stderr]    Compiling ryu v1.0.9
[INFO] [stderr]    Compiling same-file v1.0.6
[INFO] [stderr]    Compiling walkdir v2.3.2
[INFO] [stderr]    Compiling quote v1.0.14
[INFO] [stderr]    Compiling thiserror-impl v1.0.30
[INFO] [stderr]    Compiling thiserror v1.0.30
[INFO] [stderr]    Compiling localize v0.2.0 (/opt/rustwide/workdir)
[INFO] [stderr]     Finished dev [unoptimized + debuginfo] target(s) in 6.96s
[INFO] running `Command { std: "docker" "inspect" "0116e0e59cab84100e8de57fef187e697187d50fa1ccdc0037fd99e9a162c7a4", kill_on_drop: false }`
[INFO] running `Command { std: "docker" "rm" "-f" "0116e0e59cab84100e8de57fef187e697187d50fa1ccdc0037fd99e9a162c7a4", kill_on_drop: false }`
[INFO] [stdout] 0116e0e59cab84100e8de57fef187e697187d50fa1ccdc0037fd99e9a162c7a4
[INFO] running `Command { std: "docker" "create" "-v" "/var/lib/crater-agent-workspace/builds/worker-6-tc1/target:/opt/rustwide/target:rw,Z" "-v" "/var/lib/crater-agent-workspace/builds/worker-6-tc1/source:/opt/rustwide/workdir:ro,Z" "-v" "/var/lib/crater-agent-workspace/cargo-home:/opt/rustwide/cargo-home:ro,Z" "-v" "/var/lib/crater-agent-workspace/rustup-home:/opt/rustwide/rustup-home:ro,Z" "-e" "SOURCE_DIR=/opt/rustwide/workdir" "-e" "CARGO_TARGET_DIR=/opt/rustwide/target" "-e" "CARGO_INCREMENTAL=0" "-e" "RUST_BACKTRACE=full" "-e" "RUSTFLAGS=--cap-lints=warn" "-e" "RUSTDOCFLAGS=--cap-lints=warn" "-e" "CARGO_HOME=/opt/rustwide/cargo-home" "-e" "RUSTUP_HOME=/opt/rustwide/rustup-home" "-w" "/opt/rustwide/workdir" "-m" "1610612736" "--user" "0:0" "--network" "none" "ghcr.io/rust-lang/crates-build-env/linux@sha256:2788e3201cd34a07e3172128adcd8b3090168a8e3bcc40d7c032b9dda1df7d1c" "/opt/rustwide/cargo-home/bin/cargo" "+1.75.0" "test" "--frozen" "--no-run" "--message-format=json", kill_on_drop: false }`
[INFO] [stdout] d40880da44ede5c00ad8275269907a6bc97039376ff6e7d55557410109d3b6cb
[INFO] running `Command { std: "docker" "start" "-a" "d40880da44ede5c00ad8275269907a6bc97039376ff6e7d55557410109d3b6cb", kill_on_drop: false }`
[INFO] [stderr]    Compiling libc v0.2.112
[INFO] [stderr]    Compiling log v0.4.14
[INFO] [stderr]    Compiling time-macros v0.2.3
[INFO] [stderr]    Compiling itoa v0.4.8
[INFO] [stderr]    Compiling localize v0.2.0 (/opt/rustwide/workdir)
[INFO] [stderr]    Compiling atty v0.2.14
[INFO] [stderr]    Compiling colored v1.9.3
[INFO] [stderr]    Compiling time v0.3.5
[INFO] [stderr]    Compiling simple_logger v1.16.0
[INFO] [stderr]     Finished test [unoptimized + debuginfo] target(s) in 3.72s
[INFO] running `Command { std: "docker" "inspect" "d40880da44ede5c00ad8275269907a6bc97039376ff6e7d55557410109d3b6cb", kill_on_drop: false }`
[INFO] running `Command { std: "docker" "rm" "-f" "d40880da44ede5c00ad8275269907a6bc97039376ff6e7d55557410109d3b6cb", kill_on_drop: false }`
[INFO] [stdout] d40880da44ede5c00ad8275269907a6bc97039376ff6e7d55557410109d3b6cb
[INFO] running `Command { std: "docker" "create" "-v" "/var/lib/crater-agent-workspace/builds/worker-6-tc1/target:/opt/rustwide/target:rw,Z" "-v" "/var/lib/crater-agent-workspace/builds/worker-6-tc1/source:/opt/rustwide/workdir:ro,Z" "-v" "/var/lib/crater-agent-workspace/cargo-home:/opt/rustwide/cargo-home:ro,Z" "-v" "/var/lib/crater-agent-workspace/rustup-home:/opt/rustwide/rustup-home:ro,Z" "-e" "SOURCE_DIR=/opt/rustwide/workdir" "-e" "CARGO_TARGET_DIR=/opt/rustwide/target" "-e" "CARGO_INCREMENTAL=0" "-e" "RUST_BACKTRACE=full" "-e" "RUSTFLAGS=--cap-lints=warn" "-e" "RUSTDOCFLAGS=--cap-lints=warn" "-e" "CARGO_HOME=/opt/rustwide/cargo-home" "-e" "RUSTUP_HOME=/opt/rustwide/rustup-home" "-w" "/opt/rustwide/workdir" "-m" "1610612736" "--user" "0:0" "--network" "none" "ghcr.io/rust-lang/crates-build-env/linux@sha256:2788e3201cd34a07e3172128adcd8b3090168a8e3bcc40d7c032b9dda1df7d1c" "/opt/rustwide/cargo-home/bin/cargo" "+1.75.0" "test" "--frozen", kill_on_drop: false }`
[INFO] [stdout] 86f4512a85103e79470745c464d0ab3d9a2c605afbde46ad442b04c09edfd6d2
[INFO] running `Command { std: "docker" "start" "-a" "86f4512a85103e79470745c464d0ab3d9a2c605afbde46ad442b04c09edfd6d2", kill_on_drop: false }`
[INFO] [stderr]     Finished test [unoptimized + debuginfo] target(s) in 0.02s
[INFO] [stderr]      Running unittests src/lib.rs (/opt/rustwide/target/debug/deps/localize-d13cb7ac9072a9e4)
[INFO] [stdout] 
[INFO] [stdout] running 0 tests
[INFO] [stdout] 
[INFO] [stdout] test result: ok. 0 passed; 0 failed; 0 ignored; 0 measured; 0 filtered out; finished in 0.00s
[INFO] [stdout] 
[INFO] [stderr]    Doc-tests localize
[INFO] [stdout] 
[INFO] [stdout] running 1 test
[INFO] [stdout] test src/lib.rs - (line 16) ... FAILED
[INFO] [stdout] 
[INFO] [stdout] failures:
[INFO] [stdout] 
[INFO] [stdout] ---- src/lib.rs - (line 16) stdout ----
[INFO] [stdout] error[E0433]: failed to resolve: use of undeclared type `Localizer`
[INFO] [stdout]   --> src/lib.rs:25:17
[INFO] [stdout]    |
[INFO] [stdout] 12 | let localizer = Localizer::new("locales/").precache_all().debug(true);
[INFO] [stdout]    |                 ^^^^^^^^^ use of undeclared type `Localizer`
[INFO] [stdout]    |
[INFO] [stdout] help: consider importing this struct
[INFO] [stdout]    |
[INFO] [stdout] 3  + use localize::Localizer;
[INFO] [stdout]    |
[INFO] [stdout] 
[INFO] [stdout] error: aborting due to previous error
[INFO] [stdout] 
[INFO] [stdout] For more information about this error, try `rustc --explain E0433`.
[INFO] [stdout] Couldn't compile the test.
[INFO] [stdout] 
[INFO] [stdout] failures:
[INFO] [stdout]     src/lib.rs - (line 16)
[INFO] [stdout] 
[INFO] [stdout] test result: FAILED. 0 passed; 1 failed; 0 ignored; 0 measured; 0 filtered out; finished in 0.05s
[INFO] [stdout] 
[INFO] [stderr] error: doctest failed, to rerun pass `--doc`
[INFO] running `Command { std: "docker" "inspect" "86f4512a85103e79470745c464d0ab3d9a2c605afbde46ad442b04c09edfd6d2", kill_on_drop: false }`
[INFO] running `Command { std: "docker" "rm" "-f" "86f4512a85103e79470745c464d0ab3d9a2c605afbde46ad442b04c09edfd6d2", kill_on_drop: false }`
[INFO] [stdout] 86f4512a85103e79470745c464d0ab3d9a2c605afbde46ad442b04c09edfd6d2
[INFO] testing localize-0.2.0 against beta-2023-12-22 for beta-1.76-1
[INFO] extracting crate localize 0.2.0 into /workspace/builds/worker-6-tc2/source
[INFO] validating manifest of crates.io crate localize 0.2.0 on toolchain beta-2023-12-22
[INFO] running `Command { std: CARGO_HOME="/workspace/cargo-home" RUSTUP_HOME="/workspace/rustup-home" "/workspace/cargo-home/bin/cargo" "+beta-2023-12-22" "metadata" "--manifest-path" "Cargo.toml" "--no-deps", kill_on_drop: false }`
[INFO] started tweaking crates.io crate localize 0.2.0
[INFO] finished tweaking crates.io crate localize 0.2.0
[INFO] tweaked toml for crates.io crate localize 0.2.0 written to /workspace/builds/worker-6-tc2/source/Cargo.toml
[INFO] crate crates.io crate localize 0.2.0 already has a lockfile, it will not be regenerated
[INFO] running `Command { std: CARGO_HOME="/workspace/cargo-home" RUSTUP_HOME="/workspace/rustup-home" "/workspace/cargo-home/bin/cargo" "+beta-2023-12-22" "fetch" "--manifest-path" "Cargo.toml", kill_on_drop: false }`
[INFO] [stderr]     Blocking waiting for file lock on package cache
[INFO] running `Command { std: "docker" "create" "-v" "/var/lib/crater-agent-workspace/builds/worker-6-tc2/target:/opt/rustwide/target:rw,Z" "-v" "/var/lib/crater-agent-workspace/builds/worker-6-tc2/source:/opt/rustwide/workdir:ro,Z" "-v" "/var/lib/crater-agent-workspace/cargo-home:/opt/rustwide/cargo-home:ro,Z" "-v" "/var/lib/crater-agent-workspace/rustup-home:/opt/rustwide/rustup-home:ro,Z" "-e" "SOURCE_DIR=/opt/rustwide/workdir" "-e" "CARGO_TARGET_DIR=/opt/rustwide/target" "-e" "CARGO_HOME=/opt/rustwide/cargo-home" "-e" "RUSTUP_HOME=/opt/rustwide/rustup-home" "-w" "/opt/rustwide/workdir" "-m" "1610612736" "--user" "0:0" "--network" "none" "ghcr.io/rust-lang/crates-build-env/linux@sha256:2788e3201cd34a07e3172128adcd8b3090168a8e3bcc40d7c032b9dda1df7d1c" "/opt/rustwide/cargo-home/bin/cargo" "+beta-2023-12-22" "metadata" "--no-deps" "--format-version=1", kill_on_drop: false }`
[INFO] [stdout] 82b9bbdeec69fd7ad8384cb59fb2fbb69834dae7241c1add507c4aeeb945cbef
[INFO] running `Command { std: "docker" "start" "-a" "82b9bbdeec69fd7ad8384cb59fb2fbb69834dae7241c1add507c4aeeb945cbef", kill_on_drop: false }`
[INFO] running `Command { std: "docker" "inspect" "82b9bbdeec69fd7ad8384cb59fb2fbb69834dae7241c1add507c4aeeb945cbef", kill_on_drop: false }`
[INFO] running `Command { std: "docker" "rm" "-f" "82b9bbdeec69fd7ad8384cb59fb2fbb69834dae7241c1add507c4aeeb945cbef", kill_on_drop: false }`
[INFO] [stdout] 82b9bbdeec69fd7ad8384cb59fb2fbb69834dae7241c1add507c4aeeb945cbef
[INFO] running `Command { std: "docker" "create" "-v" "/var/lib/crater-agent-workspace/builds/worker-6-tc2/target:/opt/rustwide/target:rw,Z" "-v" "/var/lib/crater-agent-workspace/builds/worker-6-tc2/source:/opt/rustwide/workdir:ro,Z" "-v" "/var/lib/crater-agent-workspace/cargo-home:/opt/rustwide/cargo-home:ro,Z" "-v" "/var/lib/crater-agent-workspace/rustup-home:/opt/rustwide/rustup-home:ro,Z" "-e" "SOURCE_DIR=/opt/rustwide/workdir" "-e" "CARGO_TARGET_DIR=/opt/rustwide/target" "-e" "CARGO_INCREMENTAL=0" "-e" "RUST_BACKTRACE=full" "-e" "RUSTFLAGS=--cap-lints=warn" "-e" "RUSTDOCFLAGS=--cap-lints=warn" "-e" "CARGO_HOME=/opt/rustwide/cargo-home" "-e" "RUSTUP_HOME=/opt/rustwide/rustup-home" "-w" "/opt/rustwide/workdir" "-m" "1610612736" "--user" "0:0" "--network" "none" "ghcr.io/rust-lang/crates-build-env/linux@sha256:2788e3201cd34a07e3172128adcd8b3090168a8e3bcc40d7c032b9dda1df7d1c" "/opt/rustwide/cargo-home/bin/cargo" "+beta-2023-12-22" "build" "--frozen" "--message-format=json", kill_on_drop: false }`
[INFO] [stdout] 0dee8a550011e0e3fb094a96b9e6d607f00a0eea652362eabac3c608c4ce60d9
[INFO] running `Command { std: "docker" "start" "-a" "0dee8a550011e0e3fb094a96b9e6d607f00a0eea652362eabac3c608c4ce60d9", kill_on_drop: false }`
[INFO] [stderr]    Compiling proc-macro2 v1.0.36
[INFO] [stderr]    Compiling unicode-xid v0.2.2
[INFO] [stderr]    Compiling syn v1.0.84
[INFO] [stderr]    Compiling serde v1.0.133
[INFO] [stderr]    Compiling log v0.4.14
[INFO] [stderr]    Compiling serde_json v1.0.74
[INFO] [stderr]    Compiling same-file v1.0.6
[INFO] [stderr]    Compiling ryu v1.0.9
[INFO] [stderr]    Compiling itoa v1.0.1
[INFO] [stderr]    Compiling walkdir v2.3.2
[INFO] [stderr]    Compiling quote v1.0.14
[INFO] [stderr]    Compiling thiserror-impl v1.0.30
[INFO] [stderr]    Compiling thiserror v1.0.30
[INFO] [stderr]    Compiling localize v0.2.0 (/opt/rustwide/workdir)
[INFO] [stderr]     Finished dev [unoptimized + debuginfo] target(s) in 7.28s
[INFO] running `Command { std: "docker" "inspect" "0dee8a550011e0e3fb094a96b9e6d607f00a0eea652362eabac3c608c4ce60d9", kill_on_drop: false }`
[INFO] running `Command { std: "docker" "rm" "-f" "0dee8a550011e0e3fb094a96b9e6d607f00a0eea652362eabac3c608c4ce60d9", kill_on_drop: false }`
[INFO] [stdout] 0dee8a550011e0e3fb094a96b9e6d607f00a0eea652362eabac3c608c4ce60d9
[INFO] running `Command { std: "docker" "create" "-v" "/var/lib/crater-agent-workspace/builds/worker-6-tc2/target:/opt/rustwide/target:rw,Z" "-v" "/var/lib/crater-agent-workspace/builds/worker-6-tc2/source:/opt/rustwide/workdir:ro,Z" "-v" "/var/lib/crater-agent-workspace/cargo-home:/opt/rustwide/cargo-home:ro,Z" "-v" "/var/lib/crater-agent-workspace/rustup-home:/opt/rustwide/rustup-home:ro,Z" "-e" "SOURCE_DIR=/opt/rustwide/workdir" "-e" "CARGO_TARGET_DIR=/opt/rustwide/target" "-e" "CARGO_INCREMENTAL=0" "-e" "RUST_BACKTRACE=full" "-e" "RUSTFLAGS=--cap-lints=warn" "-e" "RUSTDOCFLAGS=--cap-lints=warn" "-e" "CARGO_HOME=/opt/rustwide/cargo-home" "-e" "RUSTUP_HOME=/opt/rustwide/rustup-home" "-w" "/opt/rustwide/workdir" "-m" "1610612736" "--user" "0:0" "--network" "none" "ghcr.io/rust-lang/crates-build-env/linux@sha256:2788e3201cd34a07e3172128adcd8b3090168a8e3bcc40d7c032b9dda1df7d1c" "/opt/rustwide/cargo-home/bin/cargo" "+beta-2023-12-22" "test" "--frozen" "--no-run" "--message-format=json", kill_on_drop: false }`
[INFO] [stdout] ec8de6dc7533cbc97522b4f1fb7694257b1dd5bbee813c0a82ee89a13e942b48
[INFO] running `Command { std: "docker" "start" "-a" "ec8de6dc7533cbc97522b4f1fb7694257b1dd5bbee813c0a82ee89a13e942b48", kill_on_drop: false }`
[INFO] [stderr]    Compiling libc v0.2.112
[INFO] [stderr]    Compiling log v0.4.14
[INFO] [stderr]    Compiling itoa v0.4.8
[INFO] [stderr]    Compiling time-macros v0.2.3
[INFO] [stderr]    Compiling localize v0.2.0 (/opt/rustwide/workdir)
[INFO] [stderr]    Compiling atty v0.2.14
[INFO] [stderr]    Compiling colored v1.9.3
[INFO] [stderr]    Compiling time v0.3.5
[INFO] [stderr]    Compiling simple_logger v1.16.0
[INFO] [stderr]     Finished test [unoptimized + debuginfo] target(s) in 4.05s
[INFO] running `Command { std: "docker" "inspect" "ec8de6dc7533cbc97522b4f1fb7694257b1dd5bbee813c0a82ee89a13e942b48", kill_on_drop: false }`
[INFO] running `Command { std: "docker" "rm" "-f" "ec8de6dc7533cbc97522b4f1fb7694257b1dd5bbee813c0a82ee89a13e942b48", kill_on_drop: false }`
[INFO] [stdout] ec8de6dc7533cbc97522b4f1fb7694257b1dd5bbee813c0a82ee89a13e942b48
[INFO] running `Command { std: "docker" "create" "-v" "/var/lib/crater-agent-workspace/builds/worker-6-tc2/target:/opt/rustwide/target:rw,Z" "-v" "/var/lib/crater-agent-workspace/builds/worker-6-tc2/source:/opt/rustwide/workdir:ro,Z" "-v" "/var/lib/crater-agent-workspace/cargo-home:/opt/rustwide/cargo-home:ro,Z" "-v" "/var/lib/crater-agent-workspace/rustup-home:/opt/rustwide/rustup-home:ro,Z" "-e" "SOURCE_DIR=/opt/rustwide/workdir" "-e" "CARGO_TARGET_DIR=/opt/rustwide/target" "-e" "CARGO_INCREMENTAL=0" "-e" "RUST_BACKTRACE=full" "-e" "RUSTFLAGS=--cap-lints=warn" "-e" "RUSTDOCFLAGS=--cap-lints=warn" "-e" "CARGO_HOME=/opt/rustwide/cargo-home" "-e" "RUSTUP_HOME=/opt/rustwide/rustup-home" "-w" "/opt/rustwide/workdir" "-m" "1610612736" "--user" "0:0" "--network" "none" "ghcr.io/rust-lang/crates-build-env/linux@sha256:2788e3201cd34a07e3172128adcd8b3090168a8e3bcc40d7c032b9dda1df7d1c" "/opt/rustwide/cargo-home/bin/cargo" "+beta-2023-12-22" "test" "--frozen", kill_on_drop: false }`
[INFO] [stdout] 7892ce98ef6fca8947d0b5b2fefc1a5de2a3889a951fb9091d54caf5ab945181
[INFO] running `Command { std: "docker" "start" "-a" "7892ce98ef6fca8947d0b5b2fefc1a5de2a3889a951fb9091d54caf5ab945181", kill_on_drop: false }`
[INFO] [stderr]     Finished test [unoptimized + debuginfo] target(s) in 0.04s
[INFO] [stdout] 
[INFO] [stderr]      Running unittests src/lib.rs (/opt/rustwide/target/debug/deps/localize-dbc6c584a6907c0b)
[INFO] [stdout] running 0 tests
[INFO] [stdout] 
[INFO] [stdout] test result: ok. 0 passed; 0 failed; 0 ignored; 0 measured; 0 filtered out; finished in 0.00s
[INFO] [stdout] 
[INFO] [stderr]    Doc-tests localize
[INFO] [stdout] 
[INFO] [stdout] running 1 test
[INFO] [stdout] test src/lib.rs - (line 16) ... FAILED
[INFO] [stdout] 
[INFO] [stdout] failures:
[INFO] [stdout] 
[INFO] [stdout] ---- src/lib.rs - (line 16) stdout ----
[INFO] [stdout] error[E0433]: failed to resolve: use of undeclared type `Localizer`
[INFO] [stdout]   --> src/lib.rs:25:17
[INFO] [stdout]    |
[INFO] [stdout] 12 | let localizer = Localizer::new("locales/").precache_all().debug(true);
[INFO] [stdout]    |                 ^^^^^^^^^ use of undeclared type `Localizer`
[INFO] [stdout]    |
[INFO] [stdout] help: consider importing this struct
[INFO] [stdout]    |
[INFO] [stdout] 3  + use localize::Localizer;
[INFO] [stdout]    |
[INFO] [stdout] 
[INFO] [stdout] error: aborting due to 1 previous error
[INFO] [stdout] 
[INFO] [stdout] For more information about this error, try `rustc --explain E0433`.
[INFO] [stdout] Couldn't compile the test.
[INFO] [stdout] 
[INFO] [stdout] failures:
[INFO] [stdout]     src/lib.rs - (line 16)
[INFO] [stdout] 
[INFO] [stdout] test result: FAILED. 0 passed; 1 failed; 0 ignored; 0 measured; 0 filtered out; finished in 0.11s
[INFO] [stdout] 
[INFO] [stderr] error: doctest failed, to rerun pass `--doc`
[INFO] running `Command { std: "docker" "inspect" "7892ce98ef6fca8947d0b5b2fefc1a5de2a3889a951fb9091d54caf5ab945181", kill_on_drop: false }`
[INFO] running `Command { std: "docker" "rm" "-f" "7892ce98ef6fca8947d0b5b2fefc1a5de2a3889a951fb9091d54caf5ab945181", kill_on_drop: false }`
[INFO] [stdout] 7892ce98ef6fca8947d0b5b2fefc1a5de2a3889a951fb9091d54caf5ab945181
