[INFO] fetching crate lobsterchat 0.4.2...
[INFO] testing lobsterchat-0.4.2 against 1.75.0 for beta-1.76-1
[INFO] extracting crate lobsterchat 0.4.2 into /workspace/builds/worker-7-tc1/source
[INFO] validating manifest of crates.io crate lobsterchat 0.4.2 on toolchain 1.75.0
[INFO] running `Command { std: CARGO_HOME="/workspace/cargo-home" RUSTUP_HOME="/workspace/rustup-home" "/workspace/cargo-home/bin/cargo" "+1.75.0" "metadata" "--manifest-path" "Cargo.toml" "--no-deps", kill_on_drop: false }`
[INFO] started tweaking crates.io crate lobsterchat 0.4.2
[INFO] finished tweaking crates.io crate lobsterchat 0.4.2
[INFO] tweaked toml for crates.io crate lobsterchat 0.4.2 written to /workspace/builds/worker-7-tc1/source/Cargo.toml
[INFO] running `Command { std: CARGO_HOME="/workspace/cargo-home" RUSTUP_HOME="/workspace/rustup-home" "/workspace/cargo-home/bin/cargo" "+1.75.0" "generate-lockfile" "--manifest-path" "Cargo.toml", kill_on_drop: false }`
[INFO] [stderr]     Updating crates.io index
[INFO] running `Command { std: CARGO_HOME="/workspace/cargo-home" RUSTUP_HOME="/workspace/rustup-home" "/workspace/cargo-home/bin/cargo" "+1.75.0" "fetch" "--manifest-path" "Cargo.toml", kill_on_drop: false }`
[INFO] running `Command { std: "docker" "create" "-v" "/var/lib/crater-agent-workspace/builds/worker-7-tc1/target:/opt/rustwide/target:rw,Z" "-v" "/var/lib/crater-agent-workspace/builds/worker-7-tc1/source:/opt/rustwide/workdir:ro,Z" "-v" "/var/lib/crater-agent-workspace/cargo-home:/opt/rustwide/cargo-home:ro,Z" "-v" "/var/lib/crater-agent-workspace/rustup-home:/opt/rustwide/rustup-home:ro,Z" "-e" "SOURCE_DIR=/opt/rustwide/workdir" "-e" "CARGO_TARGET_DIR=/opt/rustwide/target" "-e" "CARGO_HOME=/opt/rustwide/cargo-home" "-e" "RUSTUP_HOME=/opt/rustwide/rustup-home" "-w" "/opt/rustwide/workdir" "-m" "1610612736" "--user" "0:0" "--network" "none" "ghcr.io/rust-lang/crates-build-env/linux@sha256:2788e3201cd34a07e3172128adcd8b3090168a8e3bcc40d7c032b9dda1df7d1c" "/opt/rustwide/cargo-home/bin/cargo" "+1.75.0" "metadata" "--no-deps" "--format-version=1", kill_on_drop: false }`
[INFO] [stdout] 96746a6b7fb0f17490a8652bd443dc2b7d030d3aac1223d081658c7ca5c48687
[INFO] running `Command { std: "docker" "start" "-a" "96746a6b7fb0f17490a8652bd443dc2b7d030d3aac1223d081658c7ca5c48687", kill_on_drop: false }`
[INFO] running `Command { std: "docker" "inspect" "96746a6b7fb0f17490a8652bd443dc2b7d030d3aac1223d081658c7ca5c48687", kill_on_drop: false }`
[INFO] running `Command { std: "docker" "rm" "-f" "96746a6b7fb0f17490a8652bd443dc2b7d030d3aac1223d081658c7ca5c48687", kill_on_drop: false }`
[INFO] [stdout] 96746a6b7fb0f17490a8652bd443dc2b7d030d3aac1223d081658c7ca5c48687
[INFO] running `Command { std: "docker" "create" "-v" "/var/lib/crater-agent-workspace/builds/worker-7-tc1/target:/opt/rustwide/target:rw,Z" "-v" "/var/lib/crater-agent-workspace/builds/worker-7-tc1/source:/opt/rustwide/workdir:ro,Z" "-v" "/var/lib/crater-agent-workspace/cargo-home:/opt/rustwide/cargo-home:ro,Z" "-v" "/var/lib/crater-agent-workspace/rustup-home:/opt/rustwide/rustup-home:ro,Z" "-e" "SOURCE_DIR=/opt/rustwide/workdir" "-e" "CARGO_TARGET_DIR=/opt/rustwide/target" "-e" "CARGO_INCREMENTAL=0" "-e" "RUST_BACKTRACE=full" "-e" "RUSTFLAGS=--cap-lints=warn" "-e" "RUSTDOCFLAGS=--cap-lints=warn" "-e" "CARGO_HOME=/opt/rustwide/cargo-home" "-e" "RUSTUP_HOME=/opt/rustwide/rustup-home" "-w" "/opt/rustwide/workdir" "-m" "1610612736" "--user" "0:0" "--network" "none" "ghcr.io/rust-lang/crates-build-env/linux@sha256:2788e3201cd34a07e3172128adcd8b3090168a8e3bcc40d7c032b9dda1df7d1c" "/opt/rustwide/cargo-home/bin/cargo" "+1.75.0" "build" "--frozen" "--message-format=json", kill_on_drop: false }`
[INFO] [stdout] 54ba5d929b45e3fabef8ca642c38560fac8bcef6b79db5fbb0bc45bee01421e4
[INFO] running `Command { std: "docker" "start" "-a" "54ba5d929b45e3fabef8ca642c38560fac8bcef6b79db5fbb0bc45bee01421e4", kill_on_drop: false }`
[INFO] [stderr]    Compiling fnv v1.0.7
[INFO] [stderr]    Compiling ident_case v1.0.1
[INFO] [stderr]    Compiling serde v1.0.194
[INFO] [stderr]    Compiling strsim v0.10.0
[INFO] [stderr]    Compiling syn v1.0.109
[INFO] [stderr]    Compiling regex-syntax v0.6.29
[INFO] [stderr]    Compiling anyhow v1.0.79
[INFO] [stderr]    Compiling syn v2.0.48
[INFO] [stderr]    Compiling beef v0.5.2
[INFO] [stderr]    Compiling serde_json v1.0.111
[INFO] [stderr]    Compiling itoa v1.0.10
[INFO] [stderr]    Compiling ryu v1.0.16
[INFO] [stderr]    Compiling darling_core v0.20.3
[INFO] [stderr]    Compiling logos-derive v0.12.1
[INFO] [stderr]    Compiling serde_derive v1.0.194
[INFO] [stderr]    Compiling darling_macro v0.20.3
[INFO] [stderr]    Compiling logos v0.12.1
[INFO] [stderr]    Compiling darling v0.20.3
[INFO] [stderr]    Compiling serde_with_macros v2.3.3
[INFO] [stderr]    Compiling uuid v1.6.1
[INFO] [stderr]    Compiling serde_with v2.3.3
[INFO] [stderr]    Compiling lobsterchat v0.4.2 (/opt/rustwide/workdir)
[INFO] [stderr]     Finished dev [unoptimized + debuginfo] target(s) in 18.16s
[INFO] running `Command { std: "docker" "inspect" "54ba5d929b45e3fabef8ca642c38560fac8bcef6b79db5fbb0bc45bee01421e4", kill_on_drop: false }`
[INFO] running `Command { std: "docker" "rm" "-f" "54ba5d929b45e3fabef8ca642c38560fac8bcef6b79db5fbb0bc45bee01421e4", kill_on_drop: false }`
[INFO] [stdout] 54ba5d929b45e3fabef8ca642c38560fac8bcef6b79db5fbb0bc45bee01421e4
[INFO] running `Command { std: "docker" "create" "-v" "/var/lib/crater-agent-workspace/builds/worker-7-tc1/target:/opt/rustwide/target:rw,Z" "-v" "/var/lib/crater-agent-workspace/builds/worker-7-tc1/source:/opt/rustwide/workdir:ro,Z" "-v" "/var/lib/crater-agent-workspace/cargo-home:/opt/rustwide/cargo-home:ro,Z" "-v" "/var/lib/crater-agent-workspace/rustup-home:/opt/rustwide/rustup-home:ro,Z" "-e" "SOURCE_DIR=/opt/rustwide/workdir" "-e" "CARGO_TARGET_DIR=/opt/rustwide/target" "-e" "CARGO_INCREMENTAL=0" "-e" "RUST_BACKTRACE=full" "-e" "RUSTFLAGS=--cap-lints=warn" "-e" "RUSTDOCFLAGS=--cap-lints=warn" "-e" "CARGO_HOME=/opt/rustwide/cargo-home" "-e" "RUSTUP_HOME=/opt/rustwide/rustup-home" "-w" "/opt/rustwide/workdir" "-m" "1610612736" "--user" "0:0" "--network" "none" "ghcr.io/rust-lang/crates-build-env/linux@sha256:2788e3201cd34a07e3172128adcd8b3090168a8e3bcc40d7c032b9dda1df7d1c" "/opt/rustwide/cargo-home/bin/cargo" "+1.75.0" "test" "--frozen" "--no-run" "--message-format=json", kill_on_drop: false }`
[INFO] [stdout] 1a8b68007af0183944dedd85352710b00f8b3f1c14eb90314a35e9024ec05db3
[INFO] running `Command { std: "docker" "start" "-a" "1a8b68007af0183944dedd85352710b00f8b3f1c14eb90314a35e9024ec05db3", kill_on_drop: false }`
[INFO] [stderr]    Compiling lobsterchat v0.4.2 (/opt/rustwide/workdir)
[INFO] [stderr]     Finished test [unoptimized + debuginfo] target(s) in 1.71s
[INFO] running `Command { std: "docker" "inspect" "1a8b68007af0183944dedd85352710b00f8b3f1c14eb90314a35e9024ec05db3", kill_on_drop: false }`
[INFO] running `Command { std: "docker" "rm" "-f" "1a8b68007af0183944dedd85352710b00f8b3f1c14eb90314a35e9024ec05db3", kill_on_drop: false }`
[INFO] [stdout] 1a8b68007af0183944dedd85352710b00f8b3f1c14eb90314a35e9024ec05db3
[INFO] running `Command { std: "docker" "create" "-v" "/var/lib/crater-agent-workspace/builds/worker-7-tc1/target:/opt/rustwide/target:rw,Z" "-v" "/var/lib/crater-agent-workspace/builds/worker-7-tc1/source:/opt/rustwide/workdir:ro,Z" "-v" "/var/lib/crater-agent-workspace/cargo-home:/opt/rustwide/cargo-home:ro,Z" "-v" "/var/lib/crater-agent-workspace/rustup-home:/opt/rustwide/rustup-home:ro,Z" "-e" "SOURCE_DIR=/opt/rustwide/workdir" "-e" "CARGO_TARGET_DIR=/opt/rustwide/target" "-e" "CARGO_INCREMENTAL=0" "-e" "RUST_BACKTRACE=full" "-e" "RUSTFLAGS=--cap-lints=warn" "-e" "RUSTDOCFLAGS=--cap-lints=warn" "-e" "CARGO_HOME=/opt/rustwide/cargo-home" "-e" "RUSTUP_HOME=/opt/rustwide/rustup-home" "-w" "/opt/rustwide/workdir" "-m" "1610612736" "--user" "0:0" "--network" "none" "ghcr.io/rust-lang/crates-build-env/linux@sha256:2788e3201cd34a07e3172128adcd8b3090168a8e3bcc40d7c032b9dda1df7d1c" "/opt/rustwide/cargo-home/bin/cargo" "+1.75.0" "test" "--frozen", kill_on_drop: false }`
[INFO] [stdout] 71ba63ae1cdda73b4cdfb82daf44caf6c37930f0966a97e0caf886520ad475e3
[INFO] running `Command { std: "docker" "start" "-a" "71ba63ae1cdda73b4cdfb82daf44caf6c37930f0966a97e0caf886520ad475e3", kill_on_drop: false }`
[INFO] [stderr]     Finished test [unoptimized + debuginfo] target(s) in 0.04s
[INFO] [stderr]      Running unittests src/lib.rs (/opt/rustwide/target/debug/deps/lobsterchat-ca23e2345dc56a38)
[INFO] [stdout] 
[INFO] [stdout] running 5 tests
[INFO] [stdout] test tests::test_lexer ... ok
[INFO] [stdout] test tests::test_placeholders ... ok
[INFO] [stdout] test tests::test_parser ... ok
[INFO] [stdout] test tests::test_flattening ... ok
[INFO] [stdout] test tests::test_components ... ok
[INFO] [stdout] 
[INFO] [stdout] test result: ok. 5 passed; 0 failed; 0 ignored; 0 measured; 0 filtered out; finished in 0.01s
[INFO] [stdout] 
[INFO] [stderr]    Doc-tests lobsterchat
[INFO] [stdout] 
[INFO] [stdout] running 2 tests
[INFO] [stdout] test src/lib.rs - (line 32) ... FAILED
[INFO] [stderr] error: doctest failed, to rerun pass `--doc`
[INFO] [stdout] test src/lib.rs - (line 9) ... FAILED
[INFO] [stdout] 
[INFO] [stdout] failures:
[INFO] [stdout] 
[INFO] [stdout] ---- src/lib.rs - (line 32) stdout ----
[INFO] [stdout] error: expected `;`, found `}`
[INFO] [stdout]   --> src/lib.rs:49:7
[INFO] [stdout]    |
[INFO] [stdout] 20 |     ])
[INFO] [stdout]    |       ^ help: add `;` here
[INFO] [stdout] 21 | } _doctest_main_src_lib_rs_32_0() }
[INFO] [stdout]    | - unexpected token
[INFO] [stdout] 
[INFO] [stdout] error[E0599]: no function or associated item named `translatable` found for struct `lobsterchat::component::Component` in the current scope
[INFO] [stdout]    --> src/lib.rs:47:24
[INFO] [stdout]     |
[INFO] [stdout] 18  |             Component::translatable("translated.text.key")
[INFO] [stdout]     |                        ^^^^^^^^^^^^
[INFO] [stdout]     |                        |
[INFO] [stdout]     |                        function or associated item not found in `Component`
[INFO] [stdout]     |                        help: there is an associated function with a similar name: `translate`
[INFO] [stdout]     |
[INFO] [stdout] note: if you're trying to build a new `lobsterchat::component::Component` consider using one of the following associated functions:
[INFO] [stdout]       lobsterchat::component::Component::text
[INFO] [stdout]       lobsterchat::component::Component::translate
[INFO] [stdout]       lobsterchat::component::Component::score
[INFO] [stdout]       lobsterchat::component::Component::entity
[INFO] [stdout]       and 3 others
[INFO] [stdout]    --> /opt/rustwide/workdir/src/component.rs:251:5
[INFO] [stdout]     |
[INFO] [stdout] 251 | /     pub fn text<S>(msg: S) -> Self
[INFO] [stdout] 252 | |     where
[INFO] [stdout] 253 | |         S: Into<String>,
[INFO] [stdout]     | |________________________^
[INFO] [stdout] ...
[INFO] [stdout] 261 | /     pub fn translate<S, C>(msg: S, placeholders: Option<Vec<C>>) -> Self
[INFO] [stdout] 262 | |     where
[INFO] [stdout] 263 | |         S: Into<String>,
[INFO] [stdout] 264 | |         C: AsComponent,
[INFO] [stdout]     | |_______________________^
[INFO] [stdout] ...
[INFO] [stdout] 279 | /     pub fn score<S>(name: S, objective: S, placeholder: Option<S>) -> Self
[INFO] [stdout] 280 | |     where
[INFO] [stdout] 281 | |         S: Into<String>,
[INFO] [stdout]     | |________________________^
[INFO] [stdout] ...
[INFO] [stdout] 295 | /     pub fn entity<S, C>(selector: S, separator: Option<C>) -> Self
[INFO] [stdout] 296 | |     where
[INFO] [stdout] 297 | |         S: Into<String>,
[INFO] [stdout] 298 | |         C: AsComponent,
[INFO] [stdout]     | |_______________________^
[INFO] [stdout] 
[INFO] [stdout] error: aborting due to 2 previous errors
[INFO] [stdout] 
[INFO] [stdout] For more information about this error, try `rustc --explain E0599`.
[INFO] [stdout] Couldn't compile the test.
[INFO] [stdout] ---- src/lib.rs - (line 9) stdout ----
[INFO] [stdout] error[E0599]: no function or associated item named `translatable` found for struct `lobsterchat::component::Component` in the current scope
[INFO] [stdout]    --> src/lib.rs:17:36
[INFO] [stdout]     |
[INFO] [stdout] 11  |                         Component::translatable("my.translation.key")
[INFO] [stdout]     |                                    ^^^^^^^^^^^^
[INFO] [stdout]     |                                    |
[INFO] [stdout]     |                                    function or associated item not found in `Component`
[INFO] [stdout]     |                                    help: there is an associated function with a similar name: `translate`
[INFO] [stdout]     |
[INFO] [stdout] note: if you're trying to build a new `lobsterchat::component::Component` consider using one of the following associated functions:
[INFO] [stdout]       lobsterchat::component::Component::text
[INFO] [stdout]       lobsterchat::component::Component::translate
[INFO] [stdout]       lobsterchat::component::Component::score
[INFO] [stdout]       lobsterchat::component::Component::entity
[INFO] [stdout]       and 3 others
[INFO] [stdout]    --> /opt/rustwide/workdir/src/component.rs:251:5
[INFO] [stdout]     |
[INFO] [stdout] 251 | /     pub fn text<S>(msg: S) -> Self
[INFO] [stdout] 252 | |     where
[INFO] [stdout] 253 | |         S: Into<String>,
[INFO] [stdout]     | |________________________^
[INFO] [stdout] ...
[INFO] [stdout] 261 | /     pub fn translate<S, C>(msg: S, placeholders: Option<Vec<C>>) -> Self
[INFO] [stdout] 262 | |     where
[INFO] [stdout] 263 | |         S: Into<String>,
[INFO] [stdout] 264 | |         C: AsComponent,
[INFO] [stdout]     | |_______________________^
[INFO] [stdout] ...
[INFO] [stdout] 279 | /     pub fn score<S>(name: S, objective: S, placeholder: Option<S>) -> Self
[INFO] [stdout] 280 | |     where
[INFO] [stdout] 281 | |         S: Into<String>,
[INFO] [stdout]     | |________________________^
[INFO] [stdout] ...
[INFO] [stdout] 295 | /     pub fn entity<S, C>(selector: S, separator: Option<C>) -> Self
[INFO] [stdout] 296 | |     where
[INFO] [stdout] 297 | |         S: Into<String>,
[INFO] [stdout] 298 | |         C: AsComponent,
[INFO] [stdout]     | |_______________________^
[INFO] [stdout] 
[INFO] [stdout] error[E0533]: expected value, found struct variant `HoverEvent::ShowText`
[INFO] [stdout]   --> src/lib.rs:19:38
[INFO] [stdout]    |
[INFO] [stdout] 13 |                         .hover_event(HoverEvent::ShowText(Component::text("Click for surprise!")))
[INFO] [stdout]    |                                      ^^^^^^^^^^^^^^^^^^^^ not a value
[INFO] [stdout] 
[INFO] [stdout] error: aborting due to 2 previous errors
[INFO] [stdout] 
[INFO] [stdout] Some errors have detailed explanations: E0533, E0599.
[INFO] [stdout] For more information about an error, try `rustc --explain E0533`.
[INFO] [stdout] Couldn't compile the test.
[INFO] [stdout] 
[INFO] [stdout] failures:
[INFO] [stdout]     src/lib.rs - (line 32)
[INFO] [stdout]     src/lib.rs - (line 9)
[INFO] [stdout] 
[INFO] [stdout] test result: FAILED. 0 passed; 2 failed; 0 ignored; 0 measured; 0 filtered out; finished in 0.15s
[INFO] [stdout] 
[INFO] running `Command { std: "docker" "inspect" "71ba63ae1cdda73b4cdfb82daf44caf6c37930f0966a97e0caf886520ad475e3", kill_on_drop: false }`
[INFO] running `Command { std: "docker" "rm" "-f" "71ba63ae1cdda73b4cdfb82daf44caf6c37930f0966a97e0caf886520ad475e3", kill_on_drop: false }`
[INFO] [stdout] 71ba63ae1cdda73b4cdfb82daf44caf6c37930f0966a97e0caf886520ad475e3
[INFO] testing lobsterchat-0.4.2 against beta-2023-12-22 for beta-1.76-1
[INFO] extracting crate lobsterchat 0.4.2 into /workspace/builds/worker-7-tc2/source
[INFO] validating manifest of crates.io crate lobsterchat 0.4.2 on toolchain beta-2023-12-22
[INFO] running `Command { std: CARGO_HOME="/workspace/cargo-home" RUSTUP_HOME="/workspace/rustup-home" "/workspace/cargo-home/bin/cargo" "+beta-2023-12-22" "metadata" "--manifest-path" "Cargo.toml" "--no-deps", kill_on_drop: false }`
[INFO] started tweaking crates.io crate lobsterchat 0.4.2
[INFO] finished tweaking crates.io crate lobsterchat 0.4.2
[INFO] tweaked toml for crates.io crate lobsterchat 0.4.2 written to /workspace/builds/worker-7-tc2/source/Cargo.toml
[INFO] running `Command { std: CARGO_HOME="/workspace/cargo-home" RUSTUP_HOME="/workspace/rustup-home" "/workspace/cargo-home/bin/cargo" "+beta-2023-12-22" "generate-lockfile" "--manifest-path" "Cargo.toml", kill_on_drop: false }`
[INFO] [stderr]     Updating crates.io index
[INFO] running `Command { std: CARGO_HOME="/workspace/cargo-home" RUSTUP_HOME="/workspace/rustup-home" "/workspace/cargo-home/bin/cargo" "+beta-2023-12-22" "fetch" "--manifest-path" "Cargo.toml", kill_on_drop: false }`
[INFO] running `Command { std: "docker" "create" "-v" "/var/lib/crater-agent-workspace/builds/worker-7-tc2/target:/opt/rustwide/target:rw,Z" "-v" "/var/lib/crater-agent-workspace/builds/worker-7-tc2/source:/opt/rustwide/workdir:ro,Z" "-v" "/var/lib/crater-agent-workspace/cargo-home:/opt/rustwide/cargo-home:ro,Z" "-v" "/var/lib/crater-agent-workspace/rustup-home:/opt/rustwide/rustup-home:ro,Z" "-e" "SOURCE_DIR=/opt/rustwide/workdir" "-e" "CARGO_TARGET_DIR=/opt/rustwide/target" "-e" "CARGO_HOME=/opt/rustwide/cargo-home" "-e" "RUSTUP_HOME=/opt/rustwide/rustup-home" "-w" "/opt/rustwide/workdir" "-m" "1610612736" "--user" "0:0" "--network" "none" "ghcr.io/rust-lang/crates-build-env/linux@sha256:2788e3201cd34a07e3172128adcd8b3090168a8e3bcc40d7c032b9dda1df7d1c" "/opt/rustwide/cargo-home/bin/cargo" "+beta-2023-12-22" "metadata" "--no-deps" "--format-version=1", kill_on_drop: false }`
[INFO] [stdout] fab050edd6e2c78af9589d7e4f22000477b27e35d1fcfa6f2a38af4033fda25c
[INFO] running `Command { std: "docker" "start" "-a" "fab050edd6e2c78af9589d7e4f22000477b27e35d1fcfa6f2a38af4033fda25c", kill_on_drop: false }`
[INFO] running `Command { std: "docker" "inspect" "fab050edd6e2c78af9589d7e4f22000477b27e35d1fcfa6f2a38af4033fda25c", kill_on_drop: false }`
[INFO] running `Command { std: "docker" "rm" "-f" "fab050edd6e2c78af9589d7e4f22000477b27e35d1fcfa6f2a38af4033fda25c", kill_on_drop: false }`
[INFO] [stdout] fab050edd6e2c78af9589d7e4f22000477b27e35d1fcfa6f2a38af4033fda25c
[INFO] running `Command { std: "docker" "create" "-v" "/var/lib/crater-agent-workspace/builds/worker-7-tc2/target:/opt/rustwide/target:rw,Z" "-v" "/var/lib/crater-agent-workspace/builds/worker-7-tc2/source:/opt/rustwide/workdir:ro,Z" "-v" "/var/lib/crater-agent-workspace/cargo-home:/opt/rustwide/cargo-home:ro,Z" "-v" "/var/lib/crater-agent-workspace/rustup-home:/opt/rustwide/rustup-home:ro,Z" "-e" "SOURCE_DIR=/opt/rustwide/workdir" "-e" "CARGO_TARGET_DIR=/opt/rustwide/target" "-e" "CARGO_INCREMENTAL=0" "-e" "RUST_BACKTRACE=full" "-e" "RUSTFLAGS=--cap-lints=warn" "-e" "RUSTDOCFLAGS=--cap-lints=warn" "-e" "CARGO_HOME=/opt/rustwide/cargo-home" "-e" "RUSTUP_HOME=/opt/rustwide/rustup-home" "-w" "/opt/rustwide/workdir" "-m" "1610612736" "--user" "0:0" "--network" "none" "ghcr.io/rust-lang/crates-build-env/linux@sha256:2788e3201cd34a07e3172128adcd8b3090168a8e3bcc40d7c032b9dda1df7d1c" "/opt/rustwide/cargo-home/bin/cargo" "+beta-2023-12-22" "build" "--frozen" "--message-format=json", kill_on_drop: false }`
[INFO] [stdout] cf14b3f027867db40278422a9f80338a603eed77d3fc51410acbee1ee4608050
[INFO] running `Command { std: "docker" "start" "-a" "cf14b3f027867db40278422a9f80338a603eed77d3fc51410acbee1ee4608050", kill_on_drop: false }`
[INFO] [stderr]    Compiling fnv v1.0.7
[INFO] [stderr]    Compiling serde v1.0.194
[INFO] [stderr]    Compiling ident_case v1.0.1
[INFO] [stderr]    Compiling strsim v0.10.0
[INFO] [stderr]    Compiling syn v1.0.109
[INFO] [stderr]    Compiling serde_json v1.0.111
[INFO] [stderr]    Compiling anyhow v1.0.79
[INFO] [stderr]    Compiling syn v2.0.48
[INFO] [stderr]    Compiling beef v0.5.2
[INFO] [stderr]    Compiling regex-syntax v0.6.29
[INFO] [stderr]    Compiling itoa v1.0.10
[INFO] [stderr]    Compiling ryu v1.0.16
[INFO] [stderr]    Compiling darling_core v0.20.3
[INFO] [stderr]    Compiling logos-derive v0.12.1
[INFO] [stderr]    Compiling serde_derive v1.0.194
[INFO] [stderr]    Compiling logos v0.12.1
[INFO] [stderr]    Compiling darling_macro v0.20.3
[INFO] [stderr]    Compiling darling v0.20.3
[INFO] [stderr]    Compiling serde_with_macros v2.3.3
[INFO] [stderr]    Compiling uuid v1.6.1
[INFO] [stderr]    Compiling serde_with v2.3.3
[INFO] [stderr]    Compiling lobsterchat v0.4.2 (/opt/rustwide/workdir)
[INFO] [stderr]     Finished dev [unoptimized + debuginfo] target(s) in 19.11s
[INFO] running `Command { std: "docker" "inspect" "cf14b3f027867db40278422a9f80338a603eed77d3fc51410acbee1ee4608050", kill_on_drop: false }`
[INFO] running `Command { std: "docker" "rm" "-f" "cf14b3f027867db40278422a9f80338a603eed77d3fc51410acbee1ee4608050", kill_on_drop: false }`
[INFO] [stdout] cf14b3f027867db40278422a9f80338a603eed77d3fc51410acbee1ee4608050
[INFO] running `Command { std: "docker" "create" "-v" "/var/lib/crater-agent-workspace/builds/worker-7-tc2/target:/opt/rustwide/target:rw,Z" "-v" "/var/lib/crater-agent-workspace/builds/worker-7-tc2/source:/opt/rustwide/workdir:ro,Z" "-v" "/var/lib/crater-agent-workspace/cargo-home:/opt/rustwide/cargo-home:ro,Z" "-v" "/var/lib/crater-agent-workspace/rustup-home:/opt/rustwide/rustup-home:ro,Z" "-e" "SOURCE_DIR=/opt/rustwide/workdir" "-e" "CARGO_TARGET_DIR=/opt/rustwide/target" "-e" "CARGO_INCREMENTAL=0" "-e" "RUST_BACKTRACE=full" "-e" "RUSTFLAGS=--cap-lints=warn" "-e" "RUSTDOCFLAGS=--cap-lints=warn" "-e" "CARGO_HOME=/opt/rustwide/cargo-home" "-e" "RUSTUP_HOME=/opt/rustwide/rustup-home" "-w" "/opt/rustwide/workdir" "-m" "1610612736" "--user" "0:0" "--network" "none" "ghcr.io/rust-lang/crates-build-env/linux@sha256:2788e3201cd34a07e3172128adcd8b3090168a8e3bcc40d7c032b9dda1df7d1c" "/opt/rustwide/cargo-home/bin/cargo" "+beta-2023-12-22" "test" "--frozen" "--no-run" "--message-format=json", kill_on_drop: false }`
[INFO] [stdout] 108ccf041d98429e543825435d5b6af67ee41b01782f873faba5457c9a877fee
[INFO] running `Command { std: "docker" "start" "-a" "108ccf041d98429e543825435d5b6af67ee41b01782f873faba5457c9a877fee", kill_on_drop: false }`
[INFO] [stderr]    Compiling lobsterchat v0.4.2 (/opt/rustwide/workdir)
[INFO] [stderr]     Finished test [unoptimized + debuginfo] target(s) in 1.85s
[INFO] running `Command { std: "docker" "inspect" "108ccf041d98429e543825435d5b6af67ee41b01782f873faba5457c9a877fee", kill_on_drop: false }`
[INFO] running `Command { std: "docker" "rm" "-f" "108ccf041d98429e543825435d5b6af67ee41b01782f873faba5457c9a877fee", kill_on_drop: false }`
[INFO] [stdout] 108ccf041d98429e543825435d5b6af67ee41b01782f873faba5457c9a877fee
[INFO] running `Command { std: "docker" "create" "-v" "/var/lib/crater-agent-workspace/builds/worker-7-tc2/target:/opt/rustwide/target:rw,Z" "-v" "/var/lib/crater-agent-workspace/builds/worker-7-tc2/source:/opt/rustwide/workdir:ro,Z" "-v" "/var/lib/crater-agent-workspace/cargo-home:/opt/rustwide/cargo-home:ro,Z" "-v" "/var/lib/crater-agent-workspace/rustup-home:/opt/rustwide/rustup-home:ro,Z" "-e" "SOURCE_DIR=/opt/rustwide/workdir" "-e" "CARGO_TARGET_DIR=/opt/rustwide/target" "-e" "CARGO_INCREMENTAL=0" "-e" "RUST_BACKTRACE=full" "-e" "RUSTFLAGS=--cap-lints=warn" "-e" "RUSTDOCFLAGS=--cap-lints=warn" "-e" "CARGO_HOME=/opt/rustwide/cargo-home" "-e" "RUSTUP_HOME=/opt/rustwide/rustup-home" "-w" "/opt/rustwide/workdir" "-m" "1610612736" "--user" "0:0" "--network" "none" "ghcr.io/rust-lang/crates-build-env/linux@sha256:2788e3201cd34a07e3172128adcd8b3090168a8e3bcc40d7c032b9dda1df7d1c" "/opt/rustwide/cargo-home/bin/cargo" "+beta-2023-12-22" "test" "--frozen", kill_on_drop: false }`
[INFO] [stdout] cb95a40b3358831565a672c99e6b2ed195a48ded5488a79d6fd902997415bbca
[INFO] running `Command { std: "docker" "start" "-a" "cb95a40b3358831565a672c99e6b2ed195a48ded5488a79d6fd902997415bbca", kill_on_drop: false }`
[INFO] [stdout] 
[INFO] [stderr]     Finished test [unoptimized + debuginfo] target(s) in 0.05s
[INFO] [stdout] running 5 tests
[INFO] [stderr]      Running unittests src/lib.rs (/opt/rustwide/target/debug/deps/lobsterchat-739877ee4a3e2b16)
[INFO] [stdout] test tests::test_components ... ok
[INFO] [stdout] test tests::test_flattening ... ok
[INFO] [stdout] test tests::test_lexer ... ok
[INFO] [stdout] test tests::test_parser ... ok
[INFO] [stdout] test tests::test_placeholders ... ok
[INFO] [stdout] 
[INFO] [stdout] test result: ok. 5 passed; 0 failed; 0 ignored; 0 measured; 0 filtered out; finished in 0.00s
[INFO] [stdout] 
[INFO] [stderr]    Doc-tests lobsterchat
[INFO] [stdout] 
[INFO] [stdout] running 2 tests
[INFO] [stdout] test src/lib.rs - (line 9) ... FAILED
[INFO] [stdout] test src/lib.rs - (line 32) ... FAILED
[INFO] [stdout] 
[INFO] [stdout] failures:
[INFO] [stdout] 
[INFO] [stdout] ---- src/lib.rs - (line 9) stdout ----
[INFO] [stdout] error[E0599]: no function or associated item named `translatable` found for struct `lobsterchat::component::Component` in the current scope
[INFO] [stdout]    --> src/lib.rs:17:36
[INFO] [stdout]     |
[INFO] [stdout] 11  |                         Component::translatable("my.translation.key")
[INFO] [stdout]     |                                    ^^^^^^^^^^^^
[INFO] [stdout]     |                                    |
[INFO] [stdout]     |                                    function or associated item not found in `Component`
[INFO] [stdout]     |                                    help: there is an associated function with a similar name: `translate`
[INFO] [stdout]     |
[INFO] [stdout] note: if you're trying to build a new `lobsterchat::component::Component` consider using one of the following associated functions:
[INFO] [stdout]       lobsterchat::component::Component::text
[INFO] [stdout]       lobsterchat::component::Component::translate
[INFO] [stdout]       lobsterchat::component::Component::score
[INFO] [stdout]       lobsterchat::component::Component::entity
[INFO] [stdout]       and 3 others
[INFO] [stdout]    --> /opt/rustwide/workdir/src/component.rs:251:5
[INFO] [stdout]     |
[INFO] [stdout] 251 | /     pub fn text<S>(msg: S) -> Self
[INFO] [stdout] 252 | |     where
[INFO] [stdout] 253 | |         S: Into<String>,
[INFO] [stdout]     | |________________________^
[INFO] [stdout] ...
[INFO] [stdout] 261 | /     pub fn translate<S, C>(msg: S, placeholders: Option<Vec<C>>) -> Self
[INFO] [stdout] 262 | |     where
[INFO] [stdout] 263 | |         S: Into<String>,
[INFO] [stdout] 264 | |         C: AsComponent,
[INFO] [stdout]     | |_______________________^
[INFO] [stdout] ...
[INFO] [stdout] 279 | /     pub fn score<S>(name: S, objective: S, placeholder: Option<S>) -> Self
[INFO] [stdout] 280 | |     where
[INFO] [stdout] 281 | |         S: Into<String>,
[INFO] [stdout]     | |________________________^
[INFO] [stdout] ...
[INFO] [stdout] 295 | /     pub fn entity<S, C>(selector: S, separator: Option<C>) -> Self
[INFO] [stdout] 296 | |     where
[INFO] [stdout] 297 | |         S: Into<String>,
[INFO] [stdout] 298 | |         C: AsComponent,
[INFO] [stdout]     | |_______________________^
[INFO] [stdout] 
[INFO] [stdout] error[E0533]: expected value, found struct variant `HoverEvent::ShowText`
[INFO] [stdout]   --> src/lib.rs:19:38
[INFO] [stdout]    |
[INFO] [stdout] 13 |                         .hover_event(HoverEvent::ShowText(Component::text("Click for surprise!")))
[INFO] [stdout]    |                                      ^^^^^^^^^^^^^^^^^^^^ not a value
[INFO] [stdout] 
[INFO] [stdout] error: aborting due to 2 previous errors
[INFO] [stdout] 
[INFO] [stdout] Some errors have detailed explanations: E0533, E0599.
[INFO] [stdout] For more information about an error, try `rustc --explain E0533`.
[INFO] [stdout] Couldn't compile the test.
[INFO] [stdout] ---- src/lib.rs - (line 32) stdout ----
[INFO] [stdout] error: expected `;`, found `}`
[INFO] [stdout]   --> src/lib.rs:49:7
[INFO] [stdout]    |
[INFO] [stdout] 20 |     ])
[INFO] [stdout]    |       ^ help: add `;` here
[INFO] [stdout] 21 | } _doctest_main_src_lib_rs_32_0() }
[INFO] [stdout]    | - unexpected token
[INFO] [stdout] 
[INFO] [stdout] error[E0599]: no function or associated item named `translatable` found for struct `lobsterchat::component::Component` in the current scope
[INFO] [stdout]    --> src/lib.rs:47:24
[INFO] [stdout]     |
[INFO] [stdout] 18  |             Component::translatable("translated.text.key")
[INFO] [stdout]     |                        ^^^^^^^^^^^^
[INFO] [stdout]     |                        |
[INFO] [stdout]     |                        function or associated item not found in `Component`
[INFO] [stdout]     |                        help: there is an associated function with a similar name: `translate`
[INFO] [stdout]     |
[INFO] [stdout] note: if you're trying to build a new `lobsterchat::component::Component` consider using one of the following associated functions:
[INFO] [stdout]       lobsterchat::component::Component::text
[INFO] [stdout]       lobsterchat::component::Component::translate
[INFO] [stdout]       lobsterchat::component::Component::score
[INFO] [stdout]       lobsterchat::component::Component::entity
[INFO] [stdout]       and 3 others
[INFO] [stdout]    --> /opt/rustwide/workdir/src/component.rs:251:5
[INFO] [stdout]     |
[INFO] [stdout] 251 | /     pub fn text<S>(msg: S) -> Self
[INFO] [stdout] 252 | |     where
[INFO] [stdout] 253 | |         S: Into<String>,
[INFO] [stdout]     | |________________________^
[INFO] [stdout] ...
[INFO] [stdout] 261 | /     pub fn translate<S, C>(msg: S, placeholders: Option<Vec<C>>) -> Self
[INFO] [stdout] 262 | |     where
[INFO] [stdout] 263 | |         S: Into<String>,
[INFO] [stdout] 264 | |         C: AsComponent,
[INFO] [stdout]     | |_______________________^
[INFO] [stdout] ...
[INFO] [stdout] 279 | /     pub fn score<S>(name: S, objective: S, placeholder: Option<S>) -> Self
[INFO] [stdout] 280 | |     where
[INFO] [stdout] 281 | |         S: Into<String>,
[INFO] [stdout]     | |________________________^
[INFO] [stdout] ...
[INFO] [stdout] 295 | /     pub fn entity<S, C>(selector: S, separator: Option<C>) -> Self
[INFO] [stdout] 296 | |     where
[INFO] [stdout] 297 | |         S: Into<String>,
[INFO] [stdout] 298 | |         C: AsComponent,
[INFO] [stdout]     | |_______________________^
[INFO] [stdout] 
[INFO] [stdout] error: aborting due to 2 previous errors
[INFO] [stdout] 
[INFO] [stdout] For more information about this error, try `rustc --explain E0599`.
[INFO] [stdout] Couldn't compile the test.
[INFO] [stdout] 
[INFO] [stdout] failures:
[INFO] [stdout]     src/lib.rs - (line 32)
[INFO] [stdout]     src/lib.rs - (line 9)
[INFO] [stdout] 
[INFO] [stdout] test result: FAILED. 0 passed; 2 failed; 0 ignored; 0 measured; 0 filtered out; finished in 0.14s
[INFO] [stdout] 
[INFO] [stderr] error: doctest failed, to rerun pass `--doc`
[INFO] running `Command { std: "docker" "inspect" "cb95a40b3358831565a672c99e6b2ed195a48ded5488a79d6fd902997415bbca", kill_on_drop: false }`
[INFO] running `Command { std: "docker" "rm" "-f" "cb95a40b3358831565a672c99e6b2ed195a48ded5488a79d6fd902997415bbca", kill_on_drop: false }`
[INFO] [stdout] cb95a40b3358831565a672c99e6b2ed195a48ded5488a79d6fd902997415bbca
