[INFO] fetching crate lnbits_rust 0.2.1...
[INFO] testing lnbits_rust-0.2.1 against 1.75.0 for beta-1.76-1
[INFO] extracting crate lnbits_rust 0.2.1 into /workspace/builds/worker-5-tc1/source
[INFO] validating manifest of crates.io crate lnbits_rust 0.2.1 on toolchain 1.75.0
[INFO] running `Command { std: CARGO_HOME="/workspace/cargo-home" RUSTUP_HOME="/workspace/rustup-home" "/workspace/cargo-home/bin/cargo" "+1.75.0" "metadata" "--manifest-path" "Cargo.toml" "--no-deps", kill_on_drop: false }`
[INFO] started tweaking crates.io crate lnbits_rust 0.2.1
[INFO] finished tweaking crates.io crate lnbits_rust 0.2.1
[INFO] tweaked toml for crates.io crate lnbits_rust 0.2.1 written to /workspace/builds/worker-5-tc1/source/Cargo.toml
[INFO] running `Command { std: CARGO_HOME="/workspace/cargo-home" RUSTUP_HOME="/workspace/rustup-home" "/workspace/cargo-home/bin/cargo" "+1.75.0" "generate-lockfile" "--manifest-path" "Cargo.toml", kill_on_drop: false }`
[INFO] [stderr]     Updating crates.io index
[INFO] running `Command { std: CARGO_HOME="/workspace/cargo-home" RUSTUP_HOME="/workspace/rustup-home" "/workspace/cargo-home/bin/cargo" "+1.75.0" "fetch" "--manifest-path" "Cargo.toml", kill_on_drop: false }`
[INFO] running `Command { std: "docker" "create" "-v" "/var/lib/crater-agent-workspace/builds/worker-5-tc1/target:/opt/rustwide/target:rw,Z" "-v" "/var/lib/crater-agent-workspace/builds/worker-5-tc1/source:/opt/rustwide/workdir:ro,Z" "-v" "/var/lib/crater-agent-workspace/cargo-home:/opt/rustwide/cargo-home:ro,Z" "-v" "/var/lib/crater-agent-workspace/rustup-home:/opt/rustwide/rustup-home:ro,Z" "-e" "SOURCE_DIR=/opt/rustwide/workdir" "-e" "CARGO_TARGET_DIR=/opt/rustwide/target" "-e" "CARGO_HOME=/opt/rustwide/cargo-home" "-e" "RUSTUP_HOME=/opt/rustwide/rustup-home" "-w" "/opt/rustwide/workdir" "-m" "1610612736" "--user" "0:0" "--network" "none" "ghcr.io/rust-lang/crates-build-env/linux@sha256:2788e3201cd34a07e3172128adcd8b3090168a8e3bcc40d7c032b9dda1df7d1c" "/opt/rustwide/cargo-home/bin/cargo" "+1.75.0" "metadata" "--no-deps" "--format-version=1", kill_on_drop: false }`
[INFO] [stdout] 36a2b432662023023f23524b0b2946b0a36dc8ac1c1acb59133b24283847d610
[INFO] running `Command { std: "docker" "start" "-a" "36a2b432662023023f23524b0b2946b0a36dc8ac1c1acb59133b24283847d610", kill_on_drop: false }`
[INFO] running `Command { std: "docker" "inspect" "36a2b432662023023f23524b0b2946b0a36dc8ac1c1acb59133b24283847d610", kill_on_drop: false }`
[INFO] running `Command { std: "docker" "rm" "-f" "36a2b432662023023f23524b0b2946b0a36dc8ac1c1acb59133b24283847d610", kill_on_drop: false }`
[INFO] [stdout] 36a2b432662023023f23524b0b2946b0a36dc8ac1c1acb59133b24283847d610
[INFO] running `Command { std: "docker" "create" "-v" "/var/lib/crater-agent-workspace/builds/worker-5-tc1/target:/opt/rustwide/target:rw,Z" "-v" "/var/lib/crater-agent-workspace/builds/worker-5-tc1/source:/opt/rustwide/workdir:ro,Z" "-v" "/var/lib/crater-agent-workspace/cargo-home:/opt/rustwide/cargo-home:ro,Z" "-v" "/var/lib/crater-agent-workspace/rustup-home:/opt/rustwide/rustup-home:ro,Z" "-e" "SOURCE_DIR=/opt/rustwide/workdir" "-e" "CARGO_TARGET_DIR=/opt/rustwide/target" "-e" "CARGO_INCREMENTAL=0" "-e" "RUST_BACKTRACE=full" "-e" "RUSTFLAGS=--cap-lints=warn" "-e" "RUSTDOCFLAGS=--cap-lints=warn" "-e" "CARGO_HOME=/opt/rustwide/cargo-home" "-e" "RUSTUP_HOME=/opt/rustwide/rustup-home" "-w" "/opt/rustwide/workdir" "-m" "1610612736" "--user" "0:0" "--network" "none" "ghcr.io/rust-lang/crates-build-env/linux@sha256:2788e3201cd34a07e3172128adcd8b3090168a8e3bcc40d7c032b9dda1df7d1c" "/opt/rustwide/cargo-home/bin/cargo" "+1.75.0" "build" "--frozen" "--message-format=json", kill_on_drop: false }`
[INFO] [stdout] b32e1fca440df043f5b86b7e0338d2565b6dc41d06c619ac4659823009f7693e
[INFO] running `Command { std: "docker" "start" "-a" "b32e1fca440df043f5b86b7e0338d2565b6dc41d06c619ac4659823009f7693e", kill_on_drop: false }`
[INFO] [stderr]    Compiling libc v0.2.151
[INFO] [stderr]    Compiling spin v0.9.8
[INFO] [stderr]    Compiling untrusted v0.9.0
[INFO] [stderr]    Compiling syn v2.0.48
[INFO] [stderr]    Compiling socket2 v0.5.5
[INFO] [stderr]    Compiling mio v0.8.10
[INFO] [stderr]    Compiling getrandom v0.2.11
[INFO] [stderr]    Compiling futures-task v0.3.30
[INFO] [stderr]    Compiling futures-util v0.3.30
[INFO] [stderr]    Compiling tracing v0.1.40
[INFO] [stderr]    Compiling http v0.2.11
[INFO] [stderr]    Compiling rustls v0.21.10
[INFO] [stderr]    Compiling futures-sink v0.3.30
[INFO] [stderr]    Compiling hashbrown v0.14.3
[INFO] [stderr]    Compiling equivalent v1.0.1
[INFO] [stderr]    Compiling want v0.3.1
[INFO] [stderr]    Compiling unicode-normalization v0.1.22
[INFO] [stderr]    Compiling futures-channel v0.3.30
[INFO] [stderr]    Compiling tower-service v0.3.2
[INFO] [stderr]    Compiling httpdate v1.0.3
[INFO] [stderr]    Compiling unicode-bidi v0.3.14
[INFO] [stderr]    Compiling base64 v0.21.5
[INFO] [stderr]    Compiling ipnet v2.9.0
[INFO] [stderr]    Compiling indexmap v2.1.0
[INFO] [stderr]    Compiling cc v1.0.83
[INFO] [stderr]    Compiling http-body v0.4.6
[INFO] [stderr]    Compiling idna v0.5.0
[INFO] [stderr]    Compiling rustls-pemfile v1.0.4
[INFO] [stderr]    Compiling webpki-roots v0.25.3
[INFO] [stderr]    Compiling url v2.5.0
[INFO] [stderr]    Compiling ring v0.17.7
[INFO] [stderr]    Compiling tokio-macros v2.2.0
[INFO] [stderr]    Compiling serde_derive v1.0.194
[INFO] [stderr]    Compiling thiserror-impl v1.0.56
[INFO] [stderr]    Compiling async-stream-impl v0.3.5
[INFO] [stderr]    Compiling tokio v1.35.1
[INFO] [stderr]    Compiling async-stream v0.3.5
[INFO] [stderr]    Compiling thiserror v1.0.56
[INFO] [stderr]    Compiling serde v1.0.194
[INFO] [stderr]    Compiling rustls-webpki v0.101.7
[INFO] [stderr]    Compiling sct v0.7.1
[INFO] [stderr]    Compiling tokio-util v0.7.10
[INFO] [stderr]    Compiling tokio-stream v0.1.14
[INFO] [stderr]    Compiling tokio-socks v0.5.1
[INFO] [stderr]    Compiling h2 v0.3.22
[INFO] [stderr]    Compiling tokio-test v0.4.3
[INFO] [stderr]    Compiling tokio-rustls v0.24.1
[INFO] [stderr]    Compiling serde_urlencoded v0.7.1
[INFO] [stderr]    Compiling serde_json v1.0.111
[INFO] [stderr]    Compiling hyper v0.14.28
[INFO] [stderr]    Compiling hyper-rustls v0.24.2
[INFO] [stderr]    Compiling reqwest v0.11.23
[INFO] [stderr]    Compiling lnbits_rust v0.2.1 (/opt/rustwide/workdir)
[INFO] [stderr]     Finished dev [unoptimized + debuginfo] target(s) in 18.27s
[INFO] running `Command { std: "docker" "inspect" "b32e1fca440df043f5b86b7e0338d2565b6dc41d06c619ac4659823009f7693e", kill_on_drop: false }`
[INFO] running `Command { std: "docker" "rm" "-f" "b32e1fca440df043f5b86b7e0338d2565b6dc41d06c619ac4659823009f7693e", kill_on_drop: false }`
[INFO] [stdout] b32e1fca440df043f5b86b7e0338d2565b6dc41d06c619ac4659823009f7693e
[INFO] running `Command { std: "docker" "create" "-v" "/var/lib/crater-agent-workspace/builds/worker-5-tc1/target:/opt/rustwide/target:rw,Z" "-v" "/var/lib/crater-agent-workspace/builds/worker-5-tc1/source:/opt/rustwide/workdir:ro,Z" "-v" "/var/lib/crater-agent-workspace/cargo-home:/opt/rustwide/cargo-home:ro,Z" "-v" "/var/lib/crater-agent-workspace/rustup-home:/opt/rustwide/rustup-home:ro,Z" "-e" "SOURCE_DIR=/opt/rustwide/workdir" "-e" "CARGO_TARGET_DIR=/opt/rustwide/target" "-e" "CARGO_INCREMENTAL=0" "-e" "RUST_BACKTRACE=full" "-e" "RUSTFLAGS=--cap-lints=warn" "-e" "RUSTDOCFLAGS=--cap-lints=warn" "-e" "CARGO_HOME=/opt/rustwide/cargo-home" "-e" "RUSTUP_HOME=/opt/rustwide/rustup-home" "-w" "/opt/rustwide/workdir" "-m" "1610612736" "--user" "0:0" "--network" "none" "ghcr.io/rust-lang/crates-build-env/linux@sha256:2788e3201cd34a07e3172128adcd8b3090168a8e3bcc40d7c032b9dda1df7d1c" "/opt/rustwide/cargo-home/bin/cargo" "+1.75.0" "test" "--frozen" "--no-run" "--message-format=json", kill_on_drop: false }`
[INFO] [stdout] 88915970ded5c7352c296a0896b884e78029fe4092ce97fa90174cf25d07d50a
[INFO] running `Command { std: "docker" "start" "-a" "88915970ded5c7352c296a0896b884e78029fe4092ce97fa90174cf25d07d50a", kill_on_drop: false }`
[INFO] [stderr]    Compiling lnbits_rust v0.2.1 (/opt/rustwide/workdir)
[INFO] [stderr]     Finished test [unoptimized + debuginfo] target(s) in 0.49s
[INFO] running `Command { std: "docker" "inspect" "88915970ded5c7352c296a0896b884e78029fe4092ce97fa90174cf25d07d50a", kill_on_drop: false }`
[INFO] running `Command { std: "docker" "rm" "-f" "88915970ded5c7352c296a0896b884e78029fe4092ce97fa90174cf25d07d50a", kill_on_drop: false }`
[INFO] [stdout] 88915970ded5c7352c296a0896b884e78029fe4092ce97fa90174cf25d07d50a
[INFO] running `Command { std: "docker" "create" "-v" "/var/lib/crater-agent-workspace/builds/worker-5-tc1/target:/opt/rustwide/target:rw,Z" "-v" "/var/lib/crater-agent-workspace/builds/worker-5-tc1/source:/opt/rustwide/workdir:ro,Z" "-v" "/var/lib/crater-agent-workspace/cargo-home:/opt/rustwide/cargo-home:ro,Z" "-v" "/var/lib/crater-agent-workspace/rustup-home:/opt/rustwide/rustup-home:ro,Z" "-e" "SOURCE_DIR=/opt/rustwide/workdir" "-e" "CARGO_TARGET_DIR=/opt/rustwide/target" "-e" "CARGO_INCREMENTAL=0" "-e" "RUST_BACKTRACE=full" "-e" "RUSTFLAGS=--cap-lints=warn" "-e" "RUSTDOCFLAGS=--cap-lints=warn" "-e" "CARGO_HOME=/opt/rustwide/cargo-home" "-e" "RUSTUP_HOME=/opt/rustwide/rustup-home" "-w" "/opt/rustwide/workdir" "-m" "1610612736" "--user" "0:0" "--network" "none" "ghcr.io/rust-lang/crates-build-env/linux@sha256:2788e3201cd34a07e3172128adcd8b3090168a8e3bcc40d7c032b9dda1df7d1c" "/opt/rustwide/cargo-home/bin/cargo" "+1.75.0" "test" "--frozen", kill_on_drop: false }`
[INFO] [stdout] 24c941ee56b93a04a4d7b9864b4db84f56e96f5354b725f995bfe90c8cf92a75
[INFO] running `Command { std: "docker" "start" "-a" "24c941ee56b93a04a4d7b9864b4db84f56e96f5354b725f995bfe90c8cf92a75", kill_on_drop: false }`
[INFO] [stderr]     Finished test [unoptimized + debuginfo] target(s) in 0.05s
[INFO] [stderr]      Running unittests src/lib.rs (/opt/rustwide/target/debug/deps/lnbits_rust-964daef9db12465b)
[INFO] [stdout] 
[INFO] [stdout] running 0 tests
[INFO] [stdout] 
[INFO] [stdout] test result: ok. 0 passed; 0 failed; 0 ignored; 0 measured; 0 filtered out; finished in 0.00s
[INFO] [stdout] 
[INFO] [stderr]    Doc-tests lnbits_rust
[INFO] [stdout] 
[INFO] [stdout] running 3 tests
[INFO] [stdout] test src/api/invoice.rs - api::invoice::crate::LNBitsClient::create_invoice (line 43) ... FAILED
[INFO] [stdout] test src/api/invoice.rs - api::invoice::crate::LNBitsClient::pay_invoice (line 102) ... FAILED
[INFO] [stderr] error: doctest failed, to rerun pass `--doc`
[INFO] [stdout] test src/lib.rs - LNBitsClient::new (line 44) ... ok
[INFO] [stdout] 
[INFO] [stdout] failures:
[INFO] [stdout] 
[INFO] [stdout] ---- src/api/invoice.rs - api::invoice::crate::LNBitsClient::create_invoice (line 43) stdout ----
[INFO] [stdout] error: environment variable `WALLET_1_ID` not defined at compile time
[INFO] [stdout]   --> src/api/invoice.rs:50:8
[INFO] [stdout]    |
[INFO] [stdout] 10 |        env!("WALLET_1_ID"),
[INFO] [stdout]    |        ^^^^^^^^^^^^^^^^^^^
[INFO] [stdout]    |
[INFO] [stdout]    = help: use `std::env::var("WALLET_1_ID")` to read the variable at run time
[INFO] [stdout]    = note: this error originates in the macro `env` (in Nightly builds, run with -Z macro-backtrace for more info)
[INFO] [stdout] 
[INFO] [stdout] error: environment variable `WALLET_1_ADMIN_KEY` not defined at compile time
[INFO] [stdout]   --> src/api/invoice.rs:51:8
[INFO] [stdout]    |
[INFO] [stdout] 11 |        env!("WALLET_1_ADMIN_KEY"),
[INFO] [stdout]    |        ^^^^^^^^^^^^^^^^^^^^^^^^^^
[INFO] [stdout]    |
[INFO] [stdout]    = help: use `std::env::var("WALLET_1_ADMIN_KEY")` to read the variable at run time
[INFO] [stdout]    = note: this error originates in the macro `env` (in Nightly builds, run with -Z macro-backtrace for more info)
[INFO] [stdout] 
[INFO] [stdout] error: environment variable `WALLET_1_INVOICE_READ_KEY` not defined at compile time
[INFO] [stdout]   --> src/api/invoice.rs:52:8
[INFO] [stdout]    |
[INFO] [stdout] 12 |        env!("WALLET_1_INVOICE_READ_KEY"),
[INFO] [stdout]    |        ^^^^^^^^^^^^^^^^^^^^^^^^^^^^^^^^^
[INFO] [stdout]    |
[INFO] [stdout]    = help: use `std::env::var("WALLET_1_INVOICE_READ_KEY")` to read the variable at run time
[INFO] [stdout]    = note: this error originates in the macro `env` (in Nightly builds, run with -Z macro-backtrace for more info)
[INFO] [stdout] 
[INFO] [stdout] error: environment variable `LNBITS_URL` not defined at compile time
[INFO] [stdout]   --> src/api/invoice.rs:53:8
[INFO] [stdout]    |
[INFO] [stdout] 13 |        env!("LNBITS_URL"),
[INFO] [stdout]    |        ^^^^^^^^^^^^^^^^^^
[INFO] [stdout]    |
[INFO] [stdout]    = help: use `std::env::var("LNBITS_URL")` to read the variable at run time
[INFO] [stdout]    = note: this error originates in the macro `env` (in Nightly builds, run with -Z macro-backtrace for more info)
[INFO] [stdout] 
[INFO] [stdout] error: environment variable `LNBITS_TOR_SOCKET` not defined at compile time
[INFO] [stdout]   --> src/api/invoice.rs:54:13
[INFO] [stdout]    |
[INFO] [stdout] 14 |        Some(env!("LNBITS_TOR_SOCKET")),
[INFO] [stdout]    |             ^^^^^^^^^^^^^^^^^^^^^^^^^
[INFO] [stdout]    |
[INFO] [stdout]    = help: use `std::env::var("LNBITS_TOR_SOCKET")` to read the variable at run time
[INFO] [stdout]    = note: this error originates in the macro `env` (in Nightly builds, run with -Z macro-backtrace for more info)
[INFO] [stdout] 
[INFO] [stdout] error: aborting due to 5 previous errors
[INFO] [stdout] 
[INFO] [stdout] Couldn't compile the test.
[INFO] [stdout] ---- src/api/invoice.rs - api::invoice::crate::LNBitsClient::pay_invoice (line 102) stdout ----
[INFO] [stdout] error: environment variable `WALLET_1_ID` not defined at compile time
[INFO] [stdout]   --> src/api/invoice.rs:109:8
[INFO] [stdout]    |
[INFO] [stdout] 10 |        env!("WALLET_1_ID"),
[INFO] [stdout]    |        ^^^^^^^^^^^^^^^^^^^
[INFO] [stdout]    |
[INFO] [stdout]    = help: use `std::env::var("WALLET_1_ID")` to read the variable at run time
[INFO] [stdout]    = note: this error originates in the macro `env` (in Nightly builds, run with -Z macro-backtrace for more info)
[INFO] [stdout] 
[INFO] [stdout] error: environment variable `WALLET_1_ADMIN_KEY` not defined at compile time
[INFO] [stdout]   --> src/api/invoice.rs:110:8
[INFO] [stdout]    |
[INFO] [stdout] 11 |        env!("WALLET_1_ADMIN_KEY"),
[INFO] [stdout]    |        ^^^^^^^^^^^^^^^^^^^^^^^^^^
[INFO] [stdout]    |
[INFO] [stdout]    = help: use `std::env::var("WALLET_1_ADMIN_KEY")` to read the variable at run time
[INFO] [stdout]    = note: this error originates in the macro `env` (in Nightly builds, run with -Z macro-backtrace for more info)
[INFO] [stdout] 
[INFO] [stdout] error: environment variable `WALLET_1_INVOICE_READ_KEY` not defined at compile time
[INFO] [stdout]   --> src/api/invoice.rs:111:8
[INFO] [stdout]    |
[INFO] [stdout] 12 |        env!("WALLET_1_INVOICE_READ_KEY"),
[INFO] [stdout]    |        ^^^^^^^^^^^^^^^^^^^^^^^^^^^^^^^^^
[INFO] [stdout]    |
[INFO] [stdout]    = help: use `std::env::var("WALLET_1_INVOICE_READ_KEY")` to read the variable at run time
[INFO] [stdout]    = note: this error originates in the macro `env` (in Nightly builds, run with -Z macro-backtrace for more info)
[INFO] [stdout] 
[INFO] [stdout] error: environment variable `LNBITS_URL` not defined at compile time
[INFO] [stdout]   --> src/api/invoice.rs:112:8
[INFO] [stdout]    |
[INFO] [stdout] 13 |        env!("LNBITS_URL"),
[INFO] [stdout]    |        ^^^^^^^^^^^^^^^^^^
[INFO] [stdout]    |
[INFO] [stdout]    = help: use `std::env::var("LNBITS_URL")` to read the variable at run time
[INFO] [stdout]    = note: this error originates in the macro `env` (in Nightly builds, run with -Z macro-backtrace for more info)
[INFO] [stdout] 
[INFO] [stdout] error: environment variable `LNBITS_TOR_SOCKET` not defined at compile time
[INFO] [stdout]   --> src/api/invoice.rs:113:13
[INFO] [stdout]    |
[INFO] [stdout] 14 |        Some(env!("LNBITS_TOR_SOCKET")),
[INFO] [stdout]    |             ^^^^^^^^^^^^^^^^^^^^^^^^^
[INFO] [stdout]    |
[INFO] [stdout]    = help: use `std::env::var("LNBITS_TOR_SOCKET")` to read the variable at run time
[INFO] [stdout]    = note: this error originates in the macro `env` (in Nightly builds, run with -Z macro-backtrace for more info)
[INFO] [stdout] 
[INFO] [stdout] error: environment variable `WALLET_2_ID` not defined at compile time
[INFO] [stdout]   --> src/api/invoice.rs:117:8
[INFO] [stdout]    |
[INFO] [stdout] 18 |        env!("WALLET_2_ID"),
[INFO] [stdout]    |        ^^^^^^^^^^^^^^^^^^^
[INFO] [stdout]    |
[INFO] [stdout]    = help: use `std::env::var("WALLET_2_ID")` to read the variable at run time
[INFO] [stdout]    = note: this error originates in the macro `env` (in Nightly builds, run with -Z macro-backtrace for more info)
[INFO] [stdout] 
[INFO] [stdout] error: environment variable `WALLET_2_ADMIN_KEY` not defined at compile time
[INFO] [stdout]   --> src/api/invoice.rs:118:8
[INFO] [stdout]    |
[INFO] [stdout] 19 |        env!("WALLET_2_ADMIN_KEY"),
[INFO] [stdout]    |        ^^^^^^^^^^^^^^^^^^^^^^^^^^
[INFO] [stdout]    |
[INFO] [stdout]    = help: use `std::env::var("WALLET_2_ADMIN_KEY")` to read the variable at run time
[INFO] [stdout]    = note: this error originates in the macro `env` (in Nightly builds, run with -Z macro-backtrace for more info)
[INFO] [stdout] 
[INFO] [stdout] error: environment variable `WALLET_2_INVOICE_READ_KEY` not defined at compile time
[INFO] [stdout]   --> src/api/invoice.rs:119:8
[INFO] [stdout]    |
[INFO] [stdout] 20 |        env!("WALLET_2_INVOICE_READ_KEY"),
[INFO] [stdout]    |        ^^^^^^^^^^^^^^^^^^^^^^^^^^^^^^^^^
[INFO] [stdout]    |
[INFO] [stdout]    = help: use `std::env::var("WALLET_2_INVOICE_READ_KEY")` to read the variable at run time
[INFO] [stdout]    = note: this error originates in the macro `env` (in Nightly builds, run with -Z macro-backtrace for more info)
[INFO] [stdout] 
[INFO] [stdout] error: environment variable `LNBITS_URL` not defined at compile time
[INFO] [stdout]   --> src/api/invoice.rs:120:8
[INFO] [stdout]    |
[INFO] [stdout] 21 |        env!("LNBITS_URL"),
[INFO] [stdout]    |        ^^^^^^^^^^^^^^^^^^
[INFO] [stdout]    |
[INFO] [stdout]    = help: use `std::env::var("LNBITS_URL")` to read the variable at run time
[INFO] [stdout]    = note: this error originates in the macro `env` (in Nightly builds, run with -Z macro-backtrace for more info)
[INFO] [stdout] 
[INFO] [stdout] error: environment variable `LNBITS_TOR_SOCKET` not defined at compile time
[INFO] [stdout]   --> src/api/invoice.rs:121:13
[INFO] [stdout]    |
[INFO] [stdout] 22 |        Some(env!("LNBITS_TOR_SOCKET")),
[INFO] [stdout]    |             ^^^^^^^^^^^^^^^^^^^^^^^^^
[INFO] [stdout]    |
[INFO] [stdout]    = help: use `std::env::var("LNBITS_TOR_SOCKET")` to read the variable at run time
[INFO] [stdout]    = note: this error originates in the macro `env` (in Nightly builds, run with -Z macro-backtrace for more info)
[INFO] [stdout] 
[INFO] [stdout] error: aborting due to 10 previous errors
[INFO] [stdout] 
[INFO] [stdout] Couldn't compile the test.
[INFO] [stdout] 
[INFO] [stdout] failures:
[INFO] [stdout]     src/api/invoice.rs - api::invoice::crate::LNBitsClient::create_invoice (line 43)
[INFO] [stdout]     src/api/invoice.rs - api::invoice::crate::LNBitsClient::pay_invoice (line 102)
[INFO] [stdout] 
[INFO] [stdout] test result: FAILED. 1 passed; 2 failed; 0 ignored; 0 measured; 0 filtered out; finished in 1.75s
[INFO] [stdout] 
[INFO] running `Command { std: "docker" "inspect" "24c941ee56b93a04a4d7b9864b4db84f56e96f5354b725f995bfe90c8cf92a75", kill_on_drop: false }`
[INFO] running `Command { std: "docker" "rm" "-f" "24c941ee56b93a04a4d7b9864b4db84f56e96f5354b725f995bfe90c8cf92a75", kill_on_drop: false }`
[INFO] [stdout] 24c941ee56b93a04a4d7b9864b4db84f56e96f5354b725f995bfe90c8cf92a75
[INFO] testing lnbits_rust-0.2.1 against beta-2023-12-22 for beta-1.76-1
[INFO] extracting crate lnbits_rust 0.2.1 into /workspace/builds/worker-5-tc2/source
[INFO] validating manifest of crates.io crate lnbits_rust 0.2.1 on toolchain beta-2023-12-22
[INFO] running `Command { std: CARGO_HOME="/workspace/cargo-home" RUSTUP_HOME="/workspace/rustup-home" "/workspace/cargo-home/bin/cargo" "+beta-2023-12-22" "metadata" "--manifest-path" "Cargo.toml" "--no-deps", kill_on_drop: false }`
[INFO] started tweaking crates.io crate lnbits_rust 0.2.1
[INFO] finished tweaking crates.io crate lnbits_rust 0.2.1
[INFO] tweaked toml for crates.io crate lnbits_rust 0.2.1 written to /workspace/builds/worker-5-tc2/source/Cargo.toml
[INFO] running `Command { std: CARGO_HOME="/workspace/cargo-home" RUSTUP_HOME="/workspace/rustup-home" "/workspace/cargo-home/bin/cargo" "+beta-2023-12-22" "generate-lockfile" "--manifest-path" "Cargo.toml", kill_on_drop: false }`
[INFO] [stderr]     Updating crates.io index
[INFO] running `Command { std: CARGO_HOME="/workspace/cargo-home" RUSTUP_HOME="/workspace/rustup-home" "/workspace/cargo-home/bin/cargo" "+beta-2023-12-22" "fetch" "--manifest-path" "Cargo.toml", kill_on_drop: false }`
[INFO] running `Command { std: "docker" "create" "-v" "/var/lib/crater-agent-workspace/builds/worker-5-tc2/target:/opt/rustwide/target:rw,Z" "-v" "/var/lib/crater-agent-workspace/builds/worker-5-tc2/source:/opt/rustwide/workdir:ro,Z" "-v" "/var/lib/crater-agent-workspace/cargo-home:/opt/rustwide/cargo-home:ro,Z" "-v" "/var/lib/crater-agent-workspace/rustup-home:/opt/rustwide/rustup-home:ro,Z" "-e" "SOURCE_DIR=/opt/rustwide/workdir" "-e" "CARGO_TARGET_DIR=/opt/rustwide/target" "-e" "CARGO_HOME=/opt/rustwide/cargo-home" "-e" "RUSTUP_HOME=/opt/rustwide/rustup-home" "-w" "/opt/rustwide/workdir" "-m" "1610612736" "--user" "0:0" "--network" "none" "ghcr.io/rust-lang/crates-build-env/linux@sha256:2788e3201cd34a07e3172128adcd8b3090168a8e3bcc40d7c032b9dda1df7d1c" "/opt/rustwide/cargo-home/bin/cargo" "+beta-2023-12-22" "metadata" "--no-deps" "--format-version=1", kill_on_drop: false }`
[INFO] [stdout] 987b5be42cd6bc90d9153e07c2c7d6e2bc5df4a12d37354134fea80493ac11cf
[INFO] running `Command { std: "docker" "start" "-a" "987b5be42cd6bc90d9153e07c2c7d6e2bc5df4a12d37354134fea80493ac11cf", kill_on_drop: false }`
[INFO] running `Command { std: "docker" "inspect" "987b5be42cd6bc90d9153e07c2c7d6e2bc5df4a12d37354134fea80493ac11cf", kill_on_drop: false }`
[INFO] running `Command { std: "docker" "rm" "-f" "987b5be42cd6bc90d9153e07c2c7d6e2bc5df4a12d37354134fea80493ac11cf", kill_on_drop: false }`
[INFO] [stdout] 987b5be42cd6bc90d9153e07c2c7d6e2bc5df4a12d37354134fea80493ac11cf
[INFO] running `Command { std: "docker" "create" "-v" "/var/lib/crater-agent-workspace/builds/worker-5-tc2/target:/opt/rustwide/target:rw,Z" "-v" "/var/lib/crater-agent-workspace/builds/worker-5-tc2/source:/opt/rustwide/workdir:ro,Z" "-v" "/var/lib/crater-agent-workspace/cargo-home:/opt/rustwide/cargo-home:ro,Z" "-v" "/var/lib/crater-agent-workspace/rustup-home:/opt/rustwide/rustup-home:ro,Z" "-e" "SOURCE_DIR=/opt/rustwide/workdir" "-e" "CARGO_TARGET_DIR=/opt/rustwide/target" "-e" "CARGO_INCREMENTAL=0" "-e" "RUST_BACKTRACE=full" "-e" "RUSTFLAGS=--cap-lints=warn" "-e" "RUSTDOCFLAGS=--cap-lints=warn" "-e" "CARGO_HOME=/opt/rustwide/cargo-home" "-e" "RUSTUP_HOME=/opt/rustwide/rustup-home" "-w" "/opt/rustwide/workdir" "-m" "1610612736" "--user" "0:0" "--network" "none" "ghcr.io/rust-lang/crates-build-env/linux@sha256:2788e3201cd34a07e3172128adcd8b3090168a8e3bcc40d7c032b9dda1df7d1c" "/opt/rustwide/cargo-home/bin/cargo" "+beta-2023-12-22" "build" "--frozen" "--message-format=json", kill_on_drop: false }`
[INFO] [stdout] 9b06ca7ffad55fc7fc783e8c927baaca3d7e56aca9055a9d48f2b1d66caa6d83
[INFO] running `Command { std: "docker" "start" "-a" "9b06ca7ffad55fc7fc783e8c927baaca3d7e56aca9055a9d48f2b1d66caa6d83", kill_on_drop: false }`
[INFO] [stderr]    Compiling libc v0.2.151
[INFO] [stderr]    Compiling untrusted v0.9.0
[INFO] [stderr]    Compiling spin v0.9.8
[INFO] [stderr]    Compiling syn v2.0.48
[INFO] [stderr]    Compiling mio v0.8.10
[INFO] [stderr]    Compiling socket2 v0.5.5
[INFO] [stderr]    Compiling getrandom v0.2.11
[INFO] [stderr]    Compiling futures-task v0.3.30
[INFO] [stderr]    Compiling http v0.2.11
[INFO] [stderr]    Compiling futures-util v0.3.30
[INFO] [stderr]    Compiling tracing v0.1.40
[INFO] [stderr]    Compiling hashbrown v0.14.3
[INFO] [stderr]    Compiling futures-sink v0.3.30
[INFO] [stderr]    Compiling equivalent v1.0.1
[INFO] [stderr]    Compiling rustls v0.21.10
[INFO] [stderr]    Compiling want v0.3.1
[INFO] [stderr]    Compiling unicode-normalization v0.1.22
[INFO] [stderr]    Compiling indexmap v2.1.0
[INFO] [stderr]    Compiling futures-channel v0.3.30
[INFO] [stderr]    Compiling tower-service v0.3.2
[INFO] [stderr]    Compiling http-body v0.4.6
[INFO] [stderr]    Compiling httpdate v1.0.3
[INFO] [stderr]    Compiling unicode-bidi v0.3.14
[INFO] [stderr]    Compiling base64 v0.21.5
[INFO] [stderr]    Compiling webpki-roots v0.25.3
[INFO] [stderr]    Compiling ipnet v2.9.0
[INFO] [stderr]    Compiling cc v1.0.83
[INFO] [stderr]    Compiling rustls-pemfile v1.0.4
[INFO] [stderr]    Compiling idna v0.5.0
[INFO] [stderr]    Compiling url v2.5.0
[INFO] [stderr]    Compiling ring v0.17.7
[INFO] [stderr]    Compiling tokio-macros v2.2.0
[INFO] [stderr]    Compiling serde_derive v1.0.194
[INFO] [stderr]    Compiling thiserror-impl v1.0.56
[INFO] [stderr]    Compiling async-stream-impl v0.3.5
[INFO] [stderr]    Compiling tokio v1.35.1
[INFO] [stderr]    Compiling async-stream v0.3.5
[INFO] [stderr]    Compiling thiserror v1.0.56
[INFO] [stderr]    Compiling serde v1.0.194
[INFO] [stderr]    Compiling sct v0.7.1
[INFO] [stderr]    Compiling rustls-webpki v0.101.7
[INFO] [stderr]    Compiling tokio-util v0.7.10
[INFO] [stderr]    Compiling tokio-stream v0.1.14
[INFO] [stderr]    Compiling tokio-socks v0.5.1
[INFO] [stderr]    Compiling h2 v0.3.22
[INFO] [stderr]    Compiling tokio-test v0.4.3
[INFO] [stderr]    Compiling tokio-rustls v0.24.1
[INFO] [stderr]    Compiling serde_json v1.0.111
[INFO] [stderr]    Compiling serde_urlencoded v0.7.1
[INFO] [stderr]    Compiling hyper v0.14.28
[INFO] [stderr]    Compiling hyper-rustls v0.24.2
[INFO] [stderr]    Compiling reqwest v0.11.23
[INFO] [stderr]    Compiling lnbits_rust v0.2.1 (/opt/rustwide/workdir)
[INFO] [stderr]     Finished dev [unoptimized + debuginfo] target(s) in 21.25s
[INFO] running `Command { std: "docker" "inspect" "9b06ca7ffad55fc7fc783e8c927baaca3d7e56aca9055a9d48f2b1d66caa6d83", kill_on_drop: false }`
[INFO] running `Command { std: "docker" "rm" "-f" "9b06ca7ffad55fc7fc783e8c927baaca3d7e56aca9055a9d48f2b1d66caa6d83", kill_on_drop: false }`
[INFO] [stdout] 9b06ca7ffad55fc7fc783e8c927baaca3d7e56aca9055a9d48f2b1d66caa6d83
[INFO] running `Command { std: "docker" "create" "-v" "/var/lib/crater-agent-workspace/builds/worker-5-tc2/target:/opt/rustwide/target:rw,Z" "-v" "/var/lib/crater-agent-workspace/builds/worker-5-tc2/source:/opt/rustwide/workdir:ro,Z" "-v" "/var/lib/crater-agent-workspace/cargo-home:/opt/rustwide/cargo-home:ro,Z" "-v" "/var/lib/crater-agent-workspace/rustup-home:/opt/rustwide/rustup-home:ro,Z" "-e" "SOURCE_DIR=/opt/rustwide/workdir" "-e" "CARGO_TARGET_DIR=/opt/rustwide/target" "-e" "CARGO_INCREMENTAL=0" "-e" "RUST_BACKTRACE=full" "-e" "RUSTFLAGS=--cap-lints=warn" "-e" "RUSTDOCFLAGS=--cap-lints=warn" "-e" "CARGO_HOME=/opt/rustwide/cargo-home" "-e" "RUSTUP_HOME=/opt/rustwide/rustup-home" "-w" "/opt/rustwide/workdir" "-m" "1610612736" "--user" "0:0" "--network" "none" "ghcr.io/rust-lang/crates-build-env/linux@sha256:2788e3201cd34a07e3172128adcd8b3090168a8e3bcc40d7c032b9dda1df7d1c" "/opt/rustwide/cargo-home/bin/cargo" "+beta-2023-12-22" "test" "--frozen" "--no-run" "--message-format=json", kill_on_drop: false }`
[INFO] [stdout] d5fc806e0a185f03740a47c127fff6fc4a60e0f1d5abf59ef43aea73e8e3b0ad
[INFO] running `Command { std: "docker" "start" "-a" "d5fc806e0a185f03740a47c127fff6fc4a60e0f1d5abf59ef43aea73e8e3b0ad", kill_on_drop: false }`
[INFO] [stderr]    Compiling lnbits_rust v0.2.1 (/opt/rustwide/workdir)
[INFO] [stderr]     Finished test [unoptimized + debuginfo] target(s) in 0.62s
[INFO] running `Command { std: "docker" "inspect" "d5fc806e0a185f03740a47c127fff6fc4a60e0f1d5abf59ef43aea73e8e3b0ad", kill_on_drop: false }`
[INFO] running `Command { std: "docker" "rm" "-f" "d5fc806e0a185f03740a47c127fff6fc4a60e0f1d5abf59ef43aea73e8e3b0ad", kill_on_drop: false }`
[INFO] [stdout] d5fc806e0a185f03740a47c127fff6fc4a60e0f1d5abf59ef43aea73e8e3b0ad
[INFO] running `Command { std: "docker" "create" "-v" "/var/lib/crater-agent-workspace/builds/worker-5-tc2/target:/opt/rustwide/target:rw,Z" "-v" "/var/lib/crater-agent-workspace/builds/worker-5-tc2/source:/opt/rustwide/workdir:ro,Z" "-v" "/var/lib/crater-agent-workspace/cargo-home:/opt/rustwide/cargo-home:ro,Z" "-v" "/var/lib/crater-agent-workspace/rustup-home:/opt/rustwide/rustup-home:ro,Z" "-e" "SOURCE_DIR=/opt/rustwide/workdir" "-e" "CARGO_TARGET_DIR=/opt/rustwide/target" "-e" "CARGO_INCREMENTAL=0" "-e" "RUST_BACKTRACE=full" "-e" "RUSTFLAGS=--cap-lints=warn" "-e" "RUSTDOCFLAGS=--cap-lints=warn" "-e" "CARGO_HOME=/opt/rustwide/cargo-home" "-e" "RUSTUP_HOME=/opt/rustwide/rustup-home" "-w" "/opt/rustwide/workdir" "-m" "1610612736" "--user" "0:0" "--network" "none" "ghcr.io/rust-lang/crates-build-env/linux@sha256:2788e3201cd34a07e3172128adcd8b3090168a8e3bcc40d7c032b9dda1df7d1c" "/opt/rustwide/cargo-home/bin/cargo" "+beta-2023-12-22" "test" "--frozen", kill_on_drop: false }`
[INFO] [stdout] 1ec0ba09d94e0d1f1de58de82532acfb7cbed7a4aa7fe490c41509d48282934a
[INFO] running `Command { std: "docker" "start" "-a" "1ec0ba09d94e0d1f1de58de82532acfb7cbed7a4aa7fe490c41509d48282934a", kill_on_drop: false }`
[INFO] [stderr]     Finished test [unoptimized + debuginfo] target(s) in 0.08s
[INFO] [stderr]      Running unittests src/lib.rs (/opt/rustwide/target/debug/deps/lnbits_rust-8a87899acc3c0616)
[INFO] [stdout] 
[INFO] [stdout] running 0 tests
[INFO] [stdout] 
[INFO] [stdout] test result: ok. 0 passed; 0 failed; 0 ignored; 0 measured; 0 filtered out; finished in 0.00s
[INFO] [stdout] 
[INFO] [stderr]    Doc-tests lnbits_rust
[INFO] [stdout] 
[INFO] [stdout] running 3 tests
[INFO] [stdout] test src/api/invoice.rs - api::invoice::crate::LNBitsClient::create_invoice (line 43) ... FAILED
[INFO] [stdout] test src/api/invoice.rs - api::invoice::crate::LNBitsClient::pay_invoice (line 102) ... FAILED
[INFO] [stdout] test src/lib.rs - LNBitsClient::new (line 44) ... ok
[INFO] [stdout] 
[INFO] [stdout] failures:
[INFO] [stdout] 
[INFO] [stdout] ---- src/api/invoice.rs - api::invoice::crate::LNBitsClient::create_invoice (line 43) stdout ----
[INFO] [stdout] error: environment variable `WALLET_1_ID` not defined at compile time
[INFO] [stdout]   --> src/api/invoice.rs:50:8
[INFO] [stdout]    |
[INFO] [stdout] 10 |        env!("WALLET_1_ID"),
[INFO] [stdout]    |        ^^^^^^^^^^^^^^^^^^^
[INFO] [stdout]    |
[INFO] [stdout]    = help: use `std::env::var("WALLET_1_ID")` to read the variable at run time
[INFO] [stdout]    = note: this error originates in the macro `env` (in Nightly builds, run with -Z macro-backtrace for more info)
[INFO] [stdout] 
[INFO] [stdout] error: environment variable `WALLET_1_ADMIN_KEY` not defined at compile time
[INFO] [stdout]   --> src/api/invoice.rs:51:8
[INFO] [stdout]    |
[INFO] [stdout] 11 |        env!("WALLET_1_ADMIN_KEY"),
[INFO] [stdout]    |        ^^^^^^^^^^^^^^^^^^^^^^^^^^
[INFO] [stdout]    |
[INFO] [stdout]    = help: use `std::env::var("WALLET_1_ADMIN_KEY")` to read the variable at run time
[INFO] [stdout]    = note: this error originates in the macro `env` (in Nightly builds, run with -Z macro-backtrace for more info)
[INFO] [stdout] 
[INFO] [stdout] error: environment variable `WALLET_1_INVOICE_READ_KEY` not defined at compile time
[INFO] [stdout]   --> src/api/invoice.rs:52:8
[INFO] [stdout]    |
[INFO] [stdout] 12 |        env!("WALLET_1_INVOICE_READ_KEY"),
[INFO] [stdout]    |        ^^^^^^^^^^^^^^^^^^^^^^^^^^^^^^^^^
[INFO] [stdout]    |
[INFO] [stdout]    = help: use `std::env::var("WALLET_1_INVOICE_READ_KEY")` to read the variable at run time
[INFO] [stdout]    = note: this error originates in the macro `env` (in Nightly builds, run with -Z macro-backtrace for more info)
[INFO] [stdout] 
[INFO] [stdout] error: environment variable `LNBITS_URL` not defined at compile time
[INFO] [stdout]   --> src/api/invoice.rs:53:8
[INFO] [stdout]    |
[INFO] [stdout] 13 |        env!("LNBITS_URL"),
[INFO] [stdout]    |        ^^^^^^^^^^^^^^^^^^
[INFO] [stdout]    |
[INFO] [stdout]    = help: use `std::env::var("LNBITS_URL")` to read the variable at run time
[INFO] [stdout]    = note: this error originates in the macro `env` (in Nightly builds, run with -Z macro-backtrace for more info)
[INFO] [stdout] 
[INFO] [stdout] error: environment variable `LNBITS_TOR_SOCKET` not defined at compile time
[INFO] [stdout]   --> src/api/invoice.rs:54:13
[INFO] [stdout]    |
[INFO] [stdout] 14 |        Some(env!("LNBITS_TOR_SOCKET")),
[INFO] [stdout]    |             ^^^^^^^^^^^^^^^^^^^^^^^^^
[INFO] [stdout]    |
[INFO] [stdout]    = help: use `std::env::var("LNBITS_TOR_SOCKET")` to read the variable at run time
[INFO] [stdout]    = note: this error originates in the macro `env` (in Nightly builds, run with -Z macro-backtrace for more info)
[INFO] [stdout] 
[INFO] [stdout] error: aborting due to 5 previous errors
[INFO] [stdout] 
[INFO] [stdout] Couldn't compile the test.
[INFO] [stdout] ---- src/api/invoice.rs - api::invoice::crate::LNBitsClient::pay_invoice (line 102) stdout ----
[INFO] [stdout] error: environment variable `WALLET_1_ID` not defined at compile time
[INFO] [stdout]   --> src/api/invoice.rs:109:8
[INFO] [stdout]    |
[INFO] [stdout] 10 |        env!("WALLET_1_ID"),
[INFO] [stdout]    |        ^^^^^^^^^^^^^^^^^^^
[INFO] [stdout]    |
[INFO] [stdout]    = help: use `std::env::var("WALLET_1_ID")` to read the variable at run time
[INFO] [stdout]    = note: this error originates in the macro `env` (in Nightly builds, run with -Z macro-backtrace for more info)
[INFO] [stdout] 
[INFO] [stdout] error: environment variable `WALLET_1_ADMIN_KEY` not defined at compile time
[INFO] [stdout]   --> src/api/invoice.rs:110:8
[INFO] [stdout]    |
[INFO] [stdout] 11 |        env!("WALLET_1_ADMIN_KEY"),
[INFO] [stdout]    |        ^^^^^^^^^^^^^^^^^^^^^^^^^^
[INFO] [stdout]    |
[INFO] [stdout]    = help: use `std::env::var("WALLET_1_ADMIN_KEY")` to read the variable at run time
[INFO] [stdout]    = note: this error originates in the macro `env` (in Nightly builds, run with -Z macro-backtrace for more info)
[INFO] [stdout] 
[INFO] [stdout] error: environment variable `WALLET_1_INVOICE_READ_KEY` not defined at compile time
[INFO] [stdout]   --> src/api/invoice.rs:111:8
[INFO] [stdout]    |
[INFO] [stdout] 12 |        env!("WALLET_1_INVOICE_READ_KEY"),
[INFO] [stdout]    |        ^^^^^^^^^^^^^^^^^^^^^^^^^^^^^^^^^
[INFO] [stdout]    |
[INFO] [stdout]    = help: use `std::env::var("WALLET_1_INVOICE_READ_KEY")` to read the variable at run time
[INFO] [stdout]    = note: this error originates in the macro `env` (in Nightly builds, run with -Z macro-backtrace for more info)
[INFO] [stdout] 
[INFO] [stdout] error: environment variable `LNBITS_URL` not defined at compile time
[INFO] [stdout]   --> src/api/invoice.rs:112:8
[INFO] [stdout]    |
[INFO] [stdout] 13 |        env!("LNBITS_URL"),
[INFO] [stdout]    |        ^^^^^^^^^^^^^^^^^^
[INFO] [stdout]    |
[INFO] [stdout]    = help: use `std::env::var("LNBITS_URL")` to read the variable at run time
[INFO] [stdout]    = note: this error originates in the macro `env` (in Nightly builds, run with -Z macro-backtrace for more info)
[INFO] [stdout] 
[INFO] [stdout] error: environment variable `LNBITS_TOR_SOCKET` not defined at compile time
[INFO] [stdout]   --> src/api/invoice.rs:113:13
[INFO] [stdout]    |
[INFO] [stdout] 14 |        Some(env!("LNBITS_TOR_SOCKET")),
[INFO] [stdout]    |             ^^^^^^^^^^^^^^^^^^^^^^^^^
[INFO] [stdout]    |
[INFO] [stdout]    = help: use `std::env::var("LNBITS_TOR_SOCKET")` to read the variable at run time
[INFO] [stdout]    = note: this error originates in the macro `env` (in Nightly builds, run with -Z macro-backtrace for more info)
[INFO] [stdout] 
[INFO] [stdout] error: environment variable `WALLET_2_ID` not defined at compile time
[INFO] [stdout]   --> src/api/invoice.rs:117:8
[INFO] [stdout]    |
[INFO] [stdout] 18 |        env!("WALLET_2_ID"),
[INFO] [stdout]    |        ^^^^^^^^^^^^^^^^^^^
[INFO] [stdout]    |
[INFO] [stdout]    = help: use `std::env::var("WALLET_2_ID")` to read the variable at run time
[INFO] [stdout]    = note: this error originates in the macro `env` (in Nightly builds, run with -Z macro-backtrace for more info)
[INFO] [stdout] 
[INFO] [stdout] error: environment variable `WALLET_2_ADMIN_KEY` not defined at compile time
[INFO] [stdout]   --> src/api/invoice.rs:118:8
[INFO] [stdout]    |
[INFO] [stdout] 19 |        env!("WALLET_2_ADMIN_KEY"),
[INFO] [stdout]    |        ^^^^^^^^^^^^^^^^^^^^^^^^^^
[INFO] [stdout]    |
[INFO] [stdout]    = help: use `std::env::var("WALLET_2_ADMIN_KEY")` to read the variable at run time
[INFO] [stdout]    = note: this error originates in the macro `env` (in Nightly builds, run with -Z macro-backtrace for more info)
[INFO] [stdout] 
[INFO] [stdout] error: environment variable `WALLET_2_INVOICE_READ_KEY` not defined at compile time
[INFO] [stdout]   --> src/api/invoice.rs:119:8
[INFO] [stdout]    |
[INFO] [stdout] 20 |        env!("WALLET_2_INVOICE_READ_KEY"),
[INFO] [stdout]    |        ^^^^^^^^^^^^^^^^^^^^^^^^^^^^^^^^^
[INFO] [stdout]    |
[INFO] [stdout]    = help: use `std::env::var("WALLET_2_INVOICE_READ_KEY")` to read the variable at run time
[INFO] [stdout]    = note: this error originates in the macro `env` (in Nightly builds, run with -Z macro-backtrace for more info)
[INFO] [stdout] 
[INFO] [stdout] error: environment variable `LNBITS_URL` not defined at compile time
[INFO] [stdout]   --> src/api/invoice.rs:120:8
[INFO] [stdout]    |
[INFO] [stdout] 21 |        env!("LNBITS_URL"),
[INFO] [stdout]    |        ^^^^^^^^^^^^^^^^^^
[INFO] [stdout]    |
[INFO] [stdout]    = help: use `std::env::var("LNBITS_URL")` to read the variable at run time
[INFO] [stdout]    = note: this error originates in the macro `env` (in Nightly builds, run with -Z macro-backtrace for more info)
[INFO] [stdout] 
[INFO] [stdout] error: environment variable `LNBITS_TOR_SOCKET` not defined at compile time
[INFO] [stdout]   --> src/api/invoice.rs:121:13
[INFO] [stdout]    |
[INFO] [stdout] 22 |        Some(env!("LNBITS_TOR_SOCKET")),
[INFO] [stdout]    |             ^^^^^^^^^^^^^^^^^^^^^^^^^
[INFO] [stdout]    |
[INFO] [stdout]    = help: use `std::env::var("LNBITS_TOR_SOCKET")` to read the variable at run time
[INFO] [stdout]    = note: this error originates in the macro `env` (in Nightly builds, run with -Z macro-backtrace for more info)
[INFO] [stdout] 
[INFO] [stdout] error: aborting due to 10 previous errors
[INFO] [stdout] 
[INFO] [stdout] Couldn't compile the test.
[INFO] [stdout] 
[INFO] [stdout] failures:
[INFO] [stdout]     src/api/invoice.rs - api::invoice::crate::LNBitsClient::create_invoice (line 43)
[INFO] [stdout]     src/api/invoice.rs - api::invoice::crate::LNBitsClient::pay_invoice (line 102)
[INFO] [stdout] 
[INFO] [stdout] test result: FAILED. 1 passed; 2 failed; 0 ignored; 0 measured; 0 filtered out; finished in 1.93s
[INFO] [stdout] 
[INFO] [stderr] error: doctest failed, to rerun pass `--doc`
[INFO] running `Command { std: "docker" "inspect" "1ec0ba09d94e0d1f1de58de82532acfb7cbed7a4aa7fe490c41509d48282934a", kill_on_drop: false }`
[INFO] running `Command { std: "docker" "rm" "-f" "1ec0ba09d94e0d1f1de58de82532acfb7cbed7a4aa7fe490c41509d48282934a", kill_on_drop: false }`
[INFO] [stdout] 1ec0ba09d94e0d1f1de58de82532acfb7cbed7a4aa7fe490c41509d48282934a
