[INFO] fetching crate llvm-plugin-macros 0.2.0...
[INFO] testing llvm-plugin-macros-0.2.0 against 1.75.0 for beta-1.76-1
[INFO] extracting crate llvm-plugin-macros 0.2.0 into /workspace/builds/worker-4-tc1/source
[INFO] validating manifest of crates.io crate llvm-plugin-macros 0.2.0 on toolchain 1.75.0
[INFO] running `Command { std: CARGO_HOME="/workspace/cargo-home" RUSTUP_HOME="/workspace/rustup-home" "/workspace/cargo-home/bin/cargo" "+1.75.0" "metadata" "--manifest-path" "Cargo.toml" "--no-deps", kill_on_drop: false }`
[INFO] started tweaking crates.io crate llvm-plugin-macros 0.2.0
[INFO] finished tweaking crates.io crate llvm-plugin-macros 0.2.0
[INFO] tweaked toml for crates.io crate llvm-plugin-macros 0.2.0 written to /workspace/builds/worker-4-tc1/source/Cargo.toml
[INFO] running `Command { std: CARGO_HOME="/workspace/cargo-home" RUSTUP_HOME="/workspace/rustup-home" "/workspace/cargo-home/bin/cargo" "+1.75.0" "generate-lockfile" "--manifest-path" "Cargo.toml", kill_on_drop: false }`
[INFO] [stderr]     Updating crates.io index
[INFO] running `Command { std: CARGO_HOME="/workspace/cargo-home" RUSTUP_HOME="/workspace/rustup-home" "/workspace/cargo-home/bin/cargo" "+1.75.0" "fetch" "--manifest-path" "Cargo.toml", kill_on_drop: false }`
[INFO] running `Command { std: "docker" "create" "-v" "/var/lib/crater-agent-workspace/builds/worker-4-tc1/target:/opt/rustwide/target:rw,Z" "-v" "/var/lib/crater-agent-workspace/builds/worker-4-tc1/source:/opt/rustwide/workdir:ro,Z" "-v" "/var/lib/crater-agent-workspace/cargo-home:/opt/rustwide/cargo-home:ro,Z" "-v" "/var/lib/crater-agent-workspace/rustup-home:/opt/rustwide/rustup-home:ro,Z" "-e" "SOURCE_DIR=/opt/rustwide/workdir" "-e" "CARGO_TARGET_DIR=/opt/rustwide/target" "-e" "CARGO_HOME=/opt/rustwide/cargo-home" "-e" "RUSTUP_HOME=/opt/rustwide/rustup-home" "-w" "/opt/rustwide/workdir" "-m" "1610612736" "--user" "0:0" "--network" "none" "ghcr.io/rust-lang/crates-build-env/linux@sha256:2788e3201cd34a07e3172128adcd8b3090168a8e3bcc40d7c032b9dda1df7d1c" "/opt/rustwide/cargo-home/bin/cargo" "+1.75.0" "metadata" "--no-deps" "--format-version=1", kill_on_drop: false }`
[INFO] [stdout] 5384bc61afd38d9a7f2a7228acd67cf0e7077a9ea6f11fafef23da807dba2ffb
[INFO] running `Command { std: "docker" "start" "-a" "5384bc61afd38d9a7f2a7228acd67cf0e7077a9ea6f11fafef23da807dba2ffb", kill_on_drop: false }`
[INFO] running `Command { std: "docker" "inspect" "5384bc61afd38d9a7f2a7228acd67cf0e7077a9ea6f11fafef23da807dba2ffb", kill_on_drop: false }`
[INFO] running `Command { std: "docker" "rm" "-f" "5384bc61afd38d9a7f2a7228acd67cf0e7077a9ea6f11fafef23da807dba2ffb", kill_on_drop: false }`
[INFO] [stdout] 5384bc61afd38d9a7f2a7228acd67cf0e7077a9ea6f11fafef23da807dba2ffb
[INFO] running `Command { std: "docker" "create" "-v" "/var/lib/crater-agent-workspace/builds/worker-4-tc1/target:/opt/rustwide/target:rw,Z" "-v" "/var/lib/crater-agent-workspace/builds/worker-4-tc1/source:/opt/rustwide/workdir:ro,Z" "-v" "/var/lib/crater-agent-workspace/cargo-home:/opt/rustwide/cargo-home:ro,Z" "-v" "/var/lib/crater-agent-workspace/rustup-home:/opt/rustwide/rustup-home:ro,Z" "-e" "SOURCE_DIR=/opt/rustwide/workdir" "-e" "CARGO_TARGET_DIR=/opt/rustwide/target" "-e" "CARGO_INCREMENTAL=0" "-e" "RUST_BACKTRACE=full" "-e" "RUSTFLAGS=--cap-lints=warn" "-e" "RUSTDOCFLAGS=--cap-lints=warn" "-e" "CARGO_HOME=/opt/rustwide/cargo-home" "-e" "RUSTUP_HOME=/opt/rustwide/rustup-home" "-w" "/opt/rustwide/workdir" "-m" "1610612736" "--user" "0:0" "--network" "none" "ghcr.io/rust-lang/crates-build-env/linux@sha256:2788e3201cd34a07e3172128adcd8b3090168a8e3bcc40d7c032b9dda1df7d1c" "/opt/rustwide/cargo-home/bin/cargo" "+1.75.0" "build" "--frozen" "--message-format=json", kill_on_drop: false }`
[INFO] [stdout] 32b2788072b7659a9c644d8b719895fb85b7c7565b97e0c348491a4170ef7a48
[INFO] running `Command { std: "docker" "start" "-a" "32b2788072b7659a9c644d8b719895fb85b7c7565b97e0c348491a4170ef7a48", kill_on_drop: false }`
[INFO] [stderr]    Compiling proc-macro2 v1.0.75
[INFO] [stderr]    Compiling quote v1.0.35
[INFO] [stderr]    Compiling syn v1.0.109
[INFO] [stderr]    Compiling llvm-plugin-macros v0.2.0 (/opt/rustwide/workdir)
[INFO] [stderr]     Finished dev [unoptimized + debuginfo] target(s) in 4.48s
[INFO] running `Command { std: "docker" "inspect" "32b2788072b7659a9c644d8b719895fb85b7c7565b97e0c348491a4170ef7a48", kill_on_drop: false }`
[INFO] running `Command { std: "docker" "rm" "-f" "32b2788072b7659a9c644d8b719895fb85b7c7565b97e0c348491a4170ef7a48", kill_on_drop: false }`
[INFO] [stdout] 32b2788072b7659a9c644d8b719895fb85b7c7565b97e0c348491a4170ef7a48
[INFO] running `Command { std: "docker" "create" "-v" "/var/lib/crater-agent-workspace/builds/worker-4-tc1/target:/opt/rustwide/target:rw,Z" "-v" "/var/lib/crater-agent-workspace/builds/worker-4-tc1/source:/opt/rustwide/workdir:ro,Z" "-v" "/var/lib/crater-agent-workspace/cargo-home:/opt/rustwide/cargo-home:ro,Z" "-v" "/var/lib/crater-agent-workspace/rustup-home:/opt/rustwide/rustup-home:ro,Z" "-e" "SOURCE_DIR=/opt/rustwide/workdir" "-e" "CARGO_TARGET_DIR=/opt/rustwide/target" "-e" "CARGO_INCREMENTAL=0" "-e" "RUST_BACKTRACE=full" "-e" "RUSTFLAGS=--cap-lints=warn" "-e" "RUSTDOCFLAGS=--cap-lints=warn" "-e" "CARGO_HOME=/opt/rustwide/cargo-home" "-e" "RUSTUP_HOME=/opt/rustwide/rustup-home" "-w" "/opt/rustwide/workdir" "-m" "1610612736" "--user" "0:0" "--network" "none" "ghcr.io/rust-lang/crates-build-env/linux@sha256:2788e3201cd34a07e3172128adcd8b3090168a8e3bcc40d7c032b9dda1df7d1c" "/opt/rustwide/cargo-home/bin/cargo" "+1.75.0" "test" "--frozen" "--no-run" "--message-format=json", kill_on_drop: false }`
[INFO] [stdout] 378bdea66f33e7f71d2d5c4d2f155856664318324939032954ae89bbd9ab9558
[INFO] running `Command { std: "docker" "start" "-a" "378bdea66f33e7f71d2d5c4d2f155856664318324939032954ae89bbd9ab9558", kill_on_drop: false }`
[INFO] [stderr]    Compiling llvm-plugin-macros v0.2.0 (/opt/rustwide/workdir)
[INFO] [stderr]     Finished test [unoptimized + debuginfo] target(s) in 0.45s
[INFO] running `Command { std: "docker" "inspect" "378bdea66f33e7f71d2d5c4d2f155856664318324939032954ae89bbd9ab9558", kill_on_drop: false }`
[INFO] running `Command { std: "docker" "rm" "-f" "378bdea66f33e7f71d2d5c4d2f155856664318324939032954ae89bbd9ab9558", kill_on_drop: false }`
[INFO] [stdout] 378bdea66f33e7f71d2d5c4d2f155856664318324939032954ae89bbd9ab9558
[INFO] running `Command { std: "docker" "create" "-v" "/var/lib/crater-agent-workspace/builds/worker-4-tc1/target:/opt/rustwide/target:rw,Z" "-v" "/var/lib/crater-agent-workspace/builds/worker-4-tc1/source:/opt/rustwide/workdir:ro,Z" "-v" "/var/lib/crater-agent-workspace/cargo-home:/opt/rustwide/cargo-home:ro,Z" "-v" "/var/lib/crater-agent-workspace/rustup-home:/opt/rustwide/rustup-home:ro,Z" "-e" "SOURCE_DIR=/opt/rustwide/workdir" "-e" "CARGO_TARGET_DIR=/opt/rustwide/target" "-e" "CARGO_INCREMENTAL=0" "-e" "RUST_BACKTRACE=full" "-e" "RUSTFLAGS=--cap-lints=warn" "-e" "RUSTDOCFLAGS=--cap-lints=warn" "-e" "CARGO_HOME=/opt/rustwide/cargo-home" "-e" "RUSTUP_HOME=/opt/rustwide/rustup-home" "-w" "/opt/rustwide/workdir" "-m" "1610612736" "--user" "0:0" "--network" "none" "ghcr.io/rust-lang/crates-build-env/linux@sha256:2788e3201cd34a07e3172128adcd8b3090168a8e3bcc40d7c032b9dda1df7d1c" "/opt/rustwide/cargo-home/bin/cargo" "+1.75.0" "test" "--frozen", kill_on_drop: false }`
[INFO] [stdout] 1a77ec104c3a1d9cf0951b6597af6a0ca50a96f6c4a51d6dc8c97854ab41c516
[INFO] running `Command { std: "docker" "start" "-a" "1a77ec104c3a1d9cf0951b6597af6a0ca50a96f6c4a51d6dc8c97854ab41c516", kill_on_drop: false }`
[INFO] [stderr]     Finished test [unoptimized + debuginfo] target(s) in 0.01s
[INFO] [stderr]      Running unittests src/lib.rs (/opt/rustwide/target/debug/deps/llvm_plugin_macros-0ecbc5a5a79ceb29)
[INFO] [stdout] 
[INFO] [stdout] running 0 tests
[INFO] [stdout] 
[INFO] [stdout] test result: ok. 0 passed; 0 failed; 0 ignored; 0 measured; 0 filtered out; finished in 0.00s
[INFO] [stdout] 
[INFO] [stderr]    Doc-tests llvm-plugin-macros
[INFO] [stdout] 
[INFO] [stdout] running 1 test
[INFO] [stdout] test src/lib.rs - plugin (line 26) ... FAILED
[INFO] [stdout] 
[INFO] [stdout] failures:
[INFO] [stdout] 
[INFO] [stdout] ---- src/lib.rs - plugin (line 26) stdout ----
[INFO] [stdout] error[E0432]: unresolved import `llvm_plugin`
[INFO] [stdout]  --> src/lib.rs:27:5
[INFO] [stdout]   |
[INFO] [stdout] 3 | use llvm_plugin::PassBuilder;
[INFO] [stdout]   |     ^^^^^^^^^^^ use of undeclared crate or module `llvm_plugin`
[INFO] [stdout] 
[INFO] [stdout] error[E0433]: failed to resolve: use of undeclared crate or module `llvm_plugin`
[INFO] [stdout]  --> src/lib.rs:28:3
[INFO] [stdout]   |
[INFO] [stdout] 4 | #[llvm_plugin::plugin(name = "plugin_name", version = "0.1")]
[INFO] [stdout]   |   ^^^^^^^^^^^ use of undeclared crate or module `llvm_plugin`
[INFO] [stdout] 
[INFO] [stdout] error: aborting due to 2 previous errors
[INFO] [stdout] 
[INFO] [stdout] Some errors have detailed explanations: E0432, E0433.
[INFO] [stdout] For more information about an error, try `rustc --explain E0432`.
[INFO] [stdout] Couldn't compile the test.
[INFO] [stdout] 
[INFO] [stdout] failures:
[INFO] [stdout]     src/lib.rs - plugin (line 26)
[INFO] [stdout] 
[INFO] [stdout] test result: FAILED. 0 passed; 1 failed; 0 ignored; 0 measured; 0 filtered out; finished in 0.08s
[INFO] [stdout] 
[INFO] [stderr] error: doctest failed, to rerun pass `--doc`
[INFO] running `Command { std: "docker" "inspect" "1a77ec104c3a1d9cf0951b6597af6a0ca50a96f6c4a51d6dc8c97854ab41c516", kill_on_drop: false }`
[INFO] running `Command { std: "docker" "rm" "-f" "1a77ec104c3a1d9cf0951b6597af6a0ca50a96f6c4a51d6dc8c97854ab41c516", kill_on_drop: false }`
[INFO] [stdout] 1a77ec104c3a1d9cf0951b6597af6a0ca50a96f6c4a51d6dc8c97854ab41c516
