[INFO] fetching crate liveterm 0.3.0...
[INFO] testing liveterm-0.3.0 against 1.75.0 for beta-1.76-1
[INFO] extracting crate liveterm 0.3.0 into /workspace/builds/worker-3-tc1/source
[INFO] validating manifest of crates.io crate liveterm 0.3.0 on toolchain 1.75.0
[INFO] running `Command { std: CARGO_HOME="/workspace/cargo-home" RUSTUP_HOME="/workspace/rustup-home" "/workspace/cargo-home/bin/cargo" "+1.75.0" "metadata" "--manifest-path" "Cargo.toml" "--no-deps", kill_on_drop: false }`
[INFO] started tweaking crates.io crate liveterm 0.3.0
[INFO] finished tweaking crates.io crate liveterm 0.3.0
[INFO] tweaked toml for crates.io crate liveterm 0.3.0 written to /workspace/builds/worker-3-tc1/source/Cargo.toml
[INFO] crate crates.io crate liveterm 0.3.0 already has a lockfile, it will not be regenerated
[INFO] running `Command { std: CARGO_HOME="/workspace/cargo-home" RUSTUP_HOME="/workspace/rustup-home" "/workspace/cargo-home/bin/cargo" "+1.75.0" "fetch" "--manifest-path" "Cargo.toml", kill_on_drop: false }`
[INFO] [stderr]  Downloading crates ...
[INFO] [stderr]   Downloaded signal-hook v0.3.9
[INFO] [stderr]   Downloaded crossterm v0.20.0
[INFO] [stderr]   Downloaded vte v0.10.0
[INFO] [stderr]   Downloaded libc v0.2.84
[INFO] [stderr]   Downloaded mio v0.7.7
[INFO] running `Command { std: "docker" "create" "-v" "/var/lib/crater-agent-workspace/builds/worker-3-tc1/target:/opt/rustwide/target:rw,Z" "-v" "/var/lib/crater-agent-workspace/builds/worker-3-tc1/source:/opt/rustwide/workdir:ro,Z" "-v" "/var/lib/crater-agent-workspace/cargo-home:/opt/rustwide/cargo-home:ro,Z" "-v" "/var/lib/crater-agent-workspace/rustup-home:/opt/rustwide/rustup-home:ro,Z" "-e" "SOURCE_DIR=/opt/rustwide/workdir" "-e" "CARGO_TARGET_DIR=/opt/rustwide/target" "-e" "CARGO_HOME=/opt/rustwide/cargo-home" "-e" "RUSTUP_HOME=/opt/rustwide/rustup-home" "-w" "/opt/rustwide/workdir" "-m" "1610612736" "--user" "0:0" "--network" "none" "ghcr.io/rust-lang/crates-build-env/linux@sha256:2788e3201cd34a07e3172128adcd8b3090168a8e3bcc40d7c032b9dda1df7d1c" "/opt/rustwide/cargo-home/bin/cargo" "+1.75.0" "metadata" "--no-deps" "--format-version=1", kill_on_drop: false }`
[INFO] [stdout] 494bd05265c18bac0ae9d19d9acde4469afe5357c15400e4db3191fa105f8c15
[INFO] running `Command { std: "docker" "start" "-a" "494bd05265c18bac0ae9d19d9acde4469afe5357c15400e4db3191fa105f8c15", kill_on_drop: false }`
[INFO] running `Command { std: "docker" "inspect" "494bd05265c18bac0ae9d19d9acde4469afe5357c15400e4db3191fa105f8c15", kill_on_drop: false }`
[INFO] running `Command { std: "docker" "rm" "-f" "494bd05265c18bac0ae9d19d9acde4469afe5357c15400e4db3191fa105f8c15", kill_on_drop: false }`
[INFO] [stdout] 494bd05265c18bac0ae9d19d9acde4469afe5357c15400e4db3191fa105f8c15
[INFO] running `Command { std: "docker" "create" "-v" "/var/lib/crater-agent-workspace/builds/worker-3-tc1/target:/opt/rustwide/target:rw,Z" "-v" "/var/lib/crater-agent-workspace/builds/worker-3-tc1/source:/opt/rustwide/workdir:ro,Z" "-v" "/var/lib/crater-agent-workspace/cargo-home:/opt/rustwide/cargo-home:ro,Z" "-v" "/var/lib/crater-agent-workspace/rustup-home:/opt/rustwide/rustup-home:ro,Z" "-e" "SOURCE_DIR=/opt/rustwide/workdir" "-e" "CARGO_TARGET_DIR=/opt/rustwide/target" "-e" "CARGO_INCREMENTAL=0" "-e" "RUST_BACKTRACE=full" "-e" "RUSTFLAGS=--cap-lints=warn" "-e" "RUSTDOCFLAGS=--cap-lints=warn" "-e" "CARGO_HOME=/opt/rustwide/cargo-home" "-e" "RUSTUP_HOME=/opt/rustwide/rustup-home" "-w" "/opt/rustwide/workdir" "-m" "1610612736" "--user" "0:0" "--network" "none" "ghcr.io/rust-lang/crates-build-env/linux@sha256:2788e3201cd34a07e3172128adcd8b3090168a8e3bcc40d7c032b9dda1df7d1c" "/opt/rustwide/cargo-home/bin/cargo" "+1.75.0" "build" "--frozen" "--message-format=json", kill_on_drop: false }`
[INFO] [stdout] 6394aedad826ab9a0ee001615f588f2dae33f7d09c63206749ea498d21a769aa
[INFO] running `Command { std: "docker" "start" "-a" "6394aedad826ab9a0ee001615f588f2dae33f7d09c63206749ea498d21a769aa", kill_on_drop: false }`
[INFO] [stderr]    Compiling libc v0.2.84
[INFO] [stderr]    Compiling log v0.4.14
[INFO] [stderr]    Compiling proc-macro2 v1.0.24
[INFO] [stderr]    Compiling signal-hook v0.3.9
[INFO] [stderr]    Compiling unicode-xid v0.2.1
[INFO] [stderr]    Compiling instant v0.1.9
[INFO] [stderr]    Compiling smallvec v1.6.1
[INFO] [stderr]    Compiling scopeguard v1.1.0
[INFO] [stderr]    Compiling bitflags v1.2.1
[INFO] [stderr]    Compiling lock_api v0.4.2
[INFO] [stderr]    Compiling arrayvec v0.5.2
[INFO] [stderr]    Compiling utf8parse v0.2.0
[INFO] [stderr]    Compiling unicode-width v0.1.8
[INFO] [stderr]    Compiling signal-hook-registry v1.4.0
[INFO] [stderr]    Compiling mio v0.7.7
[INFO] [stderr]    Compiling parking_lot_core v0.8.2
[INFO] [stderr]    Compiling quote v1.0.8
[INFO] [stderr]    Compiling parking_lot v0.11.1
[INFO] [stderr]    Compiling vte_generate_state_changes v0.1.1
[INFO] [stderr]    Compiling signal-hook-mio v0.2.1
[INFO] [stderr]    Compiling crossterm v0.20.0
[INFO] [stderr]    Compiling vte v0.10.0
[INFO] [stderr]    Compiling liveterm v0.3.0 (/opt/rustwide/workdir)
[INFO] [stderr]     Finished dev [unoptimized + debuginfo] target(s) in 3.77s
[INFO] running `Command { std: "docker" "inspect" "6394aedad826ab9a0ee001615f588f2dae33f7d09c63206749ea498d21a769aa", kill_on_drop: false }`
[INFO] running `Command { std: "docker" "rm" "-f" "6394aedad826ab9a0ee001615f588f2dae33f7d09c63206749ea498d21a769aa", kill_on_drop: false }`
[INFO] [stdout] 6394aedad826ab9a0ee001615f588f2dae33f7d09c63206749ea498d21a769aa
[INFO] running `Command { std: "docker" "create" "-v" "/var/lib/crater-agent-workspace/builds/worker-3-tc1/target:/opt/rustwide/target:rw,Z" "-v" "/var/lib/crater-agent-workspace/builds/worker-3-tc1/source:/opt/rustwide/workdir:ro,Z" "-v" "/var/lib/crater-agent-workspace/cargo-home:/opt/rustwide/cargo-home:ro,Z" "-v" "/var/lib/crater-agent-workspace/rustup-home:/opt/rustwide/rustup-home:ro,Z" "-e" "SOURCE_DIR=/opt/rustwide/workdir" "-e" "CARGO_TARGET_DIR=/opt/rustwide/target" "-e" "CARGO_INCREMENTAL=0" "-e" "RUST_BACKTRACE=full" "-e" "RUSTFLAGS=--cap-lints=warn" "-e" "RUSTDOCFLAGS=--cap-lints=warn" "-e" "CARGO_HOME=/opt/rustwide/cargo-home" "-e" "RUSTUP_HOME=/opt/rustwide/rustup-home" "-w" "/opt/rustwide/workdir" "-m" "1610612736" "--user" "0:0" "--network" "none" "ghcr.io/rust-lang/crates-build-env/linux@sha256:2788e3201cd34a07e3172128adcd8b3090168a8e3bcc40d7c032b9dda1df7d1c" "/opt/rustwide/cargo-home/bin/cargo" "+1.75.0" "test" "--frozen" "--no-run" "--message-format=json", kill_on_drop: false }`
[INFO] [stdout] 6914061bf6ddb435487d65e19df8f192e917401fcf63fe268bf95417be5dff6b
[INFO] running `Command { std: "docker" "start" "-a" "6914061bf6ddb435487d65e19df8f192e917401fcf63fe268bf95417be5dff6b", kill_on_drop: false }`
[INFO] [stderr]    Compiling liveterm v0.3.0 (/opt/rustwide/workdir)
[INFO] [stderr]     Finished test [unoptimized + debuginfo] target(s) in 0.65s
[INFO] running `Command { std: "docker" "inspect" "6914061bf6ddb435487d65e19df8f192e917401fcf63fe268bf95417be5dff6b", kill_on_drop: false }`
[INFO] running `Command { std: "docker" "rm" "-f" "6914061bf6ddb435487d65e19df8f192e917401fcf63fe268bf95417be5dff6b", kill_on_drop: false }`
[INFO] [stdout] 6914061bf6ddb435487d65e19df8f192e917401fcf63fe268bf95417be5dff6b
[INFO] running `Command { std: "docker" "create" "-v" "/var/lib/crater-agent-workspace/builds/worker-3-tc1/target:/opt/rustwide/target:rw,Z" "-v" "/var/lib/crater-agent-workspace/builds/worker-3-tc1/source:/opt/rustwide/workdir:ro,Z" "-v" "/var/lib/crater-agent-workspace/cargo-home:/opt/rustwide/cargo-home:ro,Z" "-v" "/var/lib/crater-agent-workspace/rustup-home:/opt/rustwide/rustup-home:ro,Z" "-e" "SOURCE_DIR=/opt/rustwide/workdir" "-e" "CARGO_TARGET_DIR=/opt/rustwide/target" "-e" "CARGO_INCREMENTAL=0" "-e" "RUST_BACKTRACE=full" "-e" "RUSTFLAGS=--cap-lints=warn" "-e" "RUSTDOCFLAGS=--cap-lints=warn" "-e" "CARGO_HOME=/opt/rustwide/cargo-home" "-e" "RUSTUP_HOME=/opt/rustwide/rustup-home" "-w" "/opt/rustwide/workdir" "-m" "1610612736" "--user" "0:0" "--network" "none" "ghcr.io/rust-lang/crates-build-env/linux@sha256:2788e3201cd34a07e3172128adcd8b3090168a8e3bcc40d7c032b9dda1df7d1c" "/opt/rustwide/cargo-home/bin/cargo" "+1.75.0" "test" "--frozen", kill_on_drop: false }`
[INFO] [stdout] b9030d2446dbbf7d516068c47e0901b14672c9d96ec7753fd00e6a841adc7146
[INFO] running `Command { std: "docker" "start" "-a" "b9030d2446dbbf7d516068c47e0901b14672c9d96ec7753fd00e6a841adc7146", kill_on_drop: false }`
[INFO] [stderr]     Finished test [unoptimized + debuginfo] target(s) in 0.03s
[INFO] [stderr]      Running unittests src/lib.rs (/opt/rustwide/target/debug/deps/liveterm-6975ca6eeb1c9019)
[INFO] [stdout] 
[INFO] [stdout] running 6 tests
[INFO] [stdout] test soft_breaks::tests::test_cjk ... ignored
[INFO] [stdout] test soft_breaks::tests::test_control_chars ... ignored
[INFO] [stdout] test soft_breaks::tests::test_ambiguous ... ok
[INFO] [stdout] test soft_breaks::tests::test_rn ... ok
[INFO] [stdout] test soft_breaks::tests::test_empty_lines ... ok
[INFO] [stdout] test soft_breaks::tests::test_simple ... ok
[INFO] [stdout] 
[INFO] [stdout] test result: ok. 4 passed; 0 failed; 2 ignored; 0 measured; 0 filtered out; finished in 0.02s
[INFO] [stdout] 
[INFO] [stderr]    Doc-tests liveterm
[INFO] [stdout] 
[INFO] [stdout] running 1 test
[INFO] [stdout] test src/lib.rs - (line 5) ... FAILED
[INFO] [stdout] 
[INFO] [stdout] failures:
[INFO] [stdout] 
[INFO] [stdout] ---- src/lib.rs - (line 5) stdout ----
[INFO] [stdout] Test executable failed (exit status: 1).
[INFO] [stdout] 
[INFO] [stdout] stderr:
[INFO] [stdout] Error: Os { code: 2, kind: NotFound, message: "No such file or directory" }
[INFO] [stdout] 
[INFO] [stdout] 
[INFO] [stdout] 
[INFO] [stdout] failures:
[INFO] [stdout]     src/lib.rs - (line 5)
[INFO] [stdout] 
[INFO] [stdout] test result: FAILED. 0 passed; 1 failed; 0 ignored; 0 measured; 0 filtered out; finished in 0.43s
[INFO] [stdout] 
[INFO] [stderr] error: doctest failed, to rerun pass `--doc`
[INFO] running `Command { std: "docker" "inspect" "b9030d2446dbbf7d516068c47e0901b14672c9d96ec7753fd00e6a841adc7146", kill_on_drop: false }`
[INFO] running `Command { std: "docker" "rm" "-f" "b9030d2446dbbf7d516068c47e0901b14672c9d96ec7753fd00e6a841adc7146", kill_on_drop: false }`
[INFO] [stdout] b9030d2446dbbf7d516068c47e0901b14672c9d96ec7753fd00e6a841adc7146
[INFO] testing liveterm-0.3.0 against beta-2023-12-22 for beta-1.76-1
[INFO] extracting crate liveterm 0.3.0 into /workspace/builds/worker-3-tc2/source
[INFO] validating manifest of crates.io crate liveterm 0.3.0 on toolchain beta-2023-12-22
[INFO] running `Command { std: CARGO_HOME="/workspace/cargo-home" RUSTUP_HOME="/workspace/rustup-home" "/workspace/cargo-home/bin/cargo" "+beta-2023-12-22" "metadata" "--manifest-path" "Cargo.toml" "--no-deps", kill_on_drop: false }`
[INFO] started tweaking crates.io crate liveterm 0.3.0
[INFO] finished tweaking crates.io crate liveterm 0.3.0
[INFO] tweaked toml for crates.io crate liveterm 0.3.0 written to /workspace/builds/worker-3-tc2/source/Cargo.toml
[INFO] crate crates.io crate liveterm 0.3.0 already has a lockfile, it will not be regenerated
[INFO] running `Command { std: CARGO_HOME="/workspace/cargo-home" RUSTUP_HOME="/workspace/rustup-home" "/workspace/cargo-home/bin/cargo" "+beta-2023-12-22" "fetch" "--manifest-path" "Cargo.toml", kill_on_drop: false }`
[INFO] running `Command { std: "docker" "create" "-v" "/var/lib/crater-agent-workspace/builds/worker-3-tc2/target:/opt/rustwide/target:rw,Z" "-v" "/var/lib/crater-agent-workspace/builds/worker-3-tc2/source:/opt/rustwide/workdir:ro,Z" "-v" "/var/lib/crater-agent-workspace/cargo-home:/opt/rustwide/cargo-home:ro,Z" "-v" "/var/lib/crater-agent-workspace/rustup-home:/opt/rustwide/rustup-home:ro,Z" "-e" "SOURCE_DIR=/opt/rustwide/workdir" "-e" "CARGO_TARGET_DIR=/opt/rustwide/target" "-e" "CARGO_HOME=/opt/rustwide/cargo-home" "-e" "RUSTUP_HOME=/opt/rustwide/rustup-home" "-w" "/opt/rustwide/workdir" "-m" "1610612736" "--user" "0:0" "--network" "none" "ghcr.io/rust-lang/crates-build-env/linux@sha256:2788e3201cd34a07e3172128adcd8b3090168a8e3bcc40d7c032b9dda1df7d1c" "/opt/rustwide/cargo-home/bin/cargo" "+beta-2023-12-22" "metadata" "--no-deps" "--format-version=1", kill_on_drop: false }`
[INFO] [stdout] e74360d42889d721750ff8d10e775de012e8b3d304e0bb6c34aa7cc2805f7628
[INFO] running `Command { std: "docker" "start" "-a" "e74360d42889d721750ff8d10e775de012e8b3d304e0bb6c34aa7cc2805f7628", kill_on_drop: false }`
[INFO] running `Command { std: "docker" "inspect" "e74360d42889d721750ff8d10e775de012e8b3d304e0bb6c34aa7cc2805f7628", kill_on_drop: false }`
[INFO] running `Command { std: "docker" "rm" "-f" "e74360d42889d721750ff8d10e775de012e8b3d304e0bb6c34aa7cc2805f7628", kill_on_drop: false }`
[INFO] [stdout] e74360d42889d721750ff8d10e775de012e8b3d304e0bb6c34aa7cc2805f7628
[INFO] running `Command { std: "docker" "create" "-v" "/var/lib/crater-agent-workspace/builds/worker-3-tc2/target:/opt/rustwide/target:rw,Z" "-v" "/var/lib/crater-agent-workspace/builds/worker-3-tc2/source:/opt/rustwide/workdir:ro,Z" "-v" "/var/lib/crater-agent-workspace/cargo-home:/opt/rustwide/cargo-home:ro,Z" "-v" "/var/lib/crater-agent-workspace/rustup-home:/opt/rustwide/rustup-home:ro,Z" "-e" "SOURCE_DIR=/opt/rustwide/workdir" "-e" "CARGO_TARGET_DIR=/opt/rustwide/target" "-e" "CARGO_INCREMENTAL=0" "-e" "RUST_BACKTRACE=full" "-e" "RUSTFLAGS=--cap-lints=warn" "-e" "RUSTDOCFLAGS=--cap-lints=warn" "-e" "CARGO_HOME=/opt/rustwide/cargo-home" "-e" "RUSTUP_HOME=/opt/rustwide/rustup-home" "-w" "/opt/rustwide/workdir" "-m" "1610612736" "--user" "0:0" "--network" "none" "ghcr.io/rust-lang/crates-build-env/linux@sha256:2788e3201cd34a07e3172128adcd8b3090168a8e3bcc40d7c032b9dda1df7d1c" "/opt/rustwide/cargo-home/bin/cargo" "+beta-2023-12-22" "build" "--frozen" "--message-format=json", kill_on_drop: false }`
[INFO] [stdout] 7359e6032df0ae254f2935df1d3f5299a6048c94fe67e7e834aafafe1cb21d22
[INFO] running `Command { std: "docker" "start" "-a" "7359e6032df0ae254f2935df1d3f5299a6048c94fe67e7e834aafafe1cb21d22", kill_on_drop: false }`
[INFO] [stderr]    Compiling libc v0.2.84
[INFO] [stderr]    Compiling proc-macro2 v1.0.24
[INFO] [stderr]    Compiling log v0.4.14
[INFO] [stderr]    Compiling unicode-xid v0.2.1
[INFO] [stderr]    Compiling signal-hook v0.3.9
[INFO] [stderr]    Compiling scopeguard v1.1.0
[INFO] [stderr]    Compiling smallvec v1.6.1
[INFO] [stderr]    Compiling instant v0.1.9
[INFO] [stderr]    Compiling bitflags v1.2.1
[INFO] [stderr]    Compiling lock_api v0.4.2
[INFO] [stderr]    Compiling utf8parse v0.2.0
[INFO] [stderr]    Compiling arrayvec v0.5.2
[INFO] [stderr]    Compiling unicode-width v0.1.8
[INFO] [stderr]    Compiling quote v1.0.8
[INFO] [stderr]    Compiling signal-hook-registry v1.4.0
[INFO] [stderr]    Compiling mio v0.7.7
[INFO] [stderr]    Compiling parking_lot_core v0.8.2
[INFO] [stderr]    Compiling vte_generate_state_changes v0.1.1
[INFO] [stderr]    Compiling parking_lot v0.11.1
[INFO] [stderr]    Compiling signal-hook-mio v0.2.1
[INFO] [stderr]    Compiling vte v0.10.0
[INFO] [stderr]    Compiling crossterm v0.20.0
[INFO] [stderr]    Compiling liveterm v0.3.0 (/opt/rustwide/workdir)
[INFO] [stderr]     Finished dev [unoptimized + debuginfo] target(s) in 4.04s
[INFO] running `Command { std: "docker" "inspect" "7359e6032df0ae254f2935df1d3f5299a6048c94fe67e7e834aafafe1cb21d22", kill_on_drop: false }`
[INFO] running `Command { std: "docker" "rm" "-f" "7359e6032df0ae254f2935df1d3f5299a6048c94fe67e7e834aafafe1cb21d22", kill_on_drop: false }`
[INFO] [stdout] 7359e6032df0ae254f2935df1d3f5299a6048c94fe67e7e834aafafe1cb21d22
[INFO] running `Command { std: "docker" "create" "-v" "/var/lib/crater-agent-workspace/builds/worker-3-tc2/target:/opt/rustwide/target:rw,Z" "-v" "/var/lib/crater-agent-workspace/builds/worker-3-tc2/source:/opt/rustwide/workdir:ro,Z" "-v" "/var/lib/crater-agent-workspace/cargo-home:/opt/rustwide/cargo-home:ro,Z" "-v" "/var/lib/crater-agent-workspace/rustup-home:/opt/rustwide/rustup-home:ro,Z" "-e" "SOURCE_DIR=/opt/rustwide/workdir" "-e" "CARGO_TARGET_DIR=/opt/rustwide/target" "-e" "CARGO_INCREMENTAL=0" "-e" "RUST_BACKTRACE=full" "-e" "RUSTFLAGS=--cap-lints=warn" "-e" "RUSTDOCFLAGS=--cap-lints=warn" "-e" "CARGO_HOME=/opt/rustwide/cargo-home" "-e" "RUSTUP_HOME=/opt/rustwide/rustup-home" "-w" "/opt/rustwide/workdir" "-m" "1610612736" "--user" "0:0" "--network" "none" "ghcr.io/rust-lang/crates-build-env/linux@sha256:2788e3201cd34a07e3172128adcd8b3090168a8e3bcc40d7c032b9dda1df7d1c" "/opt/rustwide/cargo-home/bin/cargo" "+beta-2023-12-22" "test" "--frozen" "--no-run" "--message-format=json", kill_on_drop: false }`
[INFO] [stdout] 6c9a557b0126c16c9344b2f7272509140514fd952ea2f0655e2548cf7a3c6865
[INFO] running `Command { std: "docker" "start" "-a" "6c9a557b0126c16c9344b2f7272509140514fd952ea2f0655e2548cf7a3c6865", kill_on_drop: false }`
[INFO] [stderr]    Compiling liveterm v0.3.0 (/opt/rustwide/workdir)
[INFO] [stderr]     Finished test [unoptimized + debuginfo] target(s) in 0.69s
[INFO] running `Command { std: "docker" "inspect" "6c9a557b0126c16c9344b2f7272509140514fd952ea2f0655e2548cf7a3c6865", kill_on_drop: false }`
[INFO] running `Command { std: "docker" "rm" "-f" "6c9a557b0126c16c9344b2f7272509140514fd952ea2f0655e2548cf7a3c6865", kill_on_drop: false }`
[INFO] [stdout] 6c9a557b0126c16c9344b2f7272509140514fd952ea2f0655e2548cf7a3c6865
[INFO] running `Command { std: "docker" "create" "-v" "/var/lib/crater-agent-workspace/builds/worker-3-tc2/target:/opt/rustwide/target:rw,Z" "-v" "/var/lib/crater-agent-workspace/builds/worker-3-tc2/source:/opt/rustwide/workdir:ro,Z" "-v" "/var/lib/crater-agent-workspace/cargo-home:/opt/rustwide/cargo-home:ro,Z" "-v" "/var/lib/crater-agent-workspace/rustup-home:/opt/rustwide/rustup-home:ro,Z" "-e" "SOURCE_DIR=/opt/rustwide/workdir" "-e" "CARGO_TARGET_DIR=/opt/rustwide/target" "-e" "CARGO_INCREMENTAL=0" "-e" "RUST_BACKTRACE=full" "-e" "RUSTFLAGS=--cap-lints=warn" "-e" "RUSTDOCFLAGS=--cap-lints=warn" "-e" "CARGO_HOME=/opt/rustwide/cargo-home" "-e" "RUSTUP_HOME=/opt/rustwide/rustup-home" "-w" "/opt/rustwide/workdir" "-m" "1610612736" "--user" "0:0" "--network" "none" "ghcr.io/rust-lang/crates-build-env/linux@sha256:2788e3201cd34a07e3172128adcd8b3090168a8e3bcc40d7c032b9dda1df7d1c" "/opt/rustwide/cargo-home/bin/cargo" "+beta-2023-12-22" "test" "--frozen", kill_on_drop: false }`
[INFO] [stdout] 420f2fed3db116caf3a31b2b1ecdbdd00766a903a969bd574c0fd9574471e2b5
[INFO] running `Command { std: "docker" "start" "-a" "420f2fed3db116caf3a31b2b1ecdbdd00766a903a969bd574c0fd9574471e2b5", kill_on_drop: false }`
[INFO] [stderr]     Finished test [unoptimized + debuginfo] target(s) in 0.07s
[INFO] [stderr]      Running unittests src/lib.rs (/opt/rustwide/target/debug/deps/liveterm-8fb1b0baf2e208c8)
[INFO] [stdout] 
[INFO] [stdout] running 6 tests
[INFO] [stdout] test soft_breaks::tests::test_cjk ... ignored
[INFO] [stdout] test soft_breaks::tests::test_control_chars ... ignored
[INFO] [stdout] test soft_breaks::tests::test_empty_lines ... ok
[INFO] [stdout] test soft_breaks::tests::test_simple ... ok
[INFO] [stdout] test soft_breaks::tests::test_ambiguous ... ok
[INFO] [stdout] test soft_breaks::tests::test_rn ... ok
[INFO] [stdout] 
[INFO] [stdout] test result: ok. 4 passed; 0 failed; 2 ignored; 0 measured; 0 filtered out; finished in 0.02s
[INFO] [stdout] 
[INFO] [stderr]    Doc-tests liveterm
[INFO] [stdout] 
[INFO] [stdout] running 1 test
[INFO] [stdout] test src/lib.rs - (line 5) ... FAILED
[INFO] [stdout] 
[INFO] [stdout] failures:
[INFO] [stdout] 
[INFO] [stdout] ---- src/lib.rs - (line 5) stdout ----
[INFO] [stdout] Test executable failed (exit status: 1).
[INFO] [stdout] 
[INFO] [stdout] stderr:
[INFO] [stdout] Error: Os { code: 2, kind: NotFound, message: "No such file or directory" }
[INFO] [stdout] 
[INFO] [stdout] 
[INFO] [stdout] 
[INFO] [stdout] failures:
[INFO] [stdout]     src/lib.rs - (line 5)
[INFO] [stdout] 
[INFO] [stdout] test result: FAILED. 0 passed; 1 failed; 0 ignored; 0 measured; 0 filtered out; finished in 0.39s
[INFO] [stdout] 
[INFO] [stderr] error: doctest failed, to rerun pass `--doc`
[INFO] running `Command { std: "docker" "inspect" "420f2fed3db116caf3a31b2b1ecdbdd00766a903a969bd574c0fd9574471e2b5", kill_on_drop: false }`
[INFO] running `Command { std: "docker" "rm" "-f" "420f2fed3db116caf3a31b2b1ecdbdd00766a903a969bd574c0fd9574471e2b5", kill_on_drop: false }`
[INFO] [stdout] 420f2fed3db116caf3a31b2b1ecdbdd00766a903a969bd574c0fd9574471e2b5
