[INFO] fetching crate livesplit-core 0.13.0...
[INFO] testing livesplit-core-0.13.0 against 1.75.0 for beta-1.76-1
[INFO] extracting crate livesplit-core 0.13.0 into /workspace/builds/worker-5-tc1/source
[INFO] validating manifest of crates.io crate livesplit-core 0.13.0 on toolchain 1.75.0
[INFO] running `Command { std: CARGO_HOME="/workspace/cargo-home" RUSTUP_HOME="/workspace/rustup-home" "/workspace/cargo-home/bin/cargo" "+1.75.0" "metadata" "--manifest-path" "Cargo.toml" "--no-deps", kill_on_drop: false }`
[INFO] started tweaking crates.io crate livesplit-core 0.13.0
[INFO] finished tweaking crates.io crate livesplit-core 0.13.0
[INFO] tweaked toml for crates.io crate livesplit-core 0.13.0 written to /workspace/builds/worker-5-tc1/source/Cargo.toml
[INFO] running `Command { std: CARGO_HOME="/workspace/cargo-home" RUSTUP_HOME="/workspace/rustup-home" "/workspace/cargo-home/bin/cargo" "+1.75.0" "generate-lockfile" "--manifest-path" "Cargo.toml", kill_on_drop: false }`
[INFO] [stderr]     Updating crates.io index
[INFO] running `Command { std: CARGO_HOME="/workspace/cargo-home" RUSTUP_HOME="/workspace/rustup-home" "/workspace/cargo-home/bin/cargo" "+1.75.0" "fetch" "--manifest-path" "Cargo.toml", kill_on_drop: false }`
[INFO] [stderr]  Downloading crates ...
[INFO] [stderr]   Downloaded livesplit-title-abbreviations v0.3.0
[INFO] [stderr]   Downloaded mach2 v0.4.2
[INFO] [stderr]   Downloaded wiggle-macro v4.0.1
[INFO] [stderr]   Downloaded cap-time-ext v1.0.15
[INFO] [stderr]   Downloaded evdev v0.12.1
[INFO] [stderr]   Downloaded wasmtime-wasi v4.0.1
[INFO] [stderr]   Downloaded cap-primitives v1.0.15
[INFO] [stderr]   Downloaded fs-set-times v0.19.2
[INFO] [stderr]   Downloaded wiggle v4.0.1
[INFO] [stderr]   Downloaded cap-rand v1.0.15
[INFO] [stderr]   Downloaded img_hash v3.2.0
[INFO] [stderr]   Downloaded wasi-cap-std-sync v4.0.1
[INFO] [stderr]   Downloaded wasmtime-cranelift v4.0.1
[INFO] [stderr]   Downloaded cranelift-wasm v0.91.1
[INFO] [stderr]   Downloaded wasi-common v4.0.1
[INFO] [stderr]   Downloaded wasmtime-environ v4.0.1
[INFO] [stderr]   Downloaded wasmtime-runtime v4.0.1
[INFO] [stderr]   Downloaded wasmtime v4.0.1
[INFO] [stderr]   Downloaded livesplit-hotkey v0.7.0
[INFO] [stderr]   Downloaded promising-future v0.2.4
[INFO] [stderr]   Downloaded pathfinder_simd v0.5.2
[INFO] [stderr]   Downloaded system-interface v0.25.9
[INFO] [stderr]   Downloaded io-extras v0.17.4
[INFO] [stderr]   Downloaded cap-std v1.0.15
[INFO] [stderr]   Downloaded libproc v0.14.2
[INFO] [stderr]   Downloaded proc-maps v0.3.2
[INFO] [stderr]   Downloaded rustdct v0.4.0
[INFO] [stderr]   Downloaded wasmtime-jit v4.0.1
[INFO] [stderr]   Downloaded cranelift-native v0.91.1
[INFO] [stderr]   Downloaded wasmtime-asm-macros v4.0.1
[INFO] [stderr]   Downloaded livesplit-auto-splitting v0.1.0
[INFO] [stderr]   Downloaded wasmtime-jit-icache-coherence v3.0.1
[INFO] [stderr]   Downloaded cap-fs-ext v1.0.15
[INFO] [stderr]   Downloaded fd-lock v4.0.2
[INFO] [stderr]   Downloaded wasmtime-types v4.0.1
[INFO] [stderr]   Downloaded wasmtime-jit-debug v4.0.1
[INFO] [stderr]   Downloaded transpose v0.1.0
[INFO] [stderr]   Downloaded winx v0.35.1
[INFO] [stderr]   Downloaded read-process-memory v0.1.6
[INFO] [stderr]   Downloaded wiggle-generate v4.0.1
[INFO] [stderr]   Downloaded fs-set-times v0.18.1
[INFO] [stderr]   Downloaded rustfft v3.0.1
[INFO] [stderr]   Downloaded splits-io-api v0.3.2
[INFO] running `Command { std: "docker" "create" "-v" "/var/lib/crater-agent-workspace/builds/worker-5-tc1/target:/opt/rustwide/target:rw,Z" "-v" "/var/lib/crater-agent-workspace/builds/worker-5-tc1/source:/opt/rustwide/workdir:ro,Z" "-v" "/var/lib/crater-agent-workspace/cargo-home:/opt/rustwide/cargo-home:ro,Z" "-v" "/var/lib/crater-agent-workspace/rustup-home:/opt/rustwide/rustup-home:ro,Z" "-e" "SOURCE_DIR=/opt/rustwide/workdir" "-e" "CARGO_TARGET_DIR=/opt/rustwide/target" "-e" "CARGO_HOME=/opt/rustwide/cargo-home" "-e" "RUSTUP_HOME=/opt/rustwide/rustup-home" "-w" "/opt/rustwide/workdir" "-m" "1610612736" "--user" "0:0" "--network" "none" "ghcr.io/rust-lang/crates-build-env/linux@sha256:2788e3201cd34a07e3172128adcd8b3090168a8e3bcc40d7c032b9dda1df7d1c" "/opt/rustwide/cargo-home/bin/cargo" "+1.75.0" "metadata" "--no-deps" "--format-version=1", kill_on_drop: false }`
[INFO] [stdout] e2447b5fa7e7b34bbda7488fd9123d5b86d79391908230d2f78151bbd2aa543c
[INFO] running `Command { std: "docker" "start" "-a" "e2447b5fa7e7b34bbda7488fd9123d5b86d79391908230d2f78151bbd2aa543c", kill_on_drop: false }`
[INFO] running `Command { std: "docker" "inspect" "e2447b5fa7e7b34bbda7488fd9123d5b86d79391908230d2f78151bbd2aa543c", kill_on_drop: false }`
[INFO] running `Command { std: "docker" "rm" "-f" "e2447b5fa7e7b34bbda7488fd9123d5b86d79391908230d2f78151bbd2aa543c", kill_on_drop: false }`
[INFO] [stdout] e2447b5fa7e7b34bbda7488fd9123d5b86d79391908230d2f78151bbd2aa543c
[INFO] running `Command { std: "docker" "create" "-v" "/var/lib/crater-agent-workspace/builds/worker-5-tc1/target:/opt/rustwide/target:rw,Z" "-v" "/var/lib/crater-agent-workspace/builds/worker-5-tc1/source:/opt/rustwide/workdir:ro,Z" "-v" "/var/lib/crater-agent-workspace/cargo-home:/opt/rustwide/cargo-home:ro,Z" "-v" "/var/lib/crater-agent-workspace/rustup-home:/opt/rustwide/rustup-home:ro,Z" "-e" "SOURCE_DIR=/opt/rustwide/workdir" "-e" "CARGO_TARGET_DIR=/opt/rustwide/target" "-e" "CARGO_INCREMENTAL=0" "-e" "RUST_BACKTRACE=full" "-e" "RUSTFLAGS=--cap-lints=warn" "-e" "RUSTDOCFLAGS=--cap-lints=warn" "-e" "CARGO_HOME=/opt/rustwide/cargo-home" "-e" "RUSTUP_HOME=/opt/rustwide/rustup-home" "-w" "/opt/rustwide/workdir" "-m" "1610612736" "--user" "0:0" "--network" "none" "ghcr.io/rust-lang/crates-build-env/linux@sha256:2788e3201cd34a07e3172128adcd8b3090168a8e3bcc40d7c032b9dda1df7d1c" "/opt/rustwide/cargo-home/bin/cargo" "+1.75.0" "build" "--frozen" "--message-format=json", kill_on_drop: false }`
[INFO] [stdout] f09b14ddc5dc1a73d03ae6ac7f612d4f549fb2fc17f3b1d72b078b93cfffcf55
[INFO] running `Command { std: "docker" "start" "-a" "f09b14ddc5dc1a73d03ae6ac7f612d4f549fb2fc17f3b1d72b078b93cfffcf55", kill_on_drop: false }`
[INFO] [stderr]    Compiling simd-adler32 v0.3.7
[INFO] [stderr]    Compiling crc32fast v1.3.2
[INFO] [stderr]    Compiling memoffset v0.6.5
[INFO] [stderr]    Compiling adler v1.0.2
[INFO] [stderr]    Compiling radium v0.7.0
[INFO] [stderr]    Compiling num-integer v0.1.45
[INFO] [stderr]    Compiling memoffset v0.7.1
[INFO] [stderr]    Compiling doc-comment v0.3.3
[INFO] [stderr]    Compiling tap v1.0.1
[INFO] [stderr]    Compiling x11-dl v2.21.0
[INFO] [stderr]    Compiling ahash v0.8.7
[INFO] [stderr]    Compiling num-rational v0.4.1
[INFO] [stderr]    Compiling funty v2.0.0
[INFO] [stderr]    Compiling bytemuck_derive v1.5.0
[INFO] [stderr]    Compiling serde v1.0.194
[INFO] [stderr]    Compiling snafu-derive v0.7.5
[INFO] [stderr]    Compiling wyz v0.5.1
[INFO] [stderr]    Compiling threadpool v1.8.1
[INFO] [stderr]    Compiling miniz_oxide v0.7.1
[INFO] [stderr]    Compiling fdeflate v0.3.3
[INFO] [stderr]    Compiling jpeg-decoder v0.3.0
[INFO] [stderr]    Compiling nix v0.23.2
[INFO] [stderr]    Compiling zerocopy v0.7.32
[INFO] [stderr]    Compiling weezl v0.1.7
[INFO] [stderr]    Compiling serde_json v1.0.111
[INFO] [stderr]    Compiling nix v0.26.4
[INFO] [stderr]    Compiling promising-future v0.2.4
[INFO] [stderr]    Compiling bitvec v1.0.1
[INFO] [stderr]    Compiling mio v0.8.10
[INFO] [stderr]    Compiling color_quant v1.1.0
[INFO] [stderr]    Compiling flate2 v1.0.28
[INFO] [stderr]    Compiling outref v0.5.1
[INFO] [stderr]    Compiling vsimd v0.8.0
[INFO] [stderr]    Compiling time v0.3.31
[INFO] [stderr]    Compiling smallstr v0.3.0
[INFO] [stderr]    Compiling png v0.17.10
[INFO] [stderr]    Compiling tiff v0.9.0
[INFO] [stderr]    Compiling hashbrown v0.13.2
[INFO] [stderr]    Compiling livesplit-title-abbreviations v0.3.0
[INFO] [stderr]    Compiling memchr v2.7.1
[INFO] [stderr]    Compiling base64-simd v0.8.0
[INFO] [stderr]    Compiling simdutf8 v0.1.4
[INFO] [stderr]    Compiling bytemuck v1.14.0
[INFO] [stderr]    Compiling image v0.24.7
[INFO] [stderr]    Compiling snafu v0.7.5
[INFO] [stderr]    Compiling evdev v0.12.1
[INFO] [stderr]    Compiling livesplit-hotkey v0.7.0
[INFO] [stderr]    Compiling livesplit-core v0.13.0 (/opt/rustwide/workdir)
[INFO] [stdout] warning: unused import: `std::sync::RwLock`
[INFO] [stdout]  --> src/platform/normal/mod.rs:1:9
[INFO] [stdout]   |
[INFO] [stdout] 1 | pub use std::sync::RwLock;
[INFO] [stdout]   |         ^^^^^^^^^^^^^^^^^
[INFO] [stdout]   |
[INFO] [stdout]   = note: `#[warn(unused_imports)]` on by default
[INFO] [stdout] 
[INFO] [stdout] 
[INFO] [stdout] warning: unused import: `alloc::sync::Arc`
[INFO] [stdout]   --> src/platform/mod.rs:23:9
[INFO] [stdout]    |
[INFO] [stdout] 23 | pub use alloc::sync::Arc;
[INFO] [stdout]    |         ^^^^^^^^^^^^^^^^
[INFO] [stdout] 
[INFO] [stdout] 
[INFO] [stdout] warning: unused import: `Error`
[INFO] [stdout]  --> src/hotkey_system.rs:9:25
[INFO] [stdout]   |
[INFO] [stdout] 9 | pub use crate::hotkey::{Error, Result};
[INFO] [stdout]   |                         ^^^^^
[INFO] [stdout] 
[INFO] [stdout] 
[INFO] [stdout] warning: 3 warnings emitted
[INFO] [stdout] 
[INFO] [stdout] 
[INFO] [stderr]     Finished dev [unoptimized + debuginfo] target(s) in 10.29s
[INFO] running `Command { std: "docker" "inspect" "f09b14ddc5dc1a73d03ae6ac7f612d4f549fb2fc17f3b1d72b078b93cfffcf55", kill_on_drop: false }`
[INFO] running `Command { std: "docker" "rm" "-f" "f09b14ddc5dc1a73d03ae6ac7f612d4f549fb2fc17f3b1d72b078b93cfffcf55", kill_on_drop: false }`
[INFO] [stdout] f09b14ddc5dc1a73d03ae6ac7f612d4f549fb2fc17f3b1d72b078b93cfffcf55
[INFO] running `Command { std: "docker" "create" "-v" "/var/lib/crater-agent-workspace/builds/worker-5-tc1/target:/opt/rustwide/target:rw,Z" "-v" "/var/lib/crater-agent-workspace/builds/worker-5-tc1/source:/opt/rustwide/workdir:ro,Z" "-v" "/var/lib/crater-agent-workspace/cargo-home:/opt/rustwide/cargo-home:ro,Z" "-v" "/var/lib/crater-agent-workspace/rustup-home:/opt/rustwide/rustup-home:ro,Z" "-e" "SOURCE_DIR=/opt/rustwide/workdir" "-e" "CARGO_TARGET_DIR=/opt/rustwide/target" "-e" "CARGO_INCREMENTAL=0" "-e" "RUST_BACKTRACE=full" "-e" "RUSTFLAGS=--cap-lints=warn" "-e" "RUSTDOCFLAGS=--cap-lints=warn" "-e" "CARGO_HOME=/opt/rustwide/cargo-home" "-e" "RUSTUP_HOME=/opt/rustwide/rustup-home" "-w" "/opt/rustwide/workdir" "-m" "1610612736" "--user" "0:0" "--network" "none" "ghcr.io/rust-lang/crates-build-env/linux@sha256:2788e3201cd34a07e3172128adcd8b3090168a8e3bcc40d7c032b9dda1df7d1c" "/opt/rustwide/cargo-home/bin/cargo" "+1.75.0" "test" "--frozen" "--no-run" "--message-format=json", kill_on_drop: false }`
[INFO] [stdout] 747e3c3ad69bae2d1764b2cd99d00561bda465202ee7f353b5172479d66ca36c
[INFO] running `Command { std: "docker" "start" "-a" "747e3c3ad69bae2d1764b2cd99d00561bda465202ee7f353b5172479d66ca36c", kill_on_drop: false }`
[INFO] [stderr]    Compiling crossbeam-utils v0.8.18
[INFO] [stderr]    Compiling num-complex v0.2.4
[INFO] [stderr]    Compiling serde_json v1.0.111
[INFO] [stderr]    Compiling num-iter v0.1.43
[INFO] [stderr]    Compiling num-rational v0.3.2
[INFO] [stderr]    Compiling indexmap v1.9.3
[INFO] [stderr]    Compiling rayon-core v1.12.0
[INFO] [stderr]    Compiling strength_reduce v0.2.4
[INFO] [stderr]    Compiling serde v1.0.194
[INFO] [stderr]    Compiling os_str_bytes v6.6.1
[INFO] [stderr]    Compiling transpose v0.1.0
[INFO] [stderr]    Compiling plotters-backend v0.3.5
[INFO] [stderr]    Compiling num-rational v0.4.1
[INFO] [stderr]    Compiling textwrap v0.16.0
[INFO] [stderr]    Compiling cast v0.3.0
[INFO] [stderr]    Compiling anes v0.1.6
[INFO] [stderr]    Compiling oorandom v11.1.3
[INFO] [stderr]    Compiling transpose v0.2.2
[INFO] [stderr]    Compiling criterion-plot v0.5.0
[INFO] [stderr]    Compiling plotters-svg v0.3.5
[INFO] [stderr]    Compiling clap_lex v0.2.4
[INFO] [stderr]    Compiling plotters v0.3.5
[INFO] [stderr]    Compiling image v0.24.7
[INFO] [stderr]    Compiling clap v3.2.25
[INFO] [stderr]    Compiling image v0.23.14
[INFO] [stderr]    Compiling rustfft v3.0.1
[INFO] [stderr]    Compiling crossbeam-epoch v0.9.17
[INFO] [stderr]    Compiling crossbeam-deque v0.8.4
[INFO] [stderr]    Compiling rustdct v0.4.0
[INFO] [stderr]    Compiling rayon v1.8.0
[INFO] [stderr]    Compiling ciborium v0.2.1
[INFO] [stderr]    Compiling livesplit-hotkey v0.7.0
[INFO] [stderr]    Compiling img_hash v3.2.0
[INFO] [stderr]    Compiling tinytemplate v1.2.1
[INFO] [stderr]    Compiling livesplit-core v0.13.0 (/opt/rustwide/workdir)
[INFO] [stderr]    Compiling criterion v0.4.0
[INFO] [stdout] warning: unused import: `std::sync::RwLock`
[INFO] [stdout]  --> src/platform/normal/mod.rs:1:9
[INFO] [stdout]   |
[INFO] [stdout] 1 | pub use std::sync::RwLock;
[INFO] [stdout]   |         ^^^^^^^^^^^^^^^^^
[INFO] [stdout]   |
[INFO] [stdout]   = note: `#[warn(unused_imports)]` on by default
[INFO] [stdout] 
[INFO] [stdout] 
[INFO] [stdout] warning: unused import: `alloc::sync::Arc`
[INFO] [stdout]   --> src/platform/mod.rs:23:9
[INFO] [stdout]    |
[INFO] [stdout] 23 | pub use alloc::sync::Arc;
[INFO] [stdout]    |         ^^^^^^^^^^^^^^^^
[INFO] [stdout] 
[INFO] [stdout] 
[INFO] [stdout] warning: unused import: `Error`
[INFO] [stdout]  --> src/hotkey_system.rs:9:25
[INFO] [stdout]   |
[INFO] [stdout] 9 | pub use crate::hotkey::{Error, Result};
[INFO] [stdout]   |                         ^^^^^
[INFO] [stdout] 
[INFO] [stdout] 
[INFO] [stdout] warning: unused import: `std::sync::RwLock`
[INFO] [stdout]  --> src/platform/normal/mod.rs:1:9
[INFO] [stdout]   |
[INFO] [stdout] 1 | pub use std::sync::RwLock;
[INFO] [stdout]   |         ^^^^^^^^^^^^^^^^^
[INFO] [stdout]   |
[INFO] [stdout]   = note: `#[warn(unused_imports)]` on by default
[INFO] [stdout] 
[INFO] [stdout] 
[INFO] [stdout] warning: unused import: `alloc::sync::Arc`
[INFO] [stdout]   --> src/platform/mod.rs:23:9
[INFO] [stdout]    |
[INFO] [stdout] 23 | pub use alloc::sync::Arc;
[INFO] [stdout]    |         ^^^^^^^^^^^^^^^^
[INFO] [stdout] 
[INFO] [stdout] 
[INFO] [stdout] warning: unused import: `Error`
[INFO] [stdout]  --> src/hotkey_system.rs:9:25
[INFO] [stdout]   |
[INFO] [stdout] 9 | pub use crate::hotkey::{Error, Result};
[INFO] [stdout]   |                         ^^^^^
[INFO] [stdout] 
[INFO] [stdout] 
[INFO] [stdout] warning: 3 warnings emitted
[INFO] [stdout] 
[INFO] [stdout] 
[INFO] [stdout] warning: 3 warnings emitted
[INFO] [stdout] 
[INFO] [stdout] 
[INFO] [stderr]     Finished test [unoptimized + debuginfo] target(s) in 11.86s
[INFO] running `Command { std: "docker" "inspect" "747e3c3ad69bae2d1764b2cd99d00561bda465202ee7f353b5172479d66ca36c", kill_on_drop: false }`
[INFO] running `Command { std: "docker" "rm" "-f" "747e3c3ad69bae2d1764b2cd99d00561bda465202ee7f353b5172479d66ca36c", kill_on_drop: false }`
[INFO] [stdout] 747e3c3ad69bae2d1764b2cd99d00561bda465202ee7f353b5172479d66ca36c
[INFO] running `Command { std: "docker" "create" "-v" "/var/lib/crater-agent-workspace/builds/worker-5-tc1/target:/opt/rustwide/target:rw,Z" "-v" "/var/lib/crater-agent-workspace/builds/worker-5-tc1/source:/opt/rustwide/workdir:ro,Z" "-v" "/var/lib/crater-agent-workspace/cargo-home:/opt/rustwide/cargo-home:ro,Z" "-v" "/var/lib/crater-agent-workspace/rustup-home:/opt/rustwide/rustup-home:ro,Z" "-e" "SOURCE_DIR=/opt/rustwide/workdir" "-e" "CARGO_TARGET_DIR=/opt/rustwide/target" "-e" "CARGO_INCREMENTAL=0" "-e" "RUST_BACKTRACE=full" "-e" "RUSTFLAGS=--cap-lints=warn" "-e" "RUSTDOCFLAGS=--cap-lints=warn" "-e" "CARGO_HOME=/opt/rustwide/cargo-home" "-e" "RUSTUP_HOME=/opt/rustwide/rustup-home" "-w" "/opt/rustwide/workdir" "-m" "1610612736" "--user" "0:0" "--network" "none" "ghcr.io/rust-lang/crates-build-env/linux@sha256:2788e3201cd34a07e3172128adcd8b3090168a8e3bcc40d7c032b9dda1df7d1c" "/opt/rustwide/cargo-home/bin/cargo" "+1.75.0" "test" "--frozen", kill_on_drop: false }`
[INFO] [stdout] 4815d8361415ea5d5f8418aac85eebc0f4b3effd76fed77ade687bf9cd267500
[INFO] running `Command { std: "docker" "start" "-a" "4815d8361415ea5d5f8418aac85eebc0f4b3effd76fed77ade687bf9cd267500", kill_on_drop: false }`
[INFO] [stderr] warning: unused import: `std::sync::RwLock`
[INFO] [stderr]  --> src/platform/normal/mod.rs:1:9
[INFO] [stderr]   |
[INFO] [stderr] 1 | pub use std::sync::RwLock;
[INFO] [stderr]   |         ^^^^^^^^^^^^^^^^^
[INFO] [stderr]   |
[INFO] [stderr]   = note: `#[warn(unused_imports)]` on by default
[INFO] [stderr] 
[INFO] [stderr] warning: unused import: `alloc::sync::Arc`
[INFO] [stderr]   --> src/platform/mod.rs:23:9
[INFO] [stderr]    |
[INFO] [stderr] 23 | pub use alloc::sync::Arc;
[INFO] [stderr]    |         ^^^^^^^^^^^^^^^^
[INFO] [stderr] 
[INFO] [stderr] warning: unused import: `Error`
[INFO] [stderr]  --> src/hotkey_system.rs:9:25
[INFO] [stderr]   |
[INFO] [stderr] 9 | pub use crate::hotkey::{Error, Result};
[INFO] [stderr]   |                         ^^^^^
[INFO] [stderr] 
[INFO] [stderr] warning: `livesplit-core` (lib) generated 3 warnings (run `cargo fix --lib -p livesplit-core` to apply 3 suggestions)
[INFO] [stderr] warning: `livesplit-core` (lib test) generated 3 warnings (3 duplicates)
[INFO] [stderr]     Finished test [unoptimized + debuginfo] target(s) in 0.13s
[INFO] [stderr]      Running unittests src/lib.rs (/opt/rustwide/target/debug/deps/livesplit_core-ddec51f285aeb497)
[INFO] [stdout] 
[INFO] [stdout] running 219 tests
[INFO] [stdout] test analysis::pb_chance::tests::is_0_percent_if_pb_is_optimal ... ok
[INFO] [stdout] test analysis::pb_chance::tests::is_0_percent_when_behind_after_one_run ... ok
[INFO] [stdout] test analysis::pb_chance::tests::is_100_percent_if_pb_has_just_been_beaten ... ok
[INFO] [stdout] test analysis::pb_chance::tests::is_0_percent_if_pb_has_not_been_beaten ... ok
[INFO] [stdout] test analysis::pb_chance::tests::is_0_percent_if_we_cant_pb_anymore ... ok
[INFO] [stdout] test analysis::pb_chance::tests::is_100_percent_if_there_are_history_times_but_no_pb ... ok
[INFO] [stdout] test analysis::pb_chance::tests::is_100_percent_without_any_times ... ok
[INFO] [stdout] test analysis::pb_chance::tests::is_100_percent_when_ahead_after_one_run ... ok
[INFO] [stdout] test analysis::pb_chance::tests::is_50_percent_when_tied_after_one_run ... ok
[INFO] [stdout] test analysis::pb_chance::tests::is_50_percent_after_one_run ... ok
[INFO] [stdout] test analysis::tests::empty_run::sum_of_best ... ok
[INFO] [stdout] test analysis::tests::empty_run::total_playtime ... ok
[INFO] [stdout] test analysis::pb_chance::tests::is_above_50_percent_when_its_likey_to_beat_pb ... ok
[INFO] [stdout] test analysis::pb_chance::tests::prefers_more_recent_info ... ok
[INFO] [stdout] test comparison::tests::empty::best_segments ... ok
[INFO] [stdout] test comparison::tests::empty::best_split_times ... ok
[INFO] [stdout] test comparison::tests::balanced_pb::test ... ok
[INFO] [stdout] test comparison::tests::empty::latest_run ... ok
[INFO] [stdout] test comparison::tests::empty::median_segments ... ok
[INFO] [stdout] test comparison::tests::balanced_pb::index_bug ... ok
[INFO] [stdout] test comparison::tests::empty::average_segments ... ok
[INFO] [stdout] test comparison::tests::empty::none ... ok
[INFO] [stdout] test analysis::pb_chance::tests::is_below_50_percent_when_its_unlikey_to_beat_pb ... ok
[INFO] [stdout] test comparison::tests::average::test ... ok
[INFO] [stdout] test comparison::tests::empty::balanced_pb ... ok
[INFO] [stdout] test comparison::tests::empty::worst_segments ... ok
[INFO] [stdout] test analysis::tests::empty_run::sum_of_worst ... ok
[INFO] [stdout] test analysis::sum_of_segments::tests::sum_of_best ... ok
[INFO] [stdout] test comparison::tests::median::test ... ok
[INFO] [stdout] test component::segment_time::tests::is_empty_when_attempt_is_finished ... ok
[INFO] [stdout] test component::detailed_timer::tests::shows_segment_name_during_attempt ... ok
[INFO] [stdout] test component::detailed_timer::tests::stops_showing_segment_name_when_resetting ... ok
[INFO] [stdout] test component::detailed_timer::tests::shows_segment_name_at_the_end_of_an_attempt ... ok
[INFO] [stdout] test component::detailed_timer::tests::doesnt_show_icon_outside_attempt ... ok
[INFO] [stdout] test component::segment_time::tests::is_not_empty_when_attempt_is_started ... ok
[INFO] [stdout] test component::detailed_timer::tests::doesnt_show_segment_name_outside_attempt ... ok
[INFO] [stdout] test component::detailed_timer::tests::shows_icon_again_when_remounting ... ok
[INFO] [stdout] test component::detailed_timer::tests::still_shows_icon_of_last_segment_at_the_end_of_an_attempt ... ok
[INFO] [stdout] test component::detailed_timer::tests::stops_showing_icon_when_resetting ... ok
[INFO] [stdout] test component::segment_time::tests::is_empty_when_no_attempt_is_started ... ok
[INFO] [stdout] test component::delta::tests::comparison_text ... ok
[INFO] [stdout] test component::detailed_timer::tests::shows_icon_during_attempt ... ok
[INFO] [stdout] test component::splits::tests::column::column_comparison_segment_time_dont_update ... ok
[INFO] [stdout] test component::segment_time::tests::is_not_empty_when_attempt_is_paused ... ok
[INFO] [stdout] test component::splits::tests::column::column_comparison_segment_time_segment_delta ... ok
[INFO] [stdout] test component::splits::tests::column::column_comparison_time_dont_update ... ok
[INFO] [stdout] test component::splits::tests::column::column_delta_best_segment_colors ... ok
[INFO] [stdout] test component::splits::tests::column::column_comparison_time_delta ... ok
[INFO] [stdout] test component::splits::tests::column::column_empty_split_time ... ok
[INFO] [stdout] test component::splits::tests::column::column_possible_time_save_segment_delta ... ok
[INFO] [stdout] test component::splits::tests::column::column_comparison_time_split_time ... ok
[INFO] [stdout] test component::splits::tests::column::column_delta_update_on_starting_segment ... ok
[INFO] [stdout] test component::splits::tests::column::column_comparison_segment_time_segment_time ... ok
[INFO] [stdout] test component::splits::tests::column::column_possible_time_save_dont_update ... ok
[INFO] [stdout] test component::splits::tests::column::column_delta_update_contextual ... ok
[INFO] [stdout] test component::splits::tests::column::column_segment_delta_update_contextual ... ok
[INFO] [stdout] test component::splits::tests::column::column_segment_time_update_contextual ... ok
[INFO] [stdout] test component::splits::tests::column::column_segment_delta_update_on_ending_segment ... ok
[INFO] [stdout] test component::splits::tests::column::column_segment_time_update_on_ending_segment ... ok
[INFO] [stdout] test component::splits::tests::column::column_empty_segment_delta ... ok
[INFO] [stdout] test component::splits::tests::column::column_empty_segment_time ... ok
[INFO] [stdout] test component::splits::tests::one_visual_split ... ok
[INFO] [stdout] test component::splits::tests::column::column_segment_delta_update_on_starting_segment ... ok
[INFO] [stdout] test component::splits::tests::negative_segment_times ... ok
[INFO] [stdout] test component::splits::tests::column::column_split_time_update_contextual ... ok
[INFO] [stdout] test component::splits::tests::column::column_split_time_update_on_ending_segment ... ok
[INFO] [stdout] test component::splits::tests::column::column_delta_update_on_ending_segment ... ok
[INFO] [stdout] test component::splits::tests::column::column_segment_time_update_on_starting_segment ... ok
[INFO] [stdout] test component::splits::tests::unique_split_indices ... ok
[INFO] [stdout] test component::text::tests::resolves_variables ... ok
[INFO] [stdout] test component::splits::tests::column::column_split_time_update_on_starting_segment ... ok
[INFO] [stdout] test component::text::tests::uses_dash_for_empty_string_variable ... ok
[INFO] [stdout] test component::text::tests::uses_dash_for_non_existing_variables ... ok
[INFO] [stdout] test component::splits::tests::column::delta_or_split_time ... ok
[INFO] [stdout] test component::splits::tests::column::column_empty_delta ... ok
[INFO] [stdout] test component::text::tests::uses_dash_for_whitespace_variable ... ok
[INFO] [stdout] test run::editor::tests::comparison::adding_a_duplicate_fails ... ok
[INFO] [stdout] test component::title::tests::finished_runs_and_attempt_count ... ok
[INFO] [stdout] test component::splits::tests::zero_visual_split_count_always_shows_all_splits ... ok
[INFO] [stdout] test run::editor::tests::comparison::renaming_a_missing_comparison_fails ... ok
[INFO] [stdout] test run::editor::tests::comparison::adding_a_new_comparison_works ... ok
[INFO] [stdout] test run::editor::tests::comparison::renaming_to_an_existing_name_fails ... ok
[INFO] [stdout] test run::editor::tests::comparison::renaming_works ... ok
[INFO] [stdout] test run::editor::tests::comparison::renaming_to_a_race_name_fails ... ok
[INFO] [stdout] test run::editor::tests::custom_variables::can_edit_permanent_variable ... ok
[INFO] [stdout] test run::editor::tests::comparison::reordering_works ... ok
[INFO] [stdout] test run::editor::tests::custom_variables::cant_edit_temporary_variable ... ok
[INFO] [stdout] test run::editor::tests::dissociate_run::not_when_adding_comparison ... ok
[INFO] [stdout] test run::editor::tests::dissociate_run::not_when_changing_attempt_count ... ok
[INFO] [stdout] test run::editor::tests::dissociate_run::not_when_changing_first_segment ... ok
[INFO] [stdout] test run::editor::tests::dissociate_run::not_when_generating_goal_comparison ... ok
[INFO] [stdout] test run::editor::tests::dissociate_run::not_when_inserting_above_last_segment ... ok
[INFO] [stdout] test run::editor::tests::dissociate_run::not_when_changing_offset ... ok
[INFO] [stdout] test run::editor::tests::dissociate_run::not_when_clearing_history ... ok
[INFO] [stdout] test run::editor::tests::dissociate_run::not_when_moving_last_segment ... ok
[INFO] [stdout] test run::editor::tests::dissociate_run::not_when_removing_custom_variable ... ok
[INFO] [stdout] test run::editor::tests::dissociate_run::not_when_removing_first_segment ... ok
[INFO] [stdout] test run::editor::tests::dissociate_run::not_when_creating_custom_variable ... ok
[INFO] [stdout] test run::editor::tests::dissociate_run::not_when_setting_custom_variable ... ok
[INFO] [stdout] test run::editor::tests::dissociate_run::when_changing_category_name ... ok
[INFO] [stdout] test run::editor::tests::dissociate_run::when_changing_game_name ... ok
[INFO] [stdout] test run::editor::tests::dissociate_run::when_changing_last_segment ... ok
[INFO] [stdout] test run::editor::tests::dissociate_run::when_clearing_metadata ... ok
[INFO] [stdout] test run::editor::tests::dissociate_run::when_clearing_times ... ok
[INFO] [stdout] test run::editor::tests::dissociate_run::when_setting_emulator_usage ... ok
[INFO] [stdout] test run::editor::tests::dissociate_run::when_setting_platform_name ... ok
[INFO] [stdout] test run::editor::tests::dissociate_run::when_setting_region_name ... ok
[INFO] [stdout] test run::editor::tests::dissociate_run::when_inserting_last_segment ... ok
[INFO] [stdout] test run::editor::tests::dissociate_run::when_setting_speedrun_com_variable ... ok
[INFO] [stdout] test run::editor::tests::dissociate_run::when_removing_speedrun_com_variable ... ok
[INFO] [stdout] test run::editor::tests::dissociate_run::when_removing_last_segment ... ok
[INFO] [stdout] test run::editor::tests::mark_as_modified::not_when_just_accessing_active_segment ... ok
[INFO] [stdout] test run::editor::tests::mark_as_modified::not_when_selecting_segments ... ok
[INFO] [stdout] test run::editor::tests::mark_as_modified::not_when_selecting_timing_method ... ok
[INFO] [stdout] test run::editor::tests::mark_as_modified::when_adding_comparison ... ok
[INFO] [stdout] test run::editor::tests::mark_as_modified::not_when_cleaning_sum_of_best_without_applying_a_fix ... ok
[INFO] [stdout] test run::editor::tests::mark_as_modified::when_changing_attempt_count ... ok
[INFO] [stdout] test run::editor::tests::fix_run_upon_creation ... ok
[INFO] [stdout] test run::editor::tests::mark_as_modified::when_changing_comparison_time ... ok
[INFO] [stdout] test run::editor::tests::mark_as_modified::when_changing_game_icon ... ok
[INFO] [stdout] test run::editor::tests::mark_as_modified::when_changing_best_segment_time ... ok
[INFO] [stdout] test run::editor::tests::mark_as_modified::when_changing_game_name ... ok
[INFO] [stdout] test run::editor::tests::mark_as_modified::when_changing_category_name ... ok
[INFO] [stdout] test run::editor::tests::mark_as_modified::when_changing_offset ... ok
[INFO] [stdout] test run::editor::tests::mark_as_modified::when_changing_segment_name ... ok
[INFO] [stdout] test run::editor::tests::mark_as_modified::when_changing_segment_time ... ok
[INFO] [stdout] test run::editor::tests::mark_as_modified::when_changing_split_time ... ok
[INFO] [stdout] test run::editor::tests::mark_as_modified::when_creating_custom_variable ... ok
[INFO] [stdout] test run::editor::tests::mark_as_modified::when_clearing_history ... ok
[INFO] [stdout] test run::editor::tests::mark_as_modified::when_generating_goal_comparison ... ok
[INFO] [stdout] test run::editor::tests::mark_as_modified::when_clearing_times ... ok
[INFO] [stdout] test run::editor::tests::mark_as_modified::when_importing_comparison ... ok
[INFO] [stdout] test run::editor::tests::mark_as_modified::when_changing_segment_icon ... ok
[INFO] [stdout] test run::editor::tests::mark_as_modified::when_inserting_segment_above ... ok
[INFO] [stdout] test run::editor::tests::mark_as_modified::when_moving_comparison ... ok
[INFO] [stdout] test run::editor::tests::mark_as_modified::when_inserting_segment_below ... ok
[INFO] [stdout] test run::editor::tests::mark_as_modified::when_removing_comparison ... ok
[INFO] [stdout] test run::editor::tests::mark_as_modified::when_removing_custom_variable ... ok
[INFO] [stdout] test run::editor::tests::mark_as_modified::when_removing_game_icon ... ok
[INFO] [stdout] test run::editor::tests::mark_as_modified::when_moving_segments_up ... ok
[INFO] [stdout] test run::editor::tests::mark_as_modified::when_clearing_metadata ... ok
[INFO] [stdout] test run::editor::tests::mark_as_modified::when_moving_segments_down ... ok
[INFO] [stdout] test run::editor::tests::mark_as_modified::when_removing_segment_icon ... ok
[INFO] [stdout] test run::editor::tests::mark_as_modified::when_removing_segments ... ok
[INFO] [stdout] test run::editor::tests::mark_as_modified::when_removing_speedrun_com_variable ... ok
[INFO] [stdout] test run::editor::tests::mark_as_modified::when_setting_custom_variable ... ok
[INFO] [stdout] test run::editor::tests::mark_as_modified::when_renaming_comparison ... ok
[INFO] [stdout] test run::editor::tests::mark_as_modified::when_setting_region_name ... ok
[INFO] [stdout] test run::editor::tests::mark_as_modified::when_setting_run_id ... ok
[INFO] [stdout] test run::editor::tests::mark_as_modified::when_setting_emulator_usage ... ok
[INFO] [stdout] test run::editor::tests::new_best_segment ... ok
[INFO] [stdout] test run::editor::tests::mark_as_modified::when_setting_speedrun_com_variable ... ok
[INFO] [stdout] test run::editor::tests::mark_as_modified::when_setting_platform_name ... ok
[INFO] [stdout] test run::tests::comparison::adding_a_new_comparison_works ... ok
[INFO] [stdout] test run::parser::splitterz::tests::counters ... ok
[INFO] [stdout] test run::tests::empty_run::clear_history ... ok
[INFO] [stdout] test run::parser::wsplit::tests::goal_parsing ... ok
[INFO] [stdout] test run::tests::empty_run::max_attempt_history_index ... ok
[INFO] [stdout] test run::parser::wsplit::tests::skip_goal_if_its_empty ... ok
[INFO] [stdout] test run::tests::empty_run::min_segment_history_index ... ok
[INFO] [stdout] test run::tests::comparison::adding_a_duplicate_fails ... ok
[INFO] [stdout] test run::tests::empty_run::clear_times ... ok
[INFO] [stdout] test run::tests::empty_run::start_next_run ... ok
[INFO] [stdout] test run::tests::empty_run::fix_splits ... ok
[INFO] [stdout] test run::tests::extended_category_name::ends_with_parentheses ... ok
[INFO] [stdout] test run::tests::empty_run::import_pb_into_segment_history ... ok
[INFO] [stdout] test run::tests::extended_category_name::has_parentheses ... ok
[INFO] [stdout] test run::tests::extended_category_name::has_parentheses_with_additional_info ... ok
[INFO] [stdout] test run::tests::extended_category_name::no_parentheses ... ok
[INFO] [stdout] test run::tests::extended_category_name::no_parentheses_with_additional_info ... ok
[INFO] [stdout] test run::tests::metadata::removing_shifts_the_speedrun_com_variables ... ok
[INFO] [stdout] test run::tests::fixing::reattaches_unattached_segment_history_elements_by_using_negative_ids ... ok
[INFO] [stdout] test settings::color::tests::to_hsva ... ok
[INFO] [stdout] test settings::image::tests::serializes_to_json_as_data_url ... ok
[INFO] [stdout] test timing::formatter::accuracy::tests::format_hundredths ... ok
[INFO] [stdout] test timing::formatter::accuracy::tests::format_milliseconds ... ok
[INFO] [stdout] test settings::color::tests::from_hsva ... ok
[INFO] [stdout] test run::tests::fixing::timer_fix_run_upon_creation ... ok
[INFO] [stdout] test timing::formatter::timer::test ... ok
[INFO] [stdout] test timing::formatter::accuracy::tests::format_seconds ... ok
[INFO] [stdout] test timing::time_span::tests::parsing ... ok
[INFO] [stdout] test run::tests::fixing::timer_fix_run_upon_replacement ... ok
[INFO] [stdout] test timing::formatter::segment_time::test ... ok
[INFO] [stdout] test timing::formatter::accuracy::tests::format_tenths ... ok
[INFO] [stdout] test timing::timer::tests::deleting_best_segment_time_clears_segment_history ... ok
[INFO] [stdout] test timing::timer::tests::clears_run_id_when_pbing ... ok
[INFO] [stdout] test timing::timer::tests::import_pb_into_segment_history ... ok
[INFO] [stdout] test timing::timer::tests::mark_as_modified::not_when_marking_as_unmodified ... ok
[INFO] [stdout] test timing::timer::tests::mark_as_modified::not_when_initializing_or_deinitializing_game_time ... ok
[INFO] [stdout] test timing::timer::tests::import_best_segment_with_game_time_usage ... ok
[INFO] [stdout] test timing::timer::tests::mark_as_modified::not_when_pausing_without_an_attempt ... ok
[INFO] [stdout] test timing::timer::tests::mark_as_modified::not_when_pausing_resuming_or_setting_game_time_without_an_attempt ... ok
[INFO] [stdout] test timing::timer::tests::mark_as_modified::not_when_resetting_without_an_attempt ... ok
[INFO] [stdout] test timing::timer::tests::import_pb_into_segment_history_and_remove_null_values ... ok
[INFO] [stdout] test timing::timer::tests::mark_as_modified::not_when_resuming_without_an_attempt ... ok
[INFO] [stdout] test timing::timer::tests::mark_as_modified::not_when_setting_current_timing_method ... ok
[INFO] [stdout] test timing::timer::tests::mark_as_modified::not_when_replacing_run ... ok
[INFO] [stdout] test timing::timer::tests::mark_as_modified::not_when_skipping_a_split_without_an_attempt ... ok
[INFO] [stdout] test timing::timer::tests::mark_as_modified::not_when_setting_temporary_custom_variables ... ok
[INFO] [stdout] test timing::timer::tests::mark_as_modified::not_when_setting_run ... ok
[INFO] [stdout] test timing::timer::tests::mark_as_modified::not_when_splitting_without_an_attempt ... ok
[INFO] [stdout] test timing::timer::tests::mark_as_modified::not_when_undoing_a_split_without_an_attempt ... ok
[INFO] [stdout] test timing::timer::tests::mark_as_modified::not_when_undoing_all_pauses_without_an_attempt ... ok
[INFO] [stdout] test timing::timer::tests::mark_as_modified::not_when_switching_comparisons ... ok
[INFO] [stdout] test timing::timer::tests::mark_as_modified::when_setting_permanent_custom_variables ... ok
[INFO] [stdout] test timing::timer::tests::mark_as_modified::when_splitting_or_starting_the_timer ... ok
[INFO] [stdout] test timing::timer::tests::mark_as_modified::when_starting_and_resetting_with_update_splits ... ok
[INFO] [stdout] test timing::timer::tests::mark_as_modified::not_when_toggling_pause_without_an_attempt ... ok
[INFO] [stdout] test timing::timer::tests::mark_as_modified::when_starting_and_resetting_without_update_splits ... ok
[INFO] [stdout] test timing::timer::tests::mark_as_modified::when_toggling_pause_or_start ... ok
[INFO] [stdout] test timing::timer::tests::mark_as_modified::when_starting_the_timer ... ok
[INFO] [stdout] test timing::timer::tests::variables::can_set_variable ... ok
[INFO] [stdout] test timing::timer::tests::modifying_best_segment_time_fixes_segment_history ... ok
[INFO] [stdout] test timing::timer::tests::monotically_increasing_split_times_after_resetting ... ok
[INFO] [stdout] test timing::timer::tests::reset_and_set_attempt_as_pb ... ok
[INFO] [stdout] test run::editor::tests::select_additionally_oob - should panic ... ok
[INFO] [stdout] test run::editor::tests::select_only_oob - should panic ... ok
[INFO] [stdout] test run::tests::empty_run::import_best_segment - should panic ... ok
[INFO] [stdout] test run::tests::empty_run::update_segment_history - should panic ... ok
[INFO] [stdout] 
[INFO] [stdout] test result: ok. 219 passed; 0 failed; 0 ignored; 0 measured; 0 filtered out; finished in 0.05s
[INFO] [stdout] 
[INFO] [stderr]    Doc-tests livesplit-core
[INFO] [stdout] 
[INFO] [stdout] running 11 tests
[INFO] [stdout] test src/run/saver/livesplit.rs - run::saver::livesplit (line 7) - compile ... ok
[INFO] [stdout] test src/run/parser/composite.rs - run::parser::composite (line 9) - compile ... ok
[INFO] [stdout] test src/run/parser/mod.rs - run::parser (line 10) - compile ... ok
[INFO] [stdout] test src/run/saver/mod.rs - run::saver (line 8) - compile ... ok
[INFO] [stdout] test src/run/segment.rs - run::segment::Segment (line 15) ... FAILED
[INFO] [stdout] test src/run/editor/fuzzy_list.rs - run::editor::fuzzy_list::FuzzyList (line 11) ... ok
[INFO] [stdout] test src/timing/formatter/mod.rs - timing::formatter (line 8) ... ok
[INFO] [stdout] test src/timing/timer/mod.rs - timing::timer::Timer (line 14) ... ok
[INFO] [stdout] test src/lib.rs - (line 23) ... ok
[INFO] [stdout] test src/run/mod.rs - run (line 5) ... ok
[INFO] [stdout] test src/run/mod.rs - run::Run (line 51) ... ok
[INFO] [stdout] 
[INFO] [stdout] failures:
[INFO] [stdout] 
[INFO] [stdout] ---- src/run/segment.rs - run::segment::Segment (line 15) stdout ----
[INFO] [stdout] error: linking with `cc` failed: exit status: 1
[INFO] [stdout]   |
[INFO] [stdout]   = note: LC_ALL="C" PATH="/opt/rustwide/rustup-home/toolchains/1.75.0-x86_64-unknown-linux-gnu/lib/rustlib/x86_64-unknown-linux-gnu/bin:/opt/rustwide/cargo-home/bin:/usr/local/sbin:/usr/local/bin:/usr/sbin:/usr/bin:/sbin:/bin" VSLANG="1033" "cc" "-m64" "/tmp/rustchRM6FZ/symbols.o" "/tmp/rustdoctest8jGZgi/rust_out.rust_out.263fb70ac1c95110-cgu.0.rcgu.o" "/tmp/rustdoctest8jGZgi/rust_out.2uel00cfmdh5ufit.rcgu.o" "-Wl,--as-needed" "-L" "/opt/rustwide/target/debug/deps" "-L" "/opt/rustwide/target/debug/deps" "-L" "/opt/rustwide/rustup-home/toolchains/1.75.0-x86_64-unknown-linux-gnu/lib/rustlib/x86_64-unknown-linux-gnu/lib" "-Wl,-Bstatic" "/opt/rustwide/target/debug/deps/liblivesplit_core-547a3252c664f867.rlib" "/opt/rustwide/target/debug/deps/libmemchr-7ce1bf21a829fa52.rlib" "/opt/rustwide/target/debug/deps/libsimdutf8-5a51d6127bdf4a09.rlib" "/opt/rustwide/target/debug/deps/libbase64_simd-355b56a83c11a4be.rlib" "/opt/rustwide/target/debug/deps/liboutref-f83932a539096d14.rlib" "/opt/rustwide/target/debug/deps/libvsimd-60c27d28a90a5b44.rlib" "/opt/rustwide/target/debug/deps/libhashbrown-c32bcec9a0ebe365.rlib" "/opt/rustwide/target/debug/deps/libahash-16f6c3f678bed44d.rlib" "/opt/rustwide/target/debug/deps/libzerocopy-7fb8a99564534ce8.rlib" "/opt/rustwide/target/debug/deps/libserde_json-b2faeb23580bfd0c.rlib" "/opt/rustwide/target/debug/deps/libryu-5f304b1b6393964f.rlib" "/opt/rustwide/target/debug/deps/libitoa-5f181af53b99b92c.rlib" "/opt/rustwide/target/debug/deps/libimage-ca5bfa8fa3285599.rlib" "/opt/rustwide/target/debug/deps/libbytemuck-f38ba4cfda209093.rlib" "/opt/rustwide/target/debug/deps/libcolor_quant-76e42fe6d44f3f56.rlib" "/opt/rustwide/target/debug/deps/libpng-f1c241d2cfcca0ad.rlib" "/opt/rustwide/target/debug/deps/libfdeflate-7b64d436e2c8fdc6.rlib" "/opt/rustwide/target/debug/deps/libnum_rational-ece909f3df0760eb.rlib" "/opt/rustwide/target/debug/deps/libnum_integer-199c788cdb63327e.rlib" "/opt/rustwide/target/debug/deps/libbyteorder-e9468b374a0c0c11.rlib" "/opt/rustwide/target/debug/deps/libnum_traits-aa75f3964f70d2b4.rlib" "/opt/rustwide/target/debug/deps/libtiff-0f2791b94e86f7c4.rlib" "/opt/rustwide/target/debug/deps/libflate2-7f92c99f69457527.rlib" "/opt/rustwide/target/debug/deps/libminiz_oxide-53601ce0b8585fba.rlib" "/opt/rustwide/target/debug/deps/libsimd_adler32-ca3d52f5d152a392.rlib" "/opt/rustwide/target/debug/deps/libcrc32fast-664446237529ebff.rlib" "/opt/rustwide/target/debug/deps/libweezl-a8534d2a4eb9698a.rlib" "/opt/rustwide/target/debug/deps/libjpeg_decoder-082227f257cd1bae.rlib" "/opt/rustwide/target/debug/deps/libtime-c6ba342e91901e04.rlib" "/opt/rustwide/target/debug/deps/libnum_threads-87e76dbb415bce49.rlib" "/opt/rustwide/target/debug/deps/libtime_core-7af5d6eb87ec9652.rlib" "/opt/rustwide/target/debug/deps/libderanged-b91eb2e9a304f3c1.rlib" "/opt/rustwide/target/debug/deps/libpowerfmt-e8908707a005dea9.rlib" "/opt/rustwide/target/debug/deps/liblivesplit_hotkey-a9704ca703fee950.rlib" "/opt/rustwide/target/debug/deps/libx11_dl-2d96ce14d134a7ab.rlib" "/opt/rustwide/target/debug/deps/libonce_cell-63be820ac0ed0954.rlib" "/opt/rustwide/target/debug/deps/libevdev-ad9c7b067b2cf6c3.rlib" "/opt/rustwide/target/debug/deps/libnix-72c72e512b3a70e0.rlib" "/opt/rustwide/target/debug/deps/libmemoffset-c7b1b1cc44d01308.rlib" "/opt/rustwide/target/debug/deps/libthiserror-3b0757fdb1ac579f.rlib" "/opt/rustwide/target/debug/deps/libbitvec-0d493410bbb2a207.rlib" "/opt/rustwide/target/debug/deps/libwyz-3ab1106e6ae81bcb.rlib" "/opt/rustwide/target/debug/deps/libtap-2cc3bcce42dac99c.rlib" "/opt/rustwide/target/debug/deps/libradium-ebe0fb313fa4c01d.rlib" "/opt/rustwide/target/debug/deps/libfunty-b14902e4c1957add.rlib" "/opt/rustwide/target/debug/deps/libpromising_future-6d8bc8f43b409f27.rlib" "/opt/rustwide/target/debug/deps/libthreadpool-c4ec96d1f5494ab6.rlib" "/opt/rustwide/target/debug/deps/libnum_cpus-d4708e9618b376f9.rlib" "/opt/rustwide/target/debug/deps/libnix-baab97d284541987.rlib" "/opt/rustwide/target/debug/deps/libmemoffset-f02e326318b611eb.rlib" "/opt/rustwide/target/debug/deps/libpin_utils-741f7d9d160e4a16.rlib" "/opt/rustwide/target/debug/deps/libmio-90d13fe7ef748f89.rlib" "/opt/rustwide/target/debug/deps/liblibc-4f34ddd04c373408.rlib" "/opt/rustwide/target/debug/deps/libbitflags-b7cee2ca4fb438d0.rlib" "/opt/rustwide/target/debug/deps/libsnafu-3ab3e63620a3d94a.rlib" "/opt/rustwide/target/debug/deps/libdoc_comment-1f890cb6ccfe69bb.rlib" "/opt/rustwide/target/debug/deps/libcfg_if-61dc7a6799e72b18.rlib" "/opt/rustwide/target/debug/deps/libsmallstr-e9936c1558a4ae23.rlib" "/opt/rustwide/target/debug/deps/libsmallvec-19f6a51af3f3c214.rlib" "/opt/rustwide/target/debug/deps/liblivesplit_title_abbreviations-e5048d82d47ef577.rlib" "/opt/rustwide/target/debug/deps/libunicase-131885e46c9d146d.rlib" "/opt/rustwide/target/debug/deps/libserde-6e31ed75d6354ec7.rlib" "/opt/rustwide/rustup-home/toolchains/1.75.0-x86_64-unknown-linux-gnu/lib/rustlib/x86_64-unknown-linux-gnu/lib/libstd-90f6ddbf82de36ec.rlib" "/opt/rustwide/rustup-home/toolchains/1.75.0-x86_64-unknown-linux-gnu/lib/rustlib/x86_64-unknown-linux-gnu/lib/libpanic_unwind-480c41e9d4e1f677.rlib" "/opt/rustwide/rustup-home/toolchains/1.75.0-x86_64-unknown-linux-gnu/lib/rustlib/x86_64-unknown-linux-gnu/lib/libobject-db744c0ca03eed1d.rlib" "/opt/rustwide/rustup-home/toolchains/1.75.0-x86_64-unknown-linux-gnu/lib/rustlib/x86_64-unknown-linux-gnu/lib/libmemchr-8ba652dc7d4b285a.rlib" "/opt/rustwide/rustup-home/toolchains/1.75.0-x86_64-unknown-linux-gnu/lib/rustlib/x86_64-unknown-linux-gnu/lib/libaddr2line-d5f4520a9ebc0d58.rlib" "/opt/rustwide/rustup-home/toolchains/1.75.0-x86_64-unknown-linux-gnu/lib/rustlib/x86_64-unknown-linux-gnu/lib/libgimli-4ad84de58f0cb463.rlib" "/opt/rustwide/rustup-home/toolchains/1.75.0-x86_64-unknown-linux-gnu/lib/rustlib/x86_64-unknown-linux-gnu/lib/librustc_demangle-0d10aae2e0f38735.rlib" "/opt/rustwide/rustup-home/toolchains/1.75.0-x86_64-unknown-linux-gnu/lib/rustlib/x86_64-unknown-linux-gnu/lib/libstd_detect-0c17cff739e6745b.rlib" "/opt/rustwide/rustup-home/toolchains/1.75.0-x86_64-unknown-linux-gnu/lib/rustlib/x86_64-unknown-linux-gnu/lib/libhashbrown-b29e17139dde1aa8.rlib" "/opt/rustwide/rustup-home/toolchains/1.75.0-x86_64-unknown-linux-gnu/lib/rustlib/x86_64-unknown-linux-gnu/lib/librustc_std_workspace_alloc-1f975299829cc7bd.rlib" "/opt/rustwide/rustup-home/toolchains/1.75.0-x86_64-unknown-linux-gnu/lib/rustlib/x86_64-unknown-linux-gnu/lib/libminiz_oxide-86bae3bc3079f89b.rlib" "/opt/rustwide/rustup-home/toolchains/1.75.0-x86_64-unknown-linux-gnu/lib/rustlib/x86_64-unknown-linux-gnu/lib/libadler-321b82c30dffdf5f.rlib" "/opt/rustwide/rustup-home/toolchains/1.75.0-x86_64-unknown-linux-gnu/lib/rustlib/x86_64-unknown-linux-gnu/lib/libunwind-3dd8a6810a0bdfef.rlib" "/opt/rustwide/rustup-home/toolchains/1.75.0-x86_64-unknown-linux-gnu/lib/rustlib/x86_64-unknown-linux-gnu/lib/libcfg_if-eb39a61c0c879984.rlib" "/opt/rustwide/rustup-home/toolchains/1.75.0-x86_64-unknown-linux-gnu/lib/rustlib/x86_64-unknown-linux-gnu/lib/liblibc-aa769569f91c3548.rlib" "/opt/rustwide/rustup-home/toolchains/1.75.0-x86_64-unknown-linux-gnu/lib/rustlib/x86_64-unknown-linux-gnu/lib/liballoc-510a192a50a983ed.rlib" "/opt/rustwide/rustup-home/toolchains/1.75.0-x86_64-unknown-linux-gnu/lib/rustlib/x86_64-unknown-linux-gnu/lib/librustc_std_workspace_core-0577018320f99037.rlib" "/opt/rustwide/rustup-home/toolchains/1.75.0-x86_64-unknown-linux-gnu/lib/rustlib/x86_64-unknown-linux-gnu/lib/libcore-193cf992125ccd4c.rlib" "/opt/rustwide/rustup-home/toolchains/1.75.0-x86_64-unknown-linux-gnu/lib/rustlib/x86_64-unknown-linux-gnu/lib/libcompiler_builtins-8e138eaf26ebb4a8.rlib" "-Wl,-Bdynamic" "-ldl" "-lgcc_s" "-lutil" "-lrt" "-lpthread" "-lm" "-ldl" "-lc" "-Wl,--eh-frame-hdr" "-Wl,-z,noexecstack" "-L" "/opt/rustwide/rustup-home/toolchains/1.75.0-x86_64-unknown-linux-gnu/lib/rustlib/x86_64-unknown-linux-gnu/lib" "-o" "/tmp/rustdoctest8jGZgi/rust_out" "-Wl,--gc-sections" "-pie" "-Wl,-z,relro,-z,now" "-nodefaultlibs"
[INFO] [stdout]   = note: collect2: fatal error: ld terminated with signal 9 [Killed]
[INFO] [stdout]           compilation terminated.
[INFO] [stdout]           
[INFO] [stdout] 
[INFO] [stdout] error: aborting due to previous error
[INFO] [stdout] 
[INFO] [stdout] Couldn't compile the test.
[INFO] [stdout] 
[INFO] [stdout] failures:
[INFO] [stdout]     src/run/segment.rs - run::segment::Segment (line 15)
[INFO] [stdout] 
[INFO] [stdout] test result: FAILED. 10 passed; 1 failed; 0 ignored; 0 measured; 0 filtered out; finished in 2.47s
[INFO] [stdout] 
[INFO] [stderr] error: doctest failed, to rerun pass `--doc`
[INFO] running `Command { std: "docker" "inspect" "4815d8361415ea5d5f8418aac85eebc0f4b3effd76fed77ade687bf9cd267500", kill_on_drop: false }`
[INFO] running `Command { std: "docker" "rm" "-f" "4815d8361415ea5d5f8418aac85eebc0f4b3effd76fed77ade687bf9cd267500", kill_on_drop: false }`
[INFO] [stdout] 4815d8361415ea5d5f8418aac85eebc0f4b3effd76fed77ade687bf9cd267500
[INFO] testing livesplit-core-0.13.0 against beta-2023-12-22 for beta-1.76-1
[INFO] extracting crate livesplit-core 0.13.0 into /workspace/builds/worker-5-tc2/source
[INFO] validating manifest of crates.io crate livesplit-core 0.13.0 on toolchain beta-2023-12-22
[INFO] running `Command { std: CARGO_HOME="/workspace/cargo-home" RUSTUP_HOME="/workspace/rustup-home" "/workspace/cargo-home/bin/cargo" "+beta-2023-12-22" "metadata" "--manifest-path" "Cargo.toml" "--no-deps", kill_on_drop: false }`
[INFO] started tweaking crates.io crate livesplit-core 0.13.0
[INFO] finished tweaking crates.io crate livesplit-core 0.13.0
[INFO] tweaked toml for crates.io crate livesplit-core 0.13.0 written to /workspace/builds/worker-5-tc2/source/Cargo.toml
[INFO] running `Command { std: CARGO_HOME="/workspace/cargo-home" RUSTUP_HOME="/workspace/rustup-home" "/workspace/cargo-home/bin/cargo" "+beta-2023-12-22" "generate-lockfile" "--manifest-path" "Cargo.toml", kill_on_drop: false }`
[INFO] [stderr]     Updating crates.io index
[INFO] running `Command { std: CARGO_HOME="/workspace/cargo-home" RUSTUP_HOME="/workspace/rustup-home" "/workspace/cargo-home/bin/cargo" "+beta-2023-12-22" "fetch" "--manifest-path" "Cargo.toml", kill_on_drop: false }`
[INFO] running `Command { std: "docker" "create" "-v" "/var/lib/crater-agent-workspace/builds/worker-5-tc2/target:/opt/rustwide/target:rw,Z" "-v" "/var/lib/crater-agent-workspace/builds/worker-5-tc2/source:/opt/rustwide/workdir:ro,Z" "-v" "/var/lib/crater-agent-workspace/cargo-home:/opt/rustwide/cargo-home:ro,Z" "-v" "/var/lib/crater-agent-workspace/rustup-home:/opt/rustwide/rustup-home:ro,Z" "-e" "SOURCE_DIR=/opt/rustwide/workdir" "-e" "CARGO_TARGET_DIR=/opt/rustwide/target" "-e" "CARGO_HOME=/opt/rustwide/cargo-home" "-e" "RUSTUP_HOME=/opt/rustwide/rustup-home" "-w" "/opt/rustwide/workdir" "-m" "1610612736" "--user" "0:0" "--network" "none" "ghcr.io/rust-lang/crates-build-env/linux@sha256:2788e3201cd34a07e3172128adcd8b3090168a8e3bcc40d7c032b9dda1df7d1c" "/opt/rustwide/cargo-home/bin/cargo" "+beta-2023-12-22" "metadata" "--no-deps" "--format-version=1", kill_on_drop: false }`
[INFO] [stdout] 7b423989ffbd29f590f0f3ee850617204a22d0e0420f98424415312b3af88ca6
[INFO] running `Command { std: "docker" "start" "-a" "7b423989ffbd29f590f0f3ee850617204a22d0e0420f98424415312b3af88ca6", kill_on_drop: false }`
[INFO] running `Command { std: "docker" "inspect" "7b423989ffbd29f590f0f3ee850617204a22d0e0420f98424415312b3af88ca6", kill_on_drop: false }`
[INFO] running `Command { std: "docker" "rm" "-f" "7b423989ffbd29f590f0f3ee850617204a22d0e0420f98424415312b3af88ca6", kill_on_drop: false }`
[INFO] [stdout] 7b423989ffbd29f590f0f3ee850617204a22d0e0420f98424415312b3af88ca6
[INFO] running `Command { std: "docker" "create" "-v" "/var/lib/crater-agent-workspace/builds/worker-5-tc2/target:/opt/rustwide/target:rw,Z" "-v" "/var/lib/crater-agent-workspace/builds/worker-5-tc2/source:/opt/rustwide/workdir:ro,Z" "-v" "/var/lib/crater-agent-workspace/cargo-home:/opt/rustwide/cargo-home:ro,Z" "-v" "/var/lib/crater-agent-workspace/rustup-home:/opt/rustwide/rustup-home:ro,Z" "-e" "SOURCE_DIR=/opt/rustwide/workdir" "-e" "CARGO_TARGET_DIR=/opt/rustwide/target" "-e" "CARGO_INCREMENTAL=0" "-e" "RUST_BACKTRACE=full" "-e" "RUSTFLAGS=--cap-lints=warn" "-e" "RUSTDOCFLAGS=--cap-lints=warn" "-e" "CARGO_HOME=/opt/rustwide/cargo-home" "-e" "RUSTUP_HOME=/opt/rustwide/rustup-home" "-w" "/opt/rustwide/workdir" "-m" "1610612736" "--user" "0:0" "--network" "none" "ghcr.io/rust-lang/crates-build-env/linux@sha256:2788e3201cd34a07e3172128adcd8b3090168a8e3bcc40d7c032b9dda1df7d1c" "/opt/rustwide/cargo-home/bin/cargo" "+beta-2023-12-22" "build" "--frozen" "--message-format=json", kill_on_drop: false }`
[INFO] [stdout] fbf140f1e19bdedaaf6b3976b5d482298576103f8fa05862132f6c96f4b6f32b
[INFO] running `Command { std: "docker" "start" "-a" "fbf140f1e19bdedaaf6b3976b5d482298576103f8fa05862132f6c96f4b6f32b", kill_on_drop: false }`
[INFO] [stderr]    Compiling crc32fast v1.3.2
[INFO] [stderr]    Compiling simd-adler32 v0.3.7
[INFO] [stderr]    Compiling memoffset v0.6.5
[INFO] [stderr]    Compiling radium v0.7.0
[INFO] [stderr]    Compiling adler v1.0.2
[INFO] [stderr]    Compiling memoffset v0.7.1
[INFO] [stderr]    Compiling num-integer v0.1.45
[INFO] [stderr]    Compiling tap v1.0.1
[INFO] [stderr]    Compiling doc-comment v0.3.3
[INFO] [stderr]    Compiling x11-dl v2.21.0
[INFO] [stderr]    Compiling ahash v0.8.7
[INFO] [stderr]    Compiling num-rational v0.4.1
[INFO] [stderr]    Compiling funty v2.0.0
[INFO] [stderr]    Compiling snafu-derive v0.7.5
[INFO] [stderr]    Compiling serde v1.0.194
[INFO] [stderr]    Compiling bytemuck_derive v1.5.0
[INFO] [stderr]    Compiling wyz v0.5.1
[INFO] [stderr]    Compiling threadpool v1.8.1
[INFO] [stderr]    Compiling miniz_oxide v0.7.1
[INFO] [stderr]    Compiling fdeflate v0.3.3
[INFO] [stderr]    Compiling serde_json v1.0.111
[INFO] [stderr]    Compiling nix v0.23.2
[INFO] [stderr]    Compiling weezl v0.1.7
[INFO] [stderr]    Compiling zerocopy v0.7.32
[INFO] [stderr]    Compiling jpeg-decoder v0.3.0
[INFO] [stderr]    Compiling nix v0.26.4
[INFO] [stderr]    Compiling promising-future v0.2.4
[INFO] [stderr]    Compiling mio v0.8.10
[INFO] [stderr]    Compiling bitvec v1.0.1
[INFO] [stderr]    Compiling flate2 v1.0.28
[INFO] [stderr]    Compiling outref v0.5.1
[INFO] [stderr]    Compiling color_quant v1.1.0
[INFO] [stderr]    Compiling vsimd v0.8.0
[INFO] [stderr]    Compiling time v0.3.31
[INFO] [stderr]    Compiling smallstr v0.3.0
[INFO] [stderr]    Compiling tiff v0.9.0
[INFO] [stderr]    Compiling png v0.17.10
[INFO] [stderr]    Compiling hashbrown v0.13.2
[INFO] [stderr]    Compiling livesplit-title-abbreviations v0.3.0
[INFO] [stderr]    Compiling simdutf8 v0.1.4
[INFO] [stderr]    Compiling base64-simd v0.8.0
[INFO] [stderr]    Compiling bytemuck v1.14.0
[INFO] [stderr]    Compiling memchr v2.7.1
[INFO] [stderr]    Compiling image v0.24.7
[INFO] [stderr]    Compiling snafu v0.7.5
[INFO] [stderr]    Compiling evdev v0.12.1
[INFO] [stderr]    Compiling livesplit-hotkey v0.7.0
[INFO] [stderr]    Compiling livesplit-core v0.13.0 (/opt/rustwide/workdir)
[INFO] [stdout] warning: unused import: `std::sync::RwLock`
[INFO] [stdout]  --> src/platform/normal/mod.rs:1:9
[INFO] [stdout]   |
[INFO] [stdout] 1 | pub use std::sync::RwLock;
[INFO] [stdout]   |         ^^^^^^^^^^^^^^^^^
[INFO] [stdout]   |
[INFO] [stdout]   = note: `#[warn(unused_imports)]` on by default
[INFO] [stdout] 
[INFO] [stdout] 
[INFO] [stdout] warning: unused import: `alloc::sync::Arc`
[INFO] [stdout]   --> src/platform/mod.rs:23:9
[INFO] [stdout]    |
[INFO] [stdout] 23 | pub use alloc::sync::Arc;
[INFO] [stdout]    |         ^^^^^^^^^^^^^^^^
[INFO] [stdout] 
[INFO] [stdout] 
[INFO] [stdout] warning: unused import: `Error`
[INFO] [stdout]  --> src/hotkey_system.rs:9:25
[INFO] [stdout]   |
[INFO] [stdout] 9 | pub use crate::hotkey::{Error, Result};
[INFO] [stdout]   |                         ^^^^^
[INFO] [stdout] 
[INFO] [stdout] 
[INFO] [stdout] warning: 3 warnings emitted
[INFO] [stdout] 
[INFO] [stdout] 
[INFO] [stderr]     Finished dev [unoptimized + debuginfo] target(s) in 9.47s
[INFO] running `Command { std: "docker" "inspect" "fbf140f1e19bdedaaf6b3976b5d482298576103f8fa05862132f6c96f4b6f32b", kill_on_drop: false }`
[INFO] running `Command { std: "docker" "rm" "-f" "fbf140f1e19bdedaaf6b3976b5d482298576103f8fa05862132f6c96f4b6f32b", kill_on_drop: false }`
[INFO] [stdout] fbf140f1e19bdedaaf6b3976b5d482298576103f8fa05862132f6c96f4b6f32b
[INFO] running `Command { std: "docker" "create" "-v" "/var/lib/crater-agent-workspace/builds/worker-5-tc2/target:/opt/rustwide/target:rw,Z" "-v" "/var/lib/crater-agent-workspace/builds/worker-5-tc2/source:/opt/rustwide/workdir:ro,Z" "-v" "/var/lib/crater-agent-workspace/cargo-home:/opt/rustwide/cargo-home:ro,Z" "-v" "/var/lib/crater-agent-workspace/rustup-home:/opt/rustwide/rustup-home:ro,Z" "-e" "SOURCE_DIR=/opt/rustwide/workdir" "-e" "CARGO_TARGET_DIR=/opt/rustwide/target" "-e" "CARGO_INCREMENTAL=0" "-e" "RUST_BACKTRACE=full" "-e" "RUSTFLAGS=--cap-lints=warn" "-e" "RUSTDOCFLAGS=--cap-lints=warn" "-e" "CARGO_HOME=/opt/rustwide/cargo-home" "-e" "RUSTUP_HOME=/opt/rustwide/rustup-home" "-w" "/opt/rustwide/workdir" "-m" "1610612736" "--user" "0:0" "--network" "none" "ghcr.io/rust-lang/crates-build-env/linux@sha256:2788e3201cd34a07e3172128adcd8b3090168a8e3bcc40d7c032b9dda1df7d1c" "/opt/rustwide/cargo-home/bin/cargo" "+beta-2023-12-22" "test" "--frozen" "--no-run" "--message-format=json", kill_on_drop: false }`
[INFO] [stdout] 7edc7152c18bbf6de768638781da57728183b15f61513479e907c76df621fe83
[INFO] running `Command { std: "docker" "start" "-a" "7edc7152c18bbf6de768638781da57728183b15f61513479e907c76df621fe83", kill_on_drop: false }`
[INFO] [stderr]    Compiling crossbeam-utils v0.8.18
[INFO] [stderr]    Compiling num-complex v0.2.4
[INFO] [stderr]    Compiling serde_json v1.0.111
[INFO] [stderr]    Compiling num-rational v0.3.2
[INFO] [stderr]    Compiling indexmap v1.9.3
[INFO] [stderr]    Compiling num-iter v0.1.43
[INFO] [stderr]    Compiling rayon-core v1.12.0
[INFO] [stderr]    Compiling strength_reduce v0.2.4
[INFO] [stderr]    Compiling serde v1.0.194
[INFO] [stderr]    Compiling os_str_bytes v6.6.1
[INFO] [stderr]    Compiling plotters-backend v0.3.5
[INFO] [stderr]    Compiling transpose v0.1.0
[INFO] [stderr]    Compiling num-rational v0.4.1
[INFO] [stderr]    Compiling cast v0.3.0
[INFO] [stderr]    Compiling textwrap v0.16.0
[INFO] [stderr]    Compiling anes v0.1.6
[INFO] [stderr]    Compiling oorandom v11.1.3
[INFO] [stderr]    Compiling transpose v0.2.2
[INFO] [stderr]    Compiling criterion-plot v0.5.0
[INFO] [stderr]    Compiling clap_lex v0.2.4
[INFO] [stderr]    Compiling plotters-svg v0.3.5
[INFO] [stderr]    Compiling plotters v0.3.5
[INFO] [stderr]    Compiling image v0.24.7
[INFO] [stderr]    Compiling clap v3.2.25
[INFO] [stderr]    Compiling crossbeam-epoch v0.9.17
[INFO] [stderr]    Compiling image v0.23.14
[INFO] [stderr]    Compiling rustfft v3.0.1
[INFO] [stderr]    Compiling crossbeam-deque v0.8.4
[INFO] [stderr]    Compiling rustdct v0.4.0
[INFO] [stderr]    Compiling rayon v1.8.0
[INFO] [stderr]    Compiling livesplit-hotkey v0.7.0
[INFO] [stderr]    Compiling ciborium v0.2.1
[INFO] [stderr]    Compiling img_hash v3.2.0
[INFO] [stderr]    Compiling tinytemplate v1.2.1
[INFO] [stderr]    Compiling livesplit-core v0.13.0 (/opt/rustwide/workdir)
[INFO] [stderr]    Compiling criterion v0.4.0
[INFO] [stdout] warning: unused import: `std::sync::RwLock`
[INFO] [stdout]  --> src/platform/normal/mod.rs:1:9
[INFO] [stdout]   |
[INFO] [stdout] 1 | pub use std::sync::RwLock;
[INFO] [stdout]   |         ^^^^^^^^^^^^^^^^^
[INFO] [stdout]   |
[INFO] [stdout]   = note: `#[warn(unused_imports)]` on by default
[INFO] [stdout] 
[INFO] [stdout] 
[INFO] [stdout] warning: unused import: `alloc::sync::Arc`
[INFO] [stdout]   --> src/platform/mod.rs:23:9
[INFO] [stdout]    |
[INFO] [stdout] 23 | pub use alloc::sync::Arc;
[INFO] [stdout]    |         ^^^^^^^^^^^^^^^^
[INFO] [stdout] 
[INFO] [stdout] 
[INFO] [stdout] warning: unused import: `Error`
[INFO] [stdout]  --> src/hotkey_system.rs:9:25
[INFO] [stdout]   |
[INFO] [stdout] 9 | pub use crate::hotkey::{Error, Result};
[INFO] [stdout]   |                         ^^^^^
[INFO] [stdout] 
[INFO] [stdout] 
[INFO] [stdout] warning: unused import: `std::sync::RwLock`
[INFO] [stdout]  --> src/platform/normal/mod.rs:1:9
[INFO] [stdout]   |
[INFO] [stdout] 1 | pub use std::sync::RwLock;
[INFO] [stdout]   |         ^^^^^^^^^^^^^^^^^
[INFO] [stdout]   |
[INFO] [stdout]   = note: `#[warn(unused_imports)]` on by default
[INFO] [stdout] 
[INFO] [stdout] 
[INFO] [stdout] warning: unused import: `alloc::sync::Arc`
[INFO] [stdout]   --> src/platform/mod.rs:23:9
[INFO] [stdout]    |
[INFO] [stdout] 23 | pub use alloc::sync::Arc;
[INFO] [stdout]    |         ^^^^^^^^^^^^^^^^
[INFO] [stdout] 
[INFO] [stdout] 
[INFO] [stdout] warning: unused import: `Error`
[INFO] [stdout]  --> src/hotkey_system.rs:9:25
[INFO] [stdout]   |
[INFO] [stdout] 9 | pub use crate::hotkey::{Error, Result};
[INFO] [stdout]   |                         ^^^^^
[INFO] [stdout] 
[INFO] [stdout] 
[INFO] [stdout] warning: 3 warnings emitted
[INFO] [stdout] 
[INFO] [stdout] 
[INFO] [stdout] warning: 3 warnings emitted
[INFO] [stdout] 
[INFO] [stdout] 
[INFO] [stderr]     Finished test [unoptimized + debuginfo] target(s) in 12.36s
[INFO] running `Command { std: "docker" "inspect" "7edc7152c18bbf6de768638781da57728183b15f61513479e907c76df621fe83", kill_on_drop: false }`
[INFO] running `Command { std: "docker" "rm" "-f" "7edc7152c18bbf6de768638781da57728183b15f61513479e907c76df621fe83", kill_on_drop: false }`
[INFO] [stdout] 7edc7152c18bbf6de768638781da57728183b15f61513479e907c76df621fe83
[INFO] running `Command { std: "docker" "create" "-v" "/var/lib/crater-agent-workspace/builds/worker-5-tc2/target:/opt/rustwide/target:rw,Z" "-v" "/var/lib/crater-agent-workspace/builds/worker-5-tc2/source:/opt/rustwide/workdir:ro,Z" "-v" "/var/lib/crater-agent-workspace/cargo-home:/opt/rustwide/cargo-home:ro,Z" "-v" "/var/lib/crater-agent-workspace/rustup-home:/opt/rustwide/rustup-home:ro,Z" "-e" "SOURCE_DIR=/opt/rustwide/workdir" "-e" "CARGO_TARGET_DIR=/opt/rustwide/target" "-e" "CARGO_INCREMENTAL=0" "-e" "RUST_BACKTRACE=full" "-e" "RUSTFLAGS=--cap-lints=warn" "-e" "RUSTDOCFLAGS=--cap-lints=warn" "-e" "CARGO_HOME=/opt/rustwide/cargo-home" "-e" "RUSTUP_HOME=/opt/rustwide/rustup-home" "-w" "/opt/rustwide/workdir" "-m" "1610612736" "--user" "0:0" "--network" "none" "ghcr.io/rust-lang/crates-build-env/linux@sha256:2788e3201cd34a07e3172128adcd8b3090168a8e3bcc40d7c032b9dda1df7d1c" "/opt/rustwide/cargo-home/bin/cargo" "+beta-2023-12-22" "test" "--frozen", kill_on_drop: false }`
[INFO] [stdout] e2428f68ee8656a2d57191eed7ca68b33fc321ad0c450b26132a02a5858a72fb
[INFO] running `Command { std: "docker" "start" "-a" "e2428f68ee8656a2d57191eed7ca68b33fc321ad0c450b26132a02a5858a72fb", kill_on_drop: false }`
[INFO] [stderr] warning: unused import: `std::sync::RwLock`
[INFO] [stderr]  --> src/platform/normal/mod.rs:1:9
[INFO] [stderr]   |
[INFO] [stderr] 1 | pub use std::sync::RwLock;
[INFO] [stderr]   |         ^^^^^^^^^^^^^^^^^
[INFO] [stderr]   |
[INFO] [stderr]   = note: `#[warn(unused_imports)]` on by default
[INFO] [stderr] 
[INFO] [stderr] warning: unused import: `alloc::sync::Arc`
[INFO] [stderr]   --> src/platform/mod.rs:23:9
[INFO] [stderr]    |
[INFO] [stderr] 23 | pub use alloc::sync::Arc;
[INFO] [stderr]    |         ^^^^^^^^^^^^^^^^
[INFO] [stderr] 
[INFO] [stderr] warning: unused import: `Error`
[INFO] [stderr]  --> src/hotkey_system.rs:9:25
[INFO] [stderr]   |
[INFO] [stderr] 9 | pub use crate::hotkey::{Error, Result};
[INFO] [stderr]   |                         ^^^^^
[INFO] [stderr] 
[INFO] [stderr] warning: `livesplit-core` (lib) generated 3 warnings (run `cargo fix --lib -p livesplit-core` to apply 3 suggestions)
[INFO] [stderr] warning: `livesplit-core` (lib test) generated 3 warnings (3 duplicates)
[INFO] [stderr]     Finished test [unoptimized + debuginfo] target(s) in 0.12s
[INFO] [stderr]      Running unittests src/lib.rs (/opt/rustwide/target/debug/deps/livesplit_core-baf692520b5fd571)
[INFO] [stdout] 
[INFO] [stdout] running 219 tests
[INFO] [stdout] test analysis::pb_chance::tests::is_0_percent_if_pb_is_optimal ... ok
[INFO] [stdout] test analysis::pb_chance::tests::is_0_percent_if_pb_has_not_been_beaten ... ok
[INFO] [stdout] test analysis::pb_chance::tests::is_0_percent_if_we_cant_pb_anymore ... ok
[INFO] [stdout] test analysis::pb_chance::tests::is_100_percent_if_there_are_history_times_but_no_pb ... ok
[INFO] [stdout] test analysis::pb_chance::tests::is_0_percent_when_behind_after_one_run ... ok
[INFO] [stdout] test analysis::pb_chance::tests::is_100_percent_if_pb_has_just_been_beaten ... ok
[INFO] [stdout] test analysis::pb_chance::tests::is_50_percent_after_one_run ... ok
[INFO] [stdout] test analysis::pb_chance::tests::is_100_percent_without_any_times ... ok
[INFO] [stdout] test analysis::pb_chance::tests::is_100_percent_when_ahead_after_one_run ... ok
[INFO] [stdout] test analysis::pb_chance::tests::is_50_percent_when_tied_after_one_run ... ok
[INFO] [stdout] test analysis::tests::empty_run::sum_of_best ... ok
[INFO] [stdout] test analysis::tests::empty_run::total_playtime ... ok
[INFO] [stdout] test comparison::tests::average::test ... ok
[INFO] [stdout] test comparison::tests::empty::balanced_pb ... ok
[INFO] [stdout] test analysis::tests::empty_run::sum_of_worst ... ok
[INFO] [stdout] test comparison::tests::empty::best_segments ... ok
[INFO] [stdout] test comparison::tests::empty::best_split_times ... ok
[INFO] [stdout] test comparison::tests::empty::latest_run ... ok
[INFO] [stdout] test comparison::tests::empty::average_segments ... ok
[INFO] [stdout] test analysis::pb_chance::tests::is_above_50_percent_when_its_likey_to_beat_pb ... ok
[INFO] [stdout] test comparison::tests::empty::median_segments ... ok
[INFO] [stdout] test comparison::tests::empty::none ... ok
[INFO] [stdout] test comparison::tests::empty::worst_segments ... ok
[INFO] [stdout] test analysis::pb_chance::tests::is_below_50_percent_when_its_unlikey_to_beat_pb ... ok
[INFO] [stdout] test analysis::pb_chance::tests::prefers_more_recent_info ... ok
[INFO] [stdout] test analysis::sum_of_segments::tests::sum_of_best ... ok
[INFO] [stdout] test comparison::tests::balanced_pb::test ... ok
[INFO] [stdout] test comparison::tests::balanced_pb::index_bug ... ok
[INFO] [stdout] test component::detailed_timer::tests::doesnt_show_icon_outside_attempt ... ok
[INFO] [stdout] test comparison::tests::median::test ... ok
[INFO] [stdout] test component::detailed_timer::tests::doesnt_show_segment_name_outside_attempt ... ok
[INFO] [stdout] test component::delta::tests::comparison_text ... ok
[INFO] [stdout] test component::detailed_timer::tests::shows_icon_during_attempt ... ok
[INFO] [stdout] test component::detailed_timer::tests::shows_segment_name_during_attempt ... ok
[INFO] [stdout] test component::detailed_timer::tests::stops_showing_icon_when_resetting ... ok
[INFO] [stdout] test component::detailed_timer::tests::shows_icon_again_when_remounting ... ok
[INFO] [stdout] test component::detailed_timer::tests::still_shows_icon_of_last_segment_at_the_end_of_an_attempt ... ok
[INFO] [stdout] test component::segment_time::tests::is_empty_when_no_attempt_is_started ... ok
[INFO] [stdout] test component::detailed_timer::tests::shows_segment_name_at_the_end_of_an_attempt ... ok
[INFO] [stdout] test component::segment_time::tests::is_not_empty_when_attempt_is_paused ... ok
[INFO] [stdout] test component::detailed_timer::tests::stops_showing_segment_name_when_resetting ... ok
[INFO] [stdout] test component::segment_time::tests::is_not_empty_when_attempt_is_started ... ok
[INFO] [stdout] test component::splits::tests::column::column_comparison_segment_time_segment_delta ... ok
[INFO] [stdout] test component::splits::tests::column::column_comparison_segment_time_segment_time ... ok
[INFO] [stdout] test component::splits::tests::column::column_comparison_time_dont_update ... ok
[INFO] [stdout] test component::splits::tests::column::column_delta_update_on_ending_segment ... ok
[INFO] [stdout] test component::splits::tests::column::column_delta_best_segment_colors ... ok
[INFO] [stdout] test component::splits::tests::column::column_comparison_time_delta ... ok
[INFO] [stdout] test component::splits::tests::column::column_comparison_segment_time_dont_update ... ok
[INFO] [stdout] test component::splits::tests::column::column_empty_segment_delta ... ok
[INFO] [stdout] test component::segment_time::tests::is_empty_when_attempt_is_finished ... ok
[INFO] [stdout] test component::splits::tests::column::column_delta_update_contextual ... ok
[INFO] [stdout] test component::splits::tests::column::column_empty_segment_time ... ok
[INFO] [stdout] test component::splits::tests::column::column_delta_update_on_starting_segment ... ok
[INFO] [stdout] test component::splits::tests::column::column_possible_time_save_segment_delta ... ok
[INFO] [stdout] test component::splits::tests::column::column_possible_time_save_dont_update ... ok
[INFO] [stdout] test component::splits::tests::column::column_empty_delta ... ok
[INFO] [stdout] test component::splits::tests::column::column_comparison_time_split_time ... ok
[INFO] [stdout] test component::splits::tests::column::column_segment_time_update_contextual ... ok
[INFO] [stdout] test component::splits::tests::column::column_empty_split_time ... ok
[INFO] [stdout] test component::splits::tests::column::column_segment_delta_update_contextual ... ok
[INFO] [stdout] test component::splits::tests::column::column_segment_time_update_on_ending_segment ... ok
[INFO] [stdout] test component::splits::tests::column::column_segment_delta_update_on_ending_segment ... ok
[INFO] [stdout] test component::splits::tests::column::column_segment_delta_update_on_starting_segment ... ok
[INFO] [stdout] test component::splits::tests::column::column_segment_time_update_on_starting_segment ... ok
[INFO] [stdout] test component::splits::tests::column::column_split_time_update_on_ending_segment ... ok
[INFO] [stdout] test component::splits::tests::column::column_split_time_update_contextual ... ok
[INFO] [stdout] test component::splits::tests::negative_segment_times ... ok
[INFO] [stdout] test component::splits::tests::one_visual_split ... ok
[INFO] [stdout] test run::editor::tests::comparison::adding_a_new_comparison_works ... ok
[INFO] [stdout] test component::splits::tests::unique_split_indices ... ok
[INFO] [stdout] test component::title::tests::finished_runs_and_attempt_count ... ok
[INFO] [stdout] test run::editor::tests::comparison::adding_a_duplicate_fails ... ok
[INFO] [stdout] test component::splits::tests::column::column_split_time_update_on_starting_segment ... ok
[INFO] [stdout] test component::text::tests::uses_dash_for_whitespace_variable ... ok
[INFO] [stdout] test component::text::tests::resolves_variables ... ok
[INFO] [stdout] test component::text::tests::uses_dash_for_non_existing_variables ... ok
[INFO] [stdout] test component::splits::tests::column::delta_or_split_time ... ok
[INFO] [stdout] test component::splits::tests::zero_visual_split_count_always_shows_all_splits ... ok
[INFO] [stdout] test component::text::tests::uses_dash_for_empty_string_variable ... ok
[INFO] [stdout] test run::editor::tests::comparison::renaming_to_a_race_name_fails ... ok
[INFO] [stdout] test run::editor::tests::comparison::renaming_a_missing_comparison_fails ... ok
[INFO] [stdout] test run::editor::tests::custom_variables::can_edit_permanent_variable ... ok
[INFO] [stdout] test run::editor::tests::comparison::renaming_works ... ok
[INFO] [stdout] test run::editor::tests::custom_variables::cant_edit_temporary_variable ... ok
[INFO] [stdout] test run::editor::tests::comparison::reordering_works ... ok
[INFO] [stdout] test run::editor::tests::dissociate_run::not_when_adding_comparison ... ok
[INFO] [stdout] test run::editor::tests::comparison::renaming_to_an_existing_name_fails ... ok
[INFO] [stdout] test run::editor::tests::dissociate_run::not_when_clearing_history ... ok
[INFO] [stdout] test run::editor::tests::dissociate_run::not_when_creating_custom_variable ... ok
[INFO] [stdout] test run::editor::tests::dissociate_run::not_when_changing_attempt_count ... ok
[INFO] [stdout] test run::editor::tests::dissociate_run::not_when_generating_goal_comparison ... ok
[INFO] [stdout] test run::editor::tests::dissociate_run::not_when_inserting_above_last_segment ... ok
[INFO] [stdout] test run::editor::tests::dissociate_run::not_when_changing_first_segment ... ok
[INFO] [stdout] test run::editor::tests::dissociate_run::when_changing_category_name ... ok
[INFO] [stdout] test run::editor::tests::dissociate_run::when_changing_game_name ... ok
[INFO] [stdout] test run::editor::tests::dissociate_run::when_changing_last_segment ... ok
[INFO] [stdout] test run::editor::tests::dissociate_run::not_when_changing_offset ... ok
[INFO] [stdout] test run::editor::tests::dissociate_run::not_when_removing_custom_variable ... ok
[INFO] [stdout] test run::editor::tests::dissociate_run::when_clearing_metadata ... ok
[INFO] [stdout] test run::editor::tests::dissociate_run::not_when_removing_first_segment ... ok
[INFO] [stdout] test run::editor::tests::dissociate_run::when_inserting_last_segment ... ok
[INFO] [stdout] test run::editor::tests::dissociate_run::when_clearing_times ... ok
[INFO] [stdout] test run::editor::tests::dissociate_run::not_when_setting_custom_variable ... ok
[INFO] [stdout] test run::editor::tests::dissociate_run::not_when_moving_last_segment ... ok
[INFO] [stdout] test run::editor::tests::dissociate_run::when_removing_speedrun_com_variable ... ok
[INFO] [stdout] test run::editor::tests::dissociate_run::when_setting_emulator_usage ... ok
[INFO] [stdout] test run::editor::tests::dissociate_run::when_setting_platform_name ... ok
[INFO] [stdout] test run::editor::tests::dissociate_run::when_removing_last_segment ... ok
[INFO] [stdout] test run::editor::tests::mark_as_modified::not_when_cleaning_sum_of_best_without_applying_a_fix ... ok
[INFO] [stdout] test run::editor::tests::mark_as_modified::not_when_just_accessing_active_segment ... ok
[INFO] [stdout] test run::editor::tests::dissociate_run::when_setting_speedrun_com_variable ... ok
[INFO] [stdout] test run::editor::tests::dissociate_run::when_setting_region_name ... ok
[INFO] [stdout] test run::editor::tests::mark_as_modified::not_when_selecting_timing_method ... ok
[INFO] [stdout] test run::editor::tests::fix_run_upon_creation ... ok
[INFO] [stdout] test run::editor::tests::mark_as_modified::when_adding_comparison ... ok
[INFO] [stdout] test run::editor::tests::mark_as_modified::not_when_selecting_segments ... ok
[INFO] [stdout] test run::editor::tests::mark_as_modified::when_changing_attempt_count ... ok
[INFO] [stdout] test run::editor::tests::mark_as_modified::when_changing_best_segment_time ... ok
[INFO] [stdout] test run::editor::tests::mark_as_modified::when_changing_game_icon ... ok
[INFO] [stdout] test run::editor::tests::mark_as_modified::when_changing_game_name ... ok
[INFO] [stdout] test run::editor::tests::mark_as_modified::when_changing_offset ... ok
[INFO] [stdout] test run::editor::tests::mark_as_modified::when_changing_segment_name ... ok
[INFO] [stdout] test run::editor::tests::mark_as_modified::when_changing_segment_time ... ok
[INFO] [stdout] test run::editor::tests::mark_as_modified::when_changing_split_time ... ok
[INFO] [stdout] test run::editor::tests::mark_as_modified::when_changing_segment_icon ... ok
[INFO] [stdout] test run::editor::tests::mark_as_modified::when_changing_comparison_time ... ok
[INFO] [stdout] test run::editor::tests::mark_as_modified::when_clearing_history ... ok
[INFO] [stdout] test run::editor::tests::mark_as_modified::when_changing_category_name ... ok
[INFO] [stdout] test run::editor::tests::mark_as_modified::when_clearing_metadata ... ok
[INFO] [stdout] test run::editor::tests::mark_as_modified::when_clearing_times ... ok
[INFO] [stdout] test run::editor::tests::mark_as_modified::when_creating_custom_variable ... ok
[INFO] [stdout] test run::editor::tests::mark_as_modified::when_generating_goal_comparison ... ok
[INFO] [stdout] test run::editor::tests::mark_as_modified::when_importing_comparison ... ok
[INFO] [stdout] test run::editor::tests::mark_as_modified::when_inserting_segment_below ... ok
[INFO] [stdout] test run::editor::tests::mark_as_modified::when_inserting_segment_above ... ok
[INFO] [stdout] test run::editor::tests::mark_as_modified::when_moving_segments_down ... ok
[INFO] [stdout] test run::editor::tests::mark_as_modified::when_moving_segments_up ... ok
[INFO] [stdout] test run::editor::tests::mark_as_modified::when_moving_comparison ... ok
[INFO] [stdout] test run::editor::tests::mark_as_modified::when_removing_custom_variable ... ok
[INFO] [stdout] test run::editor::tests::mark_as_modified::when_removing_comparison ... ok
[INFO] [stdout] test run::editor::tests::mark_as_modified::when_removing_game_icon ... ok
[INFO] [stdout] test run::editor::tests::mark_as_modified::when_removing_segment_icon ... ok
[INFO] [stdout] test run::editor::tests::mark_as_modified::when_removing_segments ... ok
[INFO] [stdout] test run::editor::tests::mark_as_modified::when_setting_custom_variable ... ok
[INFO] [stdout] test run::editor::tests::mark_as_modified::when_setting_platform_name ... ok
[INFO] [stdout] test run::editor::tests::mark_as_modified::when_setting_region_name ... ok
[INFO] [stdout] test run::editor::tests::mark_as_modified::when_renaming_comparison ... ok
[INFO] [stdout] test run::editor::tests::mark_as_modified::when_setting_run_id ... ok
[INFO] [stdout] test run::editor::tests::mark_as_modified::when_removing_speedrun_com_variable ... ok
[INFO] [stdout] test run::editor::tests::mark_as_modified::when_setting_emulator_usage ... ok
[INFO] [stdout] test run::editor::tests::mark_as_modified::when_setting_speedrun_com_variable ... ok
[INFO] [stdout] test run::editor::tests::new_best_segment ... ok
[INFO] [stdout] test run::parser::splitterz::tests::counters ... ok
[INFO] [stdout] test run::parser::wsplit::tests::goal_parsing ... ok
[INFO] [stdout] test run::tests::comparison::adding_a_duplicate_fails ... ok
[INFO] [stdout] test run::tests::empty_run::clear_history ... ok
[INFO] [stdout] test run::tests::comparison::adding_a_new_comparison_works ... ok
[INFO] [stdout] test run::parser::wsplit::tests::skip_goal_if_its_empty ... ok
[INFO] [stdout] test run::tests::empty_run::clear_times ... ok
[INFO] [stdout] test run::tests::empty_run::import_pb_into_segment_history ... ok
[INFO] [stdout] test run::tests::empty_run::fix_splits ... ok
[INFO] [stdout] test run::tests::empty_run::max_attempt_history_index ... ok
[INFO] [stdout] test run::tests::extended_category_name::ends_with_parentheses ... ok
[INFO] [stdout] test run::tests::extended_category_name::has_parentheses ... ok
[INFO] [stdout] test run::tests::extended_category_name::has_parentheses_with_additional_info ... ok
[INFO] [stdout] test run::tests::extended_category_name::no_parentheses ... ok
[INFO] [stdout] test run::tests::empty_run::start_next_run ... ok
[INFO] [stdout] test run::tests::metadata::removing_shifts_the_speedrun_com_variables ... ok
[INFO] [stdout] test run::tests::empty_run::min_segment_history_index ... ok
[INFO] [stdout] test run::tests::fixing::timer_fix_run_upon_creation ... ok
[INFO] [stdout] test run::tests::fixing::timer_fix_run_upon_replacement ... ok
[INFO] [stdout] test run::tests::fixing::reattaches_unattached_segment_history_elements_by_using_negative_ids ... ok
[INFO] [stdout] test run::tests::extended_category_name::no_parentheses_with_additional_info ... ok
[INFO] [stdout] test timing::formatter::accuracy::tests::format_hundredths ... ok
[INFO] [stdout] test settings::image::tests::serializes_to_json_as_data_url ... ok
[INFO] [stdout] test settings::color::tests::from_hsva ... ok
[INFO] [stdout] test timing::formatter::accuracy::tests::format_seconds ... ok
[INFO] [stdout] test settings::color::tests::to_hsva ... ok
[INFO] [stdout] test timing::formatter::segment_time::test ... ok
[INFO] [stdout] test timing::formatter::timer::test ... ok
[INFO] [stdout] test timing::time_span::tests::parsing ... ok
[INFO] [stdout] test timing::formatter::accuracy::tests::format_tenths ... ok
[INFO] [stdout] test timing::formatter::accuracy::tests::format_milliseconds ... ok
[INFO] [stdout] test timing::timer::tests::import_best_segment_with_game_time_usage ... ok
[INFO] [stdout] test timing::timer::tests::deleting_best_segment_time_clears_segment_history ... ok
[INFO] [stdout] test timing::timer::tests::import_pb_into_segment_history ... ok
[INFO] [stdout] test timing::timer::tests::clears_run_id_when_pbing ... ok
[INFO] [stdout] test timing::timer::tests::mark_as_modified::not_when_initializing_or_deinitializing_game_time ... ok
[INFO] [stdout] test timing::timer::tests::mark_as_modified::not_when_marking_as_unmodified ... ok
[INFO] [stdout] test timing::timer::tests::mark_as_modified::not_when_pausing_resuming_or_setting_game_time_without_an_attempt ... ok
[INFO] [stdout] test timing::timer::tests::import_pb_into_segment_history_and_remove_null_values ... ok
[INFO] [stdout] test timing::timer::tests::mark_as_modified::not_when_resetting_without_an_attempt ... ok
[INFO] [stdout] test timing::timer::tests::mark_as_modified::not_when_resuming_without_an_attempt ... ok
[INFO] [stdout] test timing::timer::tests::mark_as_modified::not_when_setting_current_timing_method ... ok
[INFO] [stdout] test timing::timer::tests::mark_as_modified::not_when_skipping_a_split_without_an_attempt ... ok
[INFO] [stdout] test timing::timer::tests::mark_as_modified::not_when_splitting_without_an_attempt ... ok
[INFO] [stdout] test timing::timer::tests::mark_as_modified::not_when_switching_comparisons ... ok
[INFO] [stdout] test timing::timer::tests::mark_as_modified::not_when_replacing_run ... ok
[INFO] [stdout] test timing::timer::tests::mark_as_modified::not_when_toggling_pause_without_an_attempt ... ok
[INFO] [stdout] test timing::timer::tests::mark_as_modified::not_when_pausing_without_an_attempt ... ok
[INFO] [stdout] test timing::timer::tests::mark_as_modified::not_when_undoing_a_split_without_an_attempt ... ok
[INFO] [stdout] test timing::timer::tests::mark_as_modified::not_when_setting_run ... ok
[INFO] [stdout] test timing::timer::tests::mark_as_modified::when_starting_and_resetting_with_update_splits ... ok
[INFO] [stdout] test timing::timer::tests::mark_as_modified::when_starting_the_timer ... ok
[INFO] [stdout] test timing::timer::tests::mark_as_modified::when_starting_and_resetting_without_update_splits ... ok
[INFO] [stdout] test timing::timer::tests::mark_as_modified::when_splitting_or_starting_the_timer ... ok
[INFO] [stdout] test timing::timer::tests::mark_as_modified::when_toggling_pause_or_start ... ok
[INFO] [stdout] test timing::timer::tests::mark_as_modified::not_when_setting_temporary_custom_variables ... ok
[INFO] [stdout] test timing::timer::tests::mark_as_modified::not_when_undoing_all_pauses_without_an_attempt ... ok
[INFO] [stdout] test timing::timer::tests::modifying_best_segment_time_fixes_segment_history ... ok
[INFO] [stdout] test timing::timer::tests::mark_as_modified::when_setting_permanent_custom_variables ... ok
[INFO] [stdout] test timing::timer::tests::monotically_increasing_split_times_after_resetting ... ok
[INFO] [stdout] test timing::timer::tests::variables::can_set_variable ... ok
[INFO] [stdout] test timing::timer::tests::reset_and_set_attempt_as_pb ... ok
[INFO] [stdout] test run::editor::tests::select_additionally_oob - should panic ... ok
[INFO] [stdout] test run::editor::tests::select_only_oob - should panic ... ok
[INFO] [stdout] test run::tests::empty_run::import_best_segment - should panic ... ok
[INFO] [stdout] test run::tests::empty_run::update_segment_history - should panic ... ok
[INFO] [stdout] 
[INFO] [stdout] test result: ok. 219 passed; 0 failed; 0 ignored; 0 measured; 0 filtered out; finished in 0.05s
[INFO] [stdout] 
[INFO] [stderr]    Doc-tests livesplit-core
[INFO] [stdout] 
[INFO] [stdout] running 11 tests
[INFO] [stdout] test src/run/saver/livesplit.rs - run::saver::livesplit (line 7) - compile ... ok
[INFO] [stdout] test src/run/parser/composite.rs - run::parser::composite (line 9) - compile ... ok
[INFO] [stdout] test src/run/saver/mod.rs - run::saver (line 8) - compile ... ok
[INFO] [stdout] test src/run/parser/mod.rs - run::parser (line 10) - compile ... ok
[INFO] [stdout] test src/run/mod.rs - run::Run (line 51) ... FAILED
[INFO] [stdout] test src/timing/formatter/mod.rs - timing::formatter (line 8) ... ok
[INFO] [stdout] test src/run/editor/fuzzy_list.rs - run::editor::fuzzy_list::FuzzyList (line 11) ... ok
[INFO] [stdout] test src/run/segment.rs - run::segment::Segment (line 15) ... ok
[INFO] [stdout] test src/timing/timer/mod.rs - timing::timer::Timer (line 14) ... ok
[INFO] [stdout] test src/run/mod.rs - run (line 5) ... ok
[INFO] [stdout] test src/lib.rs - (line 23) ... ok
[INFO] [stdout] 
[INFO] [stdout] failures:
[INFO] [stdout] 
[INFO] [stdout] ---- src/run/mod.rs - run::Run (line 51) stdout ----
[INFO] [stdout] error: linking with `cc` failed: exit status: 1
[INFO] [stdout]   |
[INFO] [stdout]   = note: LC_ALL="C" PATH="/opt/rustwide/rustup-home/toolchains/beta-2023-12-22-x86_64-unknown-linux-gnu/lib/rustlib/x86_64-unknown-linux-gnu/bin:/opt/rustwide/cargo-home/bin:/usr/local/sbin:/usr/local/bin:/usr/sbin:/usr/bin:/sbin:/bin" VSLANG="1033" "cc" "-m64" "/tmp/rustceTBPS3/symbols.o" "/tmp/rustdoctestmfh0sa/rust_out.rust_out.1380c8ea7c88b8e2-cgu.0.rcgu.o" "/tmp/rustdoctestmfh0sa/rust_out.3lr6z6385pynyhem.rcgu.o" "-Wl,--as-needed" "-L" "/opt/rustwide/target/debug/deps" "-L" "/opt/rustwide/target/debug/deps" "-L" "/opt/rustwide/rustup-home/toolchains/beta-2023-12-22-x86_64-unknown-linux-gnu/lib/rustlib/x86_64-unknown-linux-gnu/lib" "-Wl,-Bstatic" "/opt/rustwide/target/debug/deps/liblivesplit_core-6652cedbf90777f4.rlib" "/opt/rustwide/target/debug/deps/libmemchr-8e18896115feede2.rlib" "/opt/rustwide/target/debug/deps/libsimdutf8-86b32476a87289ee.rlib" "/opt/rustwide/target/debug/deps/libbase64_simd-e28de9809d8b8759.rlib" "/opt/rustwide/target/debug/deps/liboutref-8dab503b302ca221.rlib" "/opt/rustwide/target/debug/deps/libvsimd-64fb34c020f07c58.rlib" "/opt/rustwide/target/debug/deps/libhashbrown-2ed2441e2c860c97.rlib" "/opt/rustwide/target/debug/deps/libahash-6ae9dc047fb9c70b.rlib" "/opt/rustwide/target/debug/deps/libzerocopy-2502bccedbc2df3b.rlib" "/opt/rustwide/target/debug/deps/libserde_json-8c7613ecfd21d9f5.rlib" "/opt/rustwide/target/debug/deps/libryu-4b03a7708da1319d.rlib" "/opt/rustwide/target/debug/deps/libitoa-34968a9f29c36fec.rlib" "/opt/rustwide/target/debug/deps/libimage-2b917d093da158bd.rlib" "/opt/rustwide/target/debug/deps/libbytemuck-2756b58ea9de865c.rlib" "/opt/rustwide/target/debug/deps/libcolor_quant-da6050448bfc3046.rlib" "/opt/rustwide/target/debug/deps/libpng-c05f2ce4bec19712.rlib" "/opt/rustwide/target/debug/deps/libfdeflate-64469ea8ccda05cd.rlib" "/opt/rustwide/target/debug/deps/libnum_rational-6ed6f37a54882659.rlib" "/opt/rustwide/target/debug/deps/libnum_integer-71d452f662e99676.rlib" "/opt/rustwide/target/debug/deps/libbyteorder-6ac88002c46ec63a.rlib" "/opt/rustwide/target/debug/deps/libnum_traits-cc64df6c73429046.rlib" "/opt/rustwide/target/debug/deps/libtiff-68236d405a35b9fa.rlib" "/opt/rustwide/target/debug/deps/libflate2-91fece6fe4a6963c.rlib" "/opt/rustwide/target/debug/deps/libminiz_oxide-c7819383263b23d3.rlib" "/opt/rustwide/target/debug/deps/libsimd_adler32-b640043de69bea10.rlib" "/opt/rustwide/target/debug/deps/libcrc32fast-dbea8ee6fb11ce73.rlib" "/opt/rustwide/target/debug/deps/libweezl-eabccf4d1be8e8f8.rlib" "/opt/rustwide/target/debug/deps/libjpeg_decoder-5a9fa77f39e10278.rlib" "/opt/rustwide/target/debug/deps/libtime-b2b5b393385364b8.rlib" "/opt/rustwide/target/debug/deps/libnum_threads-9c019e87af119b5e.rlib" "/opt/rustwide/target/debug/deps/libtime_core-acdcdbb0edad8681.rlib" "/opt/rustwide/target/debug/deps/libderanged-7c3aacebfed7a85e.rlib" "/opt/rustwide/target/debug/deps/libpowerfmt-a584063b8a4e44a4.rlib" "/opt/rustwide/target/debug/deps/liblivesplit_hotkey-7aa55b1ff455111e.rlib" "/opt/rustwide/target/debug/deps/libx11_dl-6381d09c08492c39.rlib" "/opt/rustwide/target/debug/deps/libonce_cell-334d739f4e3a4961.rlib" "/opt/rustwide/target/debug/deps/libevdev-513d1e9e26a35000.rlib" "/opt/rustwide/target/debug/deps/libnix-c3f2b34adaa77e37.rlib" "/opt/rustwide/target/debug/deps/libmemoffset-3b8b6c5d2cb3d911.rlib" "/opt/rustwide/target/debug/deps/libthiserror-0ca7ac121b7363c6.rlib" "/opt/rustwide/target/debug/deps/libbitvec-f2227b644884ba19.rlib" "/opt/rustwide/target/debug/deps/libwyz-b9ad50c5a23ba281.rlib" "/opt/rustwide/target/debug/deps/libtap-b85dccd7e33b9fac.rlib" "/opt/rustwide/target/debug/deps/libradium-23c3c7bf7109ca51.rlib" "/opt/rustwide/target/debug/deps/libfunty-36159d7a9009c5ea.rlib" "/opt/rustwide/target/debug/deps/libpromising_future-3a041f09081633d1.rlib" "/opt/rustwide/target/debug/deps/libthreadpool-3c1a505b91541e73.rlib" "/opt/rustwide/target/debug/deps/libnum_cpus-aef0cfcece38ac8d.rlib" "/opt/rustwide/target/debug/deps/libnix-5e251bbe5b622c6e.rlib" "/opt/rustwide/target/debug/deps/libmemoffset-df5843969cc9c3a9.rlib" "/opt/rustwide/target/debug/deps/libpin_utils-9c5dcf17efb91bff.rlib" "/opt/rustwide/target/debug/deps/libmio-81249977e7806bb1.rlib" "/opt/rustwide/target/debug/deps/liblibc-a3863744b2422075.rlib" "/opt/rustwide/target/debug/deps/libbitflags-85e13ed1e0c6d910.rlib" "/opt/rustwide/target/debug/deps/libsnafu-df3e192b6318ab42.rlib" "/opt/rustwide/target/debug/deps/libdoc_comment-8766726346b4cbde.rlib" "/opt/rustwide/target/debug/deps/libcfg_if-e7002d307f97bc56.rlib" "/opt/rustwide/target/debug/deps/libsmallstr-1d7889184300d8ae.rlib" "/opt/rustwide/target/debug/deps/libsmallvec-2fe51d264bce6b98.rlib" "/opt/rustwide/target/debug/deps/liblivesplit_title_abbreviations-92076c6d67a7c7ab.rlib" "/opt/rustwide/target/debug/deps/libunicase-cb1165946b287cbf.rlib" "/opt/rustwide/target/debug/deps/libserde-abc4e3a9d6b3573d.rlib" "/opt/rustwide/rustup-home/toolchains/beta-2023-12-22-x86_64-unknown-linux-gnu/lib/rustlib/x86_64-unknown-linux-gnu/lib/libstd-0672489a78b613de.rlib" "/opt/rustwide/rustup-home/toolchains/beta-2023-12-22-x86_64-unknown-linux-gnu/lib/rustlib/x86_64-unknown-linux-gnu/lib/libpanic_unwind-7eb3ffc34a49f675.rlib" "/opt/rustwide/rustup-home/toolchains/beta-2023-12-22-x86_64-unknown-linux-gnu/lib/rustlib/x86_64-unknown-linux-gnu/lib/libobject-6478a9daa4bee8e2.rlib" "/opt/rustwide/rustup-home/toolchains/beta-2023-12-22-x86_64-unknown-linux-gnu/lib/rustlib/x86_64-unknown-linux-gnu/lib/libmemchr-0c75d871a5c3923d.rlib" "/opt/rustwide/rustup-home/toolchains/beta-2023-12-22-x86_64-unknown-linux-gnu/lib/rustlib/x86_64-unknown-linux-gnu/lib/libaddr2line-d163ef63ad37bb71.rlib" "/opt/rustwide/rustup-home/toolchains/beta-2023-12-22-x86_64-unknown-linux-gnu/lib/rustlib/x86_64-unknown-linux-gnu/lib/libgimli-8a3fd810a85b9f4c.rlib" "/opt/rustwide/rustup-home/toolchains/beta-2023-12-22-x86_64-unknown-linux-gnu/lib/rustlib/x86_64-unknown-linux-gnu/lib/librustc_demangle-462a2cde8c5dfc10.rlib" "/opt/rustwide/rustup-home/toolchains/beta-2023-12-22-x86_64-unknown-linux-gnu/lib/rustlib/x86_64-unknown-linux-gnu/lib/libstd_detect-cb06ac9f54713f71.rlib" "/opt/rustwide/rustup-home/toolchains/beta-2023-12-22-x86_64-unknown-linux-gnu/lib/rustlib/x86_64-unknown-linux-gnu/lib/libhashbrown-f20bfd1f8e59b393.rlib" "/opt/rustwide/rustup-home/toolchains/beta-2023-12-22-x86_64-unknown-linux-gnu/lib/rustlib/x86_64-unknown-linux-gnu/lib/librustc_std_workspace_alloc-1ef460949b49da4b.rlib" "/opt/rustwide/rustup-home/toolchains/beta-2023-12-22-x86_64-unknown-linux-gnu/lib/rustlib/x86_64-unknown-linux-gnu/lib/libminiz_oxide-2cb0c0ffe4f87514.rlib" "/opt/rustwide/rustup-home/toolchains/beta-2023-12-22-x86_64-unknown-linux-gnu/lib/rustlib/x86_64-unknown-linux-gnu/lib/libadler-58d841eb322a11a2.rlib" "/opt/rustwide/rustup-home/toolchains/beta-2023-12-22-x86_64-unknown-linux-gnu/lib/rustlib/x86_64-unknown-linux-gnu/lib/libunwind-aa2ae0b0a9d11533.rlib" "/opt/rustwide/rustup-home/toolchains/beta-2023-12-22-x86_64-unknown-linux-gnu/lib/rustlib/x86_64-unknown-linux-gnu/lib/libcfg_if-23874e15830ed336.rlib" "/opt/rustwide/rustup-home/toolchains/beta-2023-12-22-x86_64-unknown-linux-gnu/lib/rustlib/x86_64-unknown-linux-gnu/lib/liblibc-e47cddc003bce885.rlib" "/opt/rustwide/rustup-home/toolchains/beta-2023-12-22-x86_64-unknown-linux-gnu/lib/rustlib/x86_64-unknown-linux-gnu/lib/liballoc-c22b13b48a8f128e.rlib" "/opt/rustwide/rustup-home/toolchains/beta-2023-12-22-x86_64-unknown-linux-gnu/lib/rustlib/x86_64-unknown-linux-gnu/lib/librustc_std_workspace_core-e46bc3da6d7c462f.rlib" "/opt/rustwide/rustup-home/toolchains/beta-2023-12-22-x86_64-unknown-linux-gnu/lib/rustlib/x86_64-unknown-linux-gnu/lib/libcore-8d1ac131d3cb2645.rlib" "/opt/rustwide/rustup-home/toolchains/beta-2023-12-22-x86_64-unknown-linux-gnu/lib/rustlib/x86_64-unknown-linux-gnu/lib/libcompiler_builtins-a1b43df8c6899c1f.rlib" "-Wl,-Bdynamic" "-ldl" "-lgcc_s" "-lutil" "-lrt" "-lpthread" "-lm" "-ldl" "-lc" "-Wl,--eh-frame-hdr" "-Wl,-z,noexecstack" "-L" "/opt/rustwide/rustup-home/toolchains/beta-2023-12-22-x86_64-unknown-linux-gnu/lib/rustlib/x86_64-unknown-linux-gnu/lib" "-o" "/tmp/rustdoctestmfh0sa/rust_out" "-Wl,--gc-sections" "-pie" "-Wl,-z,relro,-z,now" "-nodefaultlibs"
[INFO] [stdout]   = note: collect2: fatal error: ld terminated with signal 9 [Killed]
[INFO] [stdout]           compilation terminated.
[INFO] [stdout]           
[INFO] [stdout] 
[INFO] [stdout] error: aborting due to 1 previous error
[INFO] [stdout] 
[INFO] [stdout] Couldn't compile the test.
[INFO] [stdout] 
[INFO] [stdout] failures:
[INFO] [stdout]     src/run/mod.rs - run::Run (line 51)
[INFO] [stdout] 
[INFO] [stdout] test result: FAILED. 10 passed; 1 failed; 0 ignored; 0 measured; 0 filtered out; finished in 2.29s
[INFO] [stdout] 
[INFO] [stderr] error: doctest failed, to rerun pass `--doc`
[INFO] running `Command { std: "docker" "inspect" "e2428f68ee8656a2d57191eed7ca68b33fc321ad0c450b26132a02a5858a72fb", kill_on_drop: false }`
[INFO] running `Command { std: "docker" "rm" "-f" "e2428f68ee8656a2d57191eed7ca68b33fc321ad0c450b26132a02a5858a72fb", kill_on_drop: false }`
[INFO] [stdout] e2428f68ee8656a2d57191eed7ca68b33fc321ad0c450b26132a02a5858a72fb
