[INFO] fetching crate litecoin_hashes 0.1.2...
[INFO] testing litecoin_hashes-0.1.2 against 1.75.0 for beta-1.76-1
[INFO] extracting crate litecoin_hashes 0.1.2 into /workspace/builds/worker-7-tc1/source
[INFO] validating manifest of crates.io crate litecoin_hashes 0.1.2 on toolchain 1.75.0
[INFO] running `Command { std: CARGO_HOME="/workspace/cargo-home" RUSTUP_HOME="/workspace/rustup-home" "/workspace/cargo-home/bin/cargo" "+1.75.0" "metadata" "--manifest-path" "Cargo.toml" "--no-deps", kill_on_drop: false }`
[INFO] started tweaking crates.io crate litecoin_hashes 0.1.2
[INFO] finished tweaking crates.io crate litecoin_hashes 0.1.2
[INFO] tweaked toml for crates.io crate litecoin_hashes 0.1.2 written to /workspace/builds/worker-7-tc1/source/Cargo.toml
[INFO] running `Command { std: CARGO_HOME="/workspace/cargo-home" RUSTUP_HOME="/workspace/rustup-home" "/workspace/cargo-home/bin/cargo" "+1.75.0" "generate-lockfile" "--manifest-path" "Cargo.toml", kill_on_drop: false }`
[INFO] [stderr]     Updating crates.io index
[INFO] running `Command { std: CARGO_HOME="/workspace/cargo-home" RUSTUP_HOME="/workspace/rustup-home" "/workspace/cargo-home/bin/cargo" "+1.75.0" "fetch" "--manifest-path" "Cargo.toml", kill_on_drop: false }`
[INFO] [stderr]  Downloading crates ...
[INFO] [stderr]   Downloaded bitcoin-internals v0.1.0
[INFO] [stderr]   Downloaded core2 v0.3.3
[INFO] [stderr]   Downloaded dyn-clone v1.0.7
[INFO] [stderr]   Downloaded schemars v0.8.3
[INFO] [stderr]   Downloaded schemars_derive v0.8.3
[INFO] [stderr]   Downloaded serde_derive_internals v0.25.0
[INFO] running `Command { std: "docker" "create" "-v" "/var/lib/crater-agent-workspace/builds/worker-7-tc1/target:/opt/rustwide/target:rw,Z" "-v" "/var/lib/crater-agent-workspace/builds/worker-7-tc1/source:/opt/rustwide/workdir:ro,Z" "-v" "/var/lib/crater-agent-workspace/cargo-home:/opt/rustwide/cargo-home:ro,Z" "-v" "/var/lib/crater-agent-workspace/rustup-home:/opt/rustwide/rustup-home:ro,Z" "-e" "SOURCE_DIR=/opt/rustwide/workdir" "-e" "CARGO_TARGET_DIR=/opt/rustwide/target" "-e" "CARGO_HOME=/opt/rustwide/cargo-home" "-e" "RUSTUP_HOME=/opt/rustwide/rustup-home" "-w" "/opt/rustwide/workdir" "-m" "1610612736" "--user" "0:0" "--network" "none" "ghcr.io/rust-lang/crates-build-env/linux@sha256:2788e3201cd34a07e3172128adcd8b3090168a8e3bcc40d7c032b9dda1df7d1c" "/opt/rustwide/cargo-home/bin/cargo" "+1.75.0" "metadata" "--no-deps" "--format-version=1", kill_on_drop: false }`
[INFO] [stdout] 7f6ff48b53871224338ea2532d352f0be19c0e819ad985aaa331aab69597248c
[INFO] running `Command { std: "docker" "start" "-a" "7f6ff48b53871224338ea2532d352f0be19c0e819ad985aaa331aab69597248c", kill_on_drop: false }`
[INFO] running `Command { std: "docker" "inspect" "7f6ff48b53871224338ea2532d352f0be19c0e819ad985aaa331aab69597248c", kill_on_drop: false }`
[INFO] running `Command { std: "docker" "rm" "-f" "7f6ff48b53871224338ea2532d352f0be19c0e819ad985aaa331aab69597248c", kill_on_drop: false }`
[INFO] [stdout] 7f6ff48b53871224338ea2532d352f0be19c0e819ad985aaa331aab69597248c
[INFO] running `Command { std: "docker" "create" "-v" "/var/lib/crater-agent-workspace/builds/worker-7-tc1/target:/opt/rustwide/target:rw,Z" "-v" "/var/lib/crater-agent-workspace/builds/worker-7-tc1/source:/opt/rustwide/workdir:ro,Z" "-v" "/var/lib/crater-agent-workspace/cargo-home:/opt/rustwide/cargo-home:ro,Z" "-v" "/var/lib/crater-agent-workspace/rustup-home:/opt/rustwide/rustup-home:ro,Z" "-e" "SOURCE_DIR=/opt/rustwide/workdir" "-e" "CARGO_TARGET_DIR=/opt/rustwide/target" "-e" "CARGO_INCREMENTAL=0" "-e" "RUST_BACKTRACE=full" "-e" "RUSTFLAGS=--cap-lints=warn" "-e" "RUSTDOCFLAGS=--cap-lints=warn" "-e" "CARGO_HOME=/opt/rustwide/cargo-home" "-e" "RUSTUP_HOME=/opt/rustwide/rustup-home" "-w" "/opt/rustwide/workdir" "-m" "1610612736" "--user" "0:0" "--network" "none" "ghcr.io/rust-lang/crates-build-env/linux@sha256:2788e3201cd34a07e3172128adcd8b3090168a8e3bcc40d7c032b9dda1df7d1c" "/opt/rustwide/cargo-home/bin/cargo" "+1.75.0" "build" "--frozen" "--message-format=json", kill_on_drop: false }`
[INFO] [stdout] feaba5b417273e3efd019ff2f28a4915f64222ad9ccf6308d0af1efa4d2a4a0d
[INFO] running `Command { std: "docker" "start" "-a" "feaba5b417273e3efd019ff2f28a4915f64222ad9ccf6308d0af1efa4d2a4a0d", kill_on_drop: false }`
[INFO] [stderr]    Compiling bitcoin-internals v0.1.0
[INFO] [stderr]    Compiling litecoin_hashes v0.1.2 (/opt/rustwide/workdir)
[INFO] [stderr]     Finished dev [unoptimized + debuginfo] target(s) in 0.92s
[INFO] running `Command { std: "docker" "inspect" "feaba5b417273e3efd019ff2f28a4915f64222ad9ccf6308d0af1efa4d2a4a0d", kill_on_drop: false }`
[INFO] running `Command { std: "docker" "rm" "-f" "feaba5b417273e3efd019ff2f28a4915f64222ad9ccf6308d0af1efa4d2a4a0d", kill_on_drop: false }`
[INFO] [stdout] feaba5b417273e3efd019ff2f28a4915f64222ad9ccf6308d0af1efa4d2a4a0d
[INFO] running `Command { std: "docker" "create" "-v" "/var/lib/crater-agent-workspace/builds/worker-7-tc1/target:/opt/rustwide/target:rw,Z" "-v" "/var/lib/crater-agent-workspace/builds/worker-7-tc1/source:/opt/rustwide/workdir:ro,Z" "-v" "/var/lib/crater-agent-workspace/cargo-home:/opt/rustwide/cargo-home:ro,Z" "-v" "/var/lib/crater-agent-workspace/rustup-home:/opt/rustwide/rustup-home:ro,Z" "-e" "SOURCE_DIR=/opt/rustwide/workdir" "-e" "CARGO_TARGET_DIR=/opt/rustwide/target" "-e" "CARGO_INCREMENTAL=0" "-e" "RUST_BACKTRACE=full" "-e" "RUSTFLAGS=--cap-lints=warn" "-e" "RUSTDOCFLAGS=--cap-lints=warn" "-e" "CARGO_HOME=/opt/rustwide/cargo-home" "-e" "RUSTUP_HOME=/opt/rustwide/rustup-home" "-w" "/opt/rustwide/workdir" "-m" "1610612736" "--user" "0:0" "--network" "none" "ghcr.io/rust-lang/crates-build-env/linux@sha256:2788e3201cd34a07e3172128adcd8b3090168a8e3bcc40d7c032b9dda1df7d1c" "/opt/rustwide/cargo-home/bin/cargo" "+1.75.0" "test" "--frozen" "--no-run" "--message-format=json", kill_on_drop: false }`
[INFO] [stdout] 645c261ef418c0ed336a4d2eaf979605b4c50bbfdfec8141eafab71d101f2bf2
[INFO] running `Command { std: "docker" "start" "-a" "645c261ef418c0ed336a4d2eaf979605b4c50bbfdfec8141eafab71d101f2bf2", kill_on_drop: false }`
[INFO] [stderr]    Compiling serde v1.0.194
[INFO] [stderr]    Compiling serde_json v1.0.111
[INFO] [stderr]    Compiling serde_test v1.0.176
[INFO] [stderr]    Compiling litecoin_hashes v0.1.2 (/opt/rustwide/workdir)
[INFO] [stderr]     Finished test [unoptimized + debuginfo] target(s) in 3.42s
[INFO] running `Command { std: "docker" "inspect" "645c261ef418c0ed336a4d2eaf979605b4c50bbfdfec8141eafab71d101f2bf2", kill_on_drop: false }`
[INFO] running `Command { std: "docker" "rm" "-f" "645c261ef418c0ed336a4d2eaf979605b4c50bbfdfec8141eafab71d101f2bf2", kill_on_drop: false }`
[INFO] [stdout] 645c261ef418c0ed336a4d2eaf979605b4c50bbfdfec8141eafab71d101f2bf2
[INFO] running `Command { std: "docker" "create" "-v" "/var/lib/crater-agent-workspace/builds/worker-7-tc1/target:/opt/rustwide/target:rw,Z" "-v" "/var/lib/crater-agent-workspace/builds/worker-7-tc1/source:/opt/rustwide/workdir:ro,Z" "-v" "/var/lib/crater-agent-workspace/cargo-home:/opt/rustwide/cargo-home:ro,Z" "-v" "/var/lib/crater-agent-workspace/rustup-home:/opt/rustwide/rustup-home:ro,Z" "-e" "SOURCE_DIR=/opt/rustwide/workdir" "-e" "CARGO_TARGET_DIR=/opt/rustwide/target" "-e" "CARGO_INCREMENTAL=0" "-e" "RUST_BACKTRACE=full" "-e" "RUSTFLAGS=--cap-lints=warn" "-e" "RUSTDOCFLAGS=--cap-lints=warn" "-e" "CARGO_HOME=/opt/rustwide/cargo-home" "-e" "RUSTUP_HOME=/opt/rustwide/rustup-home" "-w" "/opt/rustwide/workdir" "-m" "1610612736" "--user" "0:0" "--network" "none" "ghcr.io/rust-lang/crates-build-env/linux@sha256:2788e3201cd34a07e3172128adcd8b3090168a8e3bcc40d7c032b9dda1df7d1c" "/opt/rustwide/cargo-home/bin/cargo" "+1.75.0" "test" "--frozen", kill_on_drop: false }`
[INFO] [stdout] 8c1a9269b66a93be5484ea2aad3a175570be9f4d8a67cdb30934abda5ea076ae
[INFO] running `Command { std: "docker" "start" "-a" "8c1a9269b66a93be5484ea2aad3a175570be9f4d8a67cdb30934abda5ea076ae", kill_on_drop: false }`
[INFO] [stderr]     Finished test [unoptimized + debuginfo] target(s) in 0.01s
[INFO] [stderr]      Running unittests src/lib.rs (/opt/rustwide/target/debug/deps/litecoin_hashes-9726c27a1d2c3639)
[INFO] [stdout] 
[INFO] [stdout] running 33 tests
[INFO] [stdout] test cmp::eq_test ... ok
[INFO] [stdout] test hex::tests::hex_error ... ok
[INFO] [stdout] test hex::tests::hex_roundtrip ... ok
[INFO] [stdout] test hash160::tests::test ... ok
[INFO] [stdout] test hmac::tests::test ... ok
[INFO] [stdout] test impls::tests::ripemd160 ... ok
[INFO] [stdout] test impls::tests::hash160 ... ok
[INFO] [stdout] test impls::tests::sha512 ... ok
[INFO] [stdout] test impls::tests::hmac ... ok
[INFO] [stdout] test sha1::tests::test ... ok
[INFO] [stdout] test ripemd160::tests::test ... ok
[INFO] [stdout] test sha256::tests::engine_with_state ... ok
[INFO] [stdout] test sha256::tests::midstate ... ok
[INFO] [stdout] test impls::tests::siphash24 ... ok
[INFO] [stdout] test impls::tests::sha256d ... ok
[INFO] [stdout] test sha256t::tests::test_sha256t ... ok
[INFO] [stdout] test sha256d::tests::test ... ok
[INFO] [stdout] test sha512::tests::test ... ok
[INFO] [stdout] test sha256::tests::test ... ok
[INFO] [stdout] test siphash24::tests::test_siphash_2_4 ... ok
[INFO] [stdout] test sha512_256::tests::test ... ok
[INFO] [stdout] test util::test::display_alternate ... ok
[INFO] [stdout] test util::test::display ... ok
[INFO] [stdout] test util::test::hash_borrow ... ok
[INFO] [stdout] test tests::convert_newtypes ... ok
[INFO] [stdout] test util::test::inner_hash_as_ref_array ... ok
[INFO] [stdout] test util::test::hash_as_ref_slice ... ok
[INFO] [stdout] test util::test::lower_hex ... ok
[INFO] [stdout] test util::test::inner_hash_as_ref_slice ... ok
[INFO] [stdout] test util::test::lower_hex_alternate ... ok
[INFO] [stdout] test util::test::hash_as_ref_array ... ok
[INFO] [stdout] test impls::tests::sha256 ... ok
[INFO] [stdout] test impls::tests::sha1 ... ok
[INFO] [stdout] 
[INFO] [stdout] test result: ok. 33 passed; 0 failed; 0 ignored; 0 measured; 0 filtered out; finished in 0.01s
[INFO] [stdout] 
[INFO] [stderr]    Doc-tests litecoin_hashes
[INFO] [stdout] 
[INFO] [stdout] running 3 tests
[INFO] [stdout] test src/lib.rs - (line 26) ... FAILED
[INFO] [stdout] test src/lib.rs - (line 58) ... FAILED
[INFO] [stdout] test src/lib.rs - (line 38) ... FAILED
[INFO] [stdout] 
[INFO] [stdout] failures:
[INFO] [stdout] 
[INFO] [stdout] ---- src/lib.rs - (line 26) stdout ----
[INFO] [stdout] error[E0432]: unresolved import `bitcoin_hashes`
[INFO] [stdout]  --> src/lib.rs:27:5
[INFO] [stdout]   |
[INFO] [stdout] 3 | use bitcoin_hashes::sha256;
[INFO] [stdout]   |     ^^^^^^^^^^^^^^ use of undeclared crate or module `bitcoin_hashes`
[INFO] [stdout]   |
[INFO] [stdout] help: there is a crate or module with a similar name
[INFO] [stdout]   |
[INFO] [stdout] 3 | use litecoin_hashes::sha256;
[INFO] [stdout]   |     ~~~~~~~~~~~~~~~
[INFO] [stdout] 
[INFO] [stdout] error[E0432]: unresolved import `bitcoin_hashes`
[INFO] [stdout]  --> src/lib.rs:28:5
[INFO] [stdout]   |
[INFO] [stdout] 4 | use bitcoin_hashes::Hash;
[INFO] [stdout]   |     ^^^^^^^^^^^^^^ use of undeclared crate or module `bitcoin_hashes`
[INFO] [stdout]   |
[INFO] [stdout] help: there is a crate or module with a similar name
[INFO] [stdout]   |
[INFO] [stdout] 4 | use litecoin_hashes::Hash;
[INFO] [stdout]   |     ~~~~~~~~~~~~~~~
[INFO] [stdout] 
[INFO] [stdout] error: aborting due to 2 previous errors
[INFO] [stdout] 
[INFO] [stdout] For more information about this error, try `rustc --explain E0432`.
[INFO] [stdout] Couldn't compile the test.
[INFO] [stdout] ---- src/lib.rs - (line 58) stdout ----
[INFO] [stdout] error[E0432]: unresolved import `bitcoin_hashes`
[INFO] [stdout]  --> src/lib.rs:59:5
[INFO] [stdout]   |
[INFO] [stdout] 2 | use bitcoin_hashes::sha256;
[INFO] [stdout]   |     ^^^^^^^^^^^^^^ use of undeclared crate or module `bitcoin_hashes`
[INFO] [stdout]   |
[INFO] [stdout] help: there is a crate or module with a similar name
[INFO] [stdout]   |
[INFO] [stdout] 2 | use litecoin_hashes::sha256;
[INFO] [stdout]   |     ~~~~~~~~~~~~~~~
[INFO] [stdout] 
[INFO] [stdout] error[E0432]: unresolved import `bitcoin_hashes`
[INFO] [stdout]  --> src/lib.rs:60:5
[INFO] [stdout]   |
[INFO] [stdout] 3 | use bitcoin_hashes::Hash;
[INFO] [stdout]   |     ^^^^^^^^^^^^^^ use of undeclared crate or module `bitcoin_hashes`
[INFO] [stdout]   |
[INFO] [stdout] help: there is a crate or module with a similar name
[INFO] [stdout]   |
[INFO] [stdout] 3 | use litecoin_hashes::Hash;
[INFO] [stdout]   |     ~~~~~~~~~~~~~~~
[INFO] [stdout] 
[INFO] [stdout] error: aborting due to 2 previous errors
[INFO] [stdout] 
[INFO] [stdout] For more information about this error, try `rustc --explain E0432`.
[INFO] [stdout] Couldn't compile the test.
[INFO] [stdout] ---- src/lib.rs - (line 38) stdout ----
[INFO] [stdout] error[E0432]: unresolved import `bitcoin_hashes`
[INFO] [stdout]  --> src/lib.rs:39:5
[INFO] [stdout]   |
[INFO] [stdout] 2 | use bitcoin_hashes::sha256;
[INFO] [stdout]   |     ^^^^^^^^^^^^^^ use of undeclared crate or module `bitcoin_hashes`
[INFO] [stdout]   |
[INFO] [stdout] help: there is a crate or module with a similar name
[INFO] [stdout]   |
[INFO] [stdout] 2 | use litecoin_hashes::sha256;
[INFO] [stdout]   |     ~~~~~~~~~~~~~~~
[INFO] [stdout] 
[INFO] [stdout] error[E0432]: unresolved import `bitcoin_hashes`
[INFO] [stdout]  --> src/lib.rs:40:5
[INFO] [stdout]   |
[INFO] [stdout] 3 | use bitcoin_hashes::Hash;
[INFO] [stdout]   |     ^^^^^^^^^^^^^^ use of undeclared crate or module `bitcoin_hashes`
[INFO] [stdout]   |
[INFO] [stdout] help: there is a crate or module with a similar name
[INFO] [stdout]   |
[INFO] [stdout] 3 | use litecoin_hashes::Hash;
[INFO] [stdout]   |     ~~~~~~~~~~~~~~~
[INFO] [stdout] 
[INFO] [stdout] error: aborting due to 2 previous errors
[INFO] [stdout] 
[INFO] [stdout] For more information about this error, try `rustc --explain E0432`.
[INFO] [stdout] Couldn't compile the test.
[INFO] [stdout] 
[INFO] [stdout] failures:
[INFO] [stdout]     src/lib.rs - (line 26)
[INFO] [stdout]     src/lib.rs - (line 38)
[INFO] [stdout]     src/lib.rs - (line 58)
[INFO] [stdout] 
[INFO] [stdout] test result: FAILED. 0 passed; 3 failed; 0 ignored; 0 measured; 0 filtered out; finished in 0.03s
[INFO] [stdout] 
[INFO] [stderr] error: doctest failed, to rerun pass `--doc`
[INFO] running `Command { std: "docker" "inspect" "8c1a9269b66a93be5484ea2aad3a175570be9f4d8a67cdb30934abda5ea076ae", kill_on_drop: false }`
[INFO] running `Command { std: "docker" "rm" "-f" "8c1a9269b66a93be5484ea2aad3a175570be9f4d8a67cdb30934abda5ea076ae", kill_on_drop: false }`
[INFO] [stdout] 8c1a9269b66a93be5484ea2aad3a175570be9f4d8a67cdb30934abda5ea076ae
[INFO] testing litecoin_hashes-0.1.2 against beta-2023-12-22 for beta-1.76-1
[INFO] extracting crate litecoin_hashes 0.1.2 into /workspace/builds/worker-7-tc2/source
[INFO] validating manifest of crates.io crate litecoin_hashes 0.1.2 on toolchain beta-2023-12-22
[INFO] running `Command { std: CARGO_HOME="/workspace/cargo-home" RUSTUP_HOME="/workspace/rustup-home" "/workspace/cargo-home/bin/cargo" "+beta-2023-12-22" "metadata" "--manifest-path" "Cargo.toml" "--no-deps", kill_on_drop: false }`
[INFO] started tweaking crates.io crate litecoin_hashes 0.1.2
[INFO] finished tweaking crates.io crate litecoin_hashes 0.1.2
[INFO] tweaked toml for crates.io crate litecoin_hashes 0.1.2 written to /workspace/builds/worker-7-tc2/source/Cargo.toml
[INFO] running `Command { std: CARGO_HOME="/workspace/cargo-home" RUSTUP_HOME="/workspace/rustup-home" "/workspace/cargo-home/bin/cargo" "+beta-2023-12-22" "generate-lockfile" "--manifest-path" "Cargo.toml", kill_on_drop: false }`
[INFO] [stderr]     Updating crates.io index
[INFO] running `Command { std: CARGO_HOME="/workspace/cargo-home" RUSTUP_HOME="/workspace/rustup-home" "/workspace/cargo-home/bin/cargo" "+beta-2023-12-22" "fetch" "--manifest-path" "Cargo.toml", kill_on_drop: false }`
[INFO] running `Command { std: "docker" "create" "-v" "/var/lib/crater-agent-workspace/builds/worker-7-tc2/target:/opt/rustwide/target:rw,Z" "-v" "/var/lib/crater-agent-workspace/builds/worker-7-tc2/source:/opt/rustwide/workdir:ro,Z" "-v" "/var/lib/crater-agent-workspace/cargo-home:/opt/rustwide/cargo-home:ro,Z" "-v" "/var/lib/crater-agent-workspace/rustup-home:/opt/rustwide/rustup-home:ro,Z" "-e" "SOURCE_DIR=/opt/rustwide/workdir" "-e" "CARGO_TARGET_DIR=/opt/rustwide/target" "-e" "CARGO_HOME=/opt/rustwide/cargo-home" "-e" "RUSTUP_HOME=/opt/rustwide/rustup-home" "-w" "/opt/rustwide/workdir" "-m" "1610612736" "--user" "0:0" "--network" "none" "ghcr.io/rust-lang/crates-build-env/linux@sha256:2788e3201cd34a07e3172128adcd8b3090168a8e3bcc40d7c032b9dda1df7d1c" "/opt/rustwide/cargo-home/bin/cargo" "+beta-2023-12-22" "metadata" "--no-deps" "--format-version=1", kill_on_drop: false }`
[INFO] [stdout] 8e345f74c1601f4b371f7a65f8eae5e0b071686cf98d14d6fd3cb7e112a40e35
[INFO] running `Command { std: "docker" "start" "-a" "8e345f74c1601f4b371f7a65f8eae5e0b071686cf98d14d6fd3cb7e112a40e35", kill_on_drop: false }`
[INFO] running `Command { std: "docker" "inspect" "8e345f74c1601f4b371f7a65f8eae5e0b071686cf98d14d6fd3cb7e112a40e35", kill_on_drop: false }`
[INFO] running `Command { std: "docker" "rm" "-f" "8e345f74c1601f4b371f7a65f8eae5e0b071686cf98d14d6fd3cb7e112a40e35", kill_on_drop: false }`
[INFO] [stdout] 8e345f74c1601f4b371f7a65f8eae5e0b071686cf98d14d6fd3cb7e112a40e35
[INFO] running `Command { std: "docker" "create" "-v" "/var/lib/crater-agent-workspace/builds/worker-7-tc2/target:/opt/rustwide/target:rw,Z" "-v" "/var/lib/crater-agent-workspace/builds/worker-7-tc2/source:/opt/rustwide/workdir:ro,Z" "-v" "/var/lib/crater-agent-workspace/cargo-home:/opt/rustwide/cargo-home:ro,Z" "-v" "/var/lib/crater-agent-workspace/rustup-home:/opt/rustwide/rustup-home:ro,Z" "-e" "SOURCE_DIR=/opt/rustwide/workdir" "-e" "CARGO_TARGET_DIR=/opt/rustwide/target" "-e" "CARGO_INCREMENTAL=0" "-e" "RUST_BACKTRACE=full" "-e" "RUSTFLAGS=--cap-lints=warn" "-e" "RUSTDOCFLAGS=--cap-lints=warn" "-e" "CARGO_HOME=/opt/rustwide/cargo-home" "-e" "RUSTUP_HOME=/opt/rustwide/rustup-home" "-w" "/opt/rustwide/workdir" "-m" "1610612736" "--user" "0:0" "--network" "none" "ghcr.io/rust-lang/crates-build-env/linux@sha256:2788e3201cd34a07e3172128adcd8b3090168a8e3bcc40d7c032b9dda1df7d1c" "/opt/rustwide/cargo-home/bin/cargo" "+beta-2023-12-22" "build" "--frozen" "--message-format=json", kill_on_drop: false }`
[INFO] [stdout] 7567d400f55c836391890417ad6a8ee4f488135e78b823b23b662f966064eeab
[INFO] running `Command { std: "docker" "start" "-a" "7567d400f55c836391890417ad6a8ee4f488135e78b823b23b662f966064eeab", kill_on_drop: false }`
[INFO] [stderr]    Compiling bitcoin-internals v0.1.0
[INFO] [stderr]    Compiling litecoin_hashes v0.1.2 (/opt/rustwide/workdir)
[INFO] [stderr]     Finished dev [unoptimized + debuginfo] target(s) in 0.95s
[INFO] running `Command { std: "docker" "inspect" "7567d400f55c836391890417ad6a8ee4f488135e78b823b23b662f966064eeab", kill_on_drop: false }`
[INFO] running `Command { std: "docker" "rm" "-f" "7567d400f55c836391890417ad6a8ee4f488135e78b823b23b662f966064eeab", kill_on_drop: false }`
[INFO] [stdout] 7567d400f55c836391890417ad6a8ee4f488135e78b823b23b662f966064eeab
[INFO] running `Command { std: "docker" "create" "-v" "/var/lib/crater-agent-workspace/builds/worker-7-tc2/target:/opt/rustwide/target:rw,Z" "-v" "/var/lib/crater-agent-workspace/builds/worker-7-tc2/source:/opt/rustwide/workdir:ro,Z" "-v" "/var/lib/crater-agent-workspace/cargo-home:/opt/rustwide/cargo-home:ro,Z" "-v" "/var/lib/crater-agent-workspace/rustup-home:/opt/rustwide/rustup-home:ro,Z" "-e" "SOURCE_DIR=/opt/rustwide/workdir" "-e" "CARGO_TARGET_DIR=/opt/rustwide/target" "-e" "CARGO_INCREMENTAL=0" "-e" "RUST_BACKTRACE=full" "-e" "RUSTFLAGS=--cap-lints=warn" "-e" "RUSTDOCFLAGS=--cap-lints=warn" "-e" "CARGO_HOME=/opt/rustwide/cargo-home" "-e" "RUSTUP_HOME=/opt/rustwide/rustup-home" "-w" "/opt/rustwide/workdir" "-m" "1610612736" "--user" "0:0" "--network" "none" "ghcr.io/rust-lang/crates-build-env/linux@sha256:2788e3201cd34a07e3172128adcd8b3090168a8e3bcc40d7c032b9dda1df7d1c" "/opt/rustwide/cargo-home/bin/cargo" "+beta-2023-12-22" "test" "--frozen" "--no-run" "--message-format=json", kill_on_drop: false }`
[INFO] [stdout] 08b18f6d951abd0f084b76cf48f00ceced68f5090eaba58ee2303e385fdcb3ca
[INFO] running `Command { std: "docker" "start" "-a" "08b18f6d951abd0f084b76cf48f00ceced68f5090eaba58ee2303e385fdcb3ca", kill_on_drop: false }`
[INFO] [stderr]    Compiling serde v1.0.194
[INFO] [stderr]    Compiling serde_test v1.0.176
[INFO] [stderr]    Compiling serde_json v1.0.111
[INFO] [stderr]    Compiling litecoin_hashes v0.1.2 (/opt/rustwide/workdir)
[INFO] [stderr]     Finished test [unoptimized + debuginfo] target(s) in 3.42s
[INFO] running `Command { std: "docker" "inspect" "08b18f6d951abd0f084b76cf48f00ceced68f5090eaba58ee2303e385fdcb3ca", kill_on_drop: false }`
[INFO] running `Command { std: "docker" "rm" "-f" "08b18f6d951abd0f084b76cf48f00ceced68f5090eaba58ee2303e385fdcb3ca", kill_on_drop: false }`
[INFO] [stdout] 08b18f6d951abd0f084b76cf48f00ceced68f5090eaba58ee2303e385fdcb3ca
[INFO] running `Command { std: "docker" "create" "-v" "/var/lib/crater-agent-workspace/builds/worker-7-tc2/target:/opt/rustwide/target:rw,Z" "-v" "/var/lib/crater-agent-workspace/builds/worker-7-tc2/source:/opt/rustwide/workdir:ro,Z" "-v" "/var/lib/crater-agent-workspace/cargo-home:/opt/rustwide/cargo-home:ro,Z" "-v" "/var/lib/crater-agent-workspace/rustup-home:/opt/rustwide/rustup-home:ro,Z" "-e" "SOURCE_DIR=/opt/rustwide/workdir" "-e" "CARGO_TARGET_DIR=/opt/rustwide/target" "-e" "CARGO_INCREMENTAL=0" "-e" "RUST_BACKTRACE=full" "-e" "RUSTFLAGS=--cap-lints=warn" "-e" "RUSTDOCFLAGS=--cap-lints=warn" "-e" "CARGO_HOME=/opt/rustwide/cargo-home" "-e" "RUSTUP_HOME=/opt/rustwide/rustup-home" "-w" "/opt/rustwide/workdir" "-m" "1610612736" "--user" "0:0" "--network" "none" "ghcr.io/rust-lang/crates-build-env/linux@sha256:2788e3201cd34a07e3172128adcd8b3090168a8e3bcc40d7c032b9dda1df7d1c" "/opt/rustwide/cargo-home/bin/cargo" "+beta-2023-12-22" "test" "--frozen", kill_on_drop: false }`
[INFO] [stdout] 1b300734f673128ddb2d95a8567265b649540b608a197ec7bdb2a67566671ec3
[INFO] running `Command { std: "docker" "start" "-a" "1b300734f673128ddb2d95a8567265b649540b608a197ec7bdb2a67566671ec3", kill_on_drop: false }`
[INFO] [stderr]     Finished test [unoptimized + debuginfo] target(s) in 0.01s
[INFO] [stderr]      Running unittests src/lib.rs (/opt/rustwide/target/debug/deps/litecoin_hashes-197a2fb9a5dbfd0d)
[INFO] [stdout] 
[INFO] [stdout] running 33 tests
[INFO] [stdout] test cmp::eq_test ... ok
[INFO] [stdout] test hex::tests::hex_error ... ok
[INFO] [stdout] test hex::tests::hex_roundtrip ... ok
[INFO] [stdout] test hash160::tests::test ... ok
[INFO] [stdout] test hmac::tests::test ... ok
[INFO] [stdout] test impls::tests::sha512 ... ok
[INFO] [stdout] test impls::tests::siphash24 ... ok
[INFO] [stdout] test impls::tests::ripemd160 ... ok
[INFO] [stdout] test sha256::tests::engine_with_state ... ok
[INFO] [stdout] test impls::tests::hash160 ... ok
[INFO] [stdout] test ripemd160::tests::test ... ok
[INFO] [stdout] test sha1::tests::test ... ok
[INFO] [stdout] test sha256::tests::midstate ... ok
[INFO] [stdout] test sha512::tests::test ... ok
[INFO] [stdout] test impls::tests::hmac ... ok
[INFO] [stdout] test sha256::tests::test ... ok
[INFO] [stdout] test sha256d::tests::test ... ok
[INFO] [stdout] test impls::tests::sha256d ... ok
[INFO] [stdout] test sha256t::tests::test_sha256t ... ok
[INFO] [stdout] test sha512_256::tests::test ... ok
[INFO] [stdout] test tests::convert_newtypes ... ok
[INFO] [stdout] test util::test::display ... ok
[INFO] [stdout] test siphash24::tests::test_siphash_2_4 ... ok
[INFO] [stdout] test util::test::hash_as_ref_array ... ok
[INFO] [stdout] test util::test::display_alternate ... ok
[INFO] [stdout] test util::test::hash_as_ref_slice ... ok
[INFO] [stdout] test util::test::hash_borrow ... ok
[INFO] [stdout] test util::test::inner_hash_as_ref_array ... ok
[INFO] [stdout] test util::test::inner_hash_as_ref_slice ... ok
[INFO] [stdout] test util::test::lower_hex_alternate ... ok
[INFO] [stdout] test util::test::lower_hex ... ok
[INFO] [stdout] test impls::tests::sha1 ... ok
[INFO] [stdout] test impls::tests::sha256 ... ok
[INFO] [stdout] 
[INFO] [stdout] test result: ok. 33 passed; 0 failed; 0 ignored; 0 measured; 0 filtered out; finished in 0.01s
[INFO] [stdout] 
[INFO] [stderr]    Doc-tests litecoin_hashes
[INFO] [stdout] 
[INFO] [stdout] running 3 tests
[INFO] [stdout] test src/lib.rs - (line 26) ... FAILED
[INFO] [stdout] test src/lib.rs - (line 38) ... FAILED
[INFO] [stdout] test src/lib.rs - (line 58) ... FAILED
[INFO] [stdout] 
[INFO] [stdout] failures:
[INFO] [stdout] 
[INFO] [stdout] ---- src/lib.rs - (line 26) stdout ----
[INFO] [stdout] error[E0432]: unresolved import `bitcoin_hashes`
[INFO] [stdout]  --> src/lib.rs:27:5
[INFO] [stdout]   |
[INFO] [stdout] 3 | use bitcoin_hashes::sha256;
[INFO] [stdout]   |     ^^^^^^^^^^^^^^ use of undeclared crate or module `bitcoin_hashes`
[INFO] [stdout]   |
[INFO] [stdout] help: there is a crate or module with a similar name
[INFO] [stdout]   |
[INFO] [stdout] 3 | use litecoin_hashes::sha256;
[INFO] [stdout]   |     ~~~~~~~~~~~~~~~
[INFO] [stdout] 
[INFO] [stdout] error[E0432]: unresolved import `bitcoin_hashes`
[INFO] [stdout]  --> src/lib.rs:28:5
[INFO] [stdout]   |
[INFO] [stdout] 4 | use bitcoin_hashes::Hash;
[INFO] [stdout]   |     ^^^^^^^^^^^^^^ use of undeclared crate or module `bitcoin_hashes`
[INFO] [stdout]   |
[INFO] [stdout] help: there is a crate or module with a similar name
[INFO] [stdout]   |
[INFO] [stdout] 4 | use litecoin_hashes::Hash;
[INFO] [stdout]   |     ~~~~~~~~~~~~~~~
[INFO] [stdout] 
[INFO] [stdout] error: aborting due to 2 previous errors
[INFO] [stdout] 
[INFO] [stdout] For more information about this error, try `rustc --explain E0432`.
[INFO] [stdout] Couldn't compile the test.
[INFO] [stdout] ---- src/lib.rs - (line 38) stdout ----
[INFO] [stdout] error[E0432]: unresolved import `bitcoin_hashes`
[INFO] [stdout]  --> src/lib.rs:39:5
[INFO] [stdout]   |
[INFO] [stdout] 2 | use bitcoin_hashes::sha256;
[INFO] [stdout]   |     ^^^^^^^^^^^^^^ use of undeclared crate or module `bitcoin_hashes`
[INFO] [stdout]   |
[INFO] [stdout] help: there is a crate or module with a similar name
[INFO] [stdout]   |
[INFO] [stdout] 2 | use litecoin_hashes::sha256;
[INFO] [stdout]   |     ~~~~~~~~~~~~~~~
[INFO] [stdout] 
[INFO] [stdout] error[E0432]: unresolved import `bitcoin_hashes`
[INFO] [stdout]  --> src/lib.rs:40:5
[INFO] [stdout]   |
[INFO] [stdout] 3 | use bitcoin_hashes::Hash;
[INFO] [stdout]   |     ^^^^^^^^^^^^^^ use of undeclared crate or module `bitcoin_hashes`
[INFO] [stdout]   |
[INFO] [stdout] help: there is a crate or module with a similar name
[INFO] [stdout]   |
[INFO] [stdout] 3 | use litecoin_hashes::Hash;
[INFO] [stdout]   |     ~~~~~~~~~~~~~~~
[INFO] [stdout] 
[INFO] [stdout] error: aborting due to 2 previous errors
[INFO] [stdout] 
[INFO] [stdout] For more information about this error, try `rustc --explain E0432`.
[INFO] [stdout] Couldn't compile the test.
[INFO] [stdout] ---- src/lib.rs - (line 58) stdout ----
[INFO] [stdout] error[E0432]: unresolved import `bitcoin_hashes`
[INFO] [stdout]  --> src/lib.rs:59:5
[INFO] [stdout]   |
[INFO] [stdout] 2 | use bitcoin_hashes::sha256;
[INFO] [stdout]   |     ^^^^^^^^^^^^^^ use of undeclared crate or module `bitcoin_hashes`
[INFO] [stdout]   |
[INFO] [stdout] help: there is a crate or module with a similar name
[INFO] [stdout]   |
[INFO] [stdout] 2 | use litecoin_hashes::sha256;
[INFO] [stdout]   |     ~~~~~~~~~~~~~~~
[INFO] [stdout] 
[INFO] [stdout] error[E0432]: unresolved import `bitcoin_hashes`
[INFO] [stdout]  --> src/lib.rs:60:5
[INFO] [stdout]   |
[INFO] [stdout] 3 | use bitcoin_hashes::Hash;
[INFO] [stdout]   |     ^^^^^^^^^^^^^^ use of undeclared crate or module `bitcoin_hashes`
[INFO] [stdout]   |
[INFO] [stdout] help: there is a crate or module with a similar name
[INFO] [stdout]   |
[INFO] [stdout] 3 | use litecoin_hashes::Hash;
[INFO] [stdout]   |     ~~~~~~~~~~~~~~~
[INFO] [stdout] 
[INFO] [stdout] error: aborting due to 2 previous errors
[INFO] [stdout] 
[INFO] [stdout] For more information about this error, try `rustc --explain E0432`.
[INFO] [stdout] Couldn't compile the test.
[INFO] [stdout] 
[INFO] [stdout] failures:
[INFO] [stdout]     src/lib.rs - (line 26)
[INFO] [stdout]     src/lib.rs - (line 38)
[INFO] [stdout]     src/lib.rs - (line 58)
[INFO] [stdout] 
[INFO] [stdout] test result: FAILED. 0 passed; 3 failed; 0 ignored; 0 measured; 0 filtered out; finished in 0.03s
[INFO] [stdout] 
[INFO] [stderr] error: doctest failed, to rerun pass `--doc`
[INFO] running `Command { std: "docker" "inspect" "1b300734f673128ddb2d95a8567265b649540b608a197ec7bdb2a67566671ec3", kill_on_drop: false }`
[INFO] running `Command { std: "docker" "rm" "-f" "1b300734f673128ddb2d95a8567265b649540b608a197ec7bdb2a67566671ec3", kill_on_drop: false }`
[INFO] [stdout] 1b300734f673128ddb2d95a8567265b649540b608a197ec7bdb2a67566671ec3
