[INFO] fetching crate litcrypt2 0.1.1...
[INFO] testing litcrypt2-0.1.1 against 1.75.0 for beta-1.76-1
[INFO] extracting crate litcrypt2 0.1.1 into /workspace/builds/worker-2-tc1/source
[INFO] validating manifest of crates.io crate litcrypt2 0.1.1 on toolchain 1.75.0
[INFO] running `Command { std: CARGO_HOME="/workspace/cargo-home" RUSTUP_HOME="/workspace/rustup-home" "/workspace/cargo-home/bin/cargo" "+1.75.0" "metadata" "--manifest-path" "Cargo.toml" "--no-deps", kill_on_drop: false }`
[INFO] started tweaking crates.io crate litcrypt2 0.1.1
[INFO] finished tweaking crates.io crate litcrypt2 0.1.1
[INFO] tweaked toml for crates.io crate litcrypt2 0.1.1 written to /workspace/builds/worker-2-tc1/source/Cargo.toml
[INFO] crate crates.io crate litcrypt2 0.1.1 already has a lockfile, it will not be regenerated
[INFO] running `Command { std: CARGO_HOME="/workspace/cargo-home" RUSTUP_HOME="/workspace/rustup-home" "/workspace/cargo-home/bin/cargo" "+1.75.0" "fetch" "--manifest-path" "Cargo.toml", kill_on_drop: false }`
[INFO] [stderr]     Updating crates.io index
[INFO] [stderr]  Downloading crates ...
[INFO] [stderr]   Downloaded expectest v0.12.0
[INFO] running `Command { std: "docker" "create" "-v" "/var/lib/crater-agent-workspace/builds/worker-2-tc1/target:/opt/rustwide/target:rw,Z" "-v" "/var/lib/crater-agent-workspace/builds/worker-2-tc1/source:/opt/rustwide/workdir:ro,Z" "-v" "/var/lib/crater-agent-workspace/cargo-home:/opt/rustwide/cargo-home:ro,Z" "-v" "/var/lib/crater-agent-workspace/rustup-home:/opt/rustwide/rustup-home:ro,Z" "-e" "SOURCE_DIR=/opt/rustwide/workdir" "-e" "CARGO_TARGET_DIR=/opt/rustwide/target" "-e" "CARGO_HOME=/opt/rustwide/cargo-home" "-e" "RUSTUP_HOME=/opt/rustwide/rustup-home" "-w" "/opt/rustwide/workdir" "-m" "1610612736" "--user" "0:0" "--network" "none" "ghcr.io/rust-lang/crates-build-env/linux@sha256:2788e3201cd34a07e3172128adcd8b3090168a8e3bcc40d7c032b9dda1df7d1c" "/opt/rustwide/cargo-home/bin/cargo" "+1.75.0" "metadata" "--no-deps" "--format-version=1", kill_on_drop: false }`
[INFO] [stdout] 78dd7a130c4d3e5e54db99897989e16abee60740640143bda5f254a47ee0301d
[INFO] running `Command { std: "docker" "start" "-a" "78dd7a130c4d3e5e54db99897989e16abee60740640143bda5f254a47ee0301d", kill_on_drop: false }`
[INFO] running `Command { std: "docker" "inspect" "78dd7a130c4d3e5e54db99897989e16abee60740640143bda5f254a47ee0301d", kill_on_drop: false }`
[INFO] running `Command { std: "docker" "rm" "-f" "78dd7a130c4d3e5e54db99897989e16abee60740640143bda5f254a47ee0301d", kill_on_drop: false }`
[INFO] [stdout] 78dd7a130c4d3e5e54db99897989e16abee60740640143bda5f254a47ee0301d
[INFO] running `Command { std: "docker" "create" "-v" "/var/lib/crater-agent-workspace/builds/worker-2-tc1/target:/opt/rustwide/target:rw,Z" "-v" "/var/lib/crater-agent-workspace/builds/worker-2-tc1/source:/opt/rustwide/workdir:ro,Z" "-v" "/var/lib/crater-agent-workspace/cargo-home:/opt/rustwide/cargo-home:ro,Z" "-v" "/var/lib/crater-agent-workspace/rustup-home:/opt/rustwide/rustup-home:ro,Z" "-e" "SOURCE_DIR=/opt/rustwide/workdir" "-e" "CARGO_TARGET_DIR=/opt/rustwide/target" "-e" "CARGO_INCREMENTAL=0" "-e" "RUST_BACKTRACE=full" "-e" "RUSTFLAGS=--cap-lints=warn" "-e" "RUSTDOCFLAGS=--cap-lints=warn" "-e" "CARGO_HOME=/opt/rustwide/cargo-home" "-e" "RUSTUP_HOME=/opt/rustwide/rustup-home" "-w" "/opt/rustwide/workdir" "-m" "1610612736" "--user" "0:0" "--network" "none" "ghcr.io/rust-lang/crates-build-env/linux@sha256:2788e3201cd34a07e3172128adcd8b3090168a8e3bcc40d7c032b9dda1df7d1c" "/opt/rustwide/cargo-home/bin/cargo" "+1.75.0" "build" "--frozen" "--message-format=json", kill_on_drop: false }`
[INFO] [stdout] 6d7ee3d463129a05584a32bc4af13bfe4ef578e3eb53124c7c4df98af13c7dbb
[INFO] running `Command { std: "docker" "start" "-a" "6d7ee3d463129a05584a32bc4af13bfe4ef578e3eb53124c7c4df98af13c7dbb", kill_on_drop: false }`
[INFO] [stderr]    Compiling libc v0.2.126
[INFO] [stderr]    Compiling cfg-if v1.0.0
[INFO] [stderr]    Compiling proc-macro2 v1.0.24
[INFO] [stderr]    Compiling ppv-lite86 v0.2.16
[INFO] [stderr]    Compiling unicode-xid v0.2.1
[INFO] [stderr]    Compiling litcrypt2 v0.1.1 (/opt/rustwide/workdir)
[INFO] [stderr]    Compiling lazy_static v1.4.0
[INFO] [stderr]    Compiling quote v1.0.8
[INFO] [stderr]    Compiling getrandom v0.2.7
[INFO] [stderr]    Compiling rand_core v0.6.3
[INFO] [stderr]    Compiling rand_chacha v0.3.1
[INFO] [stderr]    Compiling rand v0.8.5
[INFO] [stderr]     Finished dev [unoptimized + debuginfo] target(s) in 1.86s
[INFO] running `Command { std: "docker" "inspect" "6d7ee3d463129a05584a32bc4af13bfe4ef578e3eb53124c7c4df98af13c7dbb", kill_on_drop: false }`
[INFO] running `Command { std: "docker" "rm" "-f" "6d7ee3d463129a05584a32bc4af13bfe4ef578e3eb53124c7c4df98af13c7dbb", kill_on_drop: false }`
[INFO] [stdout] 6d7ee3d463129a05584a32bc4af13bfe4ef578e3eb53124c7c4df98af13c7dbb
[INFO] running `Command { std: "docker" "create" "-v" "/var/lib/crater-agent-workspace/builds/worker-2-tc1/target:/opt/rustwide/target:rw,Z" "-v" "/var/lib/crater-agent-workspace/builds/worker-2-tc1/source:/opt/rustwide/workdir:ro,Z" "-v" "/var/lib/crater-agent-workspace/cargo-home:/opt/rustwide/cargo-home:ro,Z" "-v" "/var/lib/crater-agent-workspace/rustup-home:/opt/rustwide/rustup-home:ro,Z" "-e" "SOURCE_DIR=/opt/rustwide/workdir" "-e" "CARGO_TARGET_DIR=/opt/rustwide/target" "-e" "CARGO_INCREMENTAL=0" "-e" "RUST_BACKTRACE=full" "-e" "RUSTFLAGS=--cap-lints=warn" "-e" "RUSTDOCFLAGS=--cap-lints=warn" "-e" "CARGO_HOME=/opt/rustwide/cargo-home" "-e" "RUSTUP_HOME=/opt/rustwide/rustup-home" "-w" "/opt/rustwide/workdir" "-m" "1610612736" "--user" "0:0" "--network" "none" "ghcr.io/rust-lang/crates-build-env/linux@sha256:2788e3201cd34a07e3172128adcd8b3090168a8e3bcc40d7c032b9dda1df7d1c" "/opt/rustwide/cargo-home/bin/cargo" "+1.75.0" "test" "--frozen" "--no-run" "--message-format=json", kill_on_drop: false }`
[INFO] [stdout] 1845407924cbc28c944f1675ab072ca3d4edae09794c243e88607cadd1921873
[INFO] running `Command { std: "docker" "start" "-a" "1845407924cbc28c944f1675ab072ca3d4edae09794c243e88607cadd1921873", kill_on_drop: false }`
[INFO] [stderr]    Compiling libc v0.2.126
[INFO] [stderr]    Compiling autocfg v1.0.1
[INFO] [stderr]    Compiling unicode-xid v0.2.1
[INFO] [stderr]    Compiling ppv-lite86 v0.2.16
[INFO] [stderr]    Compiling proc-macro2 v1.0.24
[INFO] [stderr]    Compiling num-traits v0.2.14
[INFO] [stderr]    Compiling quote v1.0.8
[INFO] [stderr]    Compiling getrandom v0.2.7
[INFO] [stderr]    Compiling rand_core v0.6.3
[INFO] [stderr]    Compiling rand_chacha v0.3.1
[INFO] [stderr]    Compiling rand v0.8.5
[INFO] [stderr]    Compiling expectest v0.12.0
[INFO] [stderr]    Compiling litcrypt2 v0.1.1 (/opt/rustwide/workdir)
[INFO] [stdout] warning: unused `#[macro_use]` import
[INFO] [stdout]   --> src/litcrypt.rs:68:13
[INFO] [stdout]    |
[INFO] [stdout] 68 | #[macro_use(expect)]
[INFO] [stdout]    |             ^^^^^^
[INFO] [stdout]    |
[INFO] [stdout]    = note: `#[warn(unused_imports)]` on by default
[INFO] [stdout] 
[INFO] [stdout] 
[INFO] [stdout] warning: 1 warning emitted
[INFO] [stdout] 
[INFO] [stdout] 
[INFO] [stderr]     Finished test [unoptimized + debuginfo] target(s) in 1.93s
[INFO] running `Command { std: "docker" "inspect" "1845407924cbc28c944f1675ab072ca3d4edae09794c243e88607cadd1921873", kill_on_drop: false }`
[INFO] running `Command { std: "docker" "rm" "-f" "1845407924cbc28c944f1675ab072ca3d4edae09794c243e88607cadd1921873", kill_on_drop: false }`
[INFO] [stdout] 1845407924cbc28c944f1675ab072ca3d4edae09794c243e88607cadd1921873
[INFO] running `Command { std: "docker" "create" "-v" "/var/lib/crater-agent-workspace/builds/worker-2-tc1/target:/opt/rustwide/target:rw,Z" "-v" "/var/lib/crater-agent-workspace/builds/worker-2-tc1/source:/opt/rustwide/workdir:ro,Z" "-v" "/var/lib/crater-agent-workspace/cargo-home:/opt/rustwide/cargo-home:ro,Z" "-v" "/var/lib/crater-agent-workspace/rustup-home:/opt/rustwide/rustup-home:ro,Z" "-e" "SOURCE_DIR=/opt/rustwide/workdir" "-e" "CARGO_TARGET_DIR=/opt/rustwide/target" "-e" "CARGO_INCREMENTAL=0" "-e" "RUST_BACKTRACE=full" "-e" "RUSTFLAGS=--cap-lints=warn" "-e" "RUSTDOCFLAGS=--cap-lints=warn" "-e" "CARGO_HOME=/opt/rustwide/cargo-home" "-e" "RUSTUP_HOME=/opt/rustwide/rustup-home" "-w" "/opt/rustwide/workdir" "-m" "1610612736" "--user" "0:0" "--network" "none" "ghcr.io/rust-lang/crates-build-env/linux@sha256:2788e3201cd34a07e3172128adcd8b3090168a8e3bcc40d7c032b9dda1df7d1c" "/opt/rustwide/cargo-home/bin/cargo" "+1.75.0" "test" "--frozen", kill_on_drop: false }`
[INFO] [stdout] fc9bc129bc9ee50f18818e4b0a7be19579c5e4a7d147a90534135be6d902b7f6
[INFO] running `Command { std: "docker" "start" "-a" "fc9bc129bc9ee50f18818e4b0a7be19579c5e4a7d147a90534135be6d902b7f6", kill_on_drop: false }`
[INFO] [stderr] warning: unused `#[macro_use]` import
[INFO] [stderr]   --> src/litcrypt.rs:68:13
[INFO] [stderr]    |
[INFO] [stderr] 68 | #[macro_use(expect)]
[INFO] [stderr]    |             ^^^^^^
[INFO] [stderr]    |
[INFO] [stderr]    = note: `#[warn(unused_imports)]` on by default
[INFO] [stderr] 
[INFO] [stderr] warning: `litcrypt2` (lib test) generated 1 warning
[INFO] [stderr]     Finished test [unoptimized + debuginfo] target(s) in 0.02s
[INFO] [stderr]      Running unittests src/litcrypt.rs (/opt/rustwide/target/debug/deps/litcrypt2-afac042bc689241c)
[INFO] [stdout] 
[INFO] [stdout] running 5 tests
[INFO] [stdout] test xor::tests::xor_empty_key ... ok
[INFO] [stdout] test xor::tests::xor_valid_result ... ok
[INFO] [stdout] test xor::tests::xor_empty_source ... ok
[INFO] [stdout] test xor::tests::xor_valid_result_with_one_byte ... ok
[INFO] [stdout] test xor::tests::xor_with_byte_valid_result ... ok
[INFO] [stdout] 
[INFO] [stdout] test result: ok. 5 passed; 0 failed; 0 ignored; 0 measured; 0 filtered out; finished in 0.01s
[INFO] [stdout] 
[INFO] [stderr]      Running tests/test.rs (/opt/rustwide/target/debug/deps/test-6c954d252733ce98)
[INFO] [stdout] 
[INFO] [stdout] running 6 tests
[INFO] [stdout] test test_literal1 ... ok
[INFO] [stdout] test test_raw2 ... ok
[INFO] [stdout] test test_literal2 ... ok
[INFO] [stdout] test test_raw1 ... ok
[INFO] [stdout] test test_env ... ok
[INFO] [stdout] test test_raw3 ... ok
[INFO] [stdout] 
[INFO] [stdout] test result: ok. 6 passed; 0 failed; 0 ignored; 0 measured; 0 filtered out; finished in 0.00s
[INFO] [stdout] 
[INFO] [stderr]    Doc-tests litcrypt2
[INFO] [stdout] 
[INFO] [stdout] running 5 tests
[INFO] [stdout] test src/litcrypt.rs - (line 53) ... FAILED
[INFO] [stdout] test src/litcrypt.rs - (line 47) ... FAILED
[INFO] [stdout] test src/litcrypt.rs - (line 60) ... FAILED
[INFO] [stdout] test src/litcrypt.rs - (line 15) ... FAILED
[INFO] [stdout] test src/litcrypt.rs - (line 22) ... ok
[INFO] [stdout] 
[INFO] [stdout] failures:
[INFO] [stdout] 
[INFO] [stdout] ---- src/litcrypt.rs - (line 53) stdout ----
[INFO] [stdout] error: expected expression, found `$`
[INFO] [stdout]  --> src/litcrypt.rs:54:1
[INFO] [stdout]   |
[INFO] [stdout] 3 | $ strings target/debug/my_valuable_app | grep Voldemort
[INFO] [stdout]   | ^ expected expression
[INFO] [stdout] 
[INFO] [stdout] error: aborting due to previous error
[INFO] [stdout] 
[INFO] [stdout] Couldn't compile the test.
[INFO] [stdout] ---- src/litcrypt.rs - (line 47) stdout ----
[INFO] [stdout] error: expected expression, found `$`
[INFO] [stdout]  --> src/litcrypt.rs:48:1
[INFO] [stdout]   |
[INFO] [stdout] 3 | $ export LITCRYPT_ENCRYPT_KEY="myverysuperdupermegaultrasecretkey"
[INFO] [stdout]   | ^ expected expression
[INFO] [stdout] 
[INFO] [stdout] error: aborting due to previous error
[INFO] [stdout] 
[INFO] [stdout] Couldn't compile the test.
[INFO] [stdout] ---- src/litcrypt.rs - (line 60) stdout ----
[INFO] [stdout] error: expected expression, found `$`
[INFO] [stdout]  --> src/litcrypt.rs:61:1
[INFO] [stdout]   |
[INFO] [stdout] 3 | $ cargo run --example simple
[INFO] [stdout]   | ^ expected expression
[INFO] [stdout] 
[INFO] [stdout] error: aborting due to previous error
[INFO] [stdout] 
[INFO] [stdout] Couldn't compile the test.
[INFO] [stdout] ---- src/litcrypt.rs - (line 15) stdout ----
[INFO] [stdout] error: expected `;`, found `litcrypt2`
[INFO] [stdout]  --> src/litcrypt.rs:17:15
[INFO] [stdout]   |
[INFO] [stdout] 5 | [dependencies]
[INFO] [stdout]   |               ^ help: add `;` here
[INFO] [stdout] 6 | litcrypt2 = "0.1"
[INFO] [stdout]   | --------- unexpected token
[INFO] [stdout] 
[INFO] [stdout] error[E0423]: expected value, found crate `litcrypt2`
[INFO] [stdout]  --> src/litcrypt.rs:18:1
[INFO] [stdout]   |
[INFO] [stdout] 6 | litcrypt2 = "0.1"
[INFO] [stdout]   | ^^^^^^^^^
[INFO] [stdout]   |
[INFO] [stdout] help: you might have meant to introduce a new binding
[INFO] [stdout]   |
[INFO] [stdout] 6 | let litcrypt2 = "0.1"
[INFO] [stdout]   | +++
[INFO] [stdout] 
[INFO] [stdout] error: aborting due to 2 previous errors
[INFO] [stdout] 
[INFO] [stdout] For more information about this error, try `rustc --explain E0423`.
[INFO] [stdout] Couldn't compile the test.
[INFO] [stdout] 
[INFO] [stdout] failures:
[INFO] [stdout]     src/litcrypt.rs - (line 15)
[INFO] [stdout]     src/litcrypt.rs - (line 47)
[INFO] [stdout]     src/litcrypt.rs - (line 53)
[INFO] [stdout]     src/litcrypt.rs - (line 60)
[INFO] [stdout] 
[INFO] [stdout] test result: FAILED. 1 passed; 4 failed; 0 ignored; 0 measured; 0 filtered out; finished in 0.26s
[INFO] [stdout] 
[INFO] [stderr] error: doctest failed, to rerun pass `--doc`
[INFO] running `Command { std: "docker" "inspect" "fc9bc129bc9ee50f18818e4b0a7be19579c5e4a7d147a90534135be6d902b7f6", kill_on_drop: false }`
[INFO] running `Command { std: "docker" "rm" "-f" "fc9bc129bc9ee50f18818e4b0a7be19579c5e4a7d147a90534135be6d902b7f6", kill_on_drop: false }`
[INFO] [stdout] fc9bc129bc9ee50f18818e4b0a7be19579c5e4a7d147a90534135be6d902b7f6
