[INFO] fetching crate lispi 0.3.3...
[INFO] testing lispi-0.3.3 against 1.75.0 for beta-1.76-1
[INFO] extracting crate lispi 0.3.3 into /workspace/builds/worker-6-tc1/source
[INFO] validating manifest of crates.io crate lispi 0.3.3 on toolchain 1.75.0
[INFO] running `Command { std: CARGO_HOME="/workspace/cargo-home" RUSTUP_HOME="/workspace/rustup-home" "/workspace/cargo-home/bin/cargo" "+1.75.0" "metadata" "--manifest-path" "Cargo.toml" "--no-deps", kill_on_drop: false }`
[INFO] started tweaking crates.io crate lispi 0.3.3
[INFO] finished tweaking crates.io crate lispi 0.3.3
[INFO] tweaked toml for crates.io crate lispi 0.3.3 written to /workspace/builds/worker-6-tc1/source/Cargo.toml
[INFO] crate crates.io crate lispi 0.3.3 already has a lockfile, it will not be regenerated
[INFO] running `Command { std: CARGO_HOME="/workspace/cargo-home" RUSTUP_HOME="/workspace/rustup-home" "/workspace/cargo-home/bin/cargo" "+1.75.0" "fetch" "--manifest-path" "Cargo.toml", kill_on_drop: false }`
[INFO] [stderr]     Updating crates.io index
[INFO] [stderr]  Downloading crates ...
[INFO] [stderr]   Downloaded rustyline-derive v0.9.0
[INFO] [stderr]   Downloaded rustyline v12.0.0
[INFO] [stderr]   Downloaded fd-lock v3.0.13
[INFO] [stderr]   Downloaded rustix v0.38.14
[INFO] running `Command { std: "docker" "create" "-v" "/var/lib/crater-agent-workspace/builds/worker-6-tc1/target:/opt/rustwide/target:rw,Z" "-v" "/var/lib/crater-agent-workspace/builds/worker-6-tc1/source:/opt/rustwide/workdir:ro,Z" "-v" "/var/lib/crater-agent-workspace/cargo-home:/opt/rustwide/cargo-home:ro,Z" "-v" "/var/lib/crater-agent-workspace/rustup-home:/opt/rustwide/rustup-home:ro,Z" "-e" "SOURCE_DIR=/opt/rustwide/workdir" "-e" "CARGO_TARGET_DIR=/opt/rustwide/target" "-e" "CARGO_HOME=/opt/rustwide/cargo-home" "-e" "RUSTUP_HOME=/opt/rustwide/rustup-home" "-w" "/opt/rustwide/workdir" "-m" "1610612736" "--user" "0:0" "--network" "none" "ghcr.io/rust-lang/crates-build-env/linux@sha256:2788e3201cd34a07e3172128adcd8b3090168a8e3bcc40d7c032b9dda1df7d1c" "/opt/rustwide/cargo-home/bin/cargo" "+1.75.0" "metadata" "--no-deps" "--format-version=1", kill_on_drop: false }`
[INFO] [stdout] fcc528d3267c6713696314995f5ecd8d0cc50e792d1723a04c56acd141d5ec5f
[INFO] running `Command { std: "docker" "start" "-a" "fcc528d3267c6713696314995f5ecd8d0cc50e792d1723a04c56acd141d5ec5f", kill_on_drop: false }`
[INFO] running `Command { std: "docker" "inspect" "fcc528d3267c6713696314995f5ecd8d0cc50e792d1723a04c56acd141d5ec5f", kill_on_drop: false }`
[INFO] running `Command { std: "docker" "rm" "-f" "fcc528d3267c6713696314995f5ecd8d0cc50e792d1723a04c56acd141d5ec5f", kill_on_drop: false }`
[INFO] [stdout] fcc528d3267c6713696314995f5ecd8d0cc50e792d1723a04c56acd141d5ec5f
[INFO] running `Command { std: "docker" "create" "-v" "/var/lib/crater-agent-workspace/builds/worker-6-tc1/target:/opt/rustwide/target:rw,Z" "-v" "/var/lib/crater-agent-workspace/builds/worker-6-tc1/source:/opt/rustwide/workdir:ro,Z" "-v" "/var/lib/crater-agent-workspace/cargo-home:/opt/rustwide/cargo-home:ro,Z" "-v" "/var/lib/crater-agent-workspace/rustup-home:/opt/rustwide/rustup-home:ro,Z" "-e" "SOURCE_DIR=/opt/rustwide/workdir" "-e" "CARGO_TARGET_DIR=/opt/rustwide/target" "-e" "CARGO_INCREMENTAL=0" "-e" "RUST_BACKTRACE=full" "-e" "RUSTFLAGS=--cap-lints=warn" "-e" "RUSTDOCFLAGS=--cap-lints=warn" "-e" "CARGO_HOME=/opt/rustwide/cargo-home" "-e" "RUSTUP_HOME=/opt/rustwide/rustup-home" "-w" "/opt/rustwide/workdir" "-m" "1610612736" "--user" "0:0" "--network" "none" "ghcr.io/rust-lang/crates-build-env/linux@sha256:2788e3201cd34a07e3172128adcd8b3090168a8e3bcc40d7c032b9dda1df7d1c" "/opt/rustwide/cargo-home/bin/cargo" "+1.75.0" "build" "--frozen" "--message-format=json", kill_on_drop: false }`
[INFO] [stdout] 35cf4a7ec878f62cb982a0ee698be88bd316a49a7a7fb829a8b65762fbdabe18
[INFO] running `Command { std: "docker" "start" "-a" "35cf4a7ec878f62cb982a0ee698be88bd316a49a7a7fb829a8b65762fbdabe18", kill_on_drop: false }`
[INFO] [stderr]    Compiling libc v0.2.148
[INFO] [stderr]    Compiling proc-macro2 v1.0.67
[INFO] [stderr]    Compiling rustix v0.38.14
[INFO] [stderr]    Compiling bitflags v2.4.0
[INFO] [stderr]    Compiling linux-raw-sys v0.4.7
[INFO] [stderr]    Compiling memchr v2.6.3
[INFO] [stderr]    Compiling smallvec v1.11.1
[INFO] [stderr]    Compiling regex-syntax v0.7.5
[INFO] [stderr]    Compiling endian-type v0.1.2
[INFO] [stderr]    Compiling humantime v2.1.0
[INFO] [stderr]    Compiling home v0.5.5
[INFO] [stderr]    Compiling termcolor v1.3.0
[INFO] [stderr]    Compiling unicode-segmentation v1.10.1
[INFO] [stderr]    Compiling nibble_vec v0.1.0
[INFO] [stderr]    Compiling radix_trie v0.2.1
[INFO] [stderr]    Compiling aho-corasick v1.1.1
[INFO] [stderr]    Compiling quote v1.0.33
[INFO] [stderr]    Compiling syn v2.0.37
[INFO] [stderr]    Compiling atty v0.2.14
[INFO] [stderr]    Compiling nix v0.26.4
[INFO] [stderr]    Compiling clap v2.34.0
[INFO] [stderr]    Compiling regex-automata v0.3.8
[INFO] [stderr]    Compiling fd-lock v3.0.13
[INFO] [stderr]    Compiling is-terminal v0.4.9
[INFO] [stderr]    Compiling rustyline-derive v0.9.0
[INFO] [stderr]    Compiling rustyline v12.0.0
[INFO] [stderr]    Compiling regex v1.9.5
[INFO] [stderr]    Compiling env_logger v0.10.0
[INFO] [stderr]    Compiling lispi v0.3.3 (/opt/rustwide/workdir)
[INFO] [stderr]     Finished dev [unoptimized + debuginfo] target(s) in 4.72s
[INFO] running `Command { std: "docker" "inspect" "35cf4a7ec878f62cb982a0ee698be88bd316a49a7a7fb829a8b65762fbdabe18", kill_on_drop: false }`
[INFO] running `Command { std: "docker" "rm" "-f" "35cf4a7ec878f62cb982a0ee698be88bd316a49a7a7fb829a8b65762fbdabe18", kill_on_drop: false }`
[INFO] [stdout] 35cf4a7ec878f62cb982a0ee698be88bd316a49a7a7fb829a8b65762fbdabe18
[INFO] running `Command { std: "docker" "create" "-v" "/var/lib/crater-agent-workspace/builds/worker-6-tc1/target:/opt/rustwide/target:rw,Z" "-v" "/var/lib/crater-agent-workspace/builds/worker-6-tc1/source:/opt/rustwide/workdir:ro,Z" "-v" "/var/lib/crater-agent-workspace/cargo-home:/opt/rustwide/cargo-home:ro,Z" "-v" "/var/lib/crater-agent-workspace/rustup-home:/opt/rustwide/rustup-home:ro,Z" "-e" "SOURCE_DIR=/opt/rustwide/workdir" "-e" "CARGO_TARGET_DIR=/opt/rustwide/target" "-e" "CARGO_INCREMENTAL=0" "-e" "RUST_BACKTRACE=full" "-e" "RUSTFLAGS=--cap-lints=warn" "-e" "RUSTDOCFLAGS=--cap-lints=warn" "-e" "CARGO_HOME=/opt/rustwide/cargo-home" "-e" "RUSTUP_HOME=/opt/rustwide/rustup-home" "-w" "/opt/rustwide/workdir" "-m" "1610612736" "--user" "0:0" "--network" "none" "ghcr.io/rust-lang/crates-build-env/linux@sha256:2788e3201cd34a07e3172128adcd8b3090168a8e3bcc40d7c032b9dda1df7d1c" "/opt/rustwide/cargo-home/bin/cargo" "+1.75.0" "test" "--frozen" "--no-run" "--message-format=json", kill_on_drop: false }`
[INFO] [stdout] dab8f40cdf9f19a3ccb8e7aae801d6de74c884fc685125e96fcbdbffe341808a
[INFO] running `Command { std: "docker" "start" "-a" "dab8f40cdf9f19a3ccb8e7aae801d6de74c884fc685125e96fcbdbffe341808a", kill_on_drop: false }`
[INFO] [stderr]    Compiling proc-macro2 v1.0.67
[INFO] [stderr]    Compiling memoffset v0.9.0
[INFO] [stderr]    Compiling crossbeam-utils v0.8.16
[INFO] [stderr]    Compiling crossbeam-epoch v0.9.15
[INFO] [stderr]    Compiling serde v1.0.189
[INFO] [stderr]    Compiling scopeguard v1.2.0
[INFO] [stderr]    Compiling num-traits v0.2.17
[INFO] [stderr]    Compiling rayon-core v1.12.0
[INFO] [stderr]    Compiling either v1.9.0
[INFO] [stderr]    Compiling serde_json v1.0.107
[INFO] [stderr]    Compiling ciborium-io v0.2.1
[INFO] [stderr]    Compiling half v1.8.2
[INFO] [stderr]    Compiling plotters-backend v0.3.5
[INFO] [stderr]    Compiling clap_lex v0.5.1
[INFO] [stderr]    Compiling cast v0.3.0
[INFO] [stderr]    Compiling oorandom v11.1.3
[INFO] [stderr]    Compiling anes v0.1.6
[INFO] [stderr]    Compiling clap_builder v4.4.6
[INFO] [stderr]    Compiling itertools v0.10.5
[INFO] [stderr]    Compiling plotters-svg v0.3.5
[INFO] [stderr]    Compiling ciborium-ll v0.2.1
[INFO] [stderr]    Compiling quote v1.0.33
[INFO] [stderr]    Compiling crossbeam-deque v0.8.3
[INFO] [stderr]    Compiling syn v2.0.37
[INFO] [stderr]    Compiling rayon v1.8.0
[INFO] [stderr]    Compiling plotters v0.3.5
[INFO] [stderr]    Compiling criterion-plot v0.5.0
[INFO] [stderr]    Compiling clap v4.4.6
[INFO] [stderr]    Compiling serde_derive v1.0.189
[INFO] [stderr]    Compiling rustyline-derive v0.9.0
[INFO] [stderr]    Compiling rustyline v12.0.0
[INFO] [stderr]    Compiling lispi v0.3.3 (/opt/rustwide/workdir)
[INFO] [stderr]    Compiling ciborium v0.2.1
[INFO] [stderr]    Compiling tinytemplate v1.2.1
[INFO] [stderr]    Compiling criterion v0.5.1
[INFO] [stderr]     Finished test [unoptimized + debuginfo] target(s) in 10.60s
[INFO] running `Command { std: "docker" "inspect" "dab8f40cdf9f19a3ccb8e7aae801d6de74c884fc685125e96fcbdbffe341808a", kill_on_drop: false }`
[INFO] running `Command { std: "docker" "rm" "-f" "dab8f40cdf9f19a3ccb8e7aae801d6de74c884fc685125e96fcbdbffe341808a", kill_on_drop: false }`
[INFO] [stdout] dab8f40cdf9f19a3ccb8e7aae801d6de74c884fc685125e96fcbdbffe341808a
[INFO] running `Command { std: "docker" "create" "-v" "/var/lib/crater-agent-workspace/builds/worker-6-tc1/target:/opt/rustwide/target:rw,Z" "-v" "/var/lib/crater-agent-workspace/builds/worker-6-tc1/source:/opt/rustwide/workdir:ro,Z" "-v" "/var/lib/crater-agent-workspace/cargo-home:/opt/rustwide/cargo-home:ro,Z" "-v" "/var/lib/crater-agent-workspace/rustup-home:/opt/rustwide/rustup-home:ro,Z" "-e" "SOURCE_DIR=/opt/rustwide/workdir" "-e" "CARGO_TARGET_DIR=/opt/rustwide/target" "-e" "CARGO_INCREMENTAL=0" "-e" "RUST_BACKTRACE=full" "-e" "RUSTFLAGS=--cap-lints=warn" "-e" "RUSTDOCFLAGS=--cap-lints=warn" "-e" "CARGO_HOME=/opt/rustwide/cargo-home" "-e" "RUSTUP_HOME=/opt/rustwide/rustup-home" "-w" "/opt/rustwide/workdir" "-m" "1610612736" "--user" "0:0" "--network" "none" "ghcr.io/rust-lang/crates-build-env/linux@sha256:2788e3201cd34a07e3172128adcd8b3090168a8e3bcc40d7c032b9dda1df7d1c" "/opt/rustwide/cargo-home/bin/cargo" "+1.75.0" "test" "--frozen", kill_on_drop: false }`
[INFO] [stdout] 1df19f2e070c205b5e47634085ce3e6bc7e22012d1b39b30590809874cd8143c
[INFO] running `Command { std: "docker" "start" "-a" "1df19f2e070c205b5e47634085ce3e6bc7e22012d1b39b30590809874cd8143c", kill_on_drop: false }`
[INFO] [stderr]     Finished test [unoptimized + debuginfo] target(s) in 0.05s
[INFO] [stderr]      Running unittests src/lib.rs (/opt/rustwide/target/debug/deps/lispi-70ad7769eac718bf)
[INFO] [stdout] 
[INFO] [stdout] running 61 tests
[INFO] [stdout] test elementary_functions::test_car ... ok
[INFO] [stdout] test elementary_functions::test_cdr ... ok
[INFO] [stdout] test elementary_functions::test_atom ... ok
[INFO] [stdout] test elementary_functions::test_cons_car_cdr ... ok
[INFO] [stdout] test elementary_functions::test_eq ... ok
[INFO] [stdout] test file_parser::test_extract_sexp_range ... ok
[INFO] [stdout] test file_parser::test_get_bound_symbols ... ok
[INFO] [stdout] test file_parser::test_offset_to_coordinate ... ok
[INFO] [stdout] test interpreter::elementary_fns_glue::test_atom_fn ... ok
[INFO] [stdout] test file_parser::test_split_sexps ... ok
[INFO] [stdout] test interpreter::elementary_fns_glue::test_car_fn ... ok
[INFO] [stdout] test interpreter::elementary_fns_glue::test_car_cdr_composition ... ok
[INFO] [stdout] test interpreter::elementary_fns_glue::test_cdr_fn ... ok
[INFO] [stdout] test interpreter::elementary_fns_glue::test_cons_fn ... ok
[INFO] [stdout] test interpreter::elementary_fns_glue::test_eq_fn ... ok
[INFO] [stdout] test interpreter::eval::elementary_functions_tests::test_eval_atom ... ok
[INFO] [stdout] test interpreter::eval::elementary_functions_tests::test_eval_car ... ok
[INFO] [stdout] test interpreter::eval::invalid_sexps_tests::test_atom_as_func ... ok
[INFO] [stdout] test interpreter::eval::elementary_functions_tests::test_eval_eq ... ok
[INFO] [stdout] test interpreter::eval::elementary_functions_tests::test_eval_cons ... ok
[INFO] [stdout] test interpreter::other_fns_glue::test_sum_fn ... ok
[INFO] [stdout] test interpreter::other_fns_glue::test_prdct_fn ... ok
[INFO] [stdout] test interpreter::other_fns_glue::test_equal_fn ... ok
[INFO] [stdout] test interpreter::eval::elementary_functions_tests::test_eval_car_of_cons ... ok
[INFO] [stdout] test interpreter::special_form_glue::test_and ... ok
[INFO] [stdout] test interpreter::eval::elementary_functions_tests::test_eval_cdr ... ok
[INFO] [stdout] test interpreter::special_form_glue::handle_lambda_tests::test_id_lambda ... ok
[INFO] [stdout] test interpreter::special_form_glue::test_handle_quote ... ok
[INFO] [stdout] test interpreter::special_form_glue::test_or ... ok
[INFO] [stdout] test interpreter::other_fns_glue::test_expt_fn ... ok
[INFO] [stdout] test interpreter::special_form_glue::handle_lambda_tests::test_binds_lambda ... ok
[INFO] [stdout] test list_functions::test_append ... ok
[INFO] [stdout] test list_functions::test_assoc ... ok
[INFO] [stdout] test interpreter::special_form_glue::test_evlis ... ok
[INFO] [stdout] test interpreter::special_form_glue::test_handle_other_symbol ... ok
[INFO] [stdout] test list_functions::test_pairlis ... ok
[INFO] [stdout] test interpreter::other_fns_glue::test_define_fn ... ok
[INFO] [stdout] test interpreter::special_form_glue::handle_lambda_tests::test_first_class_citizenship ... ok
[INFO] [stdout] test parser::test_parser::test_fun_with_args_parsing ... ok
[INFO] [stdout] test list_functions::test_among ... ok
[INFO] [stdout] test list_functions::test_sub2 ... ok
[INFO] [stdout] test list_functions::test_sublis ... ok
[INFO] [stdout] test list_macros::test_list_macro ... ok
[INFO] [stdout] test list_functions::test_pair ... ok
[INFO] [stdout] test parser::test_parser::test_keyword_parsing ... ok
[INFO] [stdout] test recursive_functions::test_equal ... ok
[INFO] [stdout] test parser::test_parser::test_parse_lists ... ok
[INFO] [stdout] test interpreter::special_form_glue::handle_lambda_tests::test_cond_lambda ... ok
[INFO] [stdout] test parser::test_parser::test_nested_sexps ... ok
[INFO] [stdout] test repl::test_is_cursor_on_bracket ... ok
[INFO] [stdout] test recursive_functions::test_ff ... ok
[INFO] [stdout] test recursive_functions::test_null ... ok
[INFO] [stdout] test recursive_functions::test_subst ... ok
[INFO] [stdout] test repl::test_find_matching_bracket ... ok
[INFO] [stdout] test parser::test_parser::test_sanitization ... ok
[INFO] [stdout] test repl::test_find_nearest_bracket ... ok
[INFO] [stdout] test types::test_display_list ... ok
[INFO] [stdout] test parser::test_parser::test_parse_atomic_symbol ... ok
[INFO] [stdout] test parser::test_parser::test_parser_edge_cases ... ok
[INFO] [stdout] test interpreter::special_form_glue::test_handle_label ... ok
[INFO] [stdout] test interpreter::other_fns_glue::test_tracklist_fn ... FAILED
[INFO] [stdout] 
[INFO] [stdout] failures:
[INFO] [stdout] 
[INFO] [stdout] ---- interpreter::other_fns_glue::test_tracklist_fn stdout ----
[INFO] [stdout] thread 'interpreter::other_fns_glue::test_tracklist_fn' panicked at src/interpreter/other_fns_glue.rs:322:5:
[INFO] [stdout] assertion `left == right` failed
[INFO] [stdout]   left: "ENTERING [SUM, [PRDCT, 2, 3], 2]\nENTERING [PRDCT, 2, 3]\nEND OF [PRDCT, 2, 3], VALUE IS\n6\nEND OF [SUM, [PRDCT, 2, 3], 2], VALUE IS\n8\nInvalid function: test, symbol unbound.\nInvalid function: first, symbol unbound.\nParenthesis count mismatch!\nParenthesis count mismatch!\nInvalid token: \"\nNot a valid symbol: )(\nInvalid token: \"\nInvalid token: \"\nInvalid token: \"\n"
[INFO] [stdout]  right: "ENTERING [SUM, [PRDCT, 2, 3], 2]\nENTERING [PRDCT, 2, 3]\nEND OF [PRDCT, 2, 3], VALUE IS\n6\nEND OF [SUM, [PRDCT, 2, 3], 2], VALUE IS\n8\n"
[INFO] [stdout] stack backtrace:
[INFO] [stdout]    0:     0x560ffebb1dcc - std::backtrace_rs::backtrace::libunwind::trace::ha637c64ce894333a
[INFO] [stdout]                                at /rustc/82e1608dfa6e0b5569232559e3d385fea5a93112/library/std/src/../../backtrace/src/backtrace/libunwind.rs:104:5
[INFO] [stdout]    1:     0x560ffebb1dcc - std::backtrace_rs::backtrace::trace_unsynchronized::h47f62dea28e0c88d
[INFO] [stdout]                                at /rustc/82e1608dfa6e0b5569232559e3d385fea5a93112/library/std/src/../../backtrace/src/backtrace/mod.rs:66:5
[INFO] [stdout]    2:     0x560ffebb1dcc - std::sys_common::backtrace::_print_fmt::h9eef0abe20ede486
[INFO] [stdout]                                at /rustc/82e1608dfa6e0b5569232559e3d385fea5a93112/library/std/src/sys_common/backtrace.rs:67:5
[INFO] [stdout]    3:     0x560ffebb1dcc - <std::sys_common::backtrace::_print::DisplayBacktrace as core::fmt::Display>::fmt::hed7f999df88cc644
[INFO] [stdout]                                at /rustc/82e1608dfa6e0b5569232559e3d385fea5a93112/library/std/src/sys_common/backtrace.rs:44:22
[INFO] [stdout]    4:     0x560ffebdd7c0 - core::fmt::rt::Argument::fmt::h1539a9308b8d058d
[INFO] [stdout]                                at /rustc/82e1608dfa6e0b5569232559e3d385fea5a93112/library/core/src/fmt/rt.rs:142:9
[INFO] [stdout]    5:     0x560ffebdd7c0 - core::fmt::write::h3a39390d8560d9c9
[INFO] [stdout]                                at /rustc/82e1608dfa6e0b5569232559e3d385fea5a93112/library/core/src/fmt/mod.rs:1120:17
[INFO] [stdout]    6:     0x560ffebaf77f - std::io::Write::write_fmt::h040b369f3a0f9cbc
[INFO] [stdout]                                at /rustc/82e1608dfa6e0b5569232559e3d385fea5a93112/library/std/src/io/mod.rs:1762:15
[INFO] [stdout]    7:     0x560ffebb1bb4 - std::sys_common::backtrace::_print::h894006fb5c6f3d45
[INFO] [stdout]                                at /rustc/82e1608dfa6e0b5569232559e3d385fea5a93112/library/std/src/sys_common/backtrace.rs:47:5
[INFO] [stdout]    8:     0x560ffebb1bb4 - std::sys_common::backtrace::print::h23a2d212c6fff936
[INFO] [stdout]                                at /rustc/82e1608dfa6e0b5569232559e3d385fea5a93112/library/std/src/sys_common/backtrace.rs:34:9
[INFO] [stdout]    9:     0x560ffebb3877 - std::panicking::default_hook::{{closure}}::h8a1d2ee00185001a
[INFO] [stdout]   10:     0x560ffebb3563 - std::panicking::default_hook::h6038f2eba384e475
[INFO] [stdout]                                at /rustc/82e1608dfa6e0b5569232559e3d385fea5a93112/library/std/src/panicking.rs:289:9
[INFO] [stdout]   11:     0x560ffeb793a7 - <alloc::boxed::Box<F,A> as core::ops::function::Fn<Args>>::call::h0ad024c9bdc6d768
[INFO] [stdout]                                at /rustc/82e1608dfa6e0b5569232559e3d385fea5a93112/library/alloc/src/boxed.rs:2021:9
[INFO] [stdout]   12:     0x560ffeb793a7 - test::test_main::{{closure}}::h7500b54257359db6
[INFO] [stdout]                                at /rustc/82e1608dfa6e0b5569232559e3d385fea5a93112/library/test/src/lib.rs:138:21
[INFO] [stdout]   13:     0x560ffebb3e88 - <alloc::boxed::Box<F,A> as core::ops::function::Fn<Args>>::call::h1f8f335eaa9cfaee
[INFO] [stdout]                                at /rustc/82e1608dfa6e0b5569232559e3d385fea5a93112/library/alloc/src/boxed.rs:2021:9
[INFO] [stdout]   14:     0x560ffebb3e88 - std::panicking::rust_panic_with_hook::h2b5517d590cab22e
[INFO] [stdout]                                at /rustc/82e1608dfa6e0b5569232559e3d385fea5a93112/library/std/src/panicking.rs:783:13
[INFO] [stdout]   15:     0x560ffebb3bde - std::panicking::begin_panic_handler::{{closure}}::h233112c06e0ef43e
[INFO] [stdout]                                at /rustc/82e1608dfa6e0b5569232559e3d385fea5a93112/library/std/src/panicking.rs:657:13
[INFO] [stdout]   16:     0x560ffebb2296 - std::sys_common::backtrace::__rust_end_short_backtrace::h6e893f24d7ebbff8
[INFO] [stdout]                                at /rustc/82e1608dfa6e0b5569232559e3d385fea5a93112/library/std/src/sys_common/backtrace.rs:170:18
[INFO] [stdout]   17:     0x560ffebb3942 - rust_begin_unwind
[INFO] [stdout]                                at /rustc/82e1608dfa6e0b5569232559e3d385fea5a93112/library/std/src/panicking.rs:645:5
[INFO] [stdout]   18:     0x560ffea9adf5 - core::panicking::panic_fmt::hbf0e066aabfa482c
[INFO] [stdout]                                at /rustc/82e1608dfa6e0b5569232559e3d385fea5a93112/library/core/src/panicking.rs:72:14
[INFO] [stdout]   19:     0x560ffea9b20b - core::panicking::assert_failed_inner::h0bba8b7c26ee4492
[INFO] [stdout]   20:     0x560ffeac0052 - core::panicking::assert_failed::h8e23889da5c06d56
[INFO] [stdout]                                at /rustc/82e1608dfa6e0b5569232559e3d385fea5a93112/library/core/src/panicking.rs:279:5
[INFO] [stdout]   21:     0x560ffeb00761 - lispi::interpreter::other_fns_glue::test_tracklist_fn::h60f33de2fe1dd7b7
[INFO] [stdout]                                at /opt/rustwide/workdir/src/interpreter/other_fns_glue.rs:322:5
[INFO] [stdout]   22:     0x560ffeaff817 - lispi::interpreter::other_fns_glue::test_tracklist_fn::{{closure}}::h65e20c2897cddd13
[INFO] [stdout]                                at /opt/rustwide/workdir/src/interpreter/other_fns_glue.rs:283:23
[INFO] [stdout]   23:     0x560ffeabda26 - core::ops::function::FnOnce::call_once::hd6bf0fdec8171a2f
[INFO] [stdout]                                at /rustc/82e1608dfa6e0b5569232559e3d385fea5a93112/library/core/src/ops/function.rs:250:5
[INFO] [stdout]   24:     0x560ffeb7e9ff - core::ops::function::FnOnce::call_once::h2b5d431d5046312d
[INFO] [stdout]                                at /rustc/82e1608dfa6e0b5569232559e3d385fea5a93112/library/core/src/ops/function.rs:250:5
[INFO] [stdout]   25:     0x560ffeb7e9ff - test::__rust_begin_short_backtrace::h7714669af176e207
[INFO] [stdout]                                at /rustc/82e1608dfa6e0b5569232559e3d385fea5a93112/library/test/src/lib.rs:628:18
[INFO] [stdout]   26:     0x560ffeb7da15 - test::run_test_in_process::{{closure}}::h85218797dcbcec12
[INFO] [stdout]                                at /rustc/82e1608dfa6e0b5569232559e3d385fea5a93112/library/test/src/lib.rs:651:60
[INFO] [stdout]   27:     0x560ffeb7da15 - <core::panic::unwind_safe::AssertUnwindSafe<F> as core::ops::function::FnOnce<()>>::call_once::h76c106ea31c14d7b
[INFO] [stdout]                                at /rustc/82e1608dfa6e0b5569232559e3d385fea5a93112/library/core/src/panic/unwind_safe.rs:272:9
[INFO] [stdout]   28:     0x560ffeb7da15 - std::panicking::try::do_call::h3bd5d0f6620ee946
[INFO] [stdout]                                at /rustc/82e1608dfa6e0b5569232559e3d385fea5a93112/library/std/src/panicking.rs:552:40
[INFO] [stdout]   29:     0x560ffeb7da15 - std::panicking::try::h232e535e4744fe31
[INFO] [stdout]                                at /rustc/82e1608dfa6e0b5569232559e3d385fea5a93112/library/std/src/panicking.rs:516:19
[INFO] [stdout]   30:     0x560ffeb7da15 - std::panic::catch_unwind::h3ce3bd6ca8dbac68
[INFO] [stdout]                                at /rustc/82e1608dfa6e0b5569232559e3d385fea5a93112/library/std/src/panic.rs:142:14
[INFO] [stdout]   31:     0x560ffeb7da15 - test::run_test_in_process::hc97b257c9621286a
[INFO] [stdout]                                at /rustc/82e1608dfa6e0b5569232559e3d385fea5a93112/library/test/src/lib.rs:651:27
[INFO] [stdout]   32:     0x560ffeb7da15 - test::run_test::{{closure}}::h2aa798823a438d38
[INFO] [stdout]                                at /rustc/82e1608dfa6e0b5569232559e3d385fea5a93112/library/test/src/lib.rs:574:43
[INFO] [stdout]   33:     0x560ffeb45cd6 - test::run_test::{{closure}}::h87d231c78fb59832
[INFO] [stdout]                                at /rustc/82e1608dfa6e0b5569232559e3d385fea5a93112/library/test/src/lib.rs:602:41
[INFO] [stdout]   34:     0x560ffeb45cd6 - std::sys_common::backtrace::__rust_begin_short_backtrace::he6df152596625789
[INFO] [stdout]                                at /rustc/82e1608dfa6e0b5569232559e3d385fea5a93112/library/std/src/sys_common/backtrace.rs:154:18
[INFO] [stdout]   35:     0x560ffeb4ad87 - std::thread::Builder::spawn_unchecked_::{{closure}}::{{closure}}::ha94be15d1e0acf36
[INFO] [stdout]                                at /rustc/82e1608dfa6e0b5569232559e3d385fea5a93112/library/std/src/thread/mod.rs:529:17
[INFO] [stdout]   36:     0x560ffeb4ad87 - <core::panic::unwind_safe::AssertUnwindSafe<F> as core::ops::function::FnOnce<()>>::call_once::h9dc6bd6372f16606
[INFO] [stdout]                                at /rustc/82e1608dfa6e0b5569232559e3d385fea5a93112/library/core/src/panic/unwind_safe.rs:272:9
[INFO] [stdout]   37:     0x560ffeb4ad87 - std::panicking::try::do_call::h9057517f80303cd4
[INFO] [stdout]                                at /rustc/82e1608dfa6e0b5569232559e3d385fea5a93112/library/std/src/panicking.rs:552:40
[INFO] [stdout]   38:     0x560ffeb4ad87 - std::panicking::try::he3a30b11ee45340c
[INFO] [stdout]                                at /rustc/82e1608dfa6e0b5569232559e3d385fea5a93112/library/std/src/panicking.rs:516:19
[INFO] [stdout]   39:     0x560ffeb4ad87 - std::panic::catch_unwind::h410458cfd3528b8b
[INFO] [stdout]                                at /rustc/82e1608dfa6e0b5569232559e3d385fea5a93112/library/std/src/panic.rs:142:14
[INFO] [stdout]   40:     0x560ffeb4ad87 - std::thread::Builder::spawn_unchecked_::{{closure}}::h72ac3bdb567b737b
[INFO] [stdout]                                at /rustc/82e1608dfa6e0b5569232559e3d385fea5a93112/library/std/src/thread/mod.rs:528:30
[INFO] [stdout]   41:     0x560ffeb4ad87 - core::ops::function::FnOnce::call_once{{vtable.shim}}::h38f34da3654a8344
[INFO] [stdout]                                at /rustc/82e1608dfa6e0b5569232559e3d385fea5a93112/library/core/src/ops/function.rs:250:5
[INFO] [stdout]   42:     0x560ffebb89c5 - <alloc::boxed::Box<F,A> as core::ops::function::FnOnce<Args>>::call_once::hc7eafaff61e32df9
[INFO] [stdout]                                at /rustc/82e1608dfa6e0b5569232559e3d385fea5a93112/library/alloc/src/boxed.rs:2007:9
[INFO] [stdout]   43:     0x560ffebb89c5 - <alloc::boxed::Box<F,A> as core::ops::function::FnOnce<Args>>::call_once::h6ba4a5de48dd2304
[INFO] [stdout]                                at /rustc/82e1608dfa6e0b5569232559e3d385fea5a93112/library/alloc/src/boxed.rs:2007:9
[INFO] [stdout]   44:     0x560ffebb89c5 - std::sys::unix::thread::Thread::new::thread_start::he469335aef763e45
[INFO] [stdout]                                at /rustc/82e1608dfa6e0b5569232559e3d385fea5a93112/library/std/src/sys/unix/thread.rs:108:17
[INFO] [stdout]   45:     0x7fb0605e8ac3 - <unknown>
[INFO] [stdout]   46:     0x7fb060679bf4 - __clone
[INFO] [stdout]   47:                0x0 - <unknown>
[INFO] [stdout] 
[INFO] [stdout] 
[INFO] [stdout] failures:
[INFO] [stdout]     interpreter::other_fns_glue::test_tracklist_fn
[INFO] [stdout] 
[INFO] [stdout] test result: FAILED. 60 passed; 1 failed; 0 ignored; 0 measured; 0 filtered out; finished in 0.02s
[INFO] [stdout] 
[INFO] [stderr] error: test failed, to rerun pass `--lib`
[INFO] running `Command { std: "docker" "inspect" "1df19f2e070c205b5e47634085ce3e6bc7e22012d1b39b30590809874cd8143c", kill_on_drop: false }`
[INFO] running `Command { std: "docker" "rm" "-f" "1df19f2e070c205b5e47634085ce3e6bc7e22012d1b39b30590809874cd8143c", kill_on_drop: false }`
[INFO] [stdout] 1df19f2e070c205b5e47634085ce3e6bc7e22012d1b39b30590809874cd8143c
