[INFO] fetching crate linux-syscalls 0.3.2...
[INFO] testing linux-syscalls-0.3.2 against 1.75.0 for beta-1.76-1
[INFO] extracting crate linux-syscalls 0.3.2 into /workspace/builds/worker-5-tc1/source
[INFO] validating manifest of crates.io crate linux-syscalls 0.3.2 on toolchain 1.75.0
[INFO] running `Command { std: CARGO_HOME="/workspace/cargo-home" RUSTUP_HOME="/workspace/rustup-home" "/workspace/cargo-home/bin/cargo" "+1.75.0" "metadata" "--manifest-path" "Cargo.toml" "--no-deps", kill_on_drop: false }`
[INFO] started tweaking crates.io crate linux-syscalls 0.3.2
[INFO] finished tweaking crates.io crate linux-syscalls 0.3.2
[INFO] tweaked toml for crates.io crate linux-syscalls 0.3.2 written to /workspace/builds/worker-5-tc1/source/Cargo.toml
[INFO] crate crates.io crate linux-syscalls 0.3.2 already has a lockfile, it will not be regenerated
[INFO] running `Command { std: CARGO_HOME="/workspace/cargo-home" RUSTUP_HOME="/workspace/rustup-home" "/workspace/cargo-home/bin/cargo" "+1.75.0" "fetch" "--manifest-path" "Cargo.toml", kill_on_drop: false }`
[INFO] [stderr]     Updating crates.io index
[INFO] [stderr]  Downloading crates ...
[INFO] [stderr]   Downloaded linux-errnos v0.3.4
[INFO] [stderr]   Downloaded linux-raw-vdso v0.1.4
[INFO] [stderr]   Downloaded no_std_io v0.6.0
[INFO] [stderr]   Downloaded linux-sysno v0.2.3
[INFO] running `Command { std: "docker" "create" "-v" "/var/lib/crater-agent-workspace/builds/worker-5-tc1/target:/opt/rustwide/target:rw,Z" "-v" "/var/lib/crater-agent-workspace/builds/worker-5-tc1/source:/opt/rustwide/workdir:ro,Z" "-v" "/var/lib/crater-agent-workspace/cargo-home:/opt/rustwide/cargo-home:ro,Z" "-v" "/var/lib/crater-agent-workspace/rustup-home:/opt/rustwide/rustup-home:ro,Z" "-e" "SOURCE_DIR=/opt/rustwide/workdir" "-e" "CARGO_TARGET_DIR=/opt/rustwide/target" "-e" "CARGO_HOME=/opt/rustwide/cargo-home" "-e" "RUSTUP_HOME=/opt/rustwide/rustup-home" "-w" "/opt/rustwide/workdir" "-m" "1610612736" "--user" "0:0" "--network" "none" "ghcr.io/rust-lang/crates-build-env/linux@sha256:2788e3201cd34a07e3172128adcd8b3090168a8e3bcc40d7c032b9dda1df7d1c" "/opt/rustwide/cargo-home/bin/cargo" "+1.75.0" "metadata" "--no-deps" "--format-version=1", kill_on_drop: false }`
[INFO] [stdout] d9af81c4691d45b7e9b6fea92cdccd26f8470b3244c98d9d5c99aee820e986e5
[INFO] running `Command { std: "docker" "start" "-a" "d9af81c4691d45b7e9b6fea92cdccd26f8470b3244c98d9d5c99aee820e986e5", kill_on_drop: false }`
[INFO] running `Command { std: "docker" "inspect" "d9af81c4691d45b7e9b6fea92cdccd26f8470b3244c98d9d5c99aee820e986e5", kill_on_drop: false }`
[INFO] running `Command { std: "docker" "rm" "-f" "d9af81c4691d45b7e9b6fea92cdccd26f8470b3244c98d9d5c99aee820e986e5", kill_on_drop: false }`
[INFO] [stdout] d9af81c4691d45b7e9b6fea92cdccd26f8470b3244c98d9d5c99aee820e986e5
[INFO] running `Command { std: "docker" "create" "-v" "/var/lib/crater-agent-workspace/builds/worker-5-tc1/target:/opt/rustwide/target:rw,Z" "-v" "/var/lib/crater-agent-workspace/builds/worker-5-tc1/source:/opt/rustwide/workdir:ro,Z" "-v" "/var/lib/crater-agent-workspace/cargo-home:/opt/rustwide/cargo-home:ro,Z" "-v" "/var/lib/crater-agent-workspace/rustup-home:/opt/rustwide/rustup-home:ro,Z" "-e" "SOURCE_DIR=/opt/rustwide/workdir" "-e" "CARGO_TARGET_DIR=/opt/rustwide/target" "-e" "CARGO_INCREMENTAL=0" "-e" "RUST_BACKTRACE=full" "-e" "RUSTFLAGS=--cap-lints=warn" "-e" "RUSTDOCFLAGS=--cap-lints=warn" "-e" "CARGO_HOME=/opt/rustwide/cargo-home" "-e" "RUSTUP_HOME=/opt/rustwide/rustup-home" "-w" "/opt/rustwide/workdir" "-m" "1610612736" "--user" "0:0" "--network" "none" "ghcr.io/rust-lang/crates-build-env/linux@sha256:2788e3201cd34a07e3172128adcd8b3090168a8e3bcc40d7c032b9dda1df7d1c" "/opt/rustwide/cargo-home/bin/cargo" "+1.75.0" "build" "--frozen" "--message-format=json", kill_on_drop: false }`
[INFO] [stdout] 3ebc5588be45fd4e53bb22d028b8c20e5b2ba2e724c14598b5880e64c3602eb1
[INFO] running `Command { std: "docker" "start" "-a" "3ebc5588be45fd4e53bb22d028b8c20e5b2ba2e724c14598b5880e64c3602eb1", kill_on_drop: false }`
[INFO] [stderr]    Compiling cc v1.0.79
[INFO] [stderr]    Compiling linux-errnos v0.3.4
[INFO] [stderr]    Compiling linux-raw-vdso v0.1.4
[INFO] [stderr]    Compiling linux-sysno v0.2.3
[INFO] [stderr]    Compiling linux-syscalls v0.3.2 (/opt/rustwide/workdir)
[INFO] [stderr]     Finished dev [unoptimized + debuginfo] target(s) in 1.01s
[INFO] running `Command { std: "docker" "inspect" "3ebc5588be45fd4e53bb22d028b8c20e5b2ba2e724c14598b5880e64c3602eb1", kill_on_drop: false }`
[INFO] running `Command { std: "docker" "rm" "-f" "3ebc5588be45fd4e53bb22d028b8c20e5b2ba2e724c14598b5880e64c3602eb1", kill_on_drop: false }`
[INFO] [stdout] 3ebc5588be45fd4e53bb22d028b8c20e5b2ba2e724c14598b5880e64c3602eb1
[INFO] running `Command { std: "docker" "create" "-v" "/var/lib/crater-agent-workspace/builds/worker-5-tc1/target:/opt/rustwide/target:rw,Z" "-v" "/var/lib/crater-agent-workspace/builds/worker-5-tc1/source:/opt/rustwide/workdir:ro,Z" "-v" "/var/lib/crater-agent-workspace/cargo-home:/opt/rustwide/cargo-home:ro,Z" "-v" "/var/lib/crater-agent-workspace/rustup-home:/opt/rustwide/rustup-home:ro,Z" "-e" "SOURCE_DIR=/opt/rustwide/workdir" "-e" "CARGO_TARGET_DIR=/opt/rustwide/target" "-e" "CARGO_INCREMENTAL=0" "-e" "RUST_BACKTRACE=full" "-e" "RUSTFLAGS=--cap-lints=warn" "-e" "RUSTDOCFLAGS=--cap-lints=warn" "-e" "CARGO_HOME=/opt/rustwide/cargo-home" "-e" "RUSTUP_HOME=/opt/rustwide/rustup-home" "-w" "/opt/rustwide/workdir" "-m" "1610612736" "--user" "0:0" "--network" "none" "ghcr.io/rust-lang/crates-build-env/linux@sha256:2788e3201cd34a07e3172128adcd8b3090168a8e3bcc40d7c032b9dda1df7d1c" "/opt/rustwide/cargo-home/bin/cargo" "+1.75.0" "test" "--frozen" "--no-run" "--message-format=json", kill_on_drop: false }`
[INFO] [stdout] 4d4c36aa4d0b4f4f69ce4e9aa68070f7a273ebea4159a253f36c6862670f2b16
[INFO] running `Command { std: "docker" "start" "-a" "4d4c36aa4d0b4f4f69ce4e9aa68070f7a273ebea4159a253f36c6862670f2b16", kill_on_drop: false }`
[INFO] [stderr]    Compiling linux-syscalls v0.3.2 (/opt/rustwide/workdir)
[INFO] [stderr]     Finished test [unoptimized + debuginfo] target(s) in 0.24s
[INFO] running `Command { std: "docker" "inspect" "4d4c36aa4d0b4f4f69ce4e9aa68070f7a273ebea4159a253f36c6862670f2b16", kill_on_drop: false }`
[INFO] running `Command { std: "docker" "rm" "-f" "4d4c36aa4d0b4f4f69ce4e9aa68070f7a273ebea4159a253f36c6862670f2b16", kill_on_drop: false }`
[INFO] [stdout] 4d4c36aa4d0b4f4f69ce4e9aa68070f7a273ebea4159a253f36c6862670f2b16
[INFO] running `Command { std: "docker" "create" "-v" "/var/lib/crater-agent-workspace/builds/worker-5-tc1/target:/opt/rustwide/target:rw,Z" "-v" "/var/lib/crater-agent-workspace/builds/worker-5-tc1/source:/opt/rustwide/workdir:ro,Z" "-v" "/var/lib/crater-agent-workspace/cargo-home:/opt/rustwide/cargo-home:ro,Z" "-v" "/var/lib/crater-agent-workspace/rustup-home:/opt/rustwide/rustup-home:ro,Z" "-e" "SOURCE_DIR=/opt/rustwide/workdir" "-e" "CARGO_TARGET_DIR=/opt/rustwide/target" "-e" "CARGO_INCREMENTAL=0" "-e" "RUST_BACKTRACE=full" "-e" "RUSTFLAGS=--cap-lints=warn" "-e" "RUSTDOCFLAGS=--cap-lints=warn" "-e" "CARGO_HOME=/opt/rustwide/cargo-home" "-e" "RUSTUP_HOME=/opt/rustwide/rustup-home" "-w" "/opt/rustwide/workdir" "-m" "1610612736" "--user" "0:0" "--network" "none" "ghcr.io/rust-lang/crates-build-env/linux@sha256:2788e3201cd34a07e3172128adcd8b3090168a8e3bcc40d7c032b9dda1df7d1c" "/opt/rustwide/cargo-home/bin/cargo" "+1.75.0" "test" "--frozen", kill_on_drop: false }`
[INFO] [stdout] 6e5290a743ad313b64f4ad08a214ca8b149614acfe814b0d479a3a8b49dd9f47
[INFO] running `Command { std: "docker" "start" "-a" "6e5290a743ad313b64f4ad08a214ca8b149614acfe814b0d479a3a8b49dd9f47", kill_on_drop: false }`
[INFO] [stderr]     Finished test [unoptimized + debuginfo] target(s) in 0.00s
[INFO] [stderr]      Running unittests src/lib.rs (/opt/rustwide/target/debug/deps/linux_syscalls-f0ba93d9ebd5f770)
[INFO] [stdout] 
[INFO] [stdout] running 0 tests
[INFO] [stdout] 
[INFO] [stdout] test result: ok. 0 passed; 0 failed; 0 ignored; 0 measured; 0 filtered out; finished in 0.00s
[INFO] [stdout] 
[INFO] [stderr]    Doc-tests linux-syscalls
[INFO] [stdout] 
[INFO] [stdout] running 3 tests
[INFO] [stdout] test src/macros/mod.rs - macros::raw_syscall (line 139) ... FAILED
[INFO] [stdout] test src/env/kernel/common.rs - env::kernel::common::kversion (line 103) ... FAILED
[INFO] [stdout] test src/macros/mod.rs - macros::syscall (line 14) ... FAILED
[INFO] [stdout] 
[INFO] [stdout] failures:
[INFO] [stdout] 
[INFO] [stdout] ---- src/macros/mod.rs - macros::raw_syscall (line 139) stdout ----
[INFO] [stdout] error[E0133]: call to unsafe function is unsafe and requires unsafe function or block
[INFO] [stdout]  --> src/macros/mod.rs:143:16
[INFO] [stdout]   |
[INFO] [stdout] 7 | println!("{}", raw_syscall!([ro] Sysno::brk, 0));
[INFO] [stdout]   |                ^^^^^^^^^^^^^^^^^^^^^^^^^^^^^^^^ call to unsafe function
[INFO] [stdout]   |
[INFO] [stdout]   = note: consult the function's documentation for information on how to avoid undefined behavior
[INFO] [stdout]   = note: this error originates in the macro `raw_syscall` (in Nightly builds, run with -Z macro-backtrace for more info)
[INFO] [stdout] 
[INFO] [stdout] error: aborting due to previous error
[INFO] [stdout] 
[INFO] [stdout] For more information about this error, try `rustc --explain E0133`.
[INFO] [stdout] Couldn't compile the test.
[INFO] [stdout] ---- src/env/kernel/common.rs - env::kernel::common::kversion (line 103) stdout ----
[INFO] [stdout] error: expected `;`, found `kversion`
[INFO] [stdout]  --> src/env/kernel/common.rs:106:20
[INFO] [stdout]   |
[INFO] [stdout] 5 | kversion!(4, 11, 6)    // Create version 4.11.6
[INFO] [stdout]   |                    ^ help: add `;` here
[INFO] [stdout] 6 | kversion!(>= 4);       // `true` if kernel version is 4.0.0 or superior
[INFO] [stdout]   | -------- unexpected token
[INFO] [stdout] 
[INFO] [stdout] error: cannot find macro `kversion` in this scope
[INFO] [stdout]  --> src/env/kernel/common.rs:109:1
[INFO] [stdout]   |
[INFO] [stdout] 8 | kversion!(== 5, 15, 6) // `true` if kernel is exactly 5.15.6
[INFO] [stdout]   | ^^^^^^^^
[INFO] [stdout]   |
[INFO] [stdout] help: consider importing this macro
[INFO] [stdout]   |
[INFO] [stdout] 2 + use linux_syscalls::kversion;
[INFO] [stdout]   |
[INFO] [stdout] 
[INFO] [stdout] error: cannot find macro `kversion` in this scope
[INFO] [stdout]  --> src/env/kernel/common.rs:108:1
[INFO] [stdout]   |
[INFO] [stdout] 7 | kversion!(< 4, 11);    // `true` if kernel version is earlier than 4.11.0
[INFO] [stdout]   | ^^^^^^^^
[INFO] [stdout]   |
[INFO] [stdout] help: consider importing this macro
[INFO] [stdout]   |
[INFO] [stdout] 2 + use linux_syscalls::kversion;
[INFO] [stdout]   |
[INFO] [stdout] 
[INFO] [stdout] error: cannot find macro `kversion` in this scope
[INFO] [stdout]  --> src/env/kernel/common.rs:107:1
[INFO] [stdout]   |
[INFO] [stdout] 6 | kversion!(>= 4);       // `true` if kernel version is 4.0.0 or superior
[INFO] [stdout]   | ^^^^^^^^
[INFO] [stdout]   |
[INFO] [stdout] help: consider importing this macro
[INFO] [stdout]   |
[INFO] [stdout] 2 + use linux_syscalls::kversion;
[INFO] [stdout]   |
[INFO] [stdout] 
[INFO] [stdout] error: cannot find macro `kversion` in this scope
[INFO] [stdout]  --> src/env/kernel/common.rs:105:1
[INFO] [stdout]   |
[INFO] [stdout] 4 | kversion!(4, 11);      // Create version 4.11.0
[INFO] [stdout]   | ^^^^^^^^
[INFO] [stdout]   |
[INFO] [stdout] help: consider importing this macro
[INFO] [stdout]   |
[INFO] [stdout] 2 + use linux_syscalls::kversion;
[INFO] [stdout]   |
[INFO] [stdout] 
[INFO] [stdout] error: cannot find macro `kversion` in this scope
[INFO] [stdout]  --> src/env/kernel/common.rs:104:1
[INFO] [stdout]   |
[INFO] [stdout] 3 | kversion!(4);          // Create version 4.0.0
[INFO] [stdout]   | ^^^^^^^^
[INFO] [stdout]   |
[INFO] [stdout] help: consider importing this macro
[INFO] [stdout]   |
[INFO] [stdout] 2 + use linux_syscalls::kversion;
[INFO] [stdout]   |
[INFO] [stdout] 
[INFO] [stdout] error: aborting due to 6 previous errors
[INFO] [stdout] 
[INFO] [stdout] Couldn't compile the test.
[INFO] [stdout] ---- src/macros/mod.rs - macros::syscall (line 14) stdout ----
[INFO] [stdout] error[E0308]: mismatched types
[INFO] [stdout]   --> src/macros/mod.rs:23:28
[INFO] [stdout]    |
[INFO] [stdout] 12 |         Err(err) => return Err(err),
[INFO] [stdout]    |                            ^^^^^^^^ expected `()`, found `Result<_, Errno>`
[INFO] [stdout]    |
[INFO] [stdout]    = note: expected unit type `()`
[INFO] [stdout]                    found enum `Result<_, Errno>`
[INFO] [stdout] 
[INFO] [stdout] error: aborting due to previous error
[INFO] [stdout] 
[INFO] [stdout] For more information about this error, try `rustc --explain E0308`.
[INFO] [stdout] Couldn't compile the test.
[INFO] [stdout] 
[INFO] [stdout] failures:
[INFO] [stdout]     src/env/kernel/common.rs - env::kernel::common::kversion (line 103)
[INFO] [stdout]     src/macros/mod.rs - macros::raw_syscall (line 139)
[INFO] [stdout]     src/macros/mod.rs - macros::syscall (line 14)
[INFO] [stdout] 
[INFO] [stdout] test result: FAILED. 0 passed; 3 failed; 0 ignored; 0 measured; 0 filtered out; finished in 0.08s
[INFO] [stdout] 
[INFO] [stderr] error: doctest failed, to rerun pass `--doc`
[INFO] running `Command { std: "docker" "inspect" "6e5290a743ad313b64f4ad08a214ca8b149614acfe814b0d479a3a8b49dd9f47", kill_on_drop: false }`
[INFO] running `Command { std: "docker" "rm" "-f" "6e5290a743ad313b64f4ad08a214ca8b149614acfe814b0d479a3a8b49dd9f47", kill_on_drop: false }`
[INFO] [stdout] 6e5290a743ad313b64f4ad08a214ca8b149614acfe814b0d479a3a8b49dd9f47
[INFO] testing linux-syscalls-0.3.2 against beta-2023-12-22 for beta-1.76-1
[INFO] extracting crate linux-syscalls 0.3.2 into /workspace/builds/worker-5-tc2/source
[INFO] validating manifest of crates.io crate linux-syscalls 0.3.2 on toolchain beta-2023-12-22
[INFO] running `Command { std: CARGO_HOME="/workspace/cargo-home" RUSTUP_HOME="/workspace/rustup-home" "/workspace/cargo-home/bin/cargo" "+beta-2023-12-22" "metadata" "--manifest-path" "Cargo.toml" "--no-deps", kill_on_drop: false }`
[INFO] started tweaking crates.io crate linux-syscalls 0.3.2
[INFO] finished tweaking crates.io crate linux-syscalls 0.3.2
[INFO] tweaked toml for crates.io crate linux-syscalls 0.3.2 written to /workspace/builds/worker-5-tc2/source/Cargo.toml
[INFO] crate crates.io crate linux-syscalls 0.3.2 already has a lockfile, it will not be regenerated
[INFO] running `Command { std: CARGO_HOME="/workspace/cargo-home" RUSTUP_HOME="/workspace/rustup-home" "/workspace/cargo-home/bin/cargo" "+beta-2023-12-22" "fetch" "--manifest-path" "Cargo.toml", kill_on_drop: false }`
[INFO] running `Command { std: "docker" "create" "-v" "/var/lib/crater-agent-workspace/builds/worker-5-tc2/target:/opt/rustwide/target:rw,Z" "-v" "/var/lib/crater-agent-workspace/builds/worker-5-tc2/source:/opt/rustwide/workdir:ro,Z" "-v" "/var/lib/crater-agent-workspace/cargo-home:/opt/rustwide/cargo-home:ro,Z" "-v" "/var/lib/crater-agent-workspace/rustup-home:/opt/rustwide/rustup-home:ro,Z" "-e" "SOURCE_DIR=/opt/rustwide/workdir" "-e" "CARGO_TARGET_DIR=/opt/rustwide/target" "-e" "CARGO_HOME=/opt/rustwide/cargo-home" "-e" "RUSTUP_HOME=/opt/rustwide/rustup-home" "-w" "/opt/rustwide/workdir" "-m" "1610612736" "--user" "0:0" "--network" "none" "ghcr.io/rust-lang/crates-build-env/linux@sha256:2788e3201cd34a07e3172128adcd8b3090168a8e3bcc40d7c032b9dda1df7d1c" "/opt/rustwide/cargo-home/bin/cargo" "+beta-2023-12-22" "metadata" "--no-deps" "--format-version=1", kill_on_drop: false }`
[INFO] [stdout] edfd34da9e0f7cdc3c4d04463fb674d9cac6f72ab6a8e4541fc9e02c6dbd060e
[INFO] running `Command { std: "docker" "start" "-a" "edfd34da9e0f7cdc3c4d04463fb674d9cac6f72ab6a8e4541fc9e02c6dbd060e", kill_on_drop: false }`
[INFO] running `Command { std: "docker" "inspect" "edfd34da9e0f7cdc3c4d04463fb674d9cac6f72ab6a8e4541fc9e02c6dbd060e", kill_on_drop: false }`
[INFO] running `Command { std: "docker" "rm" "-f" "edfd34da9e0f7cdc3c4d04463fb674d9cac6f72ab6a8e4541fc9e02c6dbd060e", kill_on_drop: false }`
[INFO] [stdout] edfd34da9e0f7cdc3c4d04463fb674d9cac6f72ab6a8e4541fc9e02c6dbd060e
[INFO] running `Command { std: "docker" "create" "-v" "/var/lib/crater-agent-workspace/builds/worker-5-tc2/target:/opt/rustwide/target:rw,Z" "-v" "/var/lib/crater-agent-workspace/builds/worker-5-tc2/source:/opt/rustwide/workdir:ro,Z" "-v" "/var/lib/crater-agent-workspace/cargo-home:/opt/rustwide/cargo-home:ro,Z" "-v" "/var/lib/crater-agent-workspace/rustup-home:/opt/rustwide/rustup-home:ro,Z" "-e" "SOURCE_DIR=/opt/rustwide/workdir" "-e" "CARGO_TARGET_DIR=/opt/rustwide/target" "-e" "CARGO_INCREMENTAL=0" "-e" "RUST_BACKTRACE=full" "-e" "RUSTFLAGS=--cap-lints=warn" "-e" "RUSTDOCFLAGS=--cap-lints=warn" "-e" "CARGO_HOME=/opt/rustwide/cargo-home" "-e" "RUSTUP_HOME=/opt/rustwide/rustup-home" "-w" "/opt/rustwide/workdir" "-m" "1610612736" "--user" "0:0" "--network" "none" "ghcr.io/rust-lang/crates-build-env/linux@sha256:2788e3201cd34a07e3172128adcd8b3090168a8e3bcc40d7c032b9dda1df7d1c" "/opt/rustwide/cargo-home/bin/cargo" "+beta-2023-12-22" "build" "--frozen" "--message-format=json", kill_on_drop: false }`
[INFO] [stdout] 5d537f1c68590e9f16621f53732bcd4a531d975ba12f8c836fa8a0d69accc65b
[INFO] running `Command { std: "docker" "start" "-a" "5d537f1c68590e9f16621f53732bcd4a531d975ba12f8c836fa8a0d69accc65b", kill_on_drop: false }`
[INFO] [stderr]    Compiling cc v1.0.79
[INFO] [stderr]    Compiling linux-sysno v0.2.3
[INFO] [stderr]    Compiling linux-errnos v0.3.4
[INFO] [stderr]    Compiling linux-raw-vdso v0.1.4
[INFO] [stderr]    Compiling linux-syscalls v0.3.2 (/opt/rustwide/workdir)
[INFO] [stderr]     Finished dev [unoptimized + debuginfo] target(s) in 1.34s
[INFO] running `Command { std: "docker" "inspect" "5d537f1c68590e9f16621f53732bcd4a531d975ba12f8c836fa8a0d69accc65b", kill_on_drop: false }`
[INFO] running `Command { std: "docker" "rm" "-f" "5d537f1c68590e9f16621f53732bcd4a531d975ba12f8c836fa8a0d69accc65b", kill_on_drop: false }`
[INFO] [stdout] 5d537f1c68590e9f16621f53732bcd4a531d975ba12f8c836fa8a0d69accc65b
[INFO] running `Command { std: "docker" "create" "-v" "/var/lib/crater-agent-workspace/builds/worker-5-tc2/target:/opt/rustwide/target:rw,Z" "-v" "/var/lib/crater-agent-workspace/builds/worker-5-tc2/source:/opt/rustwide/workdir:ro,Z" "-v" "/var/lib/crater-agent-workspace/cargo-home:/opt/rustwide/cargo-home:ro,Z" "-v" "/var/lib/crater-agent-workspace/rustup-home:/opt/rustwide/rustup-home:ro,Z" "-e" "SOURCE_DIR=/opt/rustwide/workdir" "-e" "CARGO_TARGET_DIR=/opt/rustwide/target" "-e" "CARGO_INCREMENTAL=0" "-e" "RUST_BACKTRACE=full" "-e" "RUSTFLAGS=--cap-lints=warn" "-e" "RUSTDOCFLAGS=--cap-lints=warn" "-e" "CARGO_HOME=/opt/rustwide/cargo-home" "-e" "RUSTUP_HOME=/opt/rustwide/rustup-home" "-w" "/opt/rustwide/workdir" "-m" "1610612736" "--user" "0:0" "--network" "none" "ghcr.io/rust-lang/crates-build-env/linux@sha256:2788e3201cd34a07e3172128adcd8b3090168a8e3bcc40d7c032b9dda1df7d1c" "/opt/rustwide/cargo-home/bin/cargo" "+beta-2023-12-22" "test" "--frozen" "--no-run" "--message-format=json", kill_on_drop: false }`
[INFO] [stdout] 0e74ba3ff59f563b9018a6ff341d3fd876646e644c5b512ac389303d140d3000
[INFO] running `Command { std: "docker" "start" "-a" "0e74ba3ff59f563b9018a6ff341d3fd876646e644c5b512ac389303d140d3000", kill_on_drop: false }`
[INFO] [stderr]    Compiling linux-syscalls v0.3.2 (/opt/rustwide/workdir)
[INFO] [stderr]     Finished test [unoptimized + debuginfo] target(s) in 0.55s
[INFO] running `Command { std: "docker" "inspect" "0e74ba3ff59f563b9018a6ff341d3fd876646e644c5b512ac389303d140d3000", kill_on_drop: false }`
[INFO] running `Command { std: "docker" "rm" "-f" "0e74ba3ff59f563b9018a6ff341d3fd876646e644c5b512ac389303d140d3000", kill_on_drop: false }`
[INFO] [stdout] 0e74ba3ff59f563b9018a6ff341d3fd876646e644c5b512ac389303d140d3000
[INFO] running `Command { std: "docker" "create" "-v" "/var/lib/crater-agent-workspace/builds/worker-5-tc2/target:/opt/rustwide/target:rw,Z" "-v" "/var/lib/crater-agent-workspace/builds/worker-5-tc2/source:/opt/rustwide/workdir:ro,Z" "-v" "/var/lib/crater-agent-workspace/cargo-home:/opt/rustwide/cargo-home:ro,Z" "-v" "/var/lib/crater-agent-workspace/rustup-home:/opt/rustwide/rustup-home:ro,Z" "-e" "SOURCE_DIR=/opt/rustwide/workdir" "-e" "CARGO_TARGET_DIR=/opt/rustwide/target" "-e" "CARGO_INCREMENTAL=0" "-e" "RUST_BACKTRACE=full" "-e" "RUSTFLAGS=--cap-lints=warn" "-e" "RUSTDOCFLAGS=--cap-lints=warn" "-e" "CARGO_HOME=/opt/rustwide/cargo-home" "-e" "RUSTUP_HOME=/opt/rustwide/rustup-home" "-w" "/opt/rustwide/workdir" "-m" "1610612736" "--user" "0:0" "--network" "none" "ghcr.io/rust-lang/crates-build-env/linux@sha256:2788e3201cd34a07e3172128adcd8b3090168a8e3bcc40d7c032b9dda1df7d1c" "/opt/rustwide/cargo-home/bin/cargo" "+beta-2023-12-22" "test" "--frozen", kill_on_drop: false }`
[INFO] [stdout] 1a54736a2105577de81416e3ab44d53a3d52625a8a468289e484f1425a886ff1
[INFO] running `Command { std: "docker" "start" "-a" "1a54736a2105577de81416e3ab44d53a3d52625a8a468289e484f1425a886ff1", kill_on_drop: false }`
[INFO] [stderr]     Finished test [unoptimized + debuginfo] target(s) in 0.02s
[INFO] [stderr]      Running unittests src/lib.rs (/opt/rustwide/target/debug/deps/linux_syscalls-90c26048c6f35b61)
[INFO] [stdout] 
[INFO] [stdout] running 0 tests
[INFO] [stdout] 
[INFO] [stdout] test result: ok. 0 passed; 0 failed; 0 ignored; 0 measured; 0 filtered out; finished in 0.00s
[INFO] [stdout] 
[INFO] [stderr]    Doc-tests linux-syscalls
[INFO] [stdout] 
[INFO] [stdout] running 3 tests
[INFO] [stdout] test src/env/kernel/common.rs - env::kernel::common::kversion (line 103) ... FAILED
[INFO] [stdout] test src/macros/mod.rs - macros::raw_syscall (line 139) ... FAILED
[INFO] [stdout] test src/macros/mod.rs - macros::syscall (line 14) ... FAILED
[INFO] [stderr] error: doctest failed, to rerun pass `--doc`
[INFO] [stdout] 
[INFO] [stdout] failures:
[INFO] [stdout] 
[INFO] [stdout] ---- src/env/kernel/common.rs - env::kernel::common::kversion (line 103) stdout ----
[INFO] [stdout] error: expected `;`, found `kversion`
[INFO] [stdout]  --> src/env/kernel/common.rs:106:20
[INFO] [stdout]   |
[INFO] [stdout] 5 | kversion!(4, 11, 6)    // Create version 4.11.6
[INFO] [stdout]   |                    ^ help: add `;` here
[INFO] [stdout] 6 | kversion!(>= 4);       // `true` if kernel version is 4.0.0 or superior
[INFO] [stdout]   | -------- unexpected token
[INFO] [stdout] 
[INFO] [stdout] error: cannot find macro `kversion` in this scope
[INFO] [stdout]  --> src/env/kernel/common.rs:109:1
[INFO] [stdout]   |
[INFO] [stdout] 8 | kversion!(== 5, 15, 6) // `true` if kernel is exactly 5.15.6
[INFO] [stdout]   | ^^^^^^^^
[INFO] [stdout]   |
[INFO] [stdout] help: consider importing this macro
[INFO] [stdout]   |
[INFO] [stdout] 2 + use linux_syscalls::kversion;
[INFO] [stdout]   |
[INFO] [stdout] 
[INFO] [stdout] error: cannot find macro `kversion` in this scope
[INFO] [stdout]  --> src/env/kernel/common.rs:108:1
[INFO] [stdout]   |
[INFO] [stdout] 7 | kversion!(< 4, 11);    // `true` if kernel version is earlier than 4.11.0
[INFO] [stdout]   | ^^^^^^^^
[INFO] [stdout]   |
[INFO] [stdout] help: consider importing this macro
[INFO] [stdout]   |
[INFO] [stdout] 2 + use linux_syscalls::kversion;
[INFO] [stdout]   |
[INFO] [stdout] 
[INFO] [stdout] error: cannot find macro `kversion` in this scope
[INFO] [stdout]  --> src/env/kernel/common.rs:107:1
[INFO] [stdout]   |
[INFO] [stdout] 6 | kversion!(>= 4);       // `true` if kernel version is 4.0.0 or superior
[INFO] [stdout]   | ^^^^^^^^
[INFO] [stdout]   |
[INFO] [stdout] help: consider importing this macro
[INFO] [stdout]   |
[INFO] [stdout] 2 + use linux_syscalls::kversion;
[INFO] [stdout]   |
[INFO] [stdout] 
[INFO] [stdout] error: cannot find macro `kversion` in this scope
[INFO] [stdout]  --> src/env/kernel/common.rs:105:1
[INFO] [stdout]   |
[INFO] [stdout] 4 | kversion!(4, 11);      // Create version 4.11.0
[INFO] [stdout]   | ^^^^^^^^
[INFO] [stdout]   |
[INFO] [stdout] help: consider importing this macro
[INFO] [stdout]   |
[INFO] [stdout] 2 + use linux_syscalls::kversion;
[INFO] [stdout]   |
[INFO] [stdout] 
[INFO] [stdout] error: cannot find macro `kversion` in this scope
[INFO] [stdout]  --> src/env/kernel/common.rs:104:1
[INFO] [stdout]   |
[INFO] [stdout] 3 | kversion!(4);          // Create version 4.0.0
[INFO] [stdout]   | ^^^^^^^^
[INFO] [stdout]   |
[INFO] [stdout] help: consider importing this macro
[INFO] [stdout]   |
[INFO] [stdout] 2 + use linux_syscalls::kversion;
[INFO] [stdout]   |
[INFO] [stdout] 
[INFO] [stdout] error: aborting due to 6 previous errors
[INFO] [stdout] 
[INFO] [stdout] Couldn't compile the test.
[INFO] [stdout] ---- src/macros/mod.rs - macros::raw_syscall (line 139) stdout ----
[INFO] [stdout] error[E0133]: call to unsafe function is unsafe and requires unsafe function or block
[INFO] [stdout]  --> src/macros/mod.rs:143:16
[INFO] [stdout]   |
[INFO] [stdout] 7 | println!("{}", raw_syscall!([ro] Sysno::brk, 0));
[INFO] [stdout]   |                ^^^^^^^^^^^^^^^^^^^^^^^^^^^^^^^^ call to unsafe function
[INFO] [stdout]   |
[INFO] [stdout]   = note: consult the function's documentation for information on how to avoid undefined behavior
[INFO] [stdout]   = note: this error originates in the macro `raw_syscall` (in Nightly builds, run with -Z macro-backtrace for more info)
[INFO] [stdout] 
[INFO] [stdout] error: aborting due to 1 previous error
[INFO] [stdout] 
[INFO] [stdout] For more information about this error, try `rustc --explain E0133`.
[INFO] [stdout] Couldn't compile the test.
[INFO] [stdout] ---- src/macros/mod.rs - macros::syscall (line 14) stdout ----
[INFO] [stdout] error[E0308]: mismatched types
[INFO] [stdout]   --> src/macros/mod.rs:23:28
[INFO] [stdout]    |
[INFO] [stdout] 12 |         Err(err) => return Err(err),
[INFO] [stdout]    |                            ^^^^^^^^ expected `()`, found `Result<_, Errno>`
[INFO] [stdout]    |
[INFO] [stdout]    = note: expected unit type `()`
[INFO] [stdout]                    found enum `Result<_, Errno>`
[INFO] [stdout] 
[INFO] [stdout] error: aborting due to 1 previous error
[INFO] [stdout] 
[INFO] [stdout] For more information about this error, try `rustc --explain E0308`.
[INFO] [stdout] Couldn't compile the test.
[INFO] [stdout] 
[INFO] [stdout] failures:
[INFO] [stdout]     src/env/kernel/common.rs - env::kernel::common::kversion (line 103)
[INFO] [stdout]     src/macros/mod.rs - macros::raw_syscall (line 139)
[INFO] [stdout]     src/macros/mod.rs - macros::syscall (line 14)
[INFO] [stdout] 
[INFO] [stdout] test result: FAILED. 0 passed; 3 failed; 0 ignored; 0 measured; 0 filtered out; finished in 0.15s
[INFO] [stdout] 
[INFO] running `Command { std: "docker" "inspect" "1a54736a2105577de81416e3ab44d53a3d52625a8a468289e484f1425a886ff1", kill_on_drop: false }`
[INFO] running `Command { std: "docker" "rm" "-f" "1a54736a2105577de81416e3ab44d53a3d52625a8a468289e484f1425a886ff1", kill_on_drop: false }`
[INFO] [stdout] 1a54736a2105577de81416e3ab44d53a3d52625a8a468289e484f1425a886ff1
