[INFO] fetching crate limine-protocol 0.5.0...
[INFO] testing limine-protocol-0.5.0 against 1.75.0 for beta-1.76-1
[INFO] extracting crate limine-protocol 0.5.0 into /workspace/builds/worker-4-tc1/source
[INFO] validating manifest of crates.io crate limine-protocol 0.5.0 on toolchain 1.75.0
[INFO] running `Command { std: CARGO_HOME="/workspace/cargo-home" RUSTUP_HOME="/workspace/rustup-home" "/workspace/cargo-home/bin/cargo" "+1.75.0" "metadata" "--manifest-path" "Cargo.toml" "--no-deps", kill_on_drop: false }`
[INFO] removed /workspace/builds/worker-4-tc1/source/rust-toolchain.toml
[INFO] started tweaking crates.io crate limine-protocol 0.5.0
[INFO] finished tweaking crates.io crate limine-protocol 0.5.0
[INFO] tweaked toml for crates.io crate limine-protocol 0.5.0 written to /workspace/builds/worker-4-tc1/source/Cargo.toml
[INFO] running `Command { std: CARGO_HOME="/workspace/cargo-home" RUSTUP_HOME="/workspace/rustup-home" "/workspace/cargo-home/bin/cargo" "+1.75.0" "generate-lockfile" "--manifest-path" "Cargo.toml", kill_on_drop: false }`
[INFO] running `Command { std: CARGO_HOME="/workspace/cargo-home" RUSTUP_HOME="/workspace/rustup-home" "/workspace/cargo-home/bin/cargo" "+1.75.0" "fetch" "--manifest-path" "Cargo.toml", kill_on_drop: false }`
[INFO] running `Command { std: "docker" "create" "-v" "/var/lib/crater-agent-workspace/builds/worker-4-tc1/target:/opt/rustwide/target:rw,Z" "-v" "/var/lib/crater-agent-workspace/builds/worker-4-tc1/source:/opt/rustwide/workdir:ro,Z" "-v" "/var/lib/crater-agent-workspace/cargo-home:/opt/rustwide/cargo-home:ro,Z" "-v" "/var/lib/crater-agent-workspace/rustup-home:/opt/rustwide/rustup-home:ro,Z" "-e" "SOURCE_DIR=/opt/rustwide/workdir" "-e" "CARGO_TARGET_DIR=/opt/rustwide/target" "-e" "CARGO_HOME=/opt/rustwide/cargo-home" "-e" "RUSTUP_HOME=/opt/rustwide/rustup-home" "-w" "/opt/rustwide/workdir" "-m" "1610612736" "--user" "0:0" "--network" "none" "ghcr.io/rust-lang/crates-build-env/linux@sha256:2788e3201cd34a07e3172128adcd8b3090168a8e3bcc40d7c032b9dda1df7d1c" "/opt/rustwide/cargo-home/bin/cargo" "+1.75.0" "metadata" "--no-deps" "--format-version=1", kill_on_drop: false }`
[INFO] [stdout] ad703af94a24322eb7d9133975f7607c3d50b27151dc12073d18a8cf48033788
[INFO] running `Command { std: "docker" "start" "-a" "ad703af94a24322eb7d9133975f7607c3d50b27151dc12073d18a8cf48033788", kill_on_drop: false }`
[INFO] running `Command { std: "docker" "inspect" "ad703af94a24322eb7d9133975f7607c3d50b27151dc12073d18a8cf48033788", kill_on_drop: false }`
[INFO] running `Command { std: "docker" "rm" "-f" "ad703af94a24322eb7d9133975f7607c3d50b27151dc12073d18a8cf48033788", kill_on_drop: false }`
[INFO] [stdout] ad703af94a24322eb7d9133975f7607c3d50b27151dc12073d18a8cf48033788
[INFO] running `Command { std: "docker" "create" "-v" "/var/lib/crater-agent-workspace/builds/worker-4-tc1/target:/opt/rustwide/target:rw,Z" "-v" "/var/lib/crater-agent-workspace/builds/worker-4-tc1/source:/opt/rustwide/workdir:ro,Z" "-v" "/var/lib/crater-agent-workspace/cargo-home:/opt/rustwide/cargo-home:ro,Z" "-v" "/var/lib/crater-agent-workspace/rustup-home:/opt/rustwide/rustup-home:ro,Z" "-e" "SOURCE_DIR=/opt/rustwide/workdir" "-e" "CARGO_TARGET_DIR=/opt/rustwide/target" "-e" "CARGO_INCREMENTAL=0" "-e" "RUST_BACKTRACE=full" "-e" "RUSTFLAGS=--cap-lints=warn" "-e" "RUSTDOCFLAGS=--cap-lints=warn" "-e" "CARGO_HOME=/opt/rustwide/cargo-home" "-e" "RUSTUP_HOME=/opt/rustwide/rustup-home" "-w" "/opt/rustwide/workdir" "-m" "1610612736" "--user" "0:0" "--network" "none" "ghcr.io/rust-lang/crates-build-env/linux@sha256:2788e3201cd34a07e3172128adcd8b3090168a8e3bcc40d7c032b9dda1df7d1c" "/opt/rustwide/cargo-home/bin/cargo" "+1.75.0" "build" "--frozen" "--message-format=json", kill_on_drop: false }`
[INFO] [stdout] 7e17e72a00ea46776306994572a174e13355b43779c50d41af8ecf7f8514d132
[INFO] running `Command { std: "docker" "start" "-a" "7e17e72a00ea46776306994572a174e13355b43779c50d41af8ecf7f8514d132", kill_on_drop: false }`
[INFO] [stderr]    Compiling limine-protocol v0.5.0 (/opt/rustwide/workdir)
[INFO] [stderr]     Finished dev [unoptimized + debuginfo] target(s) in 0.12s
[INFO] running `Command { std: "docker" "inspect" "7e17e72a00ea46776306994572a174e13355b43779c50d41af8ecf7f8514d132", kill_on_drop: false }`
[INFO] running `Command { std: "docker" "rm" "-f" "7e17e72a00ea46776306994572a174e13355b43779c50d41af8ecf7f8514d132", kill_on_drop: false }`
[INFO] [stdout] 7e17e72a00ea46776306994572a174e13355b43779c50d41af8ecf7f8514d132
[INFO] running `Command { std: "docker" "create" "-v" "/var/lib/crater-agent-workspace/builds/worker-4-tc1/target:/opt/rustwide/target:rw,Z" "-v" "/var/lib/crater-agent-workspace/builds/worker-4-tc1/source:/opt/rustwide/workdir:ro,Z" "-v" "/var/lib/crater-agent-workspace/cargo-home:/opt/rustwide/cargo-home:ro,Z" "-v" "/var/lib/crater-agent-workspace/rustup-home:/opt/rustwide/rustup-home:ro,Z" "-e" "SOURCE_DIR=/opt/rustwide/workdir" "-e" "CARGO_TARGET_DIR=/opt/rustwide/target" "-e" "CARGO_INCREMENTAL=0" "-e" "RUST_BACKTRACE=full" "-e" "RUSTFLAGS=--cap-lints=warn" "-e" "RUSTDOCFLAGS=--cap-lints=warn" "-e" "CARGO_HOME=/opt/rustwide/cargo-home" "-e" "RUSTUP_HOME=/opt/rustwide/rustup-home" "-w" "/opt/rustwide/workdir" "-m" "1610612736" "--user" "0:0" "--network" "none" "ghcr.io/rust-lang/crates-build-env/linux@sha256:2788e3201cd34a07e3172128adcd8b3090168a8e3bcc40d7c032b9dda1df7d1c" "/opt/rustwide/cargo-home/bin/cargo" "+1.75.0" "test" "--frozen" "--no-run" "--message-format=json", kill_on_drop: false }`
[INFO] [stdout] 30658b9df9fafcf8da04b472c7cb4e2d0df41439fb8c2812595930b3a5042305
[INFO] running `Command { std: "docker" "start" "-a" "30658b9df9fafcf8da04b472c7cb4e2d0df41439fb8c2812595930b3a5042305", kill_on_drop: false }`
[INFO] [stderr]    Compiling limine-protocol v0.5.0 (/opt/rustwide/workdir)
[INFO] [stderr]     Finished test [unoptimized + debuginfo] target(s) in 0.30s
[INFO] running `Command { std: "docker" "inspect" "30658b9df9fafcf8da04b472c7cb4e2d0df41439fb8c2812595930b3a5042305", kill_on_drop: false }`
[INFO] running `Command { std: "docker" "rm" "-f" "30658b9df9fafcf8da04b472c7cb4e2d0df41439fb8c2812595930b3a5042305", kill_on_drop: false }`
[INFO] [stdout] 30658b9df9fafcf8da04b472c7cb4e2d0df41439fb8c2812595930b3a5042305
[INFO] running `Command { std: "docker" "create" "-v" "/var/lib/crater-agent-workspace/builds/worker-4-tc1/target:/opt/rustwide/target:rw,Z" "-v" "/var/lib/crater-agent-workspace/builds/worker-4-tc1/source:/opt/rustwide/workdir:ro,Z" "-v" "/var/lib/crater-agent-workspace/cargo-home:/opt/rustwide/cargo-home:ro,Z" "-v" "/var/lib/crater-agent-workspace/rustup-home:/opt/rustwide/rustup-home:ro,Z" "-e" "SOURCE_DIR=/opt/rustwide/workdir" "-e" "CARGO_TARGET_DIR=/opt/rustwide/target" "-e" "CARGO_INCREMENTAL=0" "-e" "RUST_BACKTRACE=full" "-e" "RUSTFLAGS=--cap-lints=warn" "-e" "RUSTDOCFLAGS=--cap-lints=warn" "-e" "CARGO_HOME=/opt/rustwide/cargo-home" "-e" "RUSTUP_HOME=/opt/rustwide/rustup-home" "-w" "/opt/rustwide/workdir" "-m" "1610612736" "--user" "0:0" "--network" "none" "ghcr.io/rust-lang/crates-build-env/linux@sha256:2788e3201cd34a07e3172128adcd8b3090168a8e3bcc40d7c032b9dda1df7d1c" "/opt/rustwide/cargo-home/bin/cargo" "+1.75.0" "test" "--frozen", kill_on_drop: false }`
[INFO] [stdout] a74a34151c131e4b5afaf0dadd7fba0201d7e98b90660b6f190e7463a94d8ae1
[INFO] running `Command { std: "docker" "start" "-a" "a74a34151c131e4b5afaf0dadd7fba0201d7e98b90660b6f190e7463a94d8ae1", kill_on_drop: false }`
[INFO] [stderr]     Finished test [unoptimized + debuginfo] target(s) in 0.00s
[INFO] [stderr]      Running unittests src/lib.rs (/opt/rustwide/target/debug/deps/limine_protocol-f67e10e7de55608a)
[INFO] [stdout] 
[INFO] [stdout] running 6 tests
[INFO] [stdout] test tests::framebuffer_get_slice ... ok
[INFO] [stdout] test tests::smpinfo_get_slice ... ok
[INFO] [stdout] test tests::framebuffer_none_when_null ... ok
[INFO] [stdout] test tests::smpinfo_none_when_null ... ok
[INFO] [stdout] test tests::terminal_get_slice ... ok
[INFO] [stdout] test tests::terminal_none_when_null ... ok
[INFO] [stdout] 
[INFO] [stdout] test result: ok. 6 passed; 0 failed; 0 ignored; 0 measured; 0 filtered out; finished in 0.00s
[INFO] [stdout] 
[INFO] [stderr]    Doc-tests limine-protocol
[INFO] [stdout] 
[INFO] [stdout] running 4 tests
[INFO] [stdout] test src/requests/mod.rs - requests::limine_request (line 7) ... FAILED
[INFO] [stdout] test src/lib.rs - (line 16) ... FAILED
[INFO] [stdout] test src/lib.rs - (line 5) ... FAILED
[INFO] [stdout] test src/requests/mod.rs - requests::limine_request (line 27) ... ok
[INFO] [stdout] 
[INFO] [stdout] failures:
[INFO] [stdout] 
[INFO] [stdout] ---- src/requests/mod.rs - requests::limine_request (line 7) stdout ----
[INFO] [stdout] error[E0624]: associated function `new` is private
[INFO] [stdout]   --> src/requests/mod.rs:19:1
[INFO] [stdout]    |
[INFO] [stdout] 15 | / limine_request! {
[INFO] [stdout] 16 | |     /// A test limine request, being public isn't required    
[INFO] [stdout] 17 | |     pub struct TestRequest: [0xdead, 0xbeef] {
[INFO] [stdout] 18 | |         /// The response
[INFO] [stdout] 19 | |         pub response: Option<NonNull<TestResponse>>,
[INFO] [stdout] 20 | |     }
[INFO] [stdout] 21 | | }
[INFO] [stdout]    | |_^ private associated function
[INFO] [stdout]    |
[INFO] [stdout]   ::: /opt/rustwide/workdir/src/lib.rs:55:5
[INFO] [stdout]    |
[INFO] [stdout] 55 |       pub(crate) const fn new(req: T) -> Self {
[INFO] [stdout]    |       --------------------------------------- private associated function defined here
[INFO] [stdout]    |
[INFO] [stdout]    = note: this error originates in the macro `limine_request` (in Nightly builds, run with -Z macro-backtrace for more info)
[INFO] [stdout] 
[INFO] [stdout] error: aborting due to previous error
[INFO] [stdout] 
[INFO] [stdout] For more information about this error, try `rustc --explain E0624`.
[INFO] [stdout] Couldn't compile the test.
[INFO] [stdout] ---- src/lib.rs - (line 16) stdout ----
[INFO] [stdout] error[E0425]: cannot find value `STACK_REQUEST` in this scope
[INFO] [stdout]   --> src/lib.rs:31:47
[INFO] [stdout]    |
[INFO] [stdout] 17 | static ARR: [NotSync<*mut ()>; 1] = [NotSync(&STACK_REQUEST as *const _ as *mut ())];
[INFO] [stdout]    |                                               ^^^^^^^^^^^^^ not found in this scope
[INFO] [stdout] 
[INFO] [stdout] error: aborting due to previous error
[INFO] [stdout] 
[INFO] [stdout] For more information about this error, try `rustc --explain E0425`.
[INFO] [stdout] Couldn't compile the test.
[INFO] [stdout] ---- src/lib.rs - (line 5) stdout ----
[INFO] [stdout] error[E0412]: cannot find type `Request` in this scope
[INFO] [stdout]  --> src/lib.rs:8:23
[INFO] [stdout]   |
[INFO] [stdout] 5 | static STACK_REQUEST: Request<StackSizeRequest> = StackSizeRequest {
[INFO] [stdout]   |                       ^^^^^^^ not found in this scope
[INFO] [stdout]   |
[INFO] [stdout] help: consider importing one of these items
[INFO] [stdout]   |
[INFO] [stdout] 3 + use core::error::Request;
[INFO] [stdout]   |
[INFO] [stdout] 3 + use limine_protocol::Request;
[INFO] [stdout]   |
[INFO] [stdout] 3 + use std::error::Request;
[INFO] [stdout]   |
[INFO] [stdout] 
[INFO] [stdout] error[E0412]: cannot find type `StackSizeRequest` in this scope
[INFO] [stdout]  --> src/lib.rs:8:31
[INFO] [stdout]   |
[INFO] [stdout] 5 | static STACK_REQUEST: Request<StackSizeRequest> = StackSizeRequest {
[INFO] [stdout]   |                               ^^^^^^^^^^^^^^^^ not found in this scope
[INFO] [stdout]   |
[INFO] [stdout] help: consider importing this struct
[INFO] [stdout]   |
[INFO] [stdout] 3 + use limine_protocol::StackSizeRequest;
[INFO] [stdout]   |
[INFO] [stdout] 
[INFO] [stdout] error[E0422]: cannot find struct, variant or union type `StackSizeRequest` in this scope
[INFO] [stdout]  --> src/lib.rs:8:51
[INFO] [stdout]   |
[INFO] [stdout] 5 | static STACK_REQUEST: Request<StackSizeRequest> = StackSizeRequest {
[INFO] [stdout]   |                                                   ^^^^^^^^^^^^^^^^ not found in this scope
[INFO] [stdout]   |
[INFO] [stdout] help: consider importing this struct
[INFO] [stdout]   |
[INFO] [stdout] 3 + use limine_protocol::StackSizeRequest;
[INFO] [stdout]   |
[INFO] [stdout] 
[INFO] [stdout] error[E0433]: failed to resolve: use of undeclared type `StackSizeRequest`
[INFO] [stdout]  --> src/lib.rs:10:6
[INFO] [stdout]   |
[INFO] [stdout] 7 |    ..StackSizeRequest::default()
[INFO] [stdout]   |      ^^^^^^^^^^^^^^^^ use of undeclared type `StackSizeRequest`
[INFO] [stdout]   |
[INFO] [stdout] help: consider importing this struct
[INFO] [stdout]   |
[INFO] [stdout] 3 + use limine_protocol::StackSizeRequest;
[INFO] [stdout]   |
[INFO] [stdout] 
[INFO] [stdout] error: aborting due to 4 previous errors
[INFO] [stdout] 
[INFO] [stdout] Some errors have detailed explanations: E0412, E0422, E0433.
[INFO] [stdout] For more information about an error, try `rustc --explain E0412`.
[INFO] [stdout] Couldn't compile the test.
[INFO] [stdout] 
[INFO] [stdout] failures:
[INFO] [stdout]     src/lib.rs - (line 16)
[INFO] [stdout]     src/lib.rs - (line 5)
[INFO] [stdout]     src/requests/mod.rs - requests::limine_request (line 7)
[INFO] [stdout] 
[INFO] [stdout] test result: FAILED. 1 passed; 3 failed; 0 ignored; 0 measured; 0 filtered out; finished in 0.14s
[INFO] [stdout] 
[INFO] [stderr] error: doctest failed, to rerun pass `--doc`
[INFO] running `Command { std: "docker" "inspect" "a74a34151c131e4b5afaf0dadd7fba0201d7e98b90660b6f190e7463a94d8ae1", kill_on_drop: false }`
[INFO] running `Command { std: "docker" "rm" "-f" "a74a34151c131e4b5afaf0dadd7fba0201d7e98b90660b6f190e7463a94d8ae1", kill_on_drop: false }`
[INFO] [stdout] a74a34151c131e4b5afaf0dadd7fba0201d7e98b90660b6f190e7463a94d8ae1
[INFO] testing limine-protocol-0.5.0 against beta-2023-12-22 for beta-1.76-1
[INFO] extracting crate limine-protocol 0.5.0 into /workspace/builds/worker-4-tc2/source
[INFO] validating manifest of crates.io crate limine-protocol 0.5.0 on toolchain beta-2023-12-22
[INFO] running `Command { std: CARGO_HOME="/workspace/cargo-home" RUSTUP_HOME="/workspace/rustup-home" "/workspace/cargo-home/bin/cargo" "+beta-2023-12-22" "metadata" "--manifest-path" "Cargo.toml" "--no-deps", kill_on_drop: false }`
[INFO] removed /workspace/builds/worker-4-tc2/source/rust-toolchain.toml
[INFO] started tweaking crates.io crate limine-protocol 0.5.0
[INFO] finished tweaking crates.io crate limine-protocol 0.5.0
[INFO] tweaked toml for crates.io crate limine-protocol 0.5.0 written to /workspace/builds/worker-4-tc2/source/Cargo.toml
[INFO] running `Command { std: CARGO_HOME="/workspace/cargo-home" RUSTUP_HOME="/workspace/rustup-home" "/workspace/cargo-home/bin/cargo" "+beta-2023-12-22" "generate-lockfile" "--manifest-path" "Cargo.toml", kill_on_drop: false }`
[INFO] running `Command { std: CARGO_HOME="/workspace/cargo-home" RUSTUP_HOME="/workspace/rustup-home" "/workspace/cargo-home/bin/cargo" "+beta-2023-12-22" "fetch" "--manifest-path" "Cargo.toml", kill_on_drop: false }`
[INFO] running `Command { std: "docker" "create" "-v" "/var/lib/crater-agent-workspace/builds/worker-4-tc2/target:/opt/rustwide/target:rw,Z" "-v" "/var/lib/crater-agent-workspace/builds/worker-4-tc2/source:/opt/rustwide/workdir:ro,Z" "-v" "/var/lib/crater-agent-workspace/cargo-home:/opt/rustwide/cargo-home:ro,Z" "-v" "/var/lib/crater-agent-workspace/rustup-home:/opt/rustwide/rustup-home:ro,Z" "-e" "SOURCE_DIR=/opt/rustwide/workdir" "-e" "CARGO_TARGET_DIR=/opt/rustwide/target" "-e" "CARGO_HOME=/opt/rustwide/cargo-home" "-e" "RUSTUP_HOME=/opt/rustwide/rustup-home" "-w" "/opt/rustwide/workdir" "-m" "1610612736" "--user" "0:0" "--network" "none" "ghcr.io/rust-lang/crates-build-env/linux@sha256:2788e3201cd34a07e3172128adcd8b3090168a8e3bcc40d7c032b9dda1df7d1c" "/opt/rustwide/cargo-home/bin/cargo" "+beta-2023-12-22" "metadata" "--no-deps" "--format-version=1", kill_on_drop: false }`
[INFO] [stdout] 7f90e342d44cd7219c1b147c5354af89ffb736e263ba5352f233a155f57b6bb3
[INFO] running `Command { std: "docker" "start" "-a" "7f90e342d44cd7219c1b147c5354af89ffb736e263ba5352f233a155f57b6bb3", kill_on_drop: false }`
[INFO] running `Command { std: "docker" "inspect" "7f90e342d44cd7219c1b147c5354af89ffb736e263ba5352f233a155f57b6bb3", kill_on_drop: false }`
[INFO] running `Command { std: "docker" "rm" "-f" "7f90e342d44cd7219c1b147c5354af89ffb736e263ba5352f233a155f57b6bb3", kill_on_drop: false }`
[INFO] [stdout] 7f90e342d44cd7219c1b147c5354af89ffb736e263ba5352f233a155f57b6bb3
[INFO] running `Command { std: "docker" "create" "-v" "/var/lib/crater-agent-workspace/builds/worker-4-tc2/target:/opt/rustwide/target:rw,Z" "-v" "/var/lib/crater-agent-workspace/builds/worker-4-tc2/source:/opt/rustwide/workdir:ro,Z" "-v" "/var/lib/crater-agent-workspace/cargo-home:/opt/rustwide/cargo-home:ro,Z" "-v" "/var/lib/crater-agent-workspace/rustup-home:/opt/rustwide/rustup-home:ro,Z" "-e" "SOURCE_DIR=/opt/rustwide/workdir" "-e" "CARGO_TARGET_DIR=/opt/rustwide/target" "-e" "CARGO_INCREMENTAL=0" "-e" "RUST_BACKTRACE=full" "-e" "RUSTFLAGS=--cap-lints=warn" "-e" "RUSTDOCFLAGS=--cap-lints=warn" "-e" "CARGO_HOME=/opt/rustwide/cargo-home" "-e" "RUSTUP_HOME=/opt/rustwide/rustup-home" "-w" "/opt/rustwide/workdir" "-m" "1610612736" "--user" "0:0" "--network" "none" "ghcr.io/rust-lang/crates-build-env/linux@sha256:2788e3201cd34a07e3172128adcd8b3090168a8e3bcc40d7c032b9dda1df7d1c" "/opt/rustwide/cargo-home/bin/cargo" "+beta-2023-12-22" "build" "--frozen" "--message-format=json", kill_on_drop: false }`
[INFO] [stdout] 1e90164910f0ee367e06c3ef83cc8a36a9855c66734df5138f09de79fe820f81
[INFO] running `Command { std: "docker" "start" "-a" "1e90164910f0ee367e06c3ef83cc8a36a9855c66734df5138f09de79fe820f81", kill_on_drop: false }`
[INFO] [stderr]    Compiling limine-protocol v0.5.0 (/opt/rustwide/workdir)
[INFO] [stderr]     Finished dev [unoptimized + debuginfo] target(s) in 0.12s
[INFO] running `Command { std: "docker" "inspect" "1e90164910f0ee367e06c3ef83cc8a36a9855c66734df5138f09de79fe820f81", kill_on_drop: false }`
[INFO] running `Command { std: "docker" "rm" "-f" "1e90164910f0ee367e06c3ef83cc8a36a9855c66734df5138f09de79fe820f81", kill_on_drop: false }`
[INFO] [stdout] 1e90164910f0ee367e06c3ef83cc8a36a9855c66734df5138f09de79fe820f81
[INFO] running `Command { std: "docker" "create" "-v" "/var/lib/crater-agent-workspace/builds/worker-4-tc2/target:/opt/rustwide/target:rw,Z" "-v" "/var/lib/crater-agent-workspace/builds/worker-4-tc2/source:/opt/rustwide/workdir:ro,Z" "-v" "/var/lib/crater-agent-workspace/cargo-home:/opt/rustwide/cargo-home:ro,Z" "-v" "/var/lib/crater-agent-workspace/rustup-home:/opt/rustwide/rustup-home:ro,Z" "-e" "SOURCE_DIR=/opt/rustwide/workdir" "-e" "CARGO_TARGET_DIR=/opt/rustwide/target" "-e" "CARGO_INCREMENTAL=0" "-e" "RUST_BACKTRACE=full" "-e" "RUSTFLAGS=--cap-lints=warn" "-e" "RUSTDOCFLAGS=--cap-lints=warn" "-e" "CARGO_HOME=/opt/rustwide/cargo-home" "-e" "RUSTUP_HOME=/opt/rustwide/rustup-home" "-w" "/opt/rustwide/workdir" "-m" "1610612736" "--user" "0:0" "--network" "none" "ghcr.io/rust-lang/crates-build-env/linux@sha256:2788e3201cd34a07e3172128adcd8b3090168a8e3bcc40d7c032b9dda1df7d1c" "/opt/rustwide/cargo-home/bin/cargo" "+beta-2023-12-22" "test" "--frozen" "--no-run" "--message-format=json", kill_on_drop: false }`
[INFO] [stdout] 2b255f42152c036d3e7d5534333df06015b1f6bf15449bb4c2ea58cf04274134
[INFO] running `Command { std: "docker" "start" "-a" "2b255f42152c036d3e7d5534333df06015b1f6bf15449bb4c2ea58cf04274134", kill_on_drop: false }`
[INFO] [stderr]    Compiling limine-protocol v0.5.0 (/opt/rustwide/workdir)
[INFO] [stderr]     Finished test [unoptimized + debuginfo] target(s) in 0.30s
[INFO] running `Command { std: "docker" "inspect" "2b255f42152c036d3e7d5534333df06015b1f6bf15449bb4c2ea58cf04274134", kill_on_drop: false }`
[INFO] running `Command { std: "docker" "rm" "-f" "2b255f42152c036d3e7d5534333df06015b1f6bf15449bb4c2ea58cf04274134", kill_on_drop: false }`
[INFO] [stdout] 2b255f42152c036d3e7d5534333df06015b1f6bf15449bb4c2ea58cf04274134
[INFO] running `Command { std: "docker" "create" "-v" "/var/lib/crater-agent-workspace/builds/worker-4-tc2/target:/opt/rustwide/target:rw,Z" "-v" "/var/lib/crater-agent-workspace/builds/worker-4-tc2/source:/opt/rustwide/workdir:ro,Z" "-v" "/var/lib/crater-agent-workspace/cargo-home:/opt/rustwide/cargo-home:ro,Z" "-v" "/var/lib/crater-agent-workspace/rustup-home:/opt/rustwide/rustup-home:ro,Z" "-e" "SOURCE_DIR=/opt/rustwide/workdir" "-e" "CARGO_TARGET_DIR=/opt/rustwide/target" "-e" "CARGO_INCREMENTAL=0" "-e" "RUST_BACKTRACE=full" "-e" "RUSTFLAGS=--cap-lints=warn" "-e" "RUSTDOCFLAGS=--cap-lints=warn" "-e" "CARGO_HOME=/opt/rustwide/cargo-home" "-e" "RUSTUP_HOME=/opt/rustwide/rustup-home" "-w" "/opt/rustwide/workdir" "-m" "1610612736" "--user" "0:0" "--network" "none" "ghcr.io/rust-lang/crates-build-env/linux@sha256:2788e3201cd34a07e3172128adcd8b3090168a8e3bcc40d7c032b9dda1df7d1c" "/opt/rustwide/cargo-home/bin/cargo" "+beta-2023-12-22" "test" "--frozen", kill_on_drop: false }`
[INFO] [stdout] 6bc95fd6974c29da22ca3df5abef166400b5bba93d88f7e87032cedf99fb7f5a
[INFO] running `Command { std: "docker" "start" "-a" "6bc95fd6974c29da22ca3df5abef166400b5bba93d88f7e87032cedf99fb7f5a", kill_on_drop: false }`
[INFO] [stderr]     Finished test [unoptimized + debuginfo] target(s) in 0.00s
[INFO] [stderr]      Running unittests src/lib.rs (/opt/rustwide/target/debug/deps/limine_protocol-7a57a0ec53c25e4c)
[INFO] [stdout] 
[INFO] [stdout] running 6 tests
[INFO] [stdout] test tests::smpinfo_get_slice ... ok
[INFO] [stdout] test tests::framebuffer_none_when_null ... ok
[INFO] [stdout] test tests::framebuffer_get_slice ... ok
[INFO] [stdout] test tests::smpinfo_none_when_null ... ok
[INFO] [stdout] test tests::terminal_get_slice ... ok
[INFO] [stdout] test tests::terminal_none_when_null ... ok
[INFO] [stdout] 
[INFO] [stdout] test result: ok. 6 passed; 0 failed; 0 ignored; 0 measured; 0 filtered out; finished in 0.00s
[INFO] [stdout] 
[INFO] [stderr]    Doc-tests limine-protocol
[INFO] [stdout] 
[INFO] [stdout] running 4 tests
[INFO] [stdout] test src/requests/mod.rs - requests::limine_request (line 7) ... FAILED
[INFO] [stdout] test src/lib.rs - (line 16) ... FAILED
[INFO] [stdout] test src/lib.rs - (line 5) ... FAILED
[INFO] [stdout] test src/requests/mod.rs - requests::limine_request (line 27) ... ok
[INFO] [stdout] 
[INFO] [stdout] failures:
[INFO] [stdout] 
[INFO] [stdout] ---- src/requests/mod.rs - requests::limine_request (line 7) stdout ----
[INFO] [stdout] error[E0624]: associated function `new` is private
[INFO] [stdout]   --> src/requests/mod.rs:19:1
[INFO] [stdout]    |
[INFO] [stdout] 15 | / limine_request! {
[INFO] [stdout] 16 | |     /// A test limine request, being public isn't required    
[INFO] [stdout] 17 | |     pub struct TestRequest: [0xdead, 0xbeef] {
[INFO] [stdout] 18 | |         /// The response
[INFO] [stdout] 19 | |         pub response: Option<NonNull<TestResponse>>,
[INFO] [stdout] 20 | |     }
[INFO] [stdout] 21 | | }
[INFO] [stdout]    | |_^ private associated function
[INFO] [stdout]    |
[INFO] [stdout]   ::: /opt/rustwide/workdir/src/lib.rs:55:5
[INFO] [stdout]    |
[INFO] [stdout] 55 |       pub(crate) const fn new(req: T) -> Self {
[INFO] [stdout]    |       --------------------------------------- private associated function defined here
[INFO] [stdout]    |
[INFO] [stdout]    = note: this error originates in the macro `limine_request` (in Nightly builds, run with -Z macro-backtrace for more info)
[INFO] [stdout] 
[INFO] [stdout] error: aborting due to 1 previous error
[INFO] [stdout] 
[INFO] [stdout] For more information about this error, try `rustc --explain E0624`.
[INFO] [stdout] Couldn't compile the test.
[INFO] [stdout] ---- src/lib.rs - (line 16) stdout ----
[INFO] [stdout] error[E0425]: cannot find value `STACK_REQUEST` in this scope
[INFO] [stdout]   --> src/lib.rs:31:47
[INFO] [stdout]    |
[INFO] [stdout] 17 | static ARR: [NotSync<*mut ()>; 1] = [NotSync(&STACK_REQUEST as *const _ as *mut ())];
[INFO] [stdout]    |                                               ^^^^^^^^^^^^^ not found in this scope
[INFO] [stdout] 
[INFO] [stdout] error: aborting due to 1 previous error
[INFO] [stdout] 
[INFO] [stdout] For more information about this error, try `rustc --explain E0425`.
[INFO] [stdout] Couldn't compile the test.
[INFO] [stdout] ---- src/lib.rs - (line 5) stdout ----
[INFO] [stdout] error[E0412]: cannot find type `Request` in this scope
[INFO] [stdout]  --> src/lib.rs:8:23
[INFO] [stdout]   |
[INFO] [stdout] 5 | static STACK_REQUEST: Request<StackSizeRequest> = StackSizeRequest {
[INFO] [stdout]   |                       ^^^^^^^ not found in this scope
[INFO] [stdout]   |
[INFO] [stdout] help: consider importing one of these items
[INFO] [stdout]   |
[INFO] [stdout] 3 + use core::error::Request;
[INFO] [stdout]   |
[INFO] [stdout] 3 + use limine_protocol::Request;
[INFO] [stdout]   |
[INFO] [stdout] 3 + use std::error::Request;
[INFO] [stdout]   |
[INFO] [stdout] 
[INFO] [stdout] error[E0412]: cannot find type `StackSizeRequest` in this scope
[INFO] [stdout]  --> src/lib.rs:8:31
[INFO] [stdout]   |
[INFO] [stdout] 5 | static STACK_REQUEST: Request<StackSizeRequest> = StackSizeRequest {
[INFO] [stdout]   |                               ^^^^^^^^^^^^^^^^ not found in this scope
[INFO] [stdout]   |
[INFO] [stdout] help: consider importing this struct
[INFO] [stdout]   |
[INFO] [stdout] 3 + use limine_protocol::StackSizeRequest;
[INFO] [stdout]   |
[INFO] [stdout] 
[INFO] [stdout] error[E0422]: cannot find struct, variant or union type `StackSizeRequest` in this scope
[INFO] [stdout]  --> src/lib.rs:8:51
[INFO] [stdout]   |
[INFO] [stdout] 5 | static STACK_REQUEST: Request<StackSizeRequest> = StackSizeRequest {
[INFO] [stdout]   |                                                   ^^^^^^^^^^^^^^^^ not found in this scope
[INFO] [stdout]   |
[INFO] [stdout] help: consider importing this struct
[INFO] [stdout]   |
[INFO] [stdout] 3 + use limine_protocol::StackSizeRequest;
[INFO] [stdout]   |
[INFO] [stdout] 
[INFO] [stdout] error[E0433]: failed to resolve: use of undeclared type `StackSizeRequest`
[INFO] [stdout]  --> src/lib.rs:10:6
[INFO] [stdout]   |
[INFO] [stdout] 7 |    ..StackSizeRequest::default()
[INFO] [stdout]   |      ^^^^^^^^^^^^^^^^ use of undeclared type `StackSizeRequest`
[INFO] [stdout]   |
[INFO] [stdout] help: consider importing this struct
[INFO] [stdout]   |
[INFO] [stdout] 3 + use limine_protocol::StackSizeRequest;
[INFO] [stdout]   |
[INFO] [stdout] 
[INFO] [stdout] error: aborting due to 4 previous errors
[INFO] [stdout] 
[INFO] [stdout] Some errors have detailed explanations: E0412, E0422, E0433.
[INFO] [stdout] For more information about an error, try `rustc --explain E0412`.
[INFO] [stdout] Couldn't compile the test.
[INFO] [stdout] 
[INFO] [stdout] failures:
[INFO] [stdout]     src/lib.rs - (line 16)
[INFO] [stdout]     src/lib.rs - (line 5)
[INFO] [stdout]     src/requests/mod.rs - requests::limine_request (line 7)
[INFO] [stdout] 
[INFO] [stdout] test result: FAILED. 1 passed; 3 failed; 0 ignored; 0 measured; 0 filtered out; finished in 0.13s
[INFO] [stdout] 
[INFO] [stderr] error: doctest failed, to rerun pass `--doc`
[INFO] running `Command { std: "docker" "inspect" "6bc95fd6974c29da22ca3df5abef166400b5bba93d88f7e87032cedf99fb7f5a", kill_on_drop: false }`
[INFO] running `Command { std: "docker" "rm" "-f" "6bc95fd6974c29da22ca3df5abef166400b5bba93d88f7e87032cedf99fb7f5a", kill_on_drop: false }`
[INFO] [stdout] 6bc95fd6974c29da22ca3df5abef166400b5bba93d88f7e87032cedf99fb7f5a
