[INFO] fetching crate ligature-sqlite 0.1.0...
[INFO] testing ligature-sqlite-0.1.0 against 1.75.0 for beta-1.76-1
[INFO] extracting crate ligature-sqlite 0.1.0 into /workspace/builds/worker-3-tc1/source
[INFO] validating manifest of crates.io crate ligature-sqlite 0.1.0 on toolchain 1.75.0
[INFO] running `Command { std: CARGO_HOME="/workspace/cargo-home" RUSTUP_HOME="/workspace/rustup-home" "/workspace/cargo-home/bin/cargo" "+1.75.0" "metadata" "--manifest-path" "Cargo.toml" "--no-deps", kill_on_drop: false }`
[INFO] started tweaking crates.io crate ligature-sqlite 0.1.0
[INFO] finished tweaking crates.io crate ligature-sqlite 0.1.0
[INFO] tweaked toml for crates.io crate ligature-sqlite 0.1.0 written to /workspace/builds/worker-3-tc1/source/Cargo.toml
[INFO] running `Command { std: CARGO_HOME="/workspace/cargo-home" RUSTUP_HOME="/workspace/rustup-home" "/workspace/cargo-home/bin/cargo" "+1.75.0" "generate-lockfile" "--manifest-path" "Cargo.toml", kill_on_drop: false }`
[INFO] [stderr]     Updating crates.io index
[INFO] running `Command { std: CARGO_HOME="/workspace/cargo-home" RUSTUP_HOME="/workspace/rustup-home" "/workspace/cargo-home/bin/cargo" "+1.75.0" "fetch" "--manifest-path" "Cargo.toml", kill_on_drop: false }`
[INFO] [stderr]  Downloading crates ...
[INFO] [stderr]   Downloaded ligature v0.5.0
[INFO] running `Command { std: "docker" "create" "-v" "/var/lib/crater-agent-workspace/builds/worker-3-tc1/target:/opt/rustwide/target:rw,Z" "-v" "/var/lib/crater-agent-workspace/builds/worker-3-tc1/source:/opt/rustwide/workdir:ro,Z" "-v" "/var/lib/crater-agent-workspace/cargo-home:/opt/rustwide/cargo-home:ro,Z" "-v" "/var/lib/crater-agent-workspace/rustup-home:/opt/rustwide/rustup-home:ro,Z" "-e" "SOURCE_DIR=/opt/rustwide/workdir" "-e" "CARGO_TARGET_DIR=/opt/rustwide/target" "-e" "CARGO_HOME=/opt/rustwide/cargo-home" "-e" "RUSTUP_HOME=/opt/rustwide/rustup-home" "-w" "/opt/rustwide/workdir" "-m" "1610612736" "--user" "0:0" "--network" "none" "ghcr.io/rust-lang/crates-build-env/linux@sha256:2788e3201cd34a07e3172128adcd8b3090168a8e3bcc40d7c032b9dda1df7d1c" "/opt/rustwide/cargo-home/bin/cargo" "+1.75.0" "metadata" "--no-deps" "--format-version=1", kill_on_drop: false }`
[INFO] [stdout] a949070a0e15e8b3fb1d7cf2050a70ad07aaad667ba09632fffa6309c58c7d30
[INFO] running `Command { std: "docker" "start" "-a" "a949070a0e15e8b3fb1d7cf2050a70ad07aaad667ba09632fffa6309c58c7d30", kill_on_drop: false }`
[INFO] running `Command { std: "docker" "inspect" "a949070a0e15e8b3fb1d7cf2050a70ad07aaad667ba09632fffa6309c58c7d30", kill_on_drop: false }`
[INFO] running `Command { std: "docker" "rm" "-f" "a949070a0e15e8b3fb1d7cf2050a70ad07aaad667ba09632fffa6309c58c7d30", kill_on_drop: false }`
[INFO] [stdout] a949070a0e15e8b3fb1d7cf2050a70ad07aaad667ba09632fffa6309c58c7d30
[INFO] running `Command { std: "docker" "create" "-v" "/var/lib/crater-agent-workspace/builds/worker-3-tc1/target:/opt/rustwide/target:rw,Z" "-v" "/var/lib/crater-agent-workspace/builds/worker-3-tc1/source:/opt/rustwide/workdir:ro,Z" "-v" "/var/lib/crater-agent-workspace/cargo-home:/opt/rustwide/cargo-home:ro,Z" "-v" "/var/lib/crater-agent-workspace/rustup-home:/opt/rustwide/rustup-home:ro,Z" "-e" "SOURCE_DIR=/opt/rustwide/workdir" "-e" "CARGO_TARGET_DIR=/opt/rustwide/target" "-e" "CARGO_INCREMENTAL=0" "-e" "RUST_BACKTRACE=full" "-e" "RUSTFLAGS=--cap-lints=warn" "-e" "RUSTDOCFLAGS=--cap-lints=warn" "-e" "CARGO_HOME=/opt/rustwide/cargo-home" "-e" "RUSTUP_HOME=/opt/rustwide/rustup-home" "-w" "/opt/rustwide/workdir" "-m" "1610612736" "--user" "0:0" "--network" "none" "ghcr.io/rust-lang/crates-build-env/linux@sha256:2788e3201cd34a07e3172128adcd8b3090168a8e3bcc40d7c032b9dda1df7d1c" "/opt/rustwide/cargo-home/bin/cargo" "+1.75.0" "build" "--frozen" "--message-format=json", kill_on_drop: false }`
[INFO] [stdout] 25c13b25fca70fc5c4ca524ae8198a34857eb1712e4236dc1c44035932ddff16
[INFO] running `Command { std: "docker" "start" "-a" "25c13b25fca70fc5c4ca524ae8198a34857eb1712e4236dc1c44035932ddff16", kill_on_drop: false }`
[INFO] [stderr]    Compiling once_cell v1.19.0
[INFO] [stderr]    Compiling fallible-iterator v0.2.0
[INFO] [stderr]    Compiling fallible-streaming-iterator v0.1.9
[INFO] [stderr]    Compiling ahash v0.7.7
[INFO] [stderr]    Compiling libsqlite3-sys v0.22.2
[INFO] [stderr]    Compiling getrandom v0.2.11
[INFO] [stderr]    Compiling uuid v0.8.2
[INFO] [stderr]    Compiling hashbrown v0.11.2
[INFO] [stderr]    Compiling ligature v0.5.0
[INFO] [stderr]    Compiling hashlink v0.7.0
[INFO] [stderr]    Compiling rusqlite v0.25.4
[INFO] [stderr]    Compiling ligature-sqlite v0.1.0 (/opt/rustwide/workdir)
[INFO] [stdout] warning: unused variable: `path`
[INFO] [stdout]   --> src/lib.rs:18:28
[INFO] [stdout]    |
[INFO] [stdout] 18 |     fn create_or_open_file(path: String) -> LigatureSQLite {
[INFO] [stdout]    |                            ^^^^ help: if this is intentional, prefix it with an underscore: `_path`
[INFO] [stdout]    |
[INFO] [stdout]    = note: `#[warn(unused_variables)]` on by default
[INFO] [stdout] 
[INFO] [stdout] 
[INFO] [stdout] warning: unused variable: `dataset`
[INFO] [stdout]   --> src/lib.rs:32:30
[INFO] [stdout]    |
[INFO] [stdout] 32 |     fn dataset_exists(&self, dataset: &Dataset) -> Result<bool, LigatureError> {
[INFO] [stdout]    |                              ^^^^^^^ help: if this is intentional, prefix it with an underscore: `_dataset`
[INFO] [stdout] 
[INFO] [stdout] 
[INFO] [stdout] warning: unused variable: `prefix`
[INFO] [stdout]   --> src/lib.rs:36:37
[INFO] [stdout]    |
[INFO] [stdout] 36 |     fn match_datasets_prefix(&self, prefix: &str) -> Box<dyn Iterator<Item=Result<Dataset, LigatureError>>> {
[INFO] [stdout]    |                                     ^^^^^^ help: if this is intentional, prefix it with an underscore: `_prefix`
[INFO] [stdout] 
[INFO] [stdout] 
[INFO] [stdout] warning: unused variable: `start`
[INFO] [stdout]   --> src/lib.rs:40:36
[INFO] [stdout]    |
[INFO] [stdout] 40 |     fn match_datasets_range(&self, start: &str, end: &str) -> Box<dyn Iterator<Item=Result<Dataset, LigatureError>>> {
[INFO] [stdout]    |                                    ^^^^^ help: if this is intentional, prefix it with an underscore: `_start`
[INFO] [stdout] 
[INFO] [stdout] 
[INFO] [stdout] warning: unused variable: `end`
[INFO] [stdout]   --> src/lib.rs:40:49
[INFO] [stdout]    |
[INFO] [stdout] 40 |     fn match_datasets_range(&self, start: &str, end: &str) -> Box<dyn Iterator<Item=Result<Dataset, LigatureError>>> {
[INFO] [stdout]    |                                                 ^^^ help: if this is intentional, prefix it with an underscore: `_end`
[INFO] [stdout] 
[INFO] [stdout] 
[INFO] [stdout] warning: unused variable: `dataset`
[INFO] [stdout]   --> src/lib.rs:44:30
[INFO] [stdout]    |
[INFO] [stdout] 44 |     fn create_dataset(&self, dataset: &Dataset) -> Result<(), LigatureError> {
[INFO] [stdout]    |                              ^^^^^^^ help: if this is intentional, prefix it with an underscore: `_dataset`
[INFO] [stdout] 
[INFO] [stdout] 
[INFO] [stdout] warning: unused variable: `dataset`
[INFO] [stdout]   --> src/lib.rs:48:30
[INFO] [stdout]    |
[INFO] [stdout] 48 |     fn delete_dataset(&self, dataset: &Dataset) -> Result<(), LigatureError> {
[INFO] [stdout]    |                              ^^^^^^^ help: if this is intentional, prefix it with an underscore: `_dataset`
[INFO] [stdout] 
[INFO] [stdout] 
[INFO] [stdout] warning: unused variable: `dataset`
[INFO] [stdout]   --> src/lib.rs:52:24
[INFO] [stdout]    |
[INFO] [stdout] 52 |     fn query<T>(&self, dataset: &Dataset, f: QueryFn<T>) -> Result<T, LigatureError> {
[INFO] [stdout]    |                        ^^^^^^^ help: if this is intentional, prefix it with an underscore: `_dataset`
[INFO] [stdout] 
[INFO] [stdout] 
[INFO] [stdout] warning: unused variable: `f`
[INFO] [stdout]   --> src/lib.rs:52:43
[INFO] [stdout]    |
[INFO] [stdout] 52 |     fn query<T>(&self, dataset: &Dataset, f: QueryFn<T>) -> Result<T, LigatureError> {
[INFO] [stdout]    |                                           ^ help: if this is intentional, prefix it with an underscore: `_f`
[INFO] [stdout] 
[INFO] [stdout] 
[INFO] [stdout] warning: unused variable: `dataset`
[INFO] [stdout]   --> src/lib.rs:56:24
[INFO] [stdout]    |
[INFO] [stdout] 56 |     fn write<T>(&self, dataset: &Dataset, f: WriteFn<T>) -> Result<T, LigatureError> {
[INFO] [stdout]    |                        ^^^^^^^ help: if this is intentional, prefix it with an underscore: `_dataset`
[INFO] [stdout] 
[INFO] [stdout] 
[INFO] [stdout] warning: unused variable: `f`
[INFO] [stdout]   --> src/lib.rs:56:43
[INFO] [stdout]    |
[INFO] [stdout] 56 |     fn write<T>(&self, dataset: &Dataset, f: WriteFn<T>) -> Result<T, LigatureError> {
[INFO] [stdout]    |                                           ^ help: if this is intentional, prefix it with an underscore: `_f`
[INFO] [stdout] 
[INFO] [stdout] 
[INFO] [stdout] warning: associated functions `create_or_open_file` and `new_memory_store` are never used
[INFO] [stdout]   --> src/lib.rs:18:8
[INFO] [stdout]    |
[INFO] [stdout] 17 | impl LigatureSQLite {
[INFO] [stdout]    | ------------------- associated functions in this implementation
[INFO] [stdout] 18 |     fn create_or_open_file(path: String) -> LigatureSQLite {
[INFO] [stdout]    |        ^^^^^^^^^^^^^^^^^^^
[INFO] [stdout] ...
[INFO] [stdout] 22 |     fn new_memory_store() -> LigatureSQLite {
[INFO] [stdout]    |        ^^^^^^^^^^^^^^^^
[INFO] [stdout]    |
[INFO] [stdout]    = note: `#[warn(dead_code)]` on by default
[INFO] [stdout] 
[INFO] [stdout] 
[INFO] [stdout] warning: 12 warnings emitted
[INFO] [stdout] 
[INFO] [stdout] 
[INFO] [stderr]     Finished dev [unoptimized + debuginfo] target(s) in 2.54s
[INFO] running `Command { std: "docker" "inspect" "25c13b25fca70fc5c4ca524ae8198a34857eb1712e4236dc1c44035932ddff16", kill_on_drop: false }`
[INFO] running `Command { std: "docker" "rm" "-f" "25c13b25fca70fc5c4ca524ae8198a34857eb1712e4236dc1c44035932ddff16", kill_on_drop: false }`
[INFO] [stdout] 25c13b25fca70fc5c4ca524ae8198a34857eb1712e4236dc1c44035932ddff16
[INFO] running `Command { std: "docker" "create" "-v" "/var/lib/crater-agent-workspace/builds/worker-3-tc1/target:/opt/rustwide/target:rw,Z" "-v" "/var/lib/crater-agent-workspace/builds/worker-3-tc1/source:/opt/rustwide/workdir:ro,Z" "-v" "/var/lib/crater-agent-workspace/cargo-home:/opt/rustwide/cargo-home:ro,Z" "-v" "/var/lib/crater-agent-workspace/rustup-home:/opt/rustwide/rustup-home:ro,Z" "-e" "SOURCE_DIR=/opt/rustwide/workdir" "-e" "CARGO_TARGET_DIR=/opt/rustwide/target" "-e" "CARGO_INCREMENTAL=0" "-e" "RUST_BACKTRACE=full" "-e" "RUSTFLAGS=--cap-lints=warn" "-e" "RUSTDOCFLAGS=--cap-lints=warn" "-e" "CARGO_HOME=/opt/rustwide/cargo-home" "-e" "RUSTUP_HOME=/opt/rustwide/rustup-home" "-w" "/opt/rustwide/workdir" "-m" "1610612736" "--user" "0:0" "--network" "none" "ghcr.io/rust-lang/crates-build-env/linux@sha256:2788e3201cd34a07e3172128adcd8b3090168a8e3bcc40d7c032b9dda1df7d1c" "/opt/rustwide/cargo-home/bin/cargo" "+1.75.0" "test" "--frozen" "--no-run" "--message-format=json", kill_on_drop: false }`
[INFO] [stdout] 15fa906b09d818e3f9a489f2162b07dddcffd8b45b2b569a2ad3180dabb22cb3
[INFO] running `Command { std: "docker" "start" "-a" "15fa906b09d818e3f9a489f2162b07dddcffd8b45b2b569a2ad3180dabb22cb3", kill_on_drop: false }`
[INFO] [stderr]    Compiling ligature-sqlite v0.1.0 (/opt/rustwide/workdir)
[INFO] [stdout] warning: unused variable: `path`
[INFO] [stdout]   --> src/lib.rs:18:28
[INFO] [stdout]    |
[INFO] [stdout] 18 |     fn create_or_open_file(path: String) -> LigatureSQLite {
[INFO] [stdout]    |                            ^^^^ help: if this is intentional, prefix it with an underscore: `_path`
[INFO] [stdout]    |
[INFO] [stdout]    = note: `#[warn(unused_variables)]` on by default
[INFO] [stdout] 
[INFO] [stdout] 
[INFO] [stdout] warning: unused variable: `dataset`
[INFO] [stdout]   --> src/lib.rs:32:30
[INFO] [stdout]    |
[INFO] [stdout] 32 |     fn dataset_exists(&self, dataset: &Dataset) -> Result<bool, LigatureError> {
[INFO] [stdout]    |                              ^^^^^^^ help: if this is intentional, prefix it with an underscore: `_dataset`
[INFO] [stdout] 
[INFO] [stdout] 
[INFO] [stdout] warning: unused variable: `prefix`
[INFO] [stdout]   --> src/lib.rs:36:37
[INFO] [stdout]    |
[INFO] [stdout] 36 |     fn match_datasets_prefix(&self, prefix: &str) -> Box<dyn Iterator<Item=Result<Dataset, LigatureError>>> {
[INFO] [stdout]    |                                     ^^^^^^ help: if this is intentional, prefix it with an underscore: `_prefix`
[INFO] [stdout] 
[INFO] [stdout] 
[INFO] [stdout] warning: unused variable: `start`
[INFO] [stdout]   --> src/lib.rs:40:36
[INFO] [stdout]    |
[INFO] [stdout] 40 |     fn match_datasets_range(&self, start: &str, end: &str) -> Box<dyn Iterator<Item=Result<Dataset, LigatureError>>> {
[INFO] [stdout]    |                                    ^^^^^ help: if this is intentional, prefix it with an underscore: `_start`
[INFO] [stdout] 
[INFO] [stdout] 
[INFO] [stdout] warning: unused variable: `end`
[INFO] [stdout]   --> src/lib.rs:40:49
[INFO] [stdout]    |
[INFO] [stdout] 40 |     fn match_datasets_range(&self, start: &str, end: &str) -> Box<dyn Iterator<Item=Result<Dataset, LigatureError>>> {
[INFO] [stdout]    |                                                 ^^^ help: if this is intentional, prefix it with an underscore: `_end`
[INFO] [stdout] 
[INFO] [stdout] 
[INFO] [stdout] warning: unused variable: `dataset`
[INFO] [stdout]   --> src/lib.rs:44:30
[INFO] [stdout]    |
[INFO] [stdout] 44 |     fn create_dataset(&self, dataset: &Dataset) -> Result<(), LigatureError> {
[INFO] [stdout]    |                              ^^^^^^^ help: if this is intentional, prefix it with an underscore: `_dataset`
[INFO] [stdout] 
[INFO] [stdout] 
[INFO] [stdout] warning: unused variable: `dataset`
[INFO] [stdout]   --> src/lib.rs:48:30
[INFO] [stdout]    |
[INFO] [stdout] 48 |     fn delete_dataset(&self, dataset: &Dataset) -> Result<(), LigatureError> {
[INFO] [stdout]    |                              ^^^^^^^ help: if this is intentional, prefix it with an underscore: `_dataset`
[INFO] [stdout] 
[INFO] [stdout] 
[INFO] [stdout] warning: unused variable: `dataset`
[INFO] [stdout]   --> src/lib.rs:52:24
[INFO] [stdout]    |
[INFO] [stdout] 52 |     fn query<T>(&self, dataset: &Dataset, f: QueryFn<T>) -> Result<T, LigatureError> {
[INFO] [stdout]    |                        ^^^^^^^ help: if this is intentional, prefix it with an underscore: `_dataset`
[INFO] [stdout] 
[INFO] [stdout] 
[INFO] [stdout] warning: unused variable: `f`
[INFO] [stdout]   --> src/lib.rs:52:43
[INFO] [stdout]    |
[INFO] [stdout] 52 |     fn query<T>(&self, dataset: &Dataset, f: QueryFn<T>) -> Result<T, LigatureError> {
[INFO] [stdout]    |                                           ^ help: if this is intentional, prefix it with an underscore: `_f`
[INFO] [stdout] 
[INFO] [stdout] 
[INFO] [stdout] warning: unused variable: `dataset`
[INFO] [stdout]   --> src/lib.rs:56:24
[INFO] [stdout]    |
[INFO] [stdout] 56 |     fn write<T>(&self, dataset: &Dataset, f: WriteFn<T>) -> Result<T, LigatureError> {
[INFO] [stdout]    |                        ^^^^^^^ help: if this is intentional, prefix it with an underscore: `_dataset`
[INFO] [stdout] 
[INFO] [stdout] 
[INFO] [stdout] warning: unused variable: `f`
[INFO] [stdout]   --> src/lib.rs:56:43
[INFO] [stdout]    |
[INFO] [stdout] 56 |     fn write<T>(&self, dataset: &Dataset, f: WriteFn<T>) -> Result<T, LigatureError> {
[INFO] [stdout]    |                                           ^ help: if this is intentional, prefix it with an underscore: `_f`
[INFO] [stdout] 
[INFO] [stdout] 
[INFO] [stdout] warning: associated functions `create_or_open_file` and `new_memory_store` are never used
[INFO] [stdout]   --> src/lib.rs:18:8
[INFO] [stdout]    |
[INFO] [stdout] 17 | impl LigatureSQLite {
[INFO] [stdout]    | ------------------- associated functions in this implementation
[INFO] [stdout] 18 |     fn create_or_open_file(path: String) -> LigatureSQLite {
[INFO] [stdout]    |        ^^^^^^^^^^^^^^^^^^^
[INFO] [stdout] ...
[INFO] [stdout] 22 |     fn new_memory_store() -> LigatureSQLite {
[INFO] [stdout]    |        ^^^^^^^^^^^^^^^^
[INFO] [stdout]    |
[INFO] [stdout]    = note: `#[warn(dead_code)]` on by default
[INFO] [stdout] 
[INFO] [stdout] 
[INFO] [stdout] warning: 12 warnings emitted
[INFO] [stdout] 
[INFO] [stdout] 
[INFO] [stdout] warning: unused variable: `path`
[INFO] [stdout]   --> src/lib.rs:18:28
[INFO] [stdout]    |
[INFO] [stdout] 18 |     fn create_or_open_file(path: String) -> LigatureSQLite {
[INFO] [stdout]    |                            ^^^^ help: if this is intentional, prefix it with an underscore: `_path`
[INFO] [stdout]    |
[INFO] [stdout]    = note: `#[warn(unused_variables)]` on by default
[INFO] [stdout] 
[INFO] [stdout] 
[INFO] [stdout] warning: unused variable: `dataset`
[INFO] [stdout]   --> src/lib.rs:32:30
[INFO] [stdout]    |
[INFO] [stdout] 32 |     fn dataset_exists(&self, dataset: &Dataset) -> Result<bool, LigatureError> {
[INFO] [stdout]    |                              ^^^^^^^ help: if this is intentional, prefix it with an underscore: `_dataset`
[INFO] [stdout] 
[INFO] [stdout] 
[INFO] [stdout] warning: unused variable: `prefix`
[INFO] [stdout]   --> src/lib.rs:36:37
[INFO] [stdout]    |
[INFO] [stdout] 36 |     fn match_datasets_prefix(&self, prefix: &str) -> Box<dyn Iterator<Item=Result<Dataset, LigatureError>>> {
[INFO] [stdout]    |                                     ^^^^^^ help: if this is intentional, prefix it with an underscore: `_prefix`
[INFO] [stdout] 
[INFO] [stdout] 
[INFO] [stdout] warning: unused variable: `start`
[INFO] [stdout]   --> src/lib.rs:40:36
[INFO] [stdout]    |
[INFO] [stdout] 40 |     fn match_datasets_range(&self, start: &str, end: &str) -> Box<dyn Iterator<Item=Result<Dataset, LigatureError>>> {
[INFO] [stdout]    |                                    ^^^^^ help: if this is intentional, prefix it with an underscore: `_start`
[INFO] [stdout] 
[INFO] [stdout] 
[INFO] [stdout] warning: unused variable: `end`
[INFO] [stdout]   --> src/lib.rs:40:49
[INFO] [stdout]    |
[INFO] [stdout] 40 |     fn match_datasets_range(&self, start: &str, end: &str) -> Box<dyn Iterator<Item=Result<Dataset, LigatureError>>> {
[INFO] [stdout]    |                                                 ^^^ help: if this is intentional, prefix it with an underscore: `_end`
[INFO] [stdout] 
[INFO] [stdout] 
[INFO] [stdout] warning: unused variable: `dataset`
[INFO] [stdout]   --> src/lib.rs:44:30
[INFO] [stdout]    |
[INFO] [stdout] 44 |     fn create_dataset(&self, dataset: &Dataset) -> Result<(), LigatureError> {
[INFO] [stdout]    |                              ^^^^^^^ help: if this is intentional, prefix it with an underscore: `_dataset`
[INFO] [stdout] 
[INFO] [stdout] 
[INFO] [stdout] warning: unused variable: `dataset`
[INFO] [stdout]   --> src/lib.rs:48:30
[INFO] [stdout]    |
[INFO] [stdout] 48 |     fn delete_dataset(&self, dataset: &Dataset) -> Result<(), LigatureError> {
[INFO] [stdout]    |                              ^^^^^^^ help: if this is intentional, prefix it with an underscore: `_dataset`
[INFO] [stdout] 
[INFO] [stdout] 
[INFO] [stdout] warning: unused variable: `dataset`
[INFO] [stdout]   --> src/lib.rs:52:24
[INFO] [stdout]    |
[INFO] [stdout] 52 |     fn query<T>(&self, dataset: &Dataset, f: QueryFn<T>) -> Result<T, LigatureError> {
[INFO] [stdout]    |                        ^^^^^^^ help: if this is intentional, prefix it with an underscore: `_dataset`
[INFO] [stdout] 
[INFO] [stdout] 
[INFO] [stdout] warning: unused variable: `f`
[INFO] [stdout]   --> src/lib.rs:52:43
[INFO] [stdout]    |
[INFO] [stdout] 52 |     fn query<T>(&self, dataset: &Dataset, f: QueryFn<T>) -> Result<T, LigatureError> {
[INFO] [stdout]    |                                           ^ help: if this is intentional, prefix it with an underscore: `_f`
[INFO] [stdout] 
[INFO] [stdout] 
[INFO] [stdout] warning: unused variable: `dataset`
[INFO] [stdout]   --> src/lib.rs:56:24
[INFO] [stdout]    |
[INFO] [stdout] 56 |     fn write<T>(&self, dataset: &Dataset, f: WriteFn<T>) -> Result<T, LigatureError> {
[INFO] [stdout]    |                        ^^^^^^^ help: if this is intentional, prefix it with an underscore: `_dataset`
[INFO] [stdout] 
[INFO] [stdout] 
[INFO] [stdout] warning: unused variable: `f`
[INFO] [stdout]   --> src/lib.rs:56:43
[INFO] [stdout]    |
[INFO] [stdout] 56 |     fn write<T>(&self, dataset: &Dataset, f: WriteFn<T>) -> Result<T, LigatureError> {
[INFO] [stdout]    |                                           ^ help: if this is intentional, prefix it with an underscore: `_f`
[INFO] [stdout] 
[INFO] [stdout] 
[INFO] [stdout] warning: associated functions `create_or_open_file` and `new_memory_store` are never used
[INFO] [stdout]   --> src/lib.rs:18:8
[INFO] [stdout]    |
[INFO] [stdout] 17 | impl LigatureSQLite {
[INFO] [stdout]    | ------------------- associated functions in this implementation
[INFO] [stdout] 18 |     fn create_or_open_file(path: String) -> LigatureSQLite {
[INFO] [stdout]    |        ^^^^^^^^^^^^^^^^^^^
[INFO] [stdout] ...
[INFO] [stdout] 22 |     fn new_memory_store() -> LigatureSQLite {
[INFO] [stdout]    |        ^^^^^^^^^^^^^^^^
[INFO] [stdout]    |
[INFO] [stdout]    = note: `#[warn(dead_code)]` on by default
[INFO] [stdout] 
[INFO] [stdout] 
[INFO] [stdout] warning: 12 warnings emitted
[INFO] [stdout] 
[INFO] [stdout] 
[INFO] [stderr]     Finished test [unoptimized + debuginfo] target(s) in 1.53s
[INFO] running `Command { std: "docker" "inspect" "15fa906b09d818e3f9a489f2162b07dddcffd8b45b2b569a2ad3180dabb22cb3", kill_on_drop: false }`
[INFO] running `Command { std: "docker" "rm" "-f" "15fa906b09d818e3f9a489f2162b07dddcffd8b45b2b569a2ad3180dabb22cb3", kill_on_drop: false }`
[INFO] [stdout] 15fa906b09d818e3f9a489f2162b07dddcffd8b45b2b569a2ad3180dabb22cb3
[INFO] running `Command { std: "docker" "create" "-v" "/var/lib/crater-agent-workspace/builds/worker-3-tc1/target:/opt/rustwide/target:rw,Z" "-v" "/var/lib/crater-agent-workspace/builds/worker-3-tc1/source:/opt/rustwide/workdir:ro,Z" "-v" "/var/lib/crater-agent-workspace/cargo-home:/opt/rustwide/cargo-home:ro,Z" "-v" "/var/lib/crater-agent-workspace/rustup-home:/opt/rustwide/rustup-home:ro,Z" "-e" "SOURCE_DIR=/opt/rustwide/workdir" "-e" "CARGO_TARGET_DIR=/opt/rustwide/target" "-e" "CARGO_INCREMENTAL=0" "-e" "RUST_BACKTRACE=full" "-e" "RUSTFLAGS=--cap-lints=warn" "-e" "RUSTDOCFLAGS=--cap-lints=warn" "-e" "CARGO_HOME=/opt/rustwide/cargo-home" "-e" "RUSTUP_HOME=/opt/rustwide/rustup-home" "-w" "/opt/rustwide/workdir" "-m" "1610612736" "--user" "0:0" "--network" "none" "ghcr.io/rust-lang/crates-build-env/linux@sha256:2788e3201cd34a07e3172128adcd8b3090168a8e3bcc40d7c032b9dda1df7d1c" "/opt/rustwide/cargo-home/bin/cargo" "+1.75.0" "test" "--frozen", kill_on_drop: false }`
[INFO] [stdout] 28f0939d91a4ba55b2dcec04ac8fa1cb6dbdc55793132975c498462871ba920d
[INFO] running `Command { std: "docker" "start" "-a" "28f0939d91a4ba55b2dcec04ac8fa1cb6dbdc55793132975c498462871ba920d", kill_on_drop: false }`
[INFO] [stderr] warning: unused variable: `path`
[INFO] [stderr]   --> src/lib.rs:18:28
[INFO] [stderr]    |
[INFO] [stderr] 18 |     fn create_or_open_file(path: String) -> LigatureSQLite {
[INFO] [stderr]    |                            ^^^^ help: if this is intentional, prefix it with an underscore: `_path`
[INFO] [stderr]    |
[INFO] [stderr]    = note: `#[warn(unused_variables)]` on by default
[INFO] [stderr] 
[INFO] [stderr] warning: unused variable: `dataset`
[INFO] [stderr]   --> src/lib.rs:32:30
[INFO] [stderr]    |
[INFO] [stderr] 32 |     fn dataset_exists(&self, dataset: &Dataset) -> Result<bool, LigatureError> {
[INFO] [stderr]    |                              ^^^^^^^ help: if this is intentional, prefix it with an underscore: `_dataset`
[INFO] [stderr] 
[INFO] [stderr] warning: unused variable: `prefix`
[INFO] [stderr]   --> src/lib.rs:36:37
[INFO] [stderr]    |
[INFO] [stderr] 36 |     fn match_datasets_prefix(&self, prefix: &str) -> Box<dyn Iterator<Item=Result<Dataset, LigatureError>>> {
[INFO] [stderr]    |                                     ^^^^^^ help: if this is intentional, prefix it with an underscore: `_prefix`
[INFO] [stderr] 
[INFO] [stderr] warning: unused variable: `start`
[INFO] [stderr]   --> src/lib.rs:40:36
[INFO] [stderr]    |
[INFO] [stderr] 40 |     fn match_datasets_range(&self, start: &str, end: &str) -> Box<dyn Iterator<Item=Result<Dataset, LigatureError>>> {
[INFO] [stderr]    |                                    ^^^^^ help: if this is intentional, prefix it with an underscore: `_start`
[INFO] [stderr] 
[INFO] [stderr] warning: unused variable: `end`
[INFO] [stderr]   --> src/lib.rs:40:49
[INFO] [stderr]    |
[INFO] [stderr] 40 |     fn match_datasets_range(&self, start: &str, end: &str) -> Box<dyn Iterator<Item=Result<Dataset, LigatureError>>> {
[INFO] [stderr]    |                                                 ^^^ help: if this is intentional, prefix it with an underscore: `_end`
[INFO] [stderr] 
[INFO] [stderr] warning: unused variable: `dataset`
[INFO] [stderr]   --> src/lib.rs:44:30
[INFO] [stderr]    |
[INFO] [stderr] 44 |     fn create_dataset(&self, dataset: &Dataset) -> Result<(), LigatureError> {
[INFO] [stderr]    |                              ^^^^^^^ help: if this is intentional, prefix it with an underscore: `_dataset`
[INFO] [stderr] 
[INFO] [stderr] warning: unused variable: `dataset`
[INFO] [stderr]   --> src/lib.rs:48:30
[INFO] [stderr]    |
[INFO] [stderr] 48 |     fn delete_dataset(&self, dataset: &Dataset) -> Result<(), LigatureError> {
[INFO] [stderr]    |                              ^^^^^^^ help: if this is intentional, prefix it with an underscore: `_dataset`
[INFO] [stderr] 
[INFO] [stderr] warning: unused variable: `dataset`
[INFO] [stderr]   --> src/lib.rs:52:24
[INFO] [stderr]    |
[INFO] [stderr] 52 |     fn query<T>(&self, dataset: &Dataset, f: QueryFn<T>) -> Result<T, LigatureError> {
[INFO] [stderr]    |                        ^^^^^^^ help: if this is intentional, prefix it with an underscore: `_dataset`
[INFO] [stderr] 
[INFO] [stderr] warning: unused variable: `f`
[INFO] [stderr]   --> src/lib.rs:52:43
[INFO] [stderr]    |
[INFO] [stderr] 52 |     fn query<T>(&self, dataset: &Dataset, f: QueryFn<T>) -> Result<T, LigatureError> {
[INFO] [stderr]    |                                           ^ help: if this is intentional, prefix it with an underscore: `_f`
[INFO] [stderr] 
[INFO] [stderr] warning: unused variable: `dataset`
[INFO] [stderr]   --> src/lib.rs:56:24
[INFO] [stderr]    |
[INFO] [stderr] 56 |     fn write<T>(&self, dataset: &Dataset, f: WriteFn<T>) -> Result<T, LigatureError> {
[INFO] [stderr]    |                        ^^^^^^^ help: if this is intentional, prefix it with an underscore: `_dataset`
[INFO] [stderr] 
[INFO] [stderr] warning: unused variable: `f`
[INFO] [stderr]   --> src/lib.rs:56:43
[INFO] [stderr]    |
[INFO] [stderr] 56 |     fn write<T>(&self, dataset: &Dataset, f: WriteFn<T>) -> Result<T, LigatureError> {
[INFO] [stderr]    |                                           ^ help: if this is intentional, prefix it with an underscore: `_f`
[INFO] [stderr] 
[INFO] [stderr] warning: associated functions `create_or_open_file` and `new_memory_store` are never used
[INFO] [stderr]   --> src/lib.rs:18:8
[INFO] [stderr]    |
[INFO] [stderr] 17 | impl LigatureSQLite {
[INFO] [stderr]    | ------------------- associated functions in this implementation
[INFO] [stderr] 18 |     fn create_or_open_file(path: String) -> LigatureSQLite {
[INFO] [stderr]    |        ^^^^^^^^^^^^^^^^^^^
[INFO] [stderr] ...
[INFO] [stderr] 22 |     fn new_memory_store() -> LigatureSQLite {
[INFO] [stderr]    |        ^^^^^^^^^^^^^^^^
[INFO] [stderr]    |
[INFO] [stderr]    = note: `#[warn(dead_code)]` on by default
[INFO] [stderr] 
[INFO] [stderr] warning: `ligature-sqlite` (lib) generated 12 warnings (run `cargo fix --lib -p ligature-sqlite` to apply 11 suggestions)
[INFO] [stderr] warning: `ligature-sqlite` (lib test) generated 12 warnings (12 duplicates)
[INFO] [stderr]     Finished test [unoptimized + debuginfo] target(s) in 0.02s
[INFO] [stderr]      Running unittests src/lib.rs (/opt/rustwide/target/debug/deps/ligature_sqlite-e74d354004833f05)
[INFO] [stdout] 
[INFO] [stdout] running 0 tests
[INFO] [stdout] 
[INFO] [stdout] test result: ok. 0 passed; 0 failed; 0 ignored; 0 measured; 0 filtered out; finished in 0.00s
[INFO] [stdout] 
[INFO] [stderr]      Running tests/tests.rs (/opt/rustwide/target/debug/deps/tests-8df426f42af5de00)
[INFO] [stdout] 
[INFO] [stdout] running 4 tests
[INFO] [stdout] test tests::valid_dataset_names ... ok
[INFO] [stdout] test tests::test_generate_entities ... FAILED
[INFO] [stdout] test tests::valid_entity_names ... FAILED
[INFO] [stdout] test tests::valid_attribute_names ... FAILED
[INFO] [stdout] 
[INFO] [stdout] failures:
[INFO] [stdout] 
[INFO] [stdout] ---- tests::test_generate_entities stdout ----
[INFO] [stdout] thread 'tests::test_generate_entities' panicked at tests/tests.rs:56:9:
[INFO] [stdout] not yet implemented
[INFO] [stdout] stack backtrace:
[INFO] [stdout]    0:     0x55ab172943fc - std::backtrace_rs::backtrace::libunwind::trace::ha637c64ce894333a
[INFO] [stdout]                                at /rustc/82e1608dfa6e0b5569232559e3d385fea5a93112/library/std/src/../../backtrace/src/backtrace/libunwind.rs:104:5
[INFO] [stdout]    1:     0x55ab172943fc - std::backtrace_rs::backtrace::trace_unsynchronized::h47f62dea28e0c88d
[INFO] [stdout]                                at /rustc/82e1608dfa6e0b5569232559e3d385fea5a93112/library/std/src/../../backtrace/src/backtrace/mod.rs:66:5
[INFO] [stdout]    2:     0x55ab172943fc - std::sys_common::backtrace::_print_fmt::h9eef0abe20ede486
[INFO] [stdout]                                at /rustc/82e1608dfa6e0b5569232559e3d385fea5a93112/library/std/src/sys_common/backtrace.rs:67:5
[INFO] [stdout]    3:     0x55ab172943fc - <std::sys_common::backtrace::_print::DisplayBacktrace as core::fmt::Display>::fmt::hed7f999df88cc644
[INFO] [stdout]                                at /rustc/82e1608dfa6e0b5569232559e3d385fea5a93112/library/std/src/sys_common/backtrace.rs:44:22
[INFO] [stdout]    4:     0x55ab172be450 - core::fmt::rt::Argument::fmt::h1539a9308b8d058d
[INFO] [stdout]                                at /rustc/82e1608dfa6e0b5569232559e3d385fea5a93112/library/core/src/fmt/rt.rs:142:9
[INFO] [stdout]    5:     0x55ab172be450 - core::fmt::write::h3a39390d8560d9c9
[INFO] [stdout]                                at /rustc/82e1608dfa6e0b5569232559e3d385fea5a93112/library/core/src/fmt/mod.rs:1120:17
[INFO] [stdout]    6:     0x55ab17291daf - std::io::Write::write_fmt::h040b369f3a0f9cbc
[INFO] [stdout]                                at /rustc/82e1608dfa6e0b5569232559e3d385fea5a93112/library/std/src/io/mod.rs:1762:15
[INFO] [stdout]    7:     0x55ab172941e4 - std::sys_common::backtrace::_print::h894006fb5c6f3d45
[INFO] [stdout]                                at /rustc/82e1608dfa6e0b5569232559e3d385fea5a93112/library/std/src/sys_common/backtrace.rs:47:5
[INFO] [stdout]    8:     0x55ab172941e4 - std::sys_common::backtrace::print::h23a2d212c6fff936
[INFO] [stdout]                                at /rustc/82e1608dfa6e0b5569232559e3d385fea5a93112/library/std/src/sys_common/backtrace.rs:34:9
[INFO] [stdout]    9:     0x55ab17295ea7 - std::panicking::default_hook::{{closure}}::h8a1d2ee00185001a
[INFO] [stdout]   10:     0x55ab17295b93 - std::panicking::default_hook::h6038f2eba384e475
[INFO] [stdout]                                at /rustc/82e1608dfa6e0b5569232559e3d385fea5a93112/library/std/src/panicking.rs:289:9
[INFO] [stdout]   11:     0x55ab16fafa37 - <alloc::boxed::Box<F,A> as core::ops::function::Fn<Args>>::call::h0ad024c9bdc6d768
[INFO] [stdout]                                at /rustc/82e1608dfa6e0b5569232559e3d385fea5a93112/library/alloc/src/boxed.rs:2021:9
[INFO] [stdout]   12:     0x55ab16fafa37 - test::test_main::{{closure}}::h7500b54257359db6
[INFO] [stdout]                                at /rustc/82e1608dfa6e0b5569232559e3d385fea5a93112/library/test/src/lib.rs:138:21
[INFO] [stdout]   13:     0x55ab172964b8 - <alloc::boxed::Box<F,A> as core::ops::function::Fn<Args>>::call::h1f8f335eaa9cfaee
[INFO] [stdout]                                at /rustc/82e1608dfa6e0b5569232559e3d385fea5a93112/library/alloc/src/boxed.rs:2021:9
[INFO] [stdout]   14:     0x55ab172964b8 - std::panicking::rust_panic_with_hook::h2b5517d590cab22e
[INFO] [stdout]                                at /rustc/82e1608dfa6e0b5569232559e3d385fea5a93112/library/std/src/panicking.rs:783:13
[INFO] [stdout]   15:     0x55ab172961d9 - std::panicking::begin_panic_handler::{{closure}}::h233112c06e0ef43e
[INFO] [stdout]                                at /rustc/82e1608dfa6e0b5569232559e3d385fea5a93112/library/std/src/panicking.rs:649:13
[INFO] [stdout]   16:     0x55ab172948c6 - std::sys_common::backtrace::__rust_end_short_backtrace::h6e893f24d7ebbff8
[INFO] [stdout]                                at /rustc/82e1608dfa6e0b5569232559e3d385fea5a93112/library/std/src/sys_common/backtrace.rs:170:18
[INFO] [stdout]   17:     0x55ab17295f72 - rust_begin_unwind
[INFO] [stdout]                                at /rustc/82e1608dfa6e0b5569232559e3d385fea5a93112/library/std/src/panicking.rs:645:5
[INFO] [stdout]   18:     0x55ab16f792a5 - core::panicking::panic_fmt::hbf0e066aabfa482c
[INFO] [stdout]                                at /rustc/82e1608dfa6e0b5569232559e3d385fea5a93112/library/core/src/panicking.rs:72:14
[INFO] [stdout]   19:     0x55ab16f79343 - core::panicking::panic::h195fc2a96298d4c3
[INFO] [stdout]                                at /rustc/82e1608dfa6e0b5569232559e3d385fea5a93112/library/core/src/panicking.rs:127:5
[INFO] [stdout]   20:     0x55ab16f7b9bd - tests::tests::test_generate_entities::hc95bccb3c2c42291
[INFO] [stdout]                                at /opt/rustwide/workdir/tests/tests.rs:56:9
[INFO] [stdout]   21:     0x55ab16f7b987 - tests::tests::test_generate_entities::{{closure}}::h27068ed80a4b9c4a
[INFO] [stdout]                                at /opt/rustwide/workdir/tests/tests.rs:55:32
[INFO] [stdout]   22:     0x55ab16f7a226 - core::ops::function::FnOnce::call_once::hbb7998ef27eb2b8f
[INFO] [stdout]                                at /rustc/82e1608dfa6e0b5569232559e3d385fea5a93112/library/core/src/ops/function.rs:250:5
[INFO] [stdout]   23:     0x55ab16fb508f - core::ops::function::FnOnce::call_once::h2b5d431d5046312d
[INFO] [stdout]                                at /rustc/82e1608dfa6e0b5569232559e3d385fea5a93112/library/core/src/ops/function.rs:250:5
[INFO] [stdout]   24:     0x55ab16fb508f - test::__rust_begin_short_backtrace::h7714669af176e207
[INFO] [stdout]                                at /rustc/82e1608dfa6e0b5569232559e3d385fea5a93112/library/test/src/lib.rs:628:18
[INFO] [stdout]   25:     0x55ab16fb40a5 - test::run_test_in_process::{{closure}}::h85218797dcbcec12
[INFO] [stdout]                                at /rustc/82e1608dfa6e0b5569232559e3d385fea5a93112/library/test/src/lib.rs:651:60
[INFO] [stdout]   26:     0x55ab16fb40a5 - <core::panic::unwind_safe::AssertUnwindSafe<F> as core::ops::function::FnOnce<()>>::call_once::h76c106ea31c14d7b
[INFO] [stdout]                                at /rustc/82e1608dfa6e0b5569232559e3d385fea5a93112/library/core/src/panic/unwind_safe.rs:272:9
[INFO] [stdout]   27:     0x55ab16fb40a5 - std::panicking::try::do_call::h3bd5d0f6620ee946
[INFO] [stdout]                                at /rustc/82e1608dfa6e0b5569232559e3d385fea5a93112/library/std/src/panicking.rs:552:40
[INFO] [stdout]   28:     0x55ab16fb40a5 - std::panicking::try::h232e535e4744fe31
[INFO] [stdout]                                at /rustc/82e1608dfa6e0b5569232559e3d385fea5a93112/library/std/src/panicking.rs:516:19
[INFO] [stdout]   29:     0x55ab16fb40a5 - std::panic::catch_unwind::h3ce3bd6ca8dbac68
[INFO] [stdout]                                at /rustc/82e1608dfa6e0b5569232559e3d385fea5a93112/library/std/src/panic.rs:142:14
[INFO] [stdout]   30:     0x55ab16fb40a5 - test::run_test_in_process::hc97b257c9621286a
[INFO] [stdout]                                at /rustc/82e1608dfa6e0b5569232559e3d385fea5a93112/library/test/src/lib.rs:651:27
[INFO] [stdout]   31:     0x55ab16fb40a5 - test::run_test::{{closure}}::h2aa798823a438d38
[INFO] [stdout]                                at /rustc/82e1608dfa6e0b5569232559e3d385fea5a93112/library/test/src/lib.rs:574:43
[INFO] [stdout]   32:     0x55ab16f7c366 - test::run_test::{{closure}}::h87d231c78fb59832
[INFO] [stdout]                                at /rustc/82e1608dfa6e0b5569232559e3d385fea5a93112/library/test/src/lib.rs:602:41
[INFO] [stdout]   33:     0x55ab16f7c366 - std::sys_common::backtrace::__rust_begin_short_backtrace::he6df152596625789
[INFO] [stdout]                                at /rustc/82e1608dfa6e0b5569232559e3d385fea5a93112/library/std/src/sys_common/backtrace.rs:154:18
[INFO] [stdout]   34:     0x55ab16f81417 - std::thread::Builder::spawn_unchecked_::{{closure}}::{{closure}}::ha94be15d1e0acf36
[INFO] [stdout]                                at /rustc/82e1608dfa6e0b5569232559e3d385fea5a93112/library/std/src/thread/mod.rs:529:17
[INFO] [stdout]   35:     0x55ab16f81417 - <core::panic::unwind_safe::AssertUnwindSafe<F> as core::ops::function::FnOnce<()>>::call_once::h9dc6bd6372f16606
[INFO] [stdout]                                at /rustc/82e1608dfa6e0b5569232559e3d385fea5a93112/library/core/src/panic/unwind_safe.rs:272:9
[INFO] [stdout]   36:     0x55ab16f81417 - std::panicking::try::do_call::h9057517f80303cd4
[INFO] [stdout]                                at /rustc/82e1608dfa6e0b5569232559e3d385fea5a93112/library/std/src/panicking.rs:552:40
[INFO] [stdout]   37:     0x55ab16f81417 - std::panicking::try::he3a30b11ee45340c
[INFO] [stdout]                                at /rustc/82e1608dfa6e0b5569232559e3d385fea5a93112/library/std/src/panicking.rs:516:19
[INFO] [stdout]   38:     0x55ab16f81417 - std::panic::catch_unwind::h410458cfd3528b8b
[INFO] [stdout]                                at /rustc/82e1608dfa6e0b5569232559e3d385fea5a93112/library/std/src/panic.rs:142:14
[INFO] [stdout]   39:     0x55ab16f81417 - std::thread::Builder::spawn_unchecked_::{{closure}}::h72ac3bdb567b737b
[INFO] [stdout]                                at /rustc/82e1608dfa6e0b5569232559e3d385fea5a93112/library/std/src/thread/mod.rs:528:30
[INFO] [stdout]   40:     0x55ab16f81417 - core::ops::function::FnOnce::call_once{{vtable.shim}}::h38f34da3654a8344
[INFO] [stdout]                                at /rustc/82e1608dfa6e0b5569232559e3d385fea5a93112/library/core/src/ops/function.rs:250:5
[INFO] [stdout]   41:     0x55ab1729af45 - <alloc::boxed::Box<F,A> as core::ops::function::FnOnce<Args>>::call_once::hc7eafaff61e32df9
[INFO] [stdout]                                at /rustc/82e1608dfa6e0b5569232559e3d385fea5a93112/library/alloc/src/boxed.rs:2007:9
[INFO] [stdout]   42:     0x55ab1729af45 - <alloc::boxed::Box<F,A> as core::ops::function::FnOnce<Args>>::call_once::h6ba4a5de48dd2304
[INFO] [stdout]                                at /rustc/82e1608dfa6e0b5569232559e3d385fea5a93112/library/alloc/src/boxed.rs:2007:9
[INFO] [stdout]   43:     0x55ab1729af45 - std::sys::unix::thread::Thread::new::thread_start::he469335aef763e45
[INFO] [stdout]                                at /rustc/82e1608dfa6e0b5569232559e3d385fea5a93112/library/std/src/sys/unix/thread.rs:108:17
[INFO] [stdout]   44:     0x7fedfa805ac3 - <unknown>
[INFO] [stdout]   45:     0x7fedfa896bf4 - __clone
[INFO] [stdout]   46:                0x0 - <unknown>
[INFO] [stdout] 
[INFO] [stdout] ---- tests::valid_entity_names stdout ----
[INFO] [stdout] thread 'tests::valid_entity_names' panicked at tests/tests.rs:51:9:
[INFO] [stdout] not yet implemented
[INFO] [stdout] stack backtrace:
[INFO] [stdout]    0:     0x55ab172943fc - std::backtrace_rs::backtrace::libunwind::trace::ha637c64ce894333a
[INFO] [stdout]                                at /rustc/82e1608dfa6e0b5569232559e3d385fea5a93112/library/std/src/../../backtrace/src/backtrace/libunwind.rs:104:5
[INFO] [stdout]    1:     0x55ab172943fc - std::backtrace_rs::backtrace::trace_unsynchronized::h47f62dea28e0c88d
[INFO] [stdout]                                at /rustc/82e1608dfa6e0b5569232559e3d385fea5a93112/library/std/src/../../backtrace/src/backtrace/mod.rs:66:5
[INFO] [stdout]    2:     0x55ab172943fc - std::sys_common::backtrace::_print_fmt::h9eef0abe20ede486
[INFO] [stdout]                                at /rustc/82e1608dfa6e0b5569232559e3d385fea5a93112/library/std/src/sys_common/backtrace.rs:67:5
[INFO] [stdout]    3:     0x55ab172943fc - <std::sys_common::backtrace::_print::DisplayBacktrace as core::fmt::Display>::fmt::hed7f999df88cc644
[INFO] [stdout]                                at /rustc/82e1608dfa6e0b5569232559e3d385fea5a93112/library/std/src/sys_common/backtrace.rs:44:22
[INFO] [stdout]    4:     0x55ab172be450 - core::fmt::rt::Argument::fmt::h1539a9308b8d058d
[INFO] [stdout]                                at /rustc/82e1608dfa6e0b5569232559e3d385fea5a93112/library/core/src/fmt/rt.rs:142:9
[INFO] [stdout]    5:     0x55ab172be450 - core::fmt::write::h3a39390d8560d9c9
[INFO] [stdout]                                at /rustc/82e1608dfa6e0b5569232559e3d385fea5a93112/library/core/src/fmt/mod.rs:1120:17
[INFO] [stdout]    6:     0x55ab17291daf - std::io::Write::write_fmt::h040b369f3a0f9cbc
[INFO] [stdout]                                at /rustc/82e1608dfa6e0b5569232559e3d385fea5a93112/library/std/src/io/mod.rs:1762:15
[INFO] [stdout]    7:     0x55ab172941e4 - std::sys_common::backtrace::_print::h894006fb5c6f3d45
[INFO] [stdout]                                at /rustc/82e1608dfa6e0b5569232559e3d385fea5a93112/library/std/src/sys_common/backtrace.rs:47:5
[INFO] [stdout]    8:     0x55ab172941e4 - std::sys_common::backtrace::print::h23a2d212c6fff936
[INFO] [stdout]                                at /rustc/82e1608dfa6e0b5569232559e3d385fea5a93112/library/std/src/sys_common/backtrace.rs:34:9
[INFO] [stdout]    9:     0x55ab17295ea7 - std::panicking::default_hook::{{closure}}::h8a1d2ee00185001a
[INFO] [stdout]   10:     0x55ab17295b93 - std::panicking::default_hook::h6038f2eba384e475
[INFO] [stdout]                                at /rustc/82e1608dfa6e0b5569232559e3d385fea5a93112/library/std/src/panicking.rs:289:9
[INFO] [stdout]   11:     0x55ab16fafa37 - <alloc::boxed::Box<F,A> as core::ops::function::Fn<Args>>::call::h0ad024c9bdc6d768
[INFO] [stdout]                                at /rustc/82e1608dfa6e0b5569232559e3d385fea5a93112/library/alloc/src/boxed.rs:2021:9
[INFO] [stdout]   12:     0x55ab16fafa37 - test::test_main::{{closure}}::h7500b54257359db6
[INFO] [stdout]                                at /rustc/82e1608dfa6e0b5569232559e3d385fea5a93112/library/test/src/lib.rs:138:21
[INFO] [stdout]   13:     0x55ab172964b8 - <alloc::boxed::Box<F,A> as core::ops::function::Fn<Args>>::call::h1f8f335eaa9cfaee
[INFO] [stdout]                                at /rustc/82e1608dfa6e0b5569232559e3d385fea5a93112/library/alloc/src/boxed.rs:2021:9
[INFO] [stdout]   14:     0x55ab172964b8 - std::panicking::rust_panic_with_hook::h2b5517d590cab22e
[INFO] [stdout]                                at /rustc/82e1608dfa6e0b5569232559e3d385fea5a93112/library/std/src/panicking.rs:783:13
[INFO] [stdout]   15:     0x55ab172961d9 - std::panicking::begin_panic_handler::{{closure}}::h233112c06e0ef43e
[INFO] [stdout]                                at /rustc/82e1608dfa6e0b5569232559e3d385fea5a93112/library/std/src/panicking.rs:649:13
[INFO] [stdout]   16:     0x55ab172948c6 - std::sys_common::backtrace::__rust_end_short_backtrace::h6e893f24d7ebbff8
[INFO] [stdout]                                at /rustc/82e1608dfa6e0b5569232559e3d385fea5a93112/library/std/src/sys_common/backtrace.rs:170:18
[INFO] [stdout]   17:     0x55ab17295f72 - rust_begin_unwind
[INFO] [stdout]                                at /rustc/82e1608dfa6e0b5569232559e3d385fea5a93112/library/std/src/panicking.rs:645:5
[INFO] [stdout]   18:     0x55ab16f792a5 - core::panicking::panic_fmt::hbf0e066aabfa482c
[INFO] [stdout]                                at /rustc/82e1608dfa6e0b5569232559e3d385fea5a93112/library/core/src/panicking.rs:72:14
[INFO] [stdout]   19:     0x55ab16f79343 - core::panicking::panic::h195fc2a96298d4c3
[INFO] [stdout]                                at /rustc/82e1608dfa6e0b5569232559e3d385fea5a93112/library/core/src/panicking.rs:127:5
[INFO] [stdout]   20:     0x55ab16f7b96d - tests::tests::valid_entity_names::h58f520eca093f962
[INFO] [stdout]                                at /opt/rustwide/workdir/tests/tests.rs:51:9
[INFO] [stdout]   21:     0x55ab16f7b937 - tests::tests::valid_entity_names::{{closure}}::h453b942ab92a33a1
[INFO] [stdout]                                at /opt/rustwide/workdir/tests/tests.rs:50:28
[INFO] [stdout]   22:     0x55ab16f7a266 - core::ops::function::FnOnce::call_once::hcf28827e80c7833e
[INFO] [stdout]                                at /rustc/82e1608dfa6e0b5569232559e3d385fea5a93112/library/core/src/ops/function.rs:250:5
[INFO] [stdout]   23:     0x55ab16fb508f - core::ops::function::FnOnce::call_once::h2b5d431d5046312d
[INFO] [stdout]                                at /rustc/82e1608dfa6e0b5569232559e3d385fea5a93112/library/core/src/ops/function.rs:250:5
[INFO] [stdout]   24:     0x55ab16fb508f - test::__rust_begin_short_backtrace::h7714669af176e207
[INFO] [stdout]                                at /rustc/82e1608dfa6e0b5569232559e3d385fea5a93112/library/test/src/lib.rs:628:18
[INFO] [stdout]   25:     0x55ab16fb40a5 - test::run_test_in_process::{{closure}}::h85218797dcbcec12
[INFO] [stdout]                                at /rustc/82e1608dfa6e0b5569232559e3d385fea5a93112/library/test/src/lib.rs:651:60
[INFO] [stdout]   26:     0x55ab16fb40a5 - <core::panic::unwind_safe::AssertUnwindSafe<F> as core::ops::function::FnOnce<()>>::call_once::h76c106ea31c14d7b
[INFO] [stdout]                                at /rustc/82e1608dfa6e0b5569232559e3d385fea5a93112/library/core/src/panic/unwind_safe.rs:272:9
[INFO] [stdout]   27:     0x55ab16fb40a5 - std::panicking::try::do_call::h3bd5d0f6620ee946
[INFO] [stdout]                                at /rustc/82e1608dfa6e0b5569232559e3d385fea5a93112/library/std/src/panicking.rs:552:40
[INFO] [stdout]   28:     0x55ab16fb40a5 - std::panicking::try::h232e535e4744fe31
[INFO] [stdout]                                at /rustc/82e1608dfa6e0b5569232559e3d385fea5a93112/library/std/src/panicking.rs:516:19
[INFO] [stdout]   29:     0x55ab16fb40a5 - std::panic::catch_unwind::h3ce3bd6ca8dbac68
[INFO] [stdout]                                at /rustc/82e1608dfa6e0b5569232559e3d385fea5a93112/library/std/src/panic.rs:142:14
[INFO] [stdout]   30:     0x55ab16fb40a5 - test::run_test_in_process::hc97b257c9621286a
[INFO] [stdout]                                at /rustc/82e1608dfa6e0b5569232559e3d385fea5a93112/library/test/src/lib.rs:651:27
[INFO] [stdout]   31:     0x55ab16fb40a5 - test::run_test::{{closure}}::h2aa798823a438d38
[INFO] [stdout]                                at /rustc/82e1608dfa6e0b5569232559e3d385fea5a93112/library/test/src/lib.rs:574:43
[INFO] [stdout]   32:     0x55ab16f7c366 - test::run_test::{{closure}}::h87d231c78fb59832
[INFO] [stdout]                                at /rustc/82e1608dfa6e0b5569232559e3d385fea5a93112/library/test/src/lib.rs:602:41
[INFO] [stdout]   33:     0x55ab16f7c366 - std::sys_common::backtrace::__rust_begin_short_backtrace::he6df152596625789
[INFO] [stdout]                                at /rustc/82e1608dfa6e0b5569232559e3d385fea5a93112/library/std/src/sys_common/backtrace.rs:154:18
[INFO] [stdout]   34:     0x55ab16f81417 - std::thread::Builder::spawn_unchecked_::{{closure}}::{{closure}}::ha94be15d1e0acf36
[INFO] [stdout]                                at /rustc/82e1608dfa6e0b5569232559e3d385fea5a93112/library/std/src/thread/mod.rs:529:17
[INFO] [stdout]   35:     0x55ab16f81417 - <core::panic::unwind_safe::AssertUnwindSafe<F> as core::ops::function::FnOnce<()>>::call_once::h9dc6bd6372f16606
[INFO] [stdout]                                at /rustc/82e1608dfa6e0b5569232559e3d385fea5a93112/library/core/src/panic/unwind_safe.rs:272:9
[INFO] [stdout]   36:     0x55ab16f81417 - std::panicking::try::do_call::h9057517f80303cd4
[INFO] [stdout]                                at /rustc/82e1608dfa6e0b5569232559e3d385fea5a93112/library/std/src/panicking.rs:552:40
[INFO] [stdout]   37:     0x55ab16f81417 - std::panicking::try::he3a30b11ee45340c
[INFO] [stdout]                                at /rustc/82e1608dfa6e0b5569232559e3d385fea5a93112/library/std/src/panicking.rs:516:19
[INFO] [stdout]   38:     0x55ab16f81417 - std::panic::catch_unwind::h410458cfd3528b8b
[INFO] [stdout]                                at /rustc/82e1608dfa6e0b5569232559e3d385fea5a93112/library/std/src/panic.rs:142:14
[INFO] [stdout]   39:     0x55ab16f81417 - std::thread::Builder::spawn_unchecked_::{{closure}}::h72ac3bdb567b737b
[INFO] [stdout]                                at /rustc/82e1608dfa6e0b5569232559e3d385fea5a93112/library/std/src/thread/mod.rs:528:30
[INFO] [stdout]   40:     0x55ab16f81417 - core::ops::function::FnOnce::call_once{{vtable.shim}}::h38f34da3654a8344
[INFO] [stdout]                                at /rustc/82e1608dfa6e0b5569232559e3d385fea5a93112/library/core/src/ops/function.rs:250:5
[INFO] [stdout]   41:     0x55ab1729af45 - <alloc::boxed::Box<F,A> as core::ops::function::FnOnce<Args>>::call_once::hc7eafaff61e32df9
[INFO] [stdout]                                at /rustc/82e1608dfa6e0b5569232559e3d385fea5a93112/library/alloc/src/boxed.rs:2007:9
[INFO] [stdout]   42:     0x55ab1729af45 - <alloc::boxed::Box<F,A> as core::ops::function::FnOnce<Args>>::call_once::h6ba4a5de48dd2304
[INFO] [stdout]                                at /rustc/82e1608dfa6e0b5569232559e3d385fea5a93112/library/alloc/src/boxed.rs:2007:9
[INFO] [stdout]   43:     0x55ab1729af45 - std::sys::unix::thread::Thread::new::thread_start::he469335aef763e45
[INFO] [stdout]                                at /rustc/82e1608dfa6e0b5569232559e3d385fea5a93112/library/std/src/sys/unix/thread.rs:108:17
[INFO] [stdout]   44:     0x7fedfa805ac3 - <unknown>
[INFO] [stdout]   45:     0x7fedfa896bf4 - __clone
[INFO] [stdout]   46:                0x0 - <unknown>
[INFO] [stdout] 
[INFO] [stdout] ---- tests::valid_attribute_names stdout ----
[INFO] [stdout] thread 'tests::valid_attribute_names' panicked at tests/tests.rs:92:13:
[INFO] [stdout] assertion failed: Attribute::new(err).is_err()
[INFO] [stdout] stack backtrace:
[INFO] [stdout]    0:     0x55ab172943fc - std::backtrace_rs::backtrace::libunwind::trace::ha637c64ce894333a
[INFO] [stdout]                                at /rustc/82e1608dfa6e0b5569232559e3d385fea5a93112/library/std/src/../../backtrace/src/backtrace/libunwind.rs:104:5
[INFO] [stdout]    1:     0x55ab172943fc - std::backtrace_rs::backtrace::trace_unsynchronized::h47f62dea28e0c88d
[INFO] [stdout]                                at /rustc/82e1608dfa6e0b5569232559e3d385fea5a93112/library/std/src/../../backtrace/src/backtrace/mod.rs:66:5
[INFO] [stdout]    2:     0x55ab172943fc - std::sys_common::backtrace::_print_fmt::h9eef0abe20ede486
[INFO] [stdout]                                at /rustc/82e1608dfa6e0b5569232559e3d385fea5a93112/library/std/src/sys_common/backtrace.rs:67:5
[INFO] [stdout]    3:     0x55ab172943fc - <std::sys_common::backtrace::_print::DisplayBacktrace as core::fmt::Display>::fmt::hed7f999df88cc644
[INFO] [stdout]                                at /rustc/82e1608dfa6e0b5569232559e3d385fea5a93112/library/std/src/sys_common/backtrace.rs:44:22
[INFO] [stdout]    4:     0x55ab172be450 - core::fmt::rt::Argument::fmt::h1539a9308b8d058d
[INFO] [stdout]                                at /rustc/82e1608dfa6e0b5569232559e3d385fea5a93112/library/core/src/fmt/rt.rs:142:9
[INFO] [stdout]    5:     0x55ab172be450 - core::fmt::write::h3a39390d8560d9c9
[INFO] [stdout]                                at /rustc/82e1608dfa6e0b5569232559e3d385fea5a93112/library/core/src/fmt/mod.rs:1120:17
[INFO] [stdout]    6:     0x55ab17291daf - std::io::Write::write_fmt::h040b369f3a0f9cbc
[INFO] [stdout]                                at /rustc/82e1608dfa6e0b5569232559e3d385fea5a93112/library/std/src/io/mod.rs:1762:15
[INFO] [stdout]    7:     0x55ab172941e4 - std::sys_common::backtrace::_print::h894006fb5c6f3d45
[INFO] [stdout]                                at /rustc/82e1608dfa6e0b5569232559e3d385fea5a93112/library/std/src/sys_common/backtrace.rs:47:5
[INFO] [stdout]    8:     0x55ab172941e4 - std::sys_common::backtrace::print::h23a2d212c6fff936
[INFO] [stdout]                                at /rustc/82e1608dfa6e0b5569232559e3d385fea5a93112/library/std/src/sys_common/backtrace.rs:34:9
[INFO] [stdout]    9:     0x55ab17295ea7 - std::panicking::default_hook::{{closure}}::h8a1d2ee00185001a
[INFO] [stdout]   10:     0x55ab17295b93 - std::panicking::default_hook::h6038f2eba384e475
[INFO] [stdout]                                at /rustc/82e1608dfa6e0b5569232559e3d385fea5a93112/library/std/src/panicking.rs:289:9
[INFO] [stdout]   11:     0x55ab16fafa37 - <alloc::boxed::Box<F,A> as core::ops::function::Fn<Args>>::call::h0ad024c9bdc6d768
[INFO] [stdout]                                at /rustc/82e1608dfa6e0b5569232559e3d385fea5a93112/library/alloc/src/boxed.rs:2021:9
[INFO] [stdout]   12:     0x55ab16fafa37 - test::test_main::{{closure}}::h7500b54257359db6
[INFO] [stdout]                                at /rustc/82e1608dfa6e0b5569232559e3d385fea5a93112/library/test/src/lib.rs:138:21
[INFO] [stdout]   13:     0x55ab172964b8 - <alloc::boxed::Box<F,A> as core::ops::function::Fn<Args>>::call::h1f8f335eaa9cfaee
[INFO] [stdout]                                at /rustc/82e1608dfa6e0b5569232559e3d385fea5a93112/library/alloc/src/boxed.rs:2021:9
[INFO] [stdout]   14:     0x55ab172964b8 - std::panicking::rust_panic_with_hook::h2b5517d590cab22e
[INFO] [stdout]                                at /rustc/82e1608dfa6e0b5569232559e3d385fea5a93112/library/std/src/panicking.rs:783:13
[INFO] [stdout]   15:     0x55ab172961d9 - std::panicking::begin_panic_handler::{{closure}}::h233112c06e0ef43e
[INFO] [stdout]                                at /rustc/82e1608dfa6e0b5569232559e3d385fea5a93112/library/std/src/panicking.rs:649:13
[INFO] [stdout]   16:     0x55ab172948c6 - std::sys_common::backtrace::__rust_end_short_backtrace::h6e893f24d7ebbff8
[INFO] [stdout]                                at /rustc/82e1608dfa6e0b5569232559e3d385fea5a93112/library/std/src/sys_common/backtrace.rs:170:18
[INFO] [stdout]   17:     0x55ab17295f72 - rust_begin_unwind
[INFO] [stdout]                                at /rustc/82e1608dfa6e0b5569232559e3d385fea5a93112/library/std/src/panicking.rs:645:5
[INFO] [stdout]   18:     0x55ab16f792a5 - core::panicking::panic_fmt::hbf0e066aabfa482c
[INFO] [stdout]                                at /rustc/82e1608dfa6e0b5569232559e3d385fea5a93112/library/core/src/panicking.rs:72:14
[INFO] [stdout]   19:     0x55ab16f79343 - core::panicking::panic::h195fc2a96298d4c3
[INFO] [stdout]                                at /rustc/82e1608dfa6e0b5569232559e3d385fea5a93112/library/core/src/panicking.rs:127:5
[INFO] [stdout]   20:     0x55ab16f7bfae - tests::tests::valid_attribute_names::h4d167897636d9de5
[INFO] [stdout]                                at /opt/rustwide/workdir/tests/tests.rs:92:13
[INFO] [stdout]   21:     0x55ab16f7b9d7 - tests::tests::valid_attribute_names::{{closure}}::h3cec18f76cf5b5ad
[INFO] [stdout]                                at /opt/rustwide/workdir/tests/tests.rs:60:31
[INFO] [stdout]   22:     0x55ab16f7a1d6 - core::ops::function::FnOnce::call_once::h3ea7e8dce4a2c70b
[INFO] [stdout]                                at /rustc/82e1608dfa6e0b5569232559e3d385fea5a93112/library/core/src/ops/function.rs:250:5
[INFO] [stdout]   23:     0x55ab16fb508f - core::ops::function::FnOnce::call_once::h2b5d431d5046312d
[INFO] [stdout]                                at /rustc/82e1608dfa6e0b5569232559e3d385fea5a93112/library/core/src/ops/function.rs:250:5
[INFO] [stdout]   24:     0x55ab16fb508f - test::__rust_begin_short_backtrace::h7714669af176e207
[INFO] [stdout]                                at /rustc/82e1608dfa6e0b5569232559e3d385fea5a93112/library/test/src/lib.rs:628:18
[INFO] [stdout]   25:     0x55ab16fb40a5 - test::run_test_in_process::{{closure}}::h85218797dcbcec12
[INFO] [stdout]                                at /rustc/82e1608dfa6e0b5569232559e3d385fea5a93112/library/test/src/lib.rs:651:60
[INFO] [stdout]   26:     0x55ab16fb40a5 - <core::panic::unwind_safe::AssertUnwindSafe<F> as core::ops::function::FnOnce<()>>::call_once::h76c106ea31c14d7b
[INFO] [stdout]                                at /rustc/82e1608dfa6e0b5569232559e3d385fea5a93112/library/core/src/panic/unwind_safe.rs:272:9
[INFO] [stdout]   27:     0x55ab16fb40a5 - std::panicking::try::do_call::h3bd5d0f6620ee946
[INFO] [stdout]                                at /rustc/82e1608dfa6e0b5569232559e3d385fea5a93112/library/std/src/panicking.rs:552:40
[INFO] [stdout]   28:     0x55ab16fb40a5 - std::panicking::try::h232e535e4744fe31
[INFO] [stdout]                                at /rustc/82e1608dfa6e0b5569232559e3d385fea5a93112/library/std/src/panicking.rs:516:19
[INFO] [stdout]   29:     0x55ab16fb40a5 - std::panic::catch_unwind::h3ce3bd6ca8dbac68
[INFO] [stdout]                                at /rustc/82e1608dfa6e0b5569232559e3d385fea5a93112/library/std/src/panic.rs:142:14
[INFO] [stdout]   30:     0x55ab16fb40a5 - test::run_test_in_process::hc97b257c9621286a
[INFO] [stdout]                                at /rustc/82e1608dfa6e0b5569232559e3d385fea5a93112/library/test/src/lib.rs:651:27
[INFO] [stdout]   31:     0x55ab16fb40a5 - test::run_test::{{closure}}::h2aa798823a438d38
[INFO] [stdout]                                at /rustc/82e1608dfa6e0b5569232559e3d385fea5a93112/library/test/src/lib.rs:574:43
[INFO] [stdout]   32:     0x55ab16f7c366 - test::run_test::{{closure}}::h87d231c78fb59832
[INFO] [stdout]                                at /rustc/82e1608dfa6e0b5569232559e3d385fea5a93112/library/test/src/lib.rs:602:41
[INFO] [stdout]   33:     0x55ab16f7c366 - std::sys_common::backtrace::__rust_begin_short_backtrace::he6df152596625789
[INFO] [stdout]                                at /rustc/82e1608dfa6e0b5569232559e3d385fea5a93112/library/std/src/sys_common/backtrace.rs:154:18
[INFO] [stdout]   34:     0x55ab16f81417 - std::thread::Builder::spawn_unchecked_::{{closure}}::{{closure}}::ha94be15d1e0acf36
[INFO] [stdout]                                at /rustc/82e1608dfa6e0b5569232559e3d385fea5a93112/library/std/src/thread/mod.rs:529:17
[INFO] [stdout]   35:     0x55ab16f81417 - <core::panic::unwind_safe::AssertUnwindSafe<F> as core::ops::function::FnOnce<()>>::call_once::h9dc6bd6372f16606
[INFO] [stdout]                                at /rustc/82e1608dfa6e0b5569232559e3d385fea5a93112/library/core/src/panic/unwind_safe.rs:272:9
[INFO] [stdout]   36:     0x55ab16f81417 - std::panicking::try::do_call::h9057517f80303cd4
[INFO] [stdout]                                at /rustc/82e1608dfa6e0b5569232559e3d385fea5a93112/library/std/src/panicking.rs:552:40
[INFO] [stdout]   37:     0x55ab16f81417 - std::panicking::try::he3a30b11ee45340c
[INFO] [stdout]                                at /rustc/82e1608dfa6e0b5569232559e3d385fea5a93112/library/std/src/panicking.rs:516:19
[INFO] [stdout]   38:     0x55ab16f81417 - std::panic::catch_unwind::h410458cfd3528b8b
[INFO] [stdout]                                at /rustc/82e1608dfa6e0b5569232559e3d385fea5a93112/library/std/src/panic.rs:142:14
[INFO] [stdout]   39:     0x55ab16f81417 - std::thread::Builder::spawn_unchecked_::{{closure}}::h72ac3bdb567b737b
[INFO] [stdout]                                at /rustc/82e1608dfa6e0b5569232559e3d385fea5a93112/library/std/src/thread/mod.rs:528:30
[INFO] [stdout]   40:     0x55ab16f81417 - core::ops::function::FnOnce::call_once{{vtable.shim}}::h38f34da3654a8344
[INFO] [stdout]                                at /rustc/82e1608dfa6e0b5569232559e3d385fea5a93112/library/core/src/ops/function.rs:250:5
[INFO] [stdout]   41:     0x55ab1729af45 - <alloc::boxed::Box<F,A> as core::ops::function::FnOnce<Args>>::call_once::hc7eafaff61e32df9
[INFO] [stdout]                                at /rustc/82e1608dfa6e0b5569232559e3d385fea5a93112/library/alloc/src/boxed.rs:2007:9
[INFO] [stdout]   42:     0x55ab1729af45 - <alloc::boxed::Box<F,A> as core::ops::function::FnOnce<Args>>::call_once::h6ba4a5de48dd2304
[INFO] [stdout]                                at /rustc/82e1608dfa6e0b5569232559e3d385fea5a93112/library/alloc/src/boxed.rs:2007:9
[INFO] [stdout]   43:     0x55ab1729af45 - std::sys::unix::thread::Thread::new::thread_start::he469335aef763e45
[INFO] [stdout]                                at /rustc/82e1608dfa6e0b5569232559e3d385fea5a93112/library/std/src/sys/unix/thread.rs:108:17
[INFO] [stdout]   44:     0x7fedfa805ac3 - <unknown>
[INFO] [stdout]   45:     0x7fedfa896bf4 - __clone
[INFO] [stdout]   46:                0x0 - <unknown>
[INFO] [stdout] 
[INFO] [stdout] 
[INFO] [stdout] failures:
[INFO] [stdout]     tests::test_generate_entities
[INFO] [stdout]     tests::valid_attribute_names
[INFO] [stdout]     tests::valid_entity_names
[INFO] [stdout] 
[INFO] [stdout] test result: FAILED. 1 passed; 3 failed; 0 ignored; 0 measured; 0 filtered out; finished in 0.01s
[INFO] [stdout] 
[INFO] [stderr] error: test failed, to rerun pass `--test tests`
[INFO] running `Command { std: "docker" "inspect" "28f0939d91a4ba55b2dcec04ac8fa1cb6dbdc55793132975c498462871ba920d", kill_on_drop: false }`
[INFO] running `Command { std: "docker" "rm" "-f" "28f0939d91a4ba55b2dcec04ac8fa1cb6dbdc55793132975c498462871ba920d", kill_on_drop: false }`
[INFO] [stdout] 28f0939d91a4ba55b2dcec04ac8fa1cb6dbdc55793132975c498462871ba920d
