[INFO] fetching crate licensure 0.3.2...
[INFO] testing licensure-0.3.2 against 1.75.0 for beta-1.76-1
[INFO] extracting crate licensure 0.3.2 into /workspace/builds/worker-7-tc1/source
[INFO] validating manifest of crates.io crate licensure 0.3.2 on toolchain 1.75.0
[INFO] running `Command { std: CARGO_HOME="/workspace/cargo-home" RUSTUP_HOME="/workspace/rustup-home" "/workspace/cargo-home/bin/cargo" "+1.75.0" "metadata" "--manifest-path" "Cargo.toml" "--no-deps", kill_on_drop: false }`
[INFO] started tweaking crates.io crate licensure 0.3.2
[INFO] finished tweaking crates.io crate licensure 0.3.2
[INFO] tweaked toml for crates.io crate licensure 0.3.2 written to /workspace/builds/worker-7-tc1/source/Cargo.toml
[INFO] crate crates.io crate licensure 0.3.2 already has a lockfile, it will not be regenerated
[INFO] running `Command { std: CARGO_HOME="/workspace/cargo-home" RUSTUP_HOME="/workspace/rustup-home" "/workspace/cargo-home/bin/cargo" "+1.75.0" "fetch" "--manifest-path" "Cargo.toml", kill_on_drop: false }`
[INFO] [stderr]  Downloading crates ...
[INFO] [stderr]   Downloaded simplelog v0.11.2
[INFO] [stderr]   Downloaded syn v2.0.31
[INFO] [stderr]   Downloaded chrono v0.4.30
[INFO] running `Command { std: "docker" "create" "-v" "/var/lib/crater-agent-workspace/builds/worker-7-tc1/target:/opt/rustwide/target:rw,Z" "-v" "/var/lib/crater-agent-workspace/builds/worker-7-tc1/source:/opt/rustwide/workdir:ro,Z" "-v" "/var/lib/crater-agent-workspace/cargo-home:/opt/rustwide/cargo-home:ro,Z" "-v" "/var/lib/crater-agent-workspace/rustup-home:/opt/rustwide/rustup-home:ro,Z" "-e" "SOURCE_DIR=/opt/rustwide/workdir" "-e" "CARGO_TARGET_DIR=/opt/rustwide/target" "-e" "CARGO_HOME=/opt/rustwide/cargo-home" "-e" "RUSTUP_HOME=/opt/rustwide/rustup-home" "-w" "/opt/rustwide/workdir" "-m" "1610612736" "--user" "0:0" "--network" "none" "ghcr.io/rust-lang/crates-build-env/linux@sha256:2788e3201cd34a07e3172128adcd8b3090168a8e3bcc40d7c032b9dda1df7d1c" "/opt/rustwide/cargo-home/bin/cargo" "+1.75.0" "metadata" "--no-deps" "--format-version=1", kill_on_drop: false }`
[INFO] [stdout] 286975314cad3c53f5508647e46285eada04cbea4b5084b061cd3e52654ca696
[INFO] running `Command { std: "docker" "start" "-a" "286975314cad3c53f5508647e46285eada04cbea4b5084b061cd3e52654ca696", kill_on_drop: false }`
[INFO] running `Command { std: "docker" "inspect" "286975314cad3c53f5508647e46285eada04cbea4b5084b061cd3e52654ca696", kill_on_drop: false }`
[INFO] running `Command { std: "docker" "rm" "-f" "286975314cad3c53f5508647e46285eada04cbea4b5084b061cd3e52654ca696", kill_on_drop: false }`
[INFO] [stdout] 286975314cad3c53f5508647e46285eada04cbea4b5084b061cd3e52654ca696
[INFO] running `Command { std: "docker" "create" "-v" "/var/lib/crater-agent-workspace/builds/worker-7-tc1/target:/opt/rustwide/target:rw,Z" "-v" "/var/lib/crater-agent-workspace/builds/worker-7-tc1/source:/opt/rustwide/workdir:ro,Z" "-v" "/var/lib/crater-agent-workspace/cargo-home:/opt/rustwide/cargo-home:ro,Z" "-v" "/var/lib/crater-agent-workspace/rustup-home:/opt/rustwide/rustup-home:ro,Z" "-e" "SOURCE_DIR=/opt/rustwide/workdir" "-e" "CARGO_TARGET_DIR=/opt/rustwide/target" "-e" "CARGO_INCREMENTAL=0" "-e" "RUST_BACKTRACE=full" "-e" "RUSTFLAGS=--cap-lints=warn" "-e" "RUSTDOCFLAGS=--cap-lints=warn" "-e" "CARGO_HOME=/opt/rustwide/cargo-home" "-e" "RUSTUP_HOME=/opt/rustwide/rustup-home" "-w" "/opt/rustwide/workdir" "-m" "1610612736" "--user" "0:0" "--network" "none" "ghcr.io/rust-lang/crates-build-env/linux@sha256:2788e3201cd34a07e3172128adcd8b3090168a8e3bcc40d7c032b9dda1df7d1c" "/opt/rustwide/cargo-home/bin/cargo" "+1.75.0" "build" "--frozen" "--message-format=json", kill_on_drop: false }`
[INFO] [stdout] a1fde09ea473cfb373f74a171e44b8861dd65a5f6cff3973f579102ec415e8e6
[INFO] running `Command { std: "docker" "start" "-a" "a1fde09ea473cfb373f74a171e44b8861dd65a5f6cff3973f579102ec415e8e6", kill_on_drop: false }`
[INFO] [stderr]    Compiling libc v0.2.147
[INFO] [stderr]    Compiling pkg-config v0.3.27
[INFO] [stderr]    Compiling pin-project-lite v0.2.13
[INFO] [stderr]    Compiling vcpkg v0.2.15
[INFO] [stderr]    Compiling once_cell v1.18.0
[INFO] [stderr]    Compiling futures-core v0.3.28
[INFO] [stderr]    Compiling bytes v1.5.0
[INFO] [stderr]    Compiling itoa v1.0.9
[INFO] [stderr]    Compiling memchr v2.6.3
[INFO] [stderr]    Compiling futures-task v0.3.28
[INFO] [stderr]    Compiling hashbrown v0.12.3
[INFO] [stderr]    Compiling slab v0.4.9
[INFO] [stderr]    Compiling indexmap v1.9.3
[INFO] [stderr]    Compiling foreign-types-shared v0.1.1
[INFO] [stderr]    Compiling syn v2.0.31
[INFO] [stderr]    Compiling fnv v1.0.7
[INFO] [stderr]    Compiling futures-util v0.3.28
[INFO] [stderr]    Compiling serde v1.0.188
[INFO] [stderr]    Compiling openssl v0.10.57
[INFO] [stderr]    Compiling foreign-types v0.3.2
[INFO] [stderr]    Compiling tracing-core v0.1.31
[INFO] [stderr]    Compiling futures-channel v0.3.28
[INFO] [stderr]    Compiling futures-sink v0.3.28
[INFO] [stderr]    Compiling bitflags v2.4.0
[INFO] [stderr]    Compiling httparse v1.8.0
[INFO] [stderr]    Compiling futures-io v0.3.28
[INFO] [stderr]    Compiling native-tls v0.2.11
[INFO] [stderr]    Compiling pin-utils v0.1.0
[INFO] [stderr]    Compiling http v0.2.9
[INFO] [stderr]    Compiling num-traits v0.2.16
[INFO] [stderr]    Compiling try-lock v0.2.4
[INFO] [stderr]    Compiling openssl-probe v0.1.5
[INFO] [stderr]    Compiling percent-encoding v2.3.0
[INFO] [stderr]    Compiling ryu v1.0.15
[INFO] [stderr]    Compiling want v0.3.1
[INFO] [stderr]    Compiling form_urlencoded v1.2.0
[INFO] [stderr]    Compiling unicode-normalization v0.1.22
[INFO] [stderr]    Compiling cc v1.0.83
[INFO] [stderr]    Compiling httpdate v1.0.3
[INFO] [stderr]    Compiling tower-service v0.3.2
[INFO] [stderr]    Compiling unicode-width v0.1.10
[INFO] [stderr]    Compiling serde_json v1.0.105
[INFO] [stderr]    Compiling unicode-bidi v0.3.13
[INFO] [stderr]    Compiling aho-corasick v1.0.5
[INFO] [stderr]    Compiling regex-syntax v0.7.5
[INFO] [stderr]    Compiling tracing v0.1.37
[INFO] [stderr]    Compiling mio v0.8.8
[INFO] [stderr]    Compiling num_cpus v1.16.0
[INFO] [stderr]    Compiling socket2 v0.5.4
[INFO] [stderr]    Compiling socket2 v0.4.9
[INFO] [stderr]    Compiling linked-hash-map v0.5.6
[INFO] [stderr]    Compiling http-body v0.4.5
[INFO] [stderr]    Compiling idna v0.4.0
[INFO] [stderr]    Compiling iana-time-zone v0.1.57
[INFO] [stderr]    Compiling yaml-rust v0.4.5
[INFO] [stderr]    Compiling atty v0.2.14
[INFO] [stderr]    Compiling textwrap v0.11.0
[INFO] [stderr]    Compiling encoding_rs v0.8.33
[INFO] [stderr]    Compiling strsim v0.8.0
[INFO] [stderr]    Compiling tokio v1.32.0
[INFO] [stderr]    Compiling chrono v0.4.30
[INFO] [stderr]    Compiling ansi_term v0.12.1
[INFO] [stderr]    Compiling termcolor v1.1.3
[INFO] [stderr]    Compiling smawk v0.3.1
[INFO] [stderr]    Compiling url v2.4.1
[INFO] [stderr]    Compiling base64 v0.21.4
[INFO] [stderr]    Compiling ipnet v2.8.0
[INFO] [stderr]    Compiling unicode-linebreak v0.1.5
[INFO] [stderr]    Compiling vec_map v0.8.2
[INFO] [stderr]    Compiling mime v0.3.17
[INFO] [stderr]    Compiling bitflags v1.3.2
[INFO] [stderr]    Compiling openssl-sys v0.9.93
[INFO] [stderr]    Compiling clap v2.34.0
[INFO] [stderr]    Compiling textwrap v0.14.2
[INFO] [stderr]    Compiling regex-automata v0.3.8
[INFO] [stderr]    Compiling simplelog v0.11.2
[INFO] [stderr]    Compiling serde_derive v1.0.188
[INFO] [stderr]    Compiling openssl-macros v0.1.1
[INFO] [stderr]    Compiling regex v1.9.5
[INFO] [stderr]    Compiling tokio-util v0.7.8
[INFO] [stderr]    Compiling h2 v0.3.21
[INFO] [stderr]    Compiling tokio-native-tls v0.3.1
[INFO] [stderr]    Compiling hyper v0.14.27
[INFO] [stderr]    Compiling serde_urlencoded v0.7.1
[INFO] [stderr]    Compiling serde_yaml v0.8.26
[INFO] [stderr]    Compiling hyper-tls v0.5.0
[INFO] [stderr]    Compiling reqwest v0.11.20
[INFO] [stderr]    Compiling licensure v0.3.2 (/opt/rustwide/workdir)
[INFO] [stderr]     Finished dev [unoptimized + debuginfo] target(s) in 21.63s
[INFO] running `Command { std: "docker" "inspect" "a1fde09ea473cfb373f74a171e44b8861dd65a5f6cff3973f579102ec415e8e6", kill_on_drop: false }`
[INFO] running `Command { std: "docker" "rm" "-f" "a1fde09ea473cfb373f74a171e44b8861dd65a5f6cff3973f579102ec415e8e6", kill_on_drop: false }`
[INFO] [stdout] a1fde09ea473cfb373f74a171e44b8861dd65a5f6cff3973f579102ec415e8e6
[INFO] running `Command { std: "docker" "create" "-v" "/var/lib/crater-agent-workspace/builds/worker-7-tc1/target:/opt/rustwide/target:rw,Z" "-v" "/var/lib/crater-agent-workspace/builds/worker-7-tc1/source:/opt/rustwide/workdir:ro,Z" "-v" "/var/lib/crater-agent-workspace/cargo-home:/opt/rustwide/cargo-home:ro,Z" "-v" "/var/lib/crater-agent-workspace/rustup-home:/opt/rustwide/rustup-home:ro,Z" "-e" "SOURCE_DIR=/opt/rustwide/workdir" "-e" "CARGO_TARGET_DIR=/opt/rustwide/target" "-e" "CARGO_INCREMENTAL=0" "-e" "RUST_BACKTRACE=full" "-e" "RUSTFLAGS=--cap-lints=warn" "-e" "RUSTDOCFLAGS=--cap-lints=warn" "-e" "CARGO_HOME=/opt/rustwide/cargo-home" "-e" "RUSTUP_HOME=/opt/rustwide/rustup-home" "-w" "/opt/rustwide/workdir" "-m" "1610612736" "--user" "0:0" "--network" "none" "ghcr.io/rust-lang/crates-build-env/linux@sha256:2788e3201cd34a07e3172128adcd8b3090168a8e3bcc40d7c032b9dda1df7d1c" "/opt/rustwide/cargo-home/bin/cargo" "+1.75.0" "test" "--frozen" "--no-run" "--message-format=json", kill_on_drop: false }`
[INFO] [stdout] ce3cbc38b181590bda1cc6deea0f00f49701b43c720b1f697416350032b26a2c
[INFO] running `Command { std: "docker" "start" "-a" "ce3cbc38b181590bda1cc6deea0f00f49701b43c720b1f697416350032b26a2c", kill_on_drop: false }`
[INFO] [stderr]    Compiling licensure v0.3.2 (/opt/rustwide/workdir)
[INFO] [stderr]     Finished test [unoptimized + debuginfo] target(s) in 2.81s
[INFO] running `Command { std: "docker" "inspect" "ce3cbc38b181590bda1cc6deea0f00f49701b43c720b1f697416350032b26a2c", kill_on_drop: false }`
[INFO] running `Command { std: "docker" "rm" "-f" "ce3cbc38b181590bda1cc6deea0f00f49701b43c720b1f697416350032b26a2c", kill_on_drop: false }`
[INFO] [stdout] ce3cbc38b181590bda1cc6deea0f00f49701b43c720b1f697416350032b26a2c
[INFO] running `Command { std: "docker" "create" "-v" "/var/lib/crater-agent-workspace/builds/worker-7-tc1/target:/opt/rustwide/target:rw,Z" "-v" "/var/lib/crater-agent-workspace/builds/worker-7-tc1/source:/opt/rustwide/workdir:ro,Z" "-v" "/var/lib/crater-agent-workspace/cargo-home:/opt/rustwide/cargo-home:ro,Z" "-v" "/var/lib/crater-agent-workspace/rustup-home:/opt/rustwide/rustup-home:ro,Z" "-e" "SOURCE_DIR=/opt/rustwide/workdir" "-e" "CARGO_TARGET_DIR=/opt/rustwide/target" "-e" "CARGO_INCREMENTAL=0" "-e" "RUST_BACKTRACE=full" "-e" "RUSTFLAGS=--cap-lints=warn" "-e" "RUSTDOCFLAGS=--cap-lints=warn" "-e" "CARGO_HOME=/opt/rustwide/cargo-home" "-e" "RUSTUP_HOME=/opt/rustwide/rustup-home" "-w" "/opt/rustwide/workdir" "-m" "1610612736" "--user" "0:0" "--network" "none" "ghcr.io/rust-lang/crates-build-env/linux@sha256:2788e3201cd34a07e3172128adcd8b3090168a8e3bcc40d7c032b9dda1df7d1c" "/opt/rustwide/cargo-home/bin/cargo" "+1.75.0" "test" "--frozen", kill_on_drop: false }`
[INFO] [stdout] b07fa1e9eac62eaed10820bdf0705795bf96f402302a534c91ec643f3e6a013f
[INFO] running `Command { std: "docker" "start" "-a" "b07fa1e9eac62eaed10820bdf0705795bf96f402302a534c91ec643f3e6a013f", kill_on_drop: false }`
[INFO] [stderr]     Finished test [unoptimized + debuginfo] target(s) in 0.09s
[INFO] [stderr]      Running unittests src/main.rs (/opt/rustwide/target/debug/deps/licensure-08eda0395c119536)
[INFO] [stdout] 
[INFO] [stdout] running 15 tests
[INFO] [stdout] test comments::tests::test_comment_html ... ok
[INFO] [stdout] test comments::tests::test_comment_cpp ... ok
[INFO] [stdout] test comments::tests::test_comment_cpp_w_trailing_lines ... ok
[INFO] [stdout] test comments::tests::test_comment_python ... ok
[INFO] [stdout] test config::comment::tests::test_get_filetype ... ok
[INFO] [stdout] test comments::tests::test_comment_python_w_trailing_lines ... ok
[INFO] [stdout] test template::tests::test_substitutions_unwrap_text_false ... ok
[INFO] [stdout] test template::tests::test_substitutions ... ok
[INFO] [stdout] test template::tests::test_substitution_at_end_of_line ... ok
[INFO] [stdout] test utils::tests::test_remove_column_wrapping ... ok
[INFO] [stdout] test template::tests::test_substitutions_prewrapped ... ok
[INFO] [stdout] test template::tests::test_substitutions_prewrapped_preserves_linebreaks ... ok
[INFO] [stdout] test template::tests::test_outdated_license_matching ... ok
[INFO] [stdout] test template::tests::test_outdated_license_trimmed_matching ... ok
[INFO] [stdout] test test::test_get_project_files ... FAILED
[INFO] [stdout] 
[INFO] [stdout] failures:
[INFO] [stdout] 
[INFO] [stdout] ---- test::test_get_project_files stdout ----
[INFO] [stdout] thread 'test::test_get_project_files' panicked at src/main.rs:236:9:
[INFO] [stdout] assertion failed: get_project_files().len() != 0
[INFO] [stdout] stack backtrace:
[INFO] [stdout]    0:     0x55ad60ac1f4c - std::backtrace_rs::backtrace::libunwind::trace::ha637c64ce894333a
[INFO] [stdout]                                at /rustc/82e1608dfa6e0b5569232559e3d385fea5a93112/library/std/src/../../backtrace/src/backtrace/libunwind.rs:104:5
[INFO] [stdout]    1:     0x55ad60ac1f4c - std::backtrace_rs::backtrace::trace_unsynchronized::h47f62dea28e0c88d
[INFO] [stdout]                                at /rustc/82e1608dfa6e0b5569232559e3d385fea5a93112/library/std/src/../../backtrace/src/backtrace/mod.rs:66:5
[INFO] [stdout]    2:     0x55ad60ac1f4c - std::sys_common::backtrace::_print_fmt::h9eef0abe20ede486
[INFO] [stdout]                                at /rustc/82e1608dfa6e0b5569232559e3d385fea5a93112/library/std/src/sys_common/backtrace.rs:67:5
[INFO] [stdout]    3:     0x55ad60ac1f4c - <std::sys_common::backtrace::_print::DisplayBacktrace as core::fmt::Display>::fmt::hed7f999df88cc644
[INFO] [stdout]                                at /rustc/82e1608dfa6e0b5569232559e3d385fea5a93112/library/std/src/sys_common/backtrace.rs:44:22
[INFO] [stdout]    4:     0x55ad60aec820 - core::fmt::rt::Argument::fmt::h1539a9308b8d058d
[INFO] [stdout]                                at /rustc/82e1608dfa6e0b5569232559e3d385fea5a93112/library/core/src/fmt/rt.rs:142:9
[INFO] [stdout]    5:     0x55ad60aec820 - core::fmt::write::h3a39390d8560d9c9
[INFO] [stdout]                                at /rustc/82e1608dfa6e0b5569232559e3d385fea5a93112/library/core/src/fmt/mod.rs:1120:17
[INFO] [stdout]    6:     0x55ad60abf76f - std::io::Write::write_fmt::h040b369f3a0f9cbc
[INFO] [stdout]                                at /rustc/82e1608dfa6e0b5569232559e3d385fea5a93112/library/std/src/io/mod.rs:1762:15
[INFO] [stdout]    7:     0x55ad60ac1d34 - std::sys_common::backtrace::_print::h894006fb5c6f3d45
[INFO] [stdout]                                at /rustc/82e1608dfa6e0b5569232559e3d385fea5a93112/library/std/src/sys_common/backtrace.rs:47:5
[INFO] [stdout]    8:     0x55ad60ac1d34 - std::sys_common::backtrace::print::h23a2d212c6fff936
[INFO] [stdout]                                at /rustc/82e1608dfa6e0b5569232559e3d385fea5a93112/library/std/src/sys_common/backtrace.rs:34:9
[INFO] [stdout]    9:     0x55ad60ac39f7 - std::panicking::default_hook::{{closure}}::h8a1d2ee00185001a
[INFO] [stdout]   10:     0x55ad60ac36e3 - std::panicking::default_hook::h6038f2eba384e475
[INFO] [stdout]                                at /rustc/82e1608dfa6e0b5569232559e3d385fea5a93112/library/std/src/panicking.rs:289:9
[INFO] [stdout]   11:     0x55ad607e1517 - <alloc::boxed::Box<F,A> as core::ops::function::Fn<Args>>::call::h0ad024c9bdc6d768
[INFO] [stdout]                                at /rustc/82e1608dfa6e0b5569232559e3d385fea5a93112/library/alloc/src/boxed.rs:2021:9
[INFO] [stdout]   12:     0x55ad607e1517 - test::test_main::{{closure}}::h7500b54257359db6
[INFO] [stdout]                                at /rustc/82e1608dfa6e0b5569232559e3d385fea5a93112/library/test/src/lib.rs:138:21
[INFO] [stdout]   13:     0x55ad60ac4008 - <alloc::boxed::Box<F,A> as core::ops::function::Fn<Args>>::call::h1f8f335eaa9cfaee
[INFO] [stdout]                                at /rustc/82e1608dfa6e0b5569232559e3d385fea5a93112/library/alloc/src/boxed.rs:2021:9
[INFO] [stdout]   14:     0x55ad60ac4008 - std::panicking::rust_panic_with_hook::h2b5517d590cab22e
[INFO] [stdout]                                at /rustc/82e1608dfa6e0b5569232559e3d385fea5a93112/library/std/src/panicking.rs:783:13
[INFO] [stdout]   15:     0x55ad60ac3d29 - std::panicking::begin_panic_handler::{{closure}}::h233112c06e0ef43e
[INFO] [stdout]                                at /rustc/82e1608dfa6e0b5569232559e3d385fea5a93112/library/std/src/panicking.rs:649:13
[INFO] [stdout]   16:     0x55ad60ac2416 - std::sys_common::backtrace::__rust_end_short_backtrace::h6e893f24d7ebbff8
[INFO] [stdout]                                at /rustc/82e1608dfa6e0b5569232559e3d385fea5a93112/library/std/src/sys_common/backtrace.rs:170:18
[INFO] [stdout]   17:     0x55ad60ac3ac2 - rust_begin_unwind
[INFO] [stdout]                                at /rustc/82e1608dfa6e0b5569232559e3d385fea5a93112/library/std/src/panicking.rs:645:5
[INFO] [stdout]   18:     0x55ad607824d5 - core::panicking::panic_fmt::hbf0e066aabfa482c
[INFO] [stdout]                                at /rustc/82e1608dfa6e0b5569232559e3d385fea5a93112/library/core/src/panicking.rs:72:14
[INFO] [stdout]   19:     0x55ad60782573 - core::panicking::panic::h195fc2a96298d4c3
[INFO] [stdout]                                at /rustc/82e1608dfa6e0b5569232559e3d385fea5a93112/library/core/src/panicking.rs:127:5
[INFO] [stdout]   20:     0x55ad6079c4ab - licensure::test::test_get_project_files::h7b7496f52163cbbd
[INFO] [stdout]                                at /opt/rustwide/workdir/src/main.rs:236:9
[INFO] [stdout]   21:     0x55ad6079c417 - licensure::test::test_get_project_files::{{closure}}::hee5a6fb4cf7835e1
[INFO] [stdout]                                at /opt/rustwide/workdir/src/main.rs:235:32
[INFO] [stdout]   22:     0x55ad6078c8a6 - core::ops::function::FnOnce::call_once::h8ba8cf408f0579a1
[INFO] [stdout]                                at /rustc/82e1608dfa6e0b5569232559e3d385fea5a93112/library/core/src/ops/function.rs:250:5
[INFO] [stdout]   23:     0x55ad607e6b6f - core::ops::function::FnOnce::call_once::h2b5d431d5046312d
[INFO] [stdout]                                at /rustc/82e1608dfa6e0b5569232559e3d385fea5a93112/library/core/src/ops/function.rs:250:5
[INFO] [stdout]   24:     0x55ad607e6b6f - test::__rust_begin_short_backtrace::h7714669af176e207
[INFO] [stdout]                                at /rustc/82e1608dfa6e0b5569232559e3d385fea5a93112/library/test/src/lib.rs:628:18
[INFO] [stdout]   25:     0x55ad607e5b85 - test::run_test_in_process::{{closure}}::h85218797dcbcec12
[INFO] [stdout]                                at /rustc/82e1608dfa6e0b5569232559e3d385fea5a93112/library/test/src/lib.rs:651:60
[INFO] [stdout]   26:     0x55ad607e5b85 - <core::panic::unwind_safe::AssertUnwindSafe<F> as core::ops::function::FnOnce<()>>::call_once::h76c106ea31c14d7b
[INFO] [stdout]                                at /rustc/82e1608dfa6e0b5569232559e3d385fea5a93112/library/core/src/panic/unwind_safe.rs:272:9
[INFO] [stdout]   27:     0x55ad607e5b85 - std::panicking::try::do_call::h3bd5d0f6620ee946
[INFO] [stdout]                                at /rustc/82e1608dfa6e0b5569232559e3d385fea5a93112/library/std/src/panicking.rs:552:40
[INFO] [stdout]   28:     0x55ad607e5b85 - std::panicking::try::h232e535e4744fe31
[INFO] [stdout]                                at /rustc/82e1608dfa6e0b5569232559e3d385fea5a93112/library/std/src/panicking.rs:516:19
[INFO] [stdout]   29:     0x55ad607e5b85 - std::panic::catch_unwind::h3ce3bd6ca8dbac68
[INFO] [stdout]                                at /rustc/82e1608dfa6e0b5569232559e3d385fea5a93112/library/std/src/panic.rs:142:14
[INFO] [stdout]   30:     0x55ad607e5b85 - test::run_test_in_process::hc97b257c9621286a
[INFO] [stdout]                                at /rustc/82e1608dfa6e0b5569232559e3d385fea5a93112/library/test/src/lib.rs:651:27
[INFO] [stdout]   31:     0x55ad607e5b85 - test::run_test::{{closure}}::h2aa798823a438d38
[INFO] [stdout]                                at /rustc/82e1608dfa6e0b5569232559e3d385fea5a93112/library/test/src/lib.rs:574:43
[INFO] [stdout]   32:     0x55ad607ade46 - test::run_test::{{closure}}::h87d231c78fb59832
[INFO] [stdout]                                at /rustc/82e1608dfa6e0b5569232559e3d385fea5a93112/library/test/src/lib.rs:602:41
[INFO] [stdout]   33:     0x55ad607ade46 - std::sys_common::backtrace::__rust_begin_short_backtrace::he6df152596625789
[INFO] [stdout]                                at /rustc/82e1608dfa6e0b5569232559e3d385fea5a93112/library/std/src/sys_common/backtrace.rs:154:18
[INFO] [stdout]   34:     0x55ad607b2ef7 - std::thread::Builder::spawn_unchecked_::{{closure}}::{{closure}}::ha94be15d1e0acf36
[INFO] [stdout]                                at /rustc/82e1608dfa6e0b5569232559e3d385fea5a93112/library/std/src/thread/mod.rs:529:17
[INFO] [stdout]   35:     0x55ad607b2ef7 - <core::panic::unwind_safe::AssertUnwindSafe<F> as core::ops::function::FnOnce<()>>::call_once::h9dc6bd6372f16606
[INFO] [stdout]                                at /rustc/82e1608dfa6e0b5569232559e3d385fea5a93112/library/core/src/panic/unwind_safe.rs:272:9
[INFO] [stdout]   36:     0x55ad607b2ef7 - std::panicking::try::do_call::h9057517f80303cd4
[INFO] [stdout]                                at /rustc/82e1608dfa6e0b5569232559e3d385fea5a93112/library/std/src/panicking.rs:552:40
[INFO] [stdout]   37:     0x55ad607b2ef7 - std::panicking::try::he3a30b11ee45340c
[INFO] [stdout]                                at /rustc/82e1608dfa6e0b5569232559e3d385fea5a93112/library/std/src/panicking.rs:516:19
[INFO] [stdout]   38:     0x55ad607b2ef7 - std::panic::catch_unwind::h410458cfd3528b8b
[INFO] [stdout]                                at /rustc/82e1608dfa6e0b5569232559e3d385fea5a93112/library/std/src/panic.rs:142:14
[INFO] [stdout]   39:     0x55ad607b2ef7 - std::thread::Builder::spawn_unchecked_::{{closure}}::h72ac3bdb567b737b
[INFO] [stdout]                                at /rustc/82e1608dfa6e0b5569232559e3d385fea5a93112/library/std/src/thread/mod.rs:528:30
[INFO] [stdout]   40:     0x55ad607b2ef7 - core::ops::function::FnOnce::call_once{{vtable.shim}}::h38f34da3654a8344
[INFO] [stdout]                                at /rustc/82e1608dfa6e0b5569232559e3d385fea5a93112/library/core/src/ops/function.rs:250:5
[INFO] [stdout]   41:     0x55ad60ac8e05 - <alloc::boxed::Box<F,A> as core::ops::function::FnOnce<Args>>::call_once::hc7eafaff61e32df9
[INFO] [stdout]                                at /rustc/82e1608dfa6e0b5569232559e3d385fea5a93112/library/alloc/src/boxed.rs:2007:9
[INFO] [stdout]   42:     0x55ad60ac8e05 - <alloc::boxed::Box<F,A> as core::ops::function::FnOnce<Args>>::call_once::h6ba4a5de48dd2304
[INFO] [stdout]                                at /rustc/82e1608dfa6e0b5569232559e3d385fea5a93112/library/alloc/src/boxed.rs:2007:9
[INFO] [stdout]   43:     0x55ad60ac8e05 - std::sys::unix::thread::Thread::new::thread_start::he469335aef763e45
[INFO] [stdout]                                at /rustc/82e1608dfa6e0b5569232559e3d385fea5a93112/library/std/src/sys/unix/thread.rs:108:17
[INFO] [stdout]   44:     0x7f8d6aa65ac3 - <unknown>
[INFO] [stdout]   45:     0x7f8d6aaf6bf4 - __clone
[INFO] [stdout]   46:                0x0 - <unknown>
[INFO] [stdout] 
[INFO] [stdout] 
[INFO] [stdout] failures:
[INFO] [stdout]     test::test_get_project_files
[INFO] [stdout] 
[INFO] [stdout] test result: FAILED. 14 passed; 1 failed; 0 ignored; 0 measured; 0 filtered out; finished in 0.05s
[INFO] [stdout] 
[INFO] [stderr] error: test failed, to rerun pass `--bin licensure`
[INFO] running `Command { std: "docker" "inspect" "b07fa1e9eac62eaed10820bdf0705795bf96f402302a534c91ec643f3e6a013f", kill_on_drop: false }`
[INFO] running `Command { std: "docker" "rm" "-f" "b07fa1e9eac62eaed10820bdf0705795bf96f402302a534c91ec643f3e6a013f", kill_on_drop: false }`
[INFO] [stdout] b07fa1e9eac62eaed10820bdf0705795bf96f402302a534c91ec643f3e6a013f
[INFO] testing licensure-0.3.2 against beta-2023-12-22 for beta-1.76-1
[INFO] extracting crate licensure 0.3.2 into /workspace/builds/worker-7-tc2/source
[INFO] validating manifest of crates.io crate licensure 0.3.2 on toolchain beta-2023-12-22
[INFO] running `Command { std: CARGO_HOME="/workspace/cargo-home" RUSTUP_HOME="/workspace/rustup-home" "/workspace/cargo-home/bin/cargo" "+beta-2023-12-22" "metadata" "--manifest-path" "Cargo.toml" "--no-deps", kill_on_drop: false }`
[INFO] started tweaking crates.io crate licensure 0.3.2
[INFO] finished tweaking crates.io crate licensure 0.3.2
[INFO] tweaked toml for crates.io crate licensure 0.3.2 written to /workspace/builds/worker-7-tc2/source/Cargo.toml
[INFO] crate crates.io crate licensure 0.3.2 already has a lockfile, it will not be regenerated
[INFO] running `Command { std: CARGO_HOME="/workspace/cargo-home" RUSTUP_HOME="/workspace/rustup-home" "/workspace/cargo-home/bin/cargo" "+beta-2023-12-22" "fetch" "--manifest-path" "Cargo.toml", kill_on_drop: false }`
[INFO] running `Command { std: "docker" "create" "-v" "/var/lib/crater-agent-workspace/builds/worker-7-tc2/target:/opt/rustwide/target:rw,Z" "-v" "/var/lib/crater-agent-workspace/builds/worker-7-tc2/source:/opt/rustwide/workdir:ro,Z" "-v" "/var/lib/crater-agent-workspace/cargo-home:/opt/rustwide/cargo-home:ro,Z" "-v" "/var/lib/crater-agent-workspace/rustup-home:/opt/rustwide/rustup-home:ro,Z" "-e" "SOURCE_DIR=/opt/rustwide/workdir" "-e" "CARGO_TARGET_DIR=/opt/rustwide/target" "-e" "CARGO_HOME=/opt/rustwide/cargo-home" "-e" "RUSTUP_HOME=/opt/rustwide/rustup-home" "-w" "/opt/rustwide/workdir" "-m" "1610612736" "--user" "0:0" "--network" "none" "ghcr.io/rust-lang/crates-build-env/linux@sha256:2788e3201cd34a07e3172128adcd8b3090168a8e3bcc40d7c032b9dda1df7d1c" "/opt/rustwide/cargo-home/bin/cargo" "+beta-2023-12-22" "metadata" "--no-deps" "--format-version=1", kill_on_drop: false }`
[INFO] [stdout] dbc19d02db8fec50d2b49a69d48c83a8cb25630d433491e82da7d477a5eb052d
[INFO] running `Command { std: "docker" "start" "-a" "dbc19d02db8fec50d2b49a69d48c83a8cb25630d433491e82da7d477a5eb052d", kill_on_drop: false }`
[INFO] running `Command { std: "docker" "inspect" "dbc19d02db8fec50d2b49a69d48c83a8cb25630d433491e82da7d477a5eb052d", kill_on_drop: false }`
[INFO] running `Command { std: "docker" "rm" "-f" "dbc19d02db8fec50d2b49a69d48c83a8cb25630d433491e82da7d477a5eb052d", kill_on_drop: false }`
[INFO] [stdout] dbc19d02db8fec50d2b49a69d48c83a8cb25630d433491e82da7d477a5eb052d
[INFO] running `Command { std: "docker" "create" "-v" "/var/lib/crater-agent-workspace/builds/worker-7-tc2/target:/opt/rustwide/target:rw,Z" "-v" "/var/lib/crater-agent-workspace/builds/worker-7-tc2/source:/opt/rustwide/workdir:ro,Z" "-v" "/var/lib/crater-agent-workspace/cargo-home:/opt/rustwide/cargo-home:ro,Z" "-v" "/var/lib/crater-agent-workspace/rustup-home:/opt/rustwide/rustup-home:ro,Z" "-e" "SOURCE_DIR=/opt/rustwide/workdir" "-e" "CARGO_TARGET_DIR=/opt/rustwide/target" "-e" "CARGO_INCREMENTAL=0" "-e" "RUST_BACKTRACE=full" "-e" "RUSTFLAGS=--cap-lints=warn" "-e" "RUSTDOCFLAGS=--cap-lints=warn" "-e" "CARGO_HOME=/opt/rustwide/cargo-home" "-e" "RUSTUP_HOME=/opt/rustwide/rustup-home" "-w" "/opt/rustwide/workdir" "-m" "1610612736" "--user" "0:0" "--network" "none" "ghcr.io/rust-lang/crates-build-env/linux@sha256:2788e3201cd34a07e3172128adcd8b3090168a8e3bcc40d7c032b9dda1df7d1c" "/opt/rustwide/cargo-home/bin/cargo" "+beta-2023-12-22" "build" "--frozen" "--message-format=json", kill_on_drop: false }`
[INFO] [stdout] e449420b93642a0df41f148e0efff6de4a5b5bae18f8187257bec3d2a4936dc3
[INFO] running `Command { std: "docker" "start" "-a" "e449420b93642a0df41f148e0efff6de4a5b5bae18f8187257bec3d2a4936dc3", kill_on_drop: false }`
[INFO] [stderr]    Compiling libc v0.2.147
[INFO] [stderr]    Compiling pin-project-lite v0.2.13
[INFO] [stderr]    Compiling once_cell v1.18.0
[INFO] [stderr]    Compiling vcpkg v0.2.15
[INFO] [stderr]    Compiling pkg-config v0.3.27
[INFO] [stderr]    Compiling futures-core v0.3.28
[INFO] [stderr]    Compiling bytes v1.5.0
[INFO] [stderr]    Compiling memchr v2.6.3
[INFO] [stderr]    Compiling itoa v1.0.9
[INFO] [stderr]    Compiling futures-task v0.3.28
[INFO] [stderr]    Compiling fnv v1.0.7
[INFO] [stderr]    Compiling slab v0.4.9
[INFO] [stderr]    Compiling indexmap v1.9.3
[INFO] [stderr]    Compiling hashbrown v0.12.3
[INFO] [stderr]    Compiling syn v2.0.31
[INFO] [stderr]    Compiling openssl v0.10.57
[INFO] [stderr]    Compiling serde v1.0.188
[INFO] [stderr]    Compiling foreign-types-shared v0.1.1
[INFO] [stderr]    Compiling tracing-core v0.1.31
[INFO] [stderr]    Compiling futures-util v0.3.28
[INFO] [stderr]    Compiling foreign-types v0.3.2
[INFO] [stderr]    Compiling futures-channel v0.3.28
[INFO] [stderr]    Compiling pin-utils v0.1.0
[INFO] [stderr]    Compiling httparse v1.8.0
[INFO] [stderr]    Compiling futures-sink v0.3.28
[INFO] [stderr]    Compiling futures-io v0.3.28
[INFO] [stderr]    Compiling bitflags v2.4.0
[INFO] [stderr]    Compiling http v0.2.9
[INFO] [stderr]    Compiling native-tls v0.2.11
[INFO] [stderr]    Compiling num-traits v0.2.16
[INFO] [stderr]    Compiling ryu v1.0.15
[INFO] [stderr]    Compiling tracing v0.1.37
[INFO] [stderr]    Compiling percent-encoding v2.3.0
[INFO] [stderr]    Compiling cc v1.0.83
[INFO] [stderr]    Compiling try-lock v0.2.4
[INFO] [stderr]    Compiling openssl-probe v0.1.5
[INFO] [stderr]    Compiling form_urlencoded v1.2.0
[INFO] [stderr]    Compiling want v0.3.1
[INFO] [stderr]    Compiling unicode-normalization v0.1.22
[INFO] [stderr]    Compiling httpdate v1.0.3
[INFO] [stderr]    Compiling unicode-bidi v0.3.13
[INFO] [stderr]    Compiling serde_json v1.0.105
[INFO] [stderr]    Compiling unicode-width v0.1.10
[INFO] [stderr]    Compiling socket2 v0.5.4
[INFO] [stderr]    Compiling num_cpus v1.16.0
[INFO] [stderr]    Compiling mio v0.8.8
[INFO] [stderr]    Compiling socket2 v0.4.9
[INFO] [stderr]    Compiling tower-service v0.3.2
[INFO] [stderr]    Compiling aho-corasick v1.0.5
[INFO] [stderr]    Compiling regex-syntax v0.7.5
[INFO] [stderr]    Compiling linked-hash-map v0.5.6
[INFO] [stderr]    Compiling idna v0.4.0
[INFO] [stderr]    Compiling iana-time-zone v0.1.57
[INFO] [stderr]    Compiling yaml-rust v0.4.5
[INFO] [stderr]    Compiling textwrap v0.11.0
[INFO] [stderr]    Compiling tokio v1.32.0
[INFO] [stderr]    Compiling http-body v0.4.5
[INFO] [stderr]    Compiling url v2.4.1
[INFO] [stderr]    Compiling atty v0.2.14
[INFO] [stderr]    Compiling encoding_rs v0.8.33
[INFO] [stderr]    Compiling ansi_term v0.12.1
[INFO] [stderr]    Compiling unicode-linebreak v0.1.5
[INFO] [stderr]    Compiling base64 v0.21.4
[INFO] [stderr]    Compiling termcolor v1.1.3
[INFO] [stderr]    Compiling smawk v0.3.1
[INFO] [stderr]    Compiling chrono v0.4.30
[INFO] [stderr]    Compiling strsim v0.8.0
[INFO] [stderr]    Compiling mime v0.3.17
[INFO] [stderr]    Compiling bitflags v1.3.2
[INFO] [stderr]    Compiling ipnet v2.8.0
[INFO] [stderr]    Compiling vec_map v0.8.2
[INFO] [stderr]    Compiling textwrap v0.14.2
[INFO] [stderr]    Compiling openssl-sys v0.9.93
[INFO] [stderr]    Compiling clap v2.34.0
[INFO] [stderr]    Compiling regex-automata v0.3.8
[INFO] [stderr]    Compiling simplelog v0.11.2
[INFO] [stderr]    Compiling openssl-macros v0.1.1
[INFO] [stderr]    Compiling serde_derive v1.0.188
[INFO] [stderr]    Compiling regex v1.9.5
[INFO] [stderr]    Compiling tokio-util v0.7.8
[INFO] [stderr]    Compiling h2 v0.3.21
[INFO] [stderr]    Compiling tokio-native-tls v0.3.1
[INFO] [stderr]    Compiling hyper v0.14.27
[INFO] [stderr]    Compiling serde_urlencoded v0.7.1
[INFO] [stderr]    Compiling serde_yaml v0.8.26
[INFO] [stderr]    Compiling hyper-tls v0.5.0
[INFO] [stderr]    Compiling reqwest v0.11.20
[INFO] [stderr]    Compiling licensure v0.3.2 (/opt/rustwide/workdir)
[INFO] [stderr]     Finished dev [unoptimized + debuginfo] target(s) in 20.42s
[INFO] running `Command { std: "docker" "inspect" "e449420b93642a0df41f148e0efff6de4a5b5bae18f8187257bec3d2a4936dc3", kill_on_drop: false }`
[INFO] running `Command { std: "docker" "rm" "-f" "e449420b93642a0df41f148e0efff6de4a5b5bae18f8187257bec3d2a4936dc3", kill_on_drop: false }`
[INFO] [stdout] e449420b93642a0df41f148e0efff6de4a5b5bae18f8187257bec3d2a4936dc3
[INFO] running `Command { std: "docker" "create" "-v" "/var/lib/crater-agent-workspace/builds/worker-7-tc2/target:/opt/rustwide/target:rw,Z" "-v" "/var/lib/crater-agent-workspace/builds/worker-7-tc2/source:/opt/rustwide/workdir:ro,Z" "-v" "/var/lib/crater-agent-workspace/cargo-home:/opt/rustwide/cargo-home:ro,Z" "-v" "/var/lib/crater-agent-workspace/rustup-home:/opt/rustwide/rustup-home:ro,Z" "-e" "SOURCE_DIR=/opt/rustwide/workdir" "-e" "CARGO_TARGET_DIR=/opt/rustwide/target" "-e" "CARGO_INCREMENTAL=0" "-e" "RUST_BACKTRACE=full" "-e" "RUSTFLAGS=--cap-lints=warn" "-e" "RUSTDOCFLAGS=--cap-lints=warn" "-e" "CARGO_HOME=/opt/rustwide/cargo-home" "-e" "RUSTUP_HOME=/opt/rustwide/rustup-home" "-w" "/opt/rustwide/workdir" "-m" "1610612736" "--user" "0:0" "--network" "none" "ghcr.io/rust-lang/crates-build-env/linux@sha256:2788e3201cd34a07e3172128adcd8b3090168a8e3bcc40d7c032b9dda1df7d1c" "/opt/rustwide/cargo-home/bin/cargo" "+beta-2023-12-22" "test" "--frozen" "--no-run" "--message-format=json", kill_on_drop: false }`
[INFO] [stdout] 83bcb73e01394df8bf2c4b247eabb4fa5003b7e1f8e78d2604ca9845b916d057
[INFO] running `Command { std: "docker" "start" "-a" "83bcb73e01394df8bf2c4b247eabb4fa5003b7e1f8e78d2604ca9845b916d057", kill_on_drop: false }`
[INFO] [stderr]    Compiling licensure v0.3.2 (/opt/rustwide/workdir)
[INFO] [stderr]     Finished test [unoptimized + debuginfo] target(s) in 2.32s
[INFO] running `Command { std: "docker" "inspect" "83bcb73e01394df8bf2c4b247eabb4fa5003b7e1f8e78d2604ca9845b916d057", kill_on_drop: false }`
[INFO] running `Command { std: "docker" "rm" "-f" "83bcb73e01394df8bf2c4b247eabb4fa5003b7e1f8e78d2604ca9845b916d057", kill_on_drop: false }`
[INFO] [stdout] 83bcb73e01394df8bf2c4b247eabb4fa5003b7e1f8e78d2604ca9845b916d057
[INFO] running `Command { std: "docker" "create" "-v" "/var/lib/crater-agent-workspace/builds/worker-7-tc2/target:/opt/rustwide/target:rw,Z" "-v" "/var/lib/crater-agent-workspace/builds/worker-7-tc2/source:/opt/rustwide/workdir:ro,Z" "-v" "/var/lib/crater-agent-workspace/cargo-home:/opt/rustwide/cargo-home:ro,Z" "-v" "/var/lib/crater-agent-workspace/rustup-home:/opt/rustwide/rustup-home:ro,Z" "-e" "SOURCE_DIR=/opt/rustwide/workdir" "-e" "CARGO_TARGET_DIR=/opt/rustwide/target" "-e" "CARGO_INCREMENTAL=0" "-e" "RUST_BACKTRACE=full" "-e" "RUSTFLAGS=--cap-lints=warn" "-e" "RUSTDOCFLAGS=--cap-lints=warn" "-e" "CARGO_HOME=/opt/rustwide/cargo-home" "-e" "RUSTUP_HOME=/opt/rustwide/rustup-home" "-w" "/opt/rustwide/workdir" "-m" "1610612736" "--user" "0:0" "--network" "none" "ghcr.io/rust-lang/crates-build-env/linux@sha256:2788e3201cd34a07e3172128adcd8b3090168a8e3bcc40d7c032b9dda1df7d1c" "/opt/rustwide/cargo-home/bin/cargo" "+beta-2023-12-22" "test" "--frozen", kill_on_drop: false }`
[INFO] [stdout] 2fe5988b51a6bef0ac4312a1d595b8e94910087f8efdaec3d894cbefe4278964
[INFO] running `Command { std: "docker" "start" "-a" "2fe5988b51a6bef0ac4312a1d595b8e94910087f8efdaec3d894cbefe4278964", kill_on_drop: false }`
[INFO] [stderr]     Finished test [unoptimized + debuginfo] target(s) in 0.07s
[INFO] [stderr]      Running unittests src/main.rs (/opt/rustwide/target/debug/deps/licensure-d2f7daf37ef105e3)
[INFO] [stdout] 
[INFO] [stdout] running 15 tests
[INFO] [stdout] test comments::tests::test_comment_cpp ... ok
[INFO] [stdout] test comments::tests::test_comment_python ... ok
[INFO] [stdout] test comments::tests::test_comment_python_w_trailing_lines ... ok
[INFO] [stdout] test comments::tests::test_comment_cpp_w_trailing_lines ... ok
[INFO] [stdout] test comments::tests::test_comment_html ... ok
[INFO] [stdout] test config::comment::tests::test_get_filetype ... ok
[INFO] [stdout] test template::tests::test_substitutions_unwrap_text_false ... ok
[INFO] [stdout] test template::tests::test_substitutions ... ok
[INFO] [stdout] test utils::tests::test_remove_column_wrapping ... ok
[INFO] [stdout] test template::tests::test_substitution_at_end_of_line ... ok
[INFO] [stdout] test template::tests::test_substitutions_prewrapped_preserves_linebreaks ... ok
[INFO] [stdout] test template::tests::test_substitutions_prewrapped ... ok
[INFO] [stdout] test template::tests::test_outdated_license_matching ... ok
[INFO] [stdout] test template::tests::test_outdated_license_trimmed_matching ... ok
[INFO] [stdout] test test::test_get_project_files ... FAILED
[INFO] [stdout] 
[INFO] [stdout] failures:
[INFO] [stdout] 
[INFO] [stdout] ---- test::test_get_project_files stdout ----
[INFO] [stdout] thread 'test::test_get_project_files' panicked at src/main.rs:236:9:
[INFO] [stdout] assertion failed: get_project_files().len() != 0
[INFO] [stdout] stack backtrace:
[INFO] [stdout]    0:     0x56135ef2e4b6 - std::backtrace_rs::backtrace::libunwind::trace::h261606ad26a499c1
[INFO] [stdout]                                at /rustc/0e09125c6c3c2fd70d7de961bcf0e51575235fad/library/std/src/../../backtrace/src/backtrace/libunwind.rs:104:5
[INFO] [stdout]    1:     0x56135ef2e4b6 - std::backtrace_rs::backtrace::trace_unsynchronized::hd183f0625477fb28
[INFO] [stdout]                                at /rustc/0e09125c6c3c2fd70d7de961bcf0e51575235fad/library/std/src/../../backtrace/src/backtrace/mod.rs:66:5
[INFO] [stdout]    2:     0x56135ef2e4b6 - std::sys_common::backtrace::_print_fmt::hd7f8fef21b4eda67
[INFO] [stdout]                                at /rustc/0e09125c6c3c2fd70d7de961bcf0e51575235fad/library/std/src/sys_common/backtrace.rs:68:5
[INFO] [stdout]    3:     0x56135ef2e4b6 - <std::sys_common::backtrace::_print::DisplayBacktrace as core::fmt::Display>::fmt::h623d9b51f2f453f1
[INFO] [stdout]                                at /rustc/0e09125c6c3c2fd70d7de961bcf0e51575235fad/library/std/src/sys_common/backtrace.rs:44:22
[INFO] [stdout]    4:     0x56135ef580a0 - core::fmt::rt::Argument::fmt::h9f417ac76a86f368
[INFO] [stdout]                                at /rustc/0e09125c6c3c2fd70d7de961bcf0e51575235fad/library/core/src/fmt/rt.rs:142:9
[INFO] [stdout]    5:     0x56135ef580a0 - core::fmt::write::hc9b6faf4ac2aeff7
[INFO] [stdout]                                at /rustc/0e09125c6c3c2fd70d7de961bcf0e51575235fad/library/core/src/fmt/mod.rs:1120:17
[INFO] [stdout]    6:     0x56135ef2bd8f - std::io::Write::write_fmt::he04625a3a989fec3
[INFO] [stdout]                                at /rustc/0e09125c6c3c2fd70d7de961bcf0e51575235fad/library/std/src/io/mod.rs:1810:15
[INFO] [stdout]    7:     0x56135ef2e294 - std::sys_common::backtrace::_print::hd5d66399c7df88a2
[INFO] [stdout]                                at /rustc/0e09125c6c3c2fd70d7de961bcf0e51575235fad/library/std/src/sys_common/backtrace.rs:47:5
[INFO] [stdout]    8:     0x56135ef2e294 - std::sys_common::backtrace::print::he81ed2da642d37e5
[INFO] [stdout]                                at /rustc/0e09125c6c3c2fd70d7de961bcf0e51575235fad/library/std/src/sys_common/backtrace.rs:34:9
[INFO] [stdout]    9:     0x56135ef30007 - std::panicking::default_hook::{{closure}}::h85773f4fa117163d
[INFO] [stdout]   10:     0x56135ef2fced - std::panicking::default_hook::h6a1694a91d09b278
[INFO] [stdout]                                at /rustc/0e09125c6c3c2fd70d7de961bcf0e51575235fad/library/std/src/panicking.rs:289:9
[INFO] [stdout]   11:     0x56135ec472d7 - <alloc::boxed::Box<F,A> as core::ops::function::Fn<Args>>::call::h616ac37fa3cd6c8f
[INFO] [stdout]                                at /rustc/0e09125c6c3c2fd70d7de961bcf0e51575235fad/library/alloc/src/boxed.rs:2029:9
[INFO] [stdout]   12:     0x56135ec472d7 - test::test_main::{{closure}}::h00d84697cefdcbb6
[INFO] [stdout]                                at /rustc/0e09125c6c3c2fd70d7de961bcf0e51575235fad/library/test/src/lib.rs:138:21
[INFO] [stdout]   13:     0x56135ef30626 - <alloc::boxed::Box<F,A> as core::ops::function::Fn<Args>>::call::hcb3fe3b9bb537ba8
[INFO] [stdout]                                at /rustc/0e09125c6c3c2fd70d7de961bcf0e51575235fad/library/alloc/src/boxed.rs:2029:9
[INFO] [stdout]   14:     0x56135ef30626 - std::panicking::rust_panic_with_hook::h0a7ad96e90f7145b
[INFO] [stdout]                                at /rustc/0e09125c6c3c2fd70d7de961bcf0e51575235fad/library/std/src/panicking.rs:783:13
[INFO] [stdout]   15:     0x56135ef30339 - std::panicking::begin_panic_handler::{{closure}}::h7919090525c6485e
[INFO] [stdout]                                at /rustc/0e09125c6c3c2fd70d7de961bcf0e51575235fad/library/std/src/panicking.rs:649:13
[INFO] [stdout]   16:     0x56135ef2e9b6 - std::sys_common::backtrace::__rust_end_short_backtrace::hf3289479464f7dfe
[INFO] [stdout]                                at /rustc/0e09125c6c3c2fd70d7de961bcf0e51575235fad/library/std/src/sys_common/backtrace.rs:171:18
[INFO] [stdout]   17:     0x56135ef300d0 - rust_begin_unwind
[INFO] [stdout]                                at /rustc/0e09125c6c3c2fd70d7de961bcf0e51575235fad/library/std/src/panicking.rs:645:5
[INFO] [stdout]   18:     0x56135ebe74b5 - core::panicking::panic_fmt::hcc9f77c5c132af55
[INFO] [stdout]                                at /rustc/0e09125c6c3c2fd70d7de961bcf0e51575235fad/library/core/src/panicking.rs:72:14
[INFO] [stdout]   19:     0x56135ebe7573 - core::panicking::panic::h5a1259c1164bd480
[INFO] [stdout]                                at /rustc/0e09125c6c3c2fd70d7de961bcf0e51575235fad/library/core/src/panicking.rs:144:5
[INFO] [stdout]   20:     0x56135ebfffeb - licensure::test::test_get_project_files::h836635171211529b
[INFO] [stdout]                                at /opt/rustwide/workdir/src/main.rs:236:9
[INFO] [stdout]   21:     0x56135ebfff57 - licensure::test::test_get_project_files::{{closure}}::h61216d51117d1be2
[INFO] [stdout]                                at /opt/rustwide/workdir/src/main.rs:235:32
[INFO] [stdout]   22:     0x56135ebf7856 - core::ops::function::FnOnce::call_once::h961d0329ebdf56f2
[INFO] [stdout]                                at /rustc/0e09125c6c3c2fd70d7de961bcf0e51575235fad/library/core/src/ops/function.rs:250:5
[INFO] [stdout]   23:     0x56135ec4cbaf - core::ops::function::FnOnce::call_once::hd64d26f405258157
[INFO] [stdout]                                at /rustc/0e09125c6c3c2fd70d7de961bcf0e51575235fad/library/core/src/ops/function.rs:250:5
[INFO] [stdout]   24:     0x56135ec4cbaf - test::__rust_begin_short_backtrace::he21b0b7a6d731bf9
[INFO] [stdout]                                at /rustc/0e09125c6c3c2fd70d7de961bcf0e51575235fad/library/test/src/lib.rs:627:18
[INFO] [stdout]   25:     0x56135ec4b931 - test::run_test_in_process::{{closure}}::hf5c73986d7bdfde2
[INFO] [stdout]                                at /rustc/0e09125c6c3c2fd70d7de961bcf0e51575235fad/library/test/src/lib.rs:650:60
[INFO] [stdout]   26:     0x56135ec4b931 - <core::panic::unwind_safe::AssertUnwindSafe<F> as core::ops::function::FnOnce<()>>::call_once::h330011ad032aadc0
[INFO] [stdout]                                at /rustc/0e09125c6c3c2fd70d7de961bcf0e51575235fad/library/core/src/panic/unwind_safe.rs:272:9
[INFO] [stdout]   27:     0x56135ec4b931 - std::panicking::try::do_call::he61b0a958b795a41
[INFO] [stdout]                                at /rustc/0e09125c6c3c2fd70d7de961bcf0e51575235fad/library/std/src/panicking.rs:552:40
[INFO] [stdout]   28:     0x56135ec4b931 - std::panicking::try::h7309da130f906eb7
[INFO] [stdout]                                at /rustc/0e09125c6c3c2fd70d7de961bcf0e51575235fad/library/std/src/panicking.rs:516:19
[INFO] [stdout]   29:     0x56135ec4b931 - std::panic::catch_unwind::hc5c3a06fdaf0a92a
[INFO] [stdout]                                at /rustc/0e09125c6c3c2fd70d7de961bcf0e51575235fad/library/std/src/panic.rs:142:14
[INFO] [stdout]   30:     0x56135ec4b931 - test::run_test_in_process::h7e7b7c71c3324e0f
[INFO] [stdout]                                at /rustc/0e09125c6c3c2fd70d7de961bcf0e51575235fad/library/test/src/lib.rs:650:27
[INFO] [stdout]   31:     0x56135ec4b931 - test::run_test::{{closure}}::h1f509f28f5cf20b1
[INFO] [stdout]                                at /rustc/0e09125c6c3c2fd70d7de961bcf0e51575235fad/library/test/src/lib.rs:573:43
[INFO] [stdout]   32:     0x56135ec12c66 - test::run_test::{{closure}}::h1754218abf443f6d
[INFO] [stdout]                                at /rustc/0e09125c6c3c2fd70d7de961bcf0e51575235fad/library/test/src/lib.rs:601:41
[INFO] [stdout]   33:     0x56135ec12c66 - std::sys_common::backtrace::__rust_begin_short_backtrace::h2ee174b9d5954948
[INFO] [stdout]                                at /rustc/0e09125c6c3c2fd70d7de961bcf0e51575235fad/library/std/src/sys_common/backtrace.rs:155:18
[INFO] [stdout]   34:     0x56135ec17cc7 - std::thread::Builder::spawn_unchecked_::{{closure}}::{{closure}}::hf60bee9c1a17ef09
[INFO] [stdout]                                at /rustc/0e09125c6c3c2fd70d7de961bcf0e51575235fad/library/std/src/thread/mod.rs:529:17
[INFO] [stdout]   35:     0x56135ec17cc7 - <core::panic::unwind_safe::AssertUnwindSafe<F> as core::ops::function::FnOnce<()>>::call_once::h33d0dddec5216160
[INFO] [stdout]                                at /rustc/0e09125c6c3c2fd70d7de961bcf0e51575235fad/library/core/src/panic/unwind_safe.rs:272:9
[INFO] [stdout]   36:     0x56135ec17cc7 - std::panicking::try::do_call::h144b3048b546f835
[INFO] [stdout]                                at /rustc/0e09125c6c3c2fd70d7de961bcf0e51575235fad/library/std/src/panicking.rs:552:40
[INFO] [stdout]   37:     0x56135ec17cc7 - std::panicking::try::h978244d04646189f
[INFO] [stdout]                                at /rustc/0e09125c6c3c2fd70d7de961bcf0e51575235fad/library/std/src/panicking.rs:516:19
[INFO] [stdout]   38:     0x56135ec17cc7 - std::panic::catch_unwind::hdf436369d188fe86
[INFO] [stdout]                                at /rustc/0e09125c6c3c2fd70d7de961bcf0e51575235fad/library/std/src/panic.rs:142:14
[INFO] [stdout]   39:     0x56135ec17cc7 - std::thread::Builder::spawn_unchecked_::{{closure}}::h87329cbdd33c79ec
[INFO] [stdout]                                at /rustc/0e09125c6c3c2fd70d7de961bcf0e51575235fad/library/std/src/thread/mod.rs:528:30
[INFO] [stdout]   40:     0x56135ec17cc7 - core::ops::function::FnOnce::call_once{{vtable.shim}}::h401abbe67897d450
[INFO] [stdout]                                at /rustc/0e09125c6c3c2fd70d7de961bcf0e51575235fad/library/core/src/ops/function.rs:250:5
[INFO] [stdout]   41:     0x56135ef35465 - <alloc::boxed::Box<F,A> as core::ops::function::FnOnce<Args>>::call_once::h5d7c8f150ab9c84c
[INFO] [stdout]                                at /rustc/0e09125c6c3c2fd70d7de961bcf0e51575235fad/library/alloc/src/boxed.rs:2015:9
[INFO] [stdout]   42:     0x56135ef35465 - <alloc::boxed::Box<F,A> as core::ops::function::FnOnce<Args>>::call_once::h570d5b005c242c15
[INFO] [stdout]                                at /rustc/0e09125c6c3c2fd70d7de961bcf0e51575235fad/library/alloc/src/boxed.rs:2015:9
[INFO] [stdout]   43:     0x56135ef35465 - std::sys::unix::thread::Thread::new::thread_start::h36b0a20c0b2361ad
[INFO] [stdout]                                at /rustc/0e09125c6c3c2fd70d7de961bcf0e51575235fad/library/std/src/sys/unix/thread.rs:108:17
[INFO] [stdout]   44:     0x7f0f0848cac3 - <unknown>
[INFO] [stdout]   45:     0x7f0f0851dbf4 - __clone
[INFO] [stdout]   46:                0x0 - <unknown>
[INFO] [stdout] 
[INFO] [stdout] 
[INFO] [stdout] failures:
[INFO] [stdout]     test::test_get_project_files
[INFO] [stdout] 
[INFO] [stdout] test result: FAILED. 14 passed; 1 failed; 0 ignored; 0 measured; 0 filtered out; finished in 0.06s
[INFO] [stdout] 
[INFO] [stderr] error: test failed, to rerun pass `--bin licensure`
[INFO] running `Command { std: "docker" "inspect" "2fe5988b51a6bef0ac4312a1d595b8e94910087f8efdaec3d894cbefe4278964", kill_on_drop: false }`
[INFO] running `Command { std: "docker" "rm" "-f" "2fe5988b51a6bef0ac4312a1d595b8e94910087f8efdaec3d894cbefe4278964", kill_on_drop: false }`
[INFO] [stdout] 2fe5988b51a6bef0ac4312a1d595b8e94910087f8efdaec3d894cbefe4278964
