[INFO] fetching crate libxivdat 0.2.0...
[INFO] testing libxivdat-0.2.0 against 1.75.0 for beta-1.76-1
[INFO] extracting crate libxivdat 0.2.0 into /workspace/builds/worker-5-tc1/source
[INFO] validating manifest of crates.io crate libxivdat 0.2.0 on toolchain 1.75.0
[INFO] running `Command { std: CARGO_HOME="/workspace/cargo-home" RUSTUP_HOME="/workspace/rustup-home" "/workspace/cargo-home/bin/cargo" "+1.75.0" "metadata" "--manifest-path" "Cargo.toml" "--no-deps", kill_on_drop: false }`
[INFO] started tweaking crates.io crate libxivdat 0.2.0
[INFO] finished tweaking crates.io crate libxivdat 0.2.0
[INFO] tweaked toml for crates.io crate libxivdat 0.2.0 written to /workspace/builds/worker-5-tc1/source/Cargo.toml
[INFO] running `Command { std: CARGO_HOME="/workspace/cargo-home" RUSTUP_HOME="/workspace/rustup-home" "/workspace/cargo-home/bin/cargo" "+1.75.0" "generate-lockfile" "--manifest-path" "Cargo.toml", kill_on_drop: false }`
[INFO] [stderr]     Updating crates.io index
[INFO] running `Command { std: CARGO_HOME="/workspace/cargo-home" RUSTUP_HOME="/workspace/rustup-home" "/workspace/cargo-home/bin/cargo" "+1.75.0" "fetch" "--manifest-path" "Cargo.toml", kill_on_drop: false }`
[INFO] running `Command { std: "docker" "create" "-v" "/var/lib/crater-agent-workspace/builds/worker-5-tc1/target:/opt/rustwide/target:rw,Z" "-v" "/var/lib/crater-agent-workspace/builds/worker-5-tc1/source:/opt/rustwide/workdir:ro,Z" "-v" "/var/lib/crater-agent-workspace/cargo-home:/opt/rustwide/cargo-home:ro,Z" "-v" "/var/lib/crater-agent-workspace/rustup-home:/opt/rustwide/rustup-home:ro,Z" "-e" "SOURCE_DIR=/opt/rustwide/workdir" "-e" "CARGO_TARGET_DIR=/opt/rustwide/target" "-e" "CARGO_HOME=/opt/rustwide/cargo-home" "-e" "RUSTUP_HOME=/opt/rustwide/rustup-home" "-w" "/opt/rustwide/workdir" "-m" "1610612736" "--user" "0:0" "--network" "none" "ghcr.io/rust-lang/crates-build-env/linux@sha256:2788e3201cd34a07e3172128adcd8b3090168a8e3bcc40d7c032b9dda1df7d1c" "/opt/rustwide/cargo-home/bin/cargo" "+1.75.0" "metadata" "--no-deps" "--format-version=1", kill_on_drop: false }`
[INFO] [stdout] 2e23678c843848845e26fded6358672f9a07797d97ca579be469e80ed55721c8
[INFO] running `Command { std: "docker" "start" "-a" "2e23678c843848845e26fded6358672f9a07797d97ca579be469e80ed55721c8", kill_on_drop: false }`
[INFO] running `Command { std: "docker" "inspect" "2e23678c843848845e26fded6358672f9a07797d97ca579be469e80ed55721c8", kill_on_drop: false }`
[INFO] running `Command { std: "docker" "rm" "-f" "2e23678c843848845e26fded6358672f9a07797d97ca579be469e80ed55721c8", kill_on_drop: false }`
[INFO] [stdout] 2e23678c843848845e26fded6358672f9a07797d97ca579be469e80ed55721c8
[INFO] running `Command { std: "docker" "create" "-v" "/var/lib/crater-agent-workspace/builds/worker-5-tc1/target:/opt/rustwide/target:rw,Z" "-v" "/var/lib/crater-agent-workspace/builds/worker-5-tc1/source:/opt/rustwide/workdir:ro,Z" "-v" "/var/lib/crater-agent-workspace/cargo-home:/opt/rustwide/cargo-home:ro,Z" "-v" "/var/lib/crater-agent-workspace/rustup-home:/opt/rustwide/rustup-home:ro,Z" "-e" "SOURCE_DIR=/opt/rustwide/workdir" "-e" "CARGO_TARGET_DIR=/opt/rustwide/target" "-e" "CARGO_INCREMENTAL=0" "-e" "RUST_BACKTRACE=full" "-e" "RUSTFLAGS=--cap-lints=warn" "-e" "RUSTDOCFLAGS=--cap-lints=warn" "-e" "CARGO_HOME=/opt/rustwide/cargo-home" "-e" "RUSTUP_HOME=/opt/rustwide/rustup-home" "-w" "/opt/rustwide/workdir" "-m" "1610612736" "--user" "0:0" "--network" "none" "ghcr.io/rust-lang/crates-build-env/linux@sha256:2788e3201cd34a07e3172128adcd8b3090168a8e3bcc40d7c032b9dda1df7d1c" "/opt/rustwide/cargo-home/bin/cargo" "+1.75.0" "build" "--frozen" "--message-format=json", kill_on_drop: false }`
[INFO] [stdout] 7bab2532280701c2eabf04fd48dc7611b53012e94423a62a210976a4cc442478
[INFO] running `Command { std: "docker" "start" "-a" "7bab2532280701c2eabf04fd48dc7611b53012e94423a62a210976a4cc442478", kill_on_drop: false }`
[INFO] [stderr]    Compiling libxivdat v0.2.0 (/opt/rustwide/workdir)
[INFO] [stderr]     Finished dev [unoptimized + debuginfo] target(s) in 0.40s
[INFO] running `Command { std: "docker" "inspect" "7bab2532280701c2eabf04fd48dc7611b53012e94423a62a210976a4cc442478", kill_on_drop: false }`
[INFO] running `Command { std: "docker" "rm" "-f" "7bab2532280701c2eabf04fd48dc7611b53012e94423a62a210976a4cc442478", kill_on_drop: false }`
[INFO] [stdout] 7bab2532280701c2eabf04fd48dc7611b53012e94423a62a210976a4cc442478
[INFO] running `Command { std: "docker" "create" "-v" "/var/lib/crater-agent-workspace/builds/worker-5-tc1/target:/opt/rustwide/target:rw,Z" "-v" "/var/lib/crater-agent-workspace/builds/worker-5-tc1/source:/opt/rustwide/workdir:ro,Z" "-v" "/var/lib/crater-agent-workspace/cargo-home:/opt/rustwide/cargo-home:ro,Z" "-v" "/var/lib/crater-agent-workspace/rustup-home:/opt/rustwide/rustup-home:ro,Z" "-e" "SOURCE_DIR=/opt/rustwide/workdir" "-e" "CARGO_TARGET_DIR=/opt/rustwide/target" "-e" "CARGO_INCREMENTAL=0" "-e" "RUST_BACKTRACE=full" "-e" "RUSTFLAGS=--cap-lints=warn" "-e" "RUSTDOCFLAGS=--cap-lints=warn" "-e" "CARGO_HOME=/opt/rustwide/cargo-home" "-e" "RUSTUP_HOME=/opt/rustwide/rustup-home" "-w" "/opt/rustwide/workdir" "-m" "1610612736" "--user" "0:0" "--network" "none" "ghcr.io/rust-lang/crates-build-env/linux@sha256:2788e3201cd34a07e3172128adcd8b3090168a8e3bcc40d7c032b9dda1df7d1c" "/opt/rustwide/cargo-home/bin/cargo" "+1.75.0" "test" "--frozen" "--no-run" "--message-format=json", kill_on_drop: false }`
[INFO] [stdout] c95828bca8015533c242dc8d4a993274d6abc53f5f4a0150adb678a6f0601677
[INFO] running `Command { std: "docker" "start" "-a" "c95828bca8015533c242dc8d4a993274d6abc53f5f4a0150adb678a6f0601677", kill_on_drop: false }`
[INFO] [stderr]    Compiling rustix v0.38.28
[INFO] [stderr]    Compiling tempfile v3.9.0
[INFO] [stderr]    Compiling libxivdat v0.2.0 (/opt/rustwide/workdir)
[INFO] [stderr]     Finished test [unoptimized + debuginfo] target(s) in 4.30s
[INFO] running `Command { std: "docker" "inspect" "c95828bca8015533c242dc8d4a993274d6abc53f5f4a0150adb678a6f0601677", kill_on_drop: false }`
[INFO] running `Command { std: "docker" "rm" "-f" "c95828bca8015533c242dc8d4a993274d6abc53f5f4a0150adb678a6f0601677", kill_on_drop: false }`
[INFO] [stdout] c95828bca8015533c242dc8d4a993274d6abc53f5f4a0150adb678a6f0601677
[INFO] running `Command { std: "docker" "create" "-v" "/var/lib/crater-agent-workspace/builds/worker-5-tc1/target:/opt/rustwide/target:rw,Z" "-v" "/var/lib/crater-agent-workspace/builds/worker-5-tc1/source:/opt/rustwide/workdir:ro,Z" "-v" "/var/lib/crater-agent-workspace/cargo-home:/opt/rustwide/cargo-home:ro,Z" "-v" "/var/lib/crater-agent-workspace/rustup-home:/opt/rustwide/rustup-home:ro,Z" "-e" "SOURCE_DIR=/opt/rustwide/workdir" "-e" "CARGO_TARGET_DIR=/opt/rustwide/target" "-e" "CARGO_INCREMENTAL=0" "-e" "RUST_BACKTRACE=full" "-e" "RUSTFLAGS=--cap-lints=warn" "-e" "RUSTDOCFLAGS=--cap-lints=warn" "-e" "CARGO_HOME=/opt/rustwide/cargo-home" "-e" "RUSTUP_HOME=/opt/rustwide/rustup-home" "-w" "/opt/rustwide/workdir" "-m" "1610612736" "--user" "0:0" "--network" "none" "ghcr.io/rust-lang/crates-build-env/linux@sha256:2788e3201cd34a07e3172128adcd8b3090168a8e3bcc40d7c032b9dda1df7d1c" "/opt/rustwide/cargo-home/bin/cargo" "+1.75.0" "test" "--frozen", kill_on_drop: false }`
[INFO] [stdout] 4dcb898973d8b5418056dd38a9d4a2098dd41edd1fea34e65d475eca1c154943
[INFO] running `Command { std: "docker" "start" "-a" "4dcb898973d8b5418056dd38a9d4a2098dd41edd1fea34e65d475eca1c154943", kill_on_drop: false }`
[INFO] [stdout] 
[INFO] [stdout] running 63 tests
[INFO] [stderr]     Finished test [unoptimized + debuginfo] target(s) in 0.02s
[INFO] [stderr]      Running unittests src/lib.rs (/opt/rustwide/target/debug/deps/libxivdat-56d9be3c298f5b45)
[INFO] [stdout] test dat_file::tests::test_datfile_open ... ok
[INFO] [stdout] test dat_file::tests::test_check_type ... ok
[INFO] [stdout] test dat_file::tests::test_datfile_create_unsafe ... ok
[INFO] [stdout] test dat_file::tests::test_datfile_seek_start ... ok
[INFO] [stdout] test dat_file::tests::test_datfile_set_max_size_error_under_content ... ok
[INFO] [stdout] test dat_file::tests::test_datfile_set_content_size_grow ... ok
[INFO] [stdout] test dat_file::tests::test_datfile_set_content_size_error_zero_size ... ok
[INFO] [stdout] test dat_file::tests::test_datfile_write ... ok
[INFO] [stdout] test dat_file::tests::test_datfile_write_error_over_max_size ... ok
[INFO] [stdout] test dat_file::tests::test_datfile_write_extend_content_size ... ok
[INFO] [stdout] test dat_file::tests::test_get_header_contents ... ok
[INFO] [stdout] test dat_file::tests::test_get_header_contents_error_bad_type ... ok
[INFO] [stdout] test dat_file::tests::test_get_header_contents_error_sizes ... ok
[INFO] [stdout] test dat_file::tests::test_read_content ... ok
[INFO] [stdout] test dat_file::tests::test_read_content_with_mask ... ok
[INFO] [stdout] test dat_file::tests::test_write_content ... ok
[INFO] [stdout] test dat_type::tests::test_from_header_bytes ... ok
[INFO] [stdout] test dat_file::tests::test_datfile_open_detect_type ... ok
[INFO] [stdout] test dat_file::tests::test_datfile_seek_current_error_negative ... ok
[INFO] [stdout] test dat_file::tests::test_datfile_open_options ... FAILED
[INFO] [stdout] test dat_file::tests::test_datfile_create_with_content ... ok
[INFO] [stdout] test dat_file::tests::test_datfile_set_content_size_shrink ... ok
[INFO] [stdout] test dat_file::tests::test_datfile_read ... ok
[INFO] [stdout] test dat_file::tests::test_datfile_read_with_mask ... ok
[INFO] [stdout] test dat_file::tests::test_datfile_seek_current ... ok
[INFO] [stdout] test dat_file::tests::test_datfile_seek_end ... ok
[INFO] [stdout] test dat_file::tests::test_datfile_set_max_size_error_zero_size ... ok
[INFO] [stdout] test dat_file::tests::test_datfile_set_content_size_error_over_max ... ok
[INFO] [stdout] test dat_file::tests::test_datfile_create ... ok
[INFO] [stdout] test dat_file::tests::test_datfile_set_max_size_grow ... ok
[INFO] [stdout] test dat_file::tests::test_datfile_set_max_size_shrink ... ok
[INFO] [stdout] test dat_type::tests::test_get_default_end_byte_for_type ... ok
[INFO] [stdout] test dat_type::tests::test_get_default_max_size_for_type ... ok
[INFO] [stdout] test dat_file::tests::test_datfile_read_past_end ... ok
[INFO] [stdout] test section::tests::test_as_section_vec ... ok
[INFO] [stdout] test section::tests::test_read_section ... ok
[INFO] [stdout] test section::tests::test_read_section_error_eof ... ok
[INFO] [stdout] test section::tests::test_as_section ... ok
[INFO] [stdout] test section::tests::test_as_section_vec_error_encoding ... ok
[INFO] [stdout] test section::tests::test_section_from_bytes_error_encoding ... ok
[INFO] [stdout] test section::tests::test_section_from_bytes_error_overflow ... ok
[INFO] [stdout] test section::tests::test_section_from_bytes_error_underflow ... ok
[INFO] [stdout] test dat_type::tests::test_get_mask_for_type ... ok
[INFO] [stdout] test section::tests::test_section_new ... ok
[INFO] [stdout] test section::tests::test_read_section_error_type ... ok
[INFO] [stdout] test section::tests::test_as_section_vec_error_underflow ... ok
[INFO] [stdout] test section::tests::test_section_from_bytes ... ok
[INFO] [stdout] test section::tests::test_section_new_error_content_size ... ok
[INFO] [stdout] test section::tests::test_section_new_error_title_size ... ok
[INFO] [stdout] test section::tests::test_section_to_bytes ... ok
[INFO] [stdout] test section::tests::test_section_to_sectiondata ... ok
[INFO] [stdout] test section::tests::test_as_section_vec_error_overflow ... ok
[INFO] [stdout] test section::tests::test_read_section_content ... ok
[INFO] [stdout] test section::tests::test_read_section_content_error_type ... ok
[INFO] [stdout] test section::tests::test_sectiondata_from_bytes ... ok
[INFO] [stdout] test section::tests::test_sectiondata_from_bytes_error_encoding ... ok
[INFO] [stdout] test section::tests::test_sectiondata_new ... ok
[INFO] [stdout] test section::tests::test_sectiondata_from_bytes_error_underflow ... ok
[INFO] [stdout] test section::tests::test_sectiondata_from_bytes_error_overflow ... ok
[INFO] [stdout] test section::tests::test_sectiondata_new_error_title_size ... ok
[INFO] [stdout] test section::tests::test_sectiondata_to_bytes ... ok
[INFO] [stdout] test section::tests::test_sectiondata_to_section ... ok
[INFO] [stderr] error: test failed, to rerun pass `--lib`
[INFO] [stdout] test section::tests::test_sectiondata_new_error_content_size ... ok
[INFO] [stdout] 
[INFO] [stdout] failures:
[INFO] [stdout] 
[INFO] [stdout] ---- dat_file::tests::test_datfile_open_options stdout ----
[INFO] [stdout] Error: "File IO error: None"
[INFO] [stdout] 
[INFO] [stdout] 
[INFO] [stdout] failures:
[INFO] [stdout]     dat_file::tests::test_datfile_open_options
[INFO] [stdout] 
[INFO] [stdout] test result: FAILED. 62 passed; 1 failed; 0 ignored; 0 measured; 0 filtered out; finished in 0.11s
[INFO] [stdout] 
[INFO] running `Command { std: "docker" "inspect" "4dcb898973d8b5418056dd38a9d4a2098dd41edd1fea34e65d475eca1c154943", kill_on_drop: false }`
[INFO] running `Command { std: "docker" "rm" "-f" "4dcb898973d8b5418056dd38a9d4a2098dd41edd1fea34e65d475eca1c154943", kill_on_drop: false }`
[INFO] [stdout] 4dcb898973d8b5418056dd38a9d4a2098dd41edd1fea34e65d475eca1c154943
[INFO] testing libxivdat-0.2.0 against beta-2023-12-22 for beta-1.76-1
[INFO] extracting crate libxivdat 0.2.0 into /workspace/builds/worker-5-tc2/source
[INFO] validating manifest of crates.io crate libxivdat 0.2.0 on toolchain beta-2023-12-22
[INFO] running `Command { std: CARGO_HOME="/workspace/cargo-home" RUSTUP_HOME="/workspace/rustup-home" "/workspace/cargo-home/bin/cargo" "+beta-2023-12-22" "metadata" "--manifest-path" "Cargo.toml" "--no-deps", kill_on_drop: false }`
[INFO] started tweaking crates.io crate libxivdat 0.2.0
[INFO] finished tweaking crates.io crate libxivdat 0.2.0
[INFO] tweaked toml for crates.io crate libxivdat 0.2.0 written to /workspace/builds/worker-5-tc2/source/Cargo.toml
[INFO] running `Command { std: CARGO_HOME="/workspace/cargo-home" RUSTUP_HOME="/workspace/rustup-home" "/workspace/cargo-home/bin/cargo" "+beta-2023-12-22" "generate-lockfile" "--manifest-path" "Cargo.toml", kill_on_drop: false }`
[INFO] [stderr]     Updating crates.io index
[INFO] running `Command { std: CARGO_HOME="/workspace/cargo-home" RUSTUP_HOME="/workspace/rustup-home" "/workspace/cargo-home/bin/cargo" "+beta-2023-12-22" "fetch" "--manifest-path" "Cargo.toml", kill_on_drop: false }`
[INFO] running `Command { std: "docker" "create" "-v" "/var/lib/crater-agent-workspace/builds/worker-5-tc2/target:/opt/rustwide/target:rw,Z" "-v" "/var/lib/crater-agent-workspace/builds/worker-5-tc2/source:/opt/rustwide/workdir:ro,Z" "-v" "/var/lib/crater-agent-workspace/cargo-home:/opt/rustwide/cargo-home:ro,Z" "-v" "/var/lib/crater-agent-workspace/rustup-home:/opt/rustwide/rustup-home:ro,Z" "-e" "SOURCE_DIR=/opt/rustwide/workdir" "-e" "CARGO_TARGET_DIR=/opt/rustwide/target" "-e" "CARGO_HOME=/opt/rustwide/cargo-home" "-e" "RUSTUP_HOME=/opt/rustwide/rustup-home" "-w" "/opt/rustwide/workdir" "-m" "1610612736" "--user" "0:0" "--network" "none" "ghcr.io/rust-lang/crates-build-env/linux@sha256:2788e3201cd34a07e3172128adcd8b3090168a8e3bcc40d7c032b9dda1df7d1c" "/opt/rustwide/cargo-home/bin/cargo" "+beta-2023-12-22" "metadata" "--no-deps" "--format-version=1", kill_on_drop: false }`
[INFO] [stdout] 1e923a0f93ca713c3dba166ae9971c30d11f42a1e59de63abf0b7929763fa5d5
[INFO] running `Command { std: "docker" "start" "-a" "1e923a0f93ca713c3dba166ae9971c30d11f42a1e59de63abf0b7929763fa5d5", kill_on_drop: false }`
[INFO] running `Command { std: "docker" "inspect" "1e923a0f93ca713c3dba166ae9971c30d11f42a1e59de63abf0b7929763fa5d5", kill_on_drop: false }`
[INFO] running `Command { std: "docker" "rm" "-f" "1e923a0f93ca713c3dba166ae9971c30d11f42a1e59de63abf0b7929763fa5d5", kill_on_drop: false }`
[INFO] [stdout] 1e923a0f93ca713c3dba166ae9971c30d11f42a1e59de63abf0b7929763fa5d5
[INFO] running `Command { std: "docker" "create" "-v" "/var/lib/crater-agent-workspace/builds/worker-5-tc2/target:/opt/rustwide/target:rw,Z" "-v" "/var/lib/crater-agent-workspace/builds/worker-5-tc2/source:/opt/rustwide/workdir:ro,Z" "-v" "/var/lib/crater-agent-workspace/cargo-home:/opt/rustwide/cargo-home:ro,Z" "-v" "/var/lib/crater-agent-workspace/rustup-home:/opt/rustwide/rustup-home:ro,Z" "-e" "SOURCE_DIR=/opt/rustwide/workdir" "-e" "CARGO_TARGET_DIR=/opt/rustwide/target" "-e" "CARGO_INCREMENTAL=0" "-e" "RUST_BACKTRACE=full" "-e" "RUSTFLAGS=--cap-lints=warn" "-e" "RUSTDOCFLAGS=--cap-lints=warn" "-e" "CARGO_HOME=/opt/rustwide/cargo-home" "-e" "RUSTUP_HOME=/opt/rustwide/rustup-home" "-w" "/opt/rustwide/workdir" "-m" "1610612736" "--user" "0:0" "--network" "none" "ghcr.io/rust-lang/crates-build-env/linux@sha256:2788e3201cd34a07e3172128adcd8b3090168a8e3bcc40d7c032b9dda1df7d1c" "/opt/rustwide/cargo-home/bin/cargo" "+beta-2023-12-22" "build" "--frozen" "--message-format=json", kill_on_drop: false }`
[INFO] [stdout] 524dafde0134b9be8a14292d6697f24d3b637094e2c3e4afd70766336111fd4a
[INFO] running `Command { std: "docker" "start" "-a" "524dafde0134b9be8a14292d6697f24d3b637094e2c3e4afd70766336111fd4a", kill_on_drop: false }`
[INFO] [stderr]    Compiling libxivdat v0.2.0 (/opt/rustwide/workdir)
[INFO] [stderr]     Finished dev [unoptimized + debuginfo] target(s) in 0.45s
[INFO] running `Command { std: "docker" "inspect" "524dafde0134b9be8a14292d6697f24d3b637094e2c3e4afd70766336111fd4a", kill_on_drop: false }`
[INFO] running `Command { std: "docker" "rm" "-f" "524dafde0134b9be8a14292d6697f24d3b637094e2c3e4afd70766336111fd4a", kill_on_drop: false }`
[INFO] [stdout] 524dafde0134b9be8a14292d6697f24d3b637094e2c3e4afd70766336111fd4a
[INFO] running `Command { std: "docker" "create" "-v" "/var/lib/crater-agent-workspace/builds/worker-5-tc2/target:/opt/rustwide/target:rw,Z" "-v" "/var/lib/crater-agent-workspace/builds/worker-5-tc2/source:/opt/rustwide/workdir:ro,Z" "-v" "/var/lib/crater-agent-workspace/cargo-home:/opt/rustwide/cargo-home:ro,Z" "-v" "/var/lib/crater-agent-workspace/rustup-home:/opt/rustwide/rustup-home:ro,Z" "-e" "SOURCE_DIR=/opt/rustwide/workdir" "-e" "CARGO_TARGET_DIR=/opt/rustwide/target" "-e" "CARGO_INCREMENTAL=0" "-e" "RUST_BACKTRACE=full" "-e" "RUSTFLAGS=--cap-lints=warn" "-e" "RUSTDOCFLAGS=--cap-lints=warn" "-e" "CARGO_HOME=/opt/rustwide/cargo-home" "-e" "RUSTUP_HOME=/opt/rustwide/rustup-home" "-w" "/opt/rustwide/workdir" "-m" "1610612736" "--user" "0:0" "--network" "none" "ghcr.io/rust-lang/crates-build-env/linux@sha256:2788e3201cd34a07e3172128adcd8b3090168a8e3bcc40d7c032b9dda1df7d1c" "/opt/rustwide/cargo-home/bin/cargo" "+beta-2023-12-22" "test" "--frozen" "--no-run" "--message-format=json", kill_on_drop: false }`
[INFO] [stdout] c10d183173f5aa9172245d1dc52b2f75f9458614df00243f8a91e5699c3f570f
[INFO] running `Command { std: "docker" "start" "-a" "c10d183173f5aa9172245d1dc52b2f75f9458614df00243f8a91e5699c3f570f", kill_on_drop: false }`
[INFO] [stderr]    Compiling rustix v0.38.28
[INFO] [stderr]    Compiling tempfile v3.9.0
[INFO] [stderr]    Compiling libxivdat v0.2.0 (/opt/rustwide/workdir)
[INFO] [stderr]     Finished test [unoptimized + debuginfo] target(s) in 4.23s
[INFO] running `Command { std: "docker" "inspect" "c10d183173f5aa9172245d1dc52b2f75f9458614df00243f8a91e5699c3f570f", kill_on_drop: false }`
[INFO] running `Command { std: "docker" "rm" "-f" "c10d183173f5aa9172245d1dc52b2f75f9458614df00243f8a91e5699c3f570f", kill_on_drop: false }`
[INFO] [stdout] c10d183173f5aa9172245d1dc52b2f75f9458614df00243f8a91e5699c3f570f
[INFO] running `Command { std: "docker" "create" "-v" "/var/lib/crater-agent-workspace/builds/worker-5-tc2/target:/opt/rustwide/target:rw,Z" "-v" "/var/lib/crater-agent-workspace/builds/worker-5-tc2/source:/opt/rustwide/workdir:ro,Z" "-v" "/var/lib/crater-agent-workspace/cargo-home:/opt/rustwide/cargo-home:ro,Z" "-v" "/var/lib/crater-agent-workspace/rustup-home:/opt/rustwide/rustup-home:ro,Z" "-e" "SOURCE_DIR=/opt/rustwide/workdir" "-e" "CARGO_TARGET_DIR=/opt/rustwide/target" "-e" "CARGO_INCREMENTAL=0" "-e" "RUST_BACKTRACE=full" "-e" "RUSTFLAGS=--cap-lints=warn" "-e" "RUSTDOCFLAGS=--cap-lints=warn" "-e" "CARGO_HOME=/opt/rustwide/cargo-home" "-e" "RUSTUP_HOME=/opt/rustwide/rustup-home" "-w" "/opt/rustwide/workdir" "-m" "1610612736" "--user" "0:0" "--network" "none" "ghcr.io/rust-lang/crates-build-env/linux@sha256:2788e3201cd34a07e3172128adcd8b3090168a8e3bcc40d7c032b9dda1df7d1c" "/opt/rustwide/cargo-home/bin/cargo" "+beta-2023-12-22" "test" "--frozen", kill_on_drop: false }`
[INFO] [stdout] e591f73a1e75b97749c40a6a0e14ecfaba9524b904e04a37e320e533e807320c
[INFO] running `Command { std: "docker" "start" "-a" "e591f73a1e75b97749c40a6a0e14ecfaba9524b904e04a37e320e533e807320c", kill_on_drop: false }`
[INFO] [stderr]     Finished test [unoptimized + debuginfo] target(s) in 0.03s
[INFO] [stderr]      Running unittests src/lib.rs (/opt/rustwide/target/debug/deps/libxivdat-efff82f9851f453c)
[INFO] [stdout] 
[INFO] [stdout] running 63 tests
[INFO] [stdout] test dat_file::tests::test_check_type ... ok
[INFO] [stdout] test dat_file::tests::test_datfile_create ... ok
[INFO] [stdout] test dat_file::tests::test_datfile_open ... ok
[INFO] [stdout] test dat_file::tests::test_datfile_create_with_content ... ok
[INFO] [stdout] test dat_file::tests::test_datfile_open_detect_type ... ok
[INFO] [stdout] test dat_file::tests::test_datfile_read ... ok
[INFO] [stdout] test dat_file::tests::test_datfile_read_with_mask ... ok
[INFO] [stdout] test dat_file::tests::test_datfile_seek_current_error_negative ... ok
[INFO] [stdout] test dat_file::tests::test_datfile_seek_end ... ok
[INFO] [stdout] test dat_file::tests::test_datfile_seek_start ... ok
[INFO] [stdout] test dat_file::tests::test_datfile_open_options ... FAILED
[INFO] [stdout] test dat_file::tests::test_datfile_create_unsafe ... ok
[INFO] [stdout] test dat_file::tests::test_datfile_seek_current ... ok
[INFO] [stdout] test dat_file::tests::test_datfile_set_content_size_error_over_max ... ok
[INFO] [stdout] test dat_file::tests::test_datfile_write_extend_content_size ... ok
[INFO] [stdout] test dat_file::tests::test_get_header_contents_error_bad_type ... ok
[INFO] [stdout] test dat_file::tests::test_read_content ... ok
[INFO] [stdout] test dat_file::tests::test_datfile_set_max_size_shrink ... ok
[INFO] [stdout] test dat_file::tests::test_datfile_read_past_end ... ok
[INFO] [stdout] test dat_file::tests::test_datfile_set_max_size_grow ... ok
[INFO] [stdout] test dat_file::tests::test_datfile_set_max_size_error_under_content ... ok
[INFO] [stdout] test dat_type::tests::test_get_default_end_byte_for_type ... ok
[INFO] [stdout] test dat_file::tests::test_datfile_write_error_over_max_size ... ok
[INFO] [stdout] test dat_file::tests::test_read_content_with_mask ... ok
[INFO] [stdout] test dat_type::tests::test_from_header_bytes ... ok
[INFO] [stdout] test dat_file::tests::test_get_header_contents_error_sizes ... ok
[INFO] [stdout] test dat_file::tests::test_get_header_contents ... ok
[INFO] [stdout] test dat_type::tests::test_get_default_max_size_for_type ... ok
[INFO] [stdout] test dat_file::tests::test_datfile_set_content_size_grow ... ok
[INFO] [stdout] test dat_file::tests::test_datfile_write ... ok
[INFO] [stdout] test dat_file::tests::test_write_content ... ok
[INFO] [stdout] test dat_file::tests::test_datfile_set_content_size_shrink ... ok
[INFO] [stdout] test dat_type::tests::test_get_mask_for_type ... ok
[INFO] [stdout] test dat_file::tests::test_datfile_set_content_size_error_zero_size ... ok
[INFO] [stdout] test dat_file::tests::test_datfile_set_max_size_error_zero_size ... ok
[INFO] [stdout] test section::tests::test_as_section_vec_error_overflow ... ok
[INFO] [stdout] test section::tests::test_as_section_vec_error_encoding ... ok
[INFO] [stdout] test section::tests::test_as_section_vec_error_underflow ... ok
[INFO] [stdout] test section::tests::test_read_section ... ok
[INFO] [stdout] test section::tests::test_section_from_bytes ... ok
[INFO] [stdout] test section::tests::test_section_from_bytes_error_underflow ... ok
[INFO] [stdout] test section::tests::test_section_from_bytes_error_encoding ... ok
[INFO] [stdout] test section::tests::test_section_from_bytes_error_overflow ... ok
[INFO] [stdout] test section::tests::test_section_new ... ok
[INFO] [stdout] test section::tests::test_section_new_error_title_size ... ok
[INFO] [stdout] test section::tests::test_as_section ... ok
[INFO] [stdout] test section::tests::test_read_section_error_eof ... ok
[INFO] [stdout] test section::tests::test_read_section_error_type ... ok
[INFO] [stdout] test section::tests::test_section_to_bytes ... ok
[INFO] [stdout] test section::tests::test_read_section_content_error_type ... ok
[INFO] [stdout] test section::tests::test_read_section_content ... ok
[INFO] [stdout] test section::tests::test_as_section_vec ... ok
[INFO] [stdout] test section::tests::test_sectiondata_from_bytes ... ok
[INFO] [stdout] test section::tests::test_sectiondata_from_bytes_error_overflow ... ok
[INFO] [stdout] test section::tests::test_sectiondata_new ... ok
[INFO] [stdout] test section::tests::test_sectiondata_to_section ... ok
[INFO] [stdout] test section::tests::test_sectiondata_from_bytes_error_encoding ... ok
[INFO] [stdout] test section::tests::test_section_to_sectiondata ... ok
[INFO] [stdout] test section::tests::test_sectiondata_new_error_title_size ... ok
[INFO] [stdout] test section::tests::test_sectiondata_from_bytes_error_underflow ... ok
[INFO] [stdout] test section::tests::test_sectiondata_to_bytes ... ok
[INFO] [stdout] test section::tests::test_sectiondata_new_error_content_size ... ok
[INFO] [stdout] test section::tests::test_section_new_error_content_size ... ok
[INFO] [stdout] 
[INFO] [stdout] failures:
[INFO] [stdout] 
[INFO] [stdout] ---- dat_file::tests::test_datfile_open_options stdout ----
[INFO] [stdout] Error: "File IO error: None"
[INFO] [stdout] 
[INFO] [stdout] 
[INFO] [stdout] failures:
[INFO] [stdout]     dat_file::tests::test_datfile_open_options
[INFO] [stdout] 
[INFO] [stdout] test result: FAILED. 62 passed; 1 failed; 0 ignored; 0 measured; 0 filtered out; finished in 0.08s
[INFO] [stdout] 
[INFO] [stderr] error: test failed, to rerun pass `--lib`
[INFO] running `Command { std: "docker" "inspect" "e591f73a1e75b97749c40a6a0e14ecfaba9524b904e04a37e320e533e807320c", kill_on_drop: false }`
[INFO] running `Command { std: "docker" "rm" "-f" "e591f73a1e75b97749c40a6a0e14ecfaba9524b904e04a37e320e533e807320c", kill_on_drop: false }`
[INFO] [stdout] e591f73a1e75b97749c40a6a0e14ecfaba9524b904e04a37e320e533e807320c
