[INFO] fetching crate libtashkeel_base 1.2.0...
[INFO] testing libtashkeel_base-1.2.0 against 1.75.0 for beta-1.76-1
[INFO] extracting crate libtashkeel_base 1.2.0 into /workspace/builds/worker-4-tc1/source
[INFO] validating manifest of crates.io crate libtashkeel_base 1.2.0 on toolchain 1.75.0
[INFO] running `Command { std: CARGO_HOME="/workspace/cargo-home" RUSTUP_HOME="/workspace/rustup-home" "/workspace/cargo-home/bin/cargo" "+1.75.0" "metadata" "--manifest-path" "Cargo.toml" "--no-deps", kill_on_drop: false }`
[INFO] started tweaking crates.io crate libtashkeel_base 1.2.0
[INFO] finished tweaking crates.io crate libtashkeel_base 1.2.0
[INFO] tweaked toml for crates.io crate libtashkeel_base 1.2.0 written to /workspace/builds/worker-4-tc1/source/Cargo.toml
[INFO] running `Command { std: CARGO_HOME="/workspace/cargo-home" RUSTUP_HOME="/workspace/rustup-home" "/workspace/cargo-home/bin/cargo" "+1.75.0" "generate-lockfile" "--manifest-path" "Cargo.toml", kill_on_drop: false }`
[INFO] [stderr]     Updating crates.io index
[INFO] running `Command { std: CARGO_HOME="/workspace/cargo-home" RUSTUP_HOME="/workspace/rustup-home" "/workspace/cargo-home/bin/cargo" "+1.75.0" "fetch" "--manifest-path" "Cargo.toml", kill_on_drop: false }`
[INFO] [stderr]     Blocking waiting for file lock on package cache
[INFO] running `Command { std: "docker" "create" "-v" "/var/lib/crater-agent-workspace/builds/worker-4-tc1/target:/opt/rustwide/target:rw,Z" "-v" "/var/lib/crater-agent-workspace/builds/worker-4-tc1/source:/opt/rustwide/workdir:ro,Z" "-v" "/var/lib/crater-agent-workspace/cargo-home:/opt/rustwide/cargo-home:ro,Z" "-v" "/var/lib/crater-agent-workspace/rustup-home:/opt/rustwide/rustup-home:ro,Z" "-e" "SOURCE_DIR=/opt/rustwide/workdir" "-e" "CARGO_TARGET_DIR=/opt/rustwide/target" "-e" "CARGO_HOME=/opt/rustwide/cargo-home" "-e" "RUSTUP_HOME=/opt/rustwide/rustup-home" "-w" "/opt/rustwide/workdir" "-m" "1610612736" "--user" "0:0" "--network" "none" "ghcr.io/rust-lang/crates-build-env/linux@sha256:2788e3201cd34a07e3172128adcd8b3090168a8e3bcc40d7c032b9dda1df7d1c" "/opt/rustwide/cargo-home/bin/cargo" "+1.75.0" "metadata" "--no-deps" "--format-version=1", kill_on_drop: false }`
[INFO] [stdout] fec13e16ff8dc223972adba358f9a8aa30999e1a033352298b61d6b7e1571a59
[INFO] running `Command { std: "docker" "start" "-a" "fec13e16ff8dc223972adba358f9a8aa30999e1a033352298b61d6b7e1571a59", kill_on_drop: false }`
[INFO] running `Command { std: "docker" "inspect" "fec13e16ff8dc223972adba358f9a8aa30999e1a033352298b61d6b7e1571a59", kill_on_drop: false }`
[INFO] running `Command { std: "docker" "rm" "-f" "fec13e16ff8dc223972adba358f9a8aa30999e1a033352298b61d6b7e1571a59", kill_on_drop: false }`
[INFO] [stdout] fec13e16ff8dc223972adba358f9a8aa30999e1a033352298b61d6b7e1571a59
[INFO] running `Command { std: "docker" "create" "-v" "/var/lib/crater-agent-workspace/builds/worker-4-tc1/target:/opt/rustwide/target:rw,Z" "-v" "/var/lib/crater-agent-workspace/builds/worker-4-tc1/source:/opt/rustwide/workdir:ro,Z" "-v" "/var/lib/crater-agent-workspace/cargo-home:/opt/rustwide/cargo-home:ro,Z" "-v" "/var/lib/crater-agent-workspace/rustup-home:/opt/rustwide/rustup-home:ro,Z" "-e" "SOURCE_DIR=/opt/rustwide/workdir" "-e" "CARGO_TARGET_DIR=/opt/rustwide/target" "-e" "CARGO_INCREMENTAL=0" "-e" "RUST_BACKTRACE=full" "-e" "RUSTFLAGS=--cap-lints=warn" "-e" "RUSTDOCFLAGS=--cap-lints=warn" "-e" "CARGO_HOME=/opt/rustwide/cargo-home" "-e" "RUSTUP_HOME=/opt/rustwide/rustup-home" "-w" "/opt/rustwide/workdir" "-m" "1610612736" "--user" "0:0" "--network" "none" "ghcr.io/rust-lang/crates-build-env/linux@sha256:2788e3201cd34a07e3172128adcd8b3090168a8e3bcc40d7c032b9dda1df7d1c" "/opt/rustwide/cargo-home/bin/cargo" "+1.75.0" "build" "--frozen" "--message-format=json", kill_on_drop: false }`
[INFO] [stdout] 26c0fd894a1004791c785a21421390e88e15c40a04aed303f73552059fdd175f
[INFO] running `Command { std: "docker" "start" "-a" "26c0fd894a1004791c785a21421390e88e15c40a04aed303f73552059fdd175f", kill_on_drop: false }`
[INFO] [stderr]    Compiling rustix v0.38.28
[INFO] [stderr]    Compiling num-traits v0.2.17
[INFO] [stderr]    Compiling linux-raw-sys v0.4.12
[INFO] [stderr]    Compiling crc32fast v1.3.2
[INFO] [stderr]    Compiling bitflags v2.4.1
[INFO] [stderr]    Compiling adler v1.0.2
[INFO] [stderr]    Compiling matrixmultiply v0.3.8
[INFO] [stderr]    Compiling num-integer v0.1.45
[INFO] [stderr]    Compiling once_cell v1.19.0
[INFO] [stderr]    Compiling rawpointer v0.2.1
[INFO] [stderr]    Compiling serde v1.0.194
[INFO] [stderr]    Compiling thiserror v1.0.56
[INFO] [stderr]    Compiling serde_json v1.0.111
[INFO] [stderr]    Compiling libloading v0.7.4
[INFO] [stderr]    Compiling filetime v0.2.23
[INFO] [stderr]    Compiling syn v2.0.48
[INFO] [stderr]    Compiling miniz_oxide v0.7.1
[INFO] [stderr]    Compiling itoa v1.0.10
[INFO] [stderr]    Compiling libtashkeel_base v1.2.0 (/opt/rustwide/workdir)
[INFO] [stderr]    Compiling tracing-core v0.1.32
[INFO] [stderr]    Compiling ryu v1.0.16
[INFO] [stderr]    Compiling log v0.4.20
[INFO] [stderr]    Compiling flate2 v1.0.28
[INFO] [stderr]    Compiling num-complex v0.4.4
[INFO] [stderr]    Compiling ndarray v0.15.6
[INFO] [stderr]    Compiling xattr v1.2.0
[INFO] [stderr]    Compiling tar v0.4.40
[INFO] [stderr]    Compiling ort v1.16.3
[INFO] [stderr]    Compiling thiserror-impl v1.0.56
[INFO] [stderr]    Compiling tracing-attributes v0.1.27
[INFO] [stderr]    Compiling serde_derive v1.0.194
[INFO] [stderr]    Compiling tracing v0.1.40
[INFO] [stderr]     Finished dev [unoptimized + debuginfo] target(s) in 14.18s
[INFO] running `Command { std: "docker" "inspect" "26c0fd894a1004791c785a21421390e88e15c40a04aed303f73552059fdd175f", kill_on_drop: false }`
[INFO] running `Command { std: "docker" "rm" "-f" "26c0fd894a1004791c785a21421390e88e15c40a04aed303f73552059fdd175f", kill_on_drop: false }`
[INFO] [stdout] 26c0fd894a1004791c785a21421390e88e15c40a04aed303f73552059fdd175f
[INFO] running `Command { std: "docker" "create" "-v" "/var/lib/crater-agent-workspace/builds/worker-4-tc1/target:/opt/rustwide/target:rw,Z" "-v" "/var/lib/crater-agent-workspace/builds/worker-4-tc1/source:/opt/rustwide/workdir:ro,Z" "-v" "/var/lib/crater-agent-workspace/cargo-home:/opt/rustwide/cargo-home:ro,Z" "-v" "/var/lib/crater-agent-workspace/rustup-home:/opt/rustwide/rustup-home:ro,Z" "-e" "SOURCE_DIR=/opt/rustwide/workdir" "-e" "CARGO_TARGET_DIR=/opt/rustwide/target" "-e" "CARGO_INCREMENTAL=0" "-e" "RUST_BACKTRACE=full" "-e" "RUSTFLAGS=--cap-lints=warn" "-e" "RUSTDOCFLAGS=--cap-lints=warn" "-e" "CARGO_HOME=/opt/rustwide/cargo-home" "-e" "RUSTUP_HOME=/opt/rustwide/rustup-home" "-w" "/opt/rustwide/workdir" "-m" "1610612736" "--user" "0:0" "--network" "none" "ghcr.io/rust-lang/crates-build-env/linux@sha256:2788e3201cd34a07e3172128adcd8b3090168a8e3bcc40d7c032b9dda1df7d1c" "/opt/rustwide/cargo-home/bin/cargo" "+1.75.0" "test" "--frozen" "--no-run" "--message-format=json", kill_on_drop: false }`
[INFO] [stdout] b21cc618be9feb15031a088bafbe3237bb346f12a978fae883762c7fc3da785c
[INFO] running `Command { std: "docker" "start" "-a" "b21cc618be9feb15031a088bafbe3237bb346f12a978fae883762c7fc3da785c", kill_on_drop: false }`
[INFO] [stderr]    Compiling libtashkeel_base v1.2.0 (/opt/rustwide/workdir)
[INFO] [stderr]     Finished test [unoptimized + debuginfo] target(s) in 1.01s
[INFO] running `Command { std: "docker" "inspect" "b21cc618be9feb15031a088bafbe3237bb346f12a978fae883762c7fc3da785c", kill_on_drop: false }`
[INFO] running `Command { std: "docker" "rm" "-f" "b21cc618be9feb15031a088bafbe3237bb346f12a978fae883762c7fc3da785c", kill_on_drop: false }`
[INFO] [stdout] b21cc618be9feb15031a088bafbe3237bb346f12a978fae883762c7fc3da785c
[INFO] running `Command { std: "docker" "create" "-v" "/var/lib/crater-agent-workspace/builds/worker-4-tc1/target:/opt/rustwide/target:rw,Z" "-v" "/var/lib/crater-agent-workspace/builds/worker-4-tc1/source:/opt/rustwide/workdir:ro,Z" "-v" "/var/lib/crater-agent-workspace/cargo-home:/opt/rustwide/cargo-home:ro,Z" "-v" "/var/lib/crater-agent-workspace/rustup-home:/opt/rustwide/rustup-home:ro,Z" "-e" "SOURCE_DIR=/opt/rustwide/workdir" "-e" "CARGO_TARGET_DIR=/opt/rustwide/target" "-e" "CARGO_INCREMENTAL=0" "-e" "RUST_BACKTRACE=full" "-e" "RUSTFLAGS=--cap-lints=warn" "-e" "RUSTDOCFLAGS=--cap-lints=warn" "-e" "CARGO_HOME=/opt/rustwide/cargo-home" "-e" "RUSTUP_HOME=/opt/rustwide/rustup-home" "-w" "/opt/rustwide/workdir" "-m" "1610612736" "--user" "0:0" "--network" "none" "ghcr.io/rust-lang/crates-build-env/linux@sha256:2788e3201cd34a07e3172128adcd8b3090168a8e3bcc40d7c032b9dda1df7d1c" "/opt/rustwide/cargo-home/bin/cargo" "+1.75.0" "test" "--frozen", kill_on_drop: false }`
[INFO] [stdout] f40de87657f721965202b75fb50e14aa7e41264728625a6e1385f025d3c8ba8b
[INFO] running `Command { std: "docker" "start" "-a" "f40de87657f721965202b75fb50e14aa7e41264728625a6e1385f025d3c8ba8b", kill_on_drop: false }`
[INFO] [stderr]     Finished test [unoptimized + debuginfo] target(s) in 0.05s
[INFO] [stderr]      Running unittests src/lib.rs (/opt/rustwide/target/debug/deps/libtashkeel_base-2a91cd28ad9d1726)
[INFO] [stdout] 
[INFO] [stdout] running 4 tests
[INFO] [stdout] test tests::test_extract_diacritics_when_empty ... ok
[INFO] [stdout] test tests::test_extract_diacritics ... ok
[INFO] [stdout] test tests::test_basic_tashkeel ... FAILED
[INFO] [stdout] test tests::test_taskeen ... FAILED
[INFO] [stdout] 
[INFO] [stdout] failures:
[INFO] [stdout] 
[INFO] [stdout] ---- tests::test_basic_tashkeel stdout ----
[INFO] [stdout] thread 'tests::test_basic_tashkeel' panicked at /opt/rustwide/cargo-home/registry/src/index.crates.io-6f17d22bba15001f/ort-1.16.3/src/lib.rs:79:83:
[INFO] [stdout] could not load the library at `libonnxruntime.so`: DlOpen { desc: "libonnxruntime.so: cannot open shared object file: No such file or directory" }
[INFO] [stdout] stack backtrace:
[INFO] [stdout]    0:     0x562c6ff142fc - std::backtrace_rs::backtrace::libunwind::trace::ha637c64ce894333a
[INFO] [stdout]                                at /rustc/82e1608dfa6e0b5569232559e3d385fea5a93112/library/std/src/../../backtrace/src/backtrace/libunwind.rs:104:5
[INFO] [stdout]    1:     0x562c6ff142fc - std::backtrace_rs::backtrace::trace_unsynchronized::h47f62dea28e0c88d
[INFO] [stdout]                                at /rustc/82e1608dfa6e0b5569232559e3d385fea5a93112/library/std/src/../../backtrace/src/backtrace/mod.rs:66:5
[INFO] [stdout]    2:     0x562c6ff142fc - std::sys_common::backtrace::_print_fmt::h9eef0abe20ede486
[INFO] [stdout]                                at /rustc/82e1608dfa6e0b5569232559e3d385fea5a93112/library/std/src/sys_common/backtrace.rs:67:5
[INFO] [stdout]    3:     0x562c6ff142fc - <std::sys_common::backtrace::_print::DisplayBacktrace as core::fmt::Display>::fmt::hed7f999df88cc644
[INFO] [stdout]                                at /rustc/82e1608dfa6e0b5569232559e3d385fea5a93112/library/std/src/sys_common/backtrace.rs:44:22
[INFO] [stdout]    4:     0x562c6ff3ef20 - core::fmt::rt::Argument::fmt::h1539a9308b8d058d
[INFO] [stdout]                                at /rustc/82e1608dfa6e0b5569232559e3d385fea5a93112/library/core/src/fmt/rt.rs:142:9
[INFO] [stdout]    5:     0x562c6ff3ef20 - core::fmt::write::h3a39390d8560d9c9
[INFO] [stdout]                                at /rustc/82e1608dfa6e0b5569232559e3d385fea5a93112/library/core/src/fmt/mod.rs:1120:17
[INFO] [stdout]    6:     0x562c6ff11a7f - std::io::Write::write_fmt::h040b369f3a0f9cbc
[INFO] [stdout]                                at /rustc/82e1608dfa6e0b5569232559e3d385fea5a93112/library/std/src/io/mod.rs:1762:15
[INFO] [stdout]    7:     0x562c6ff140e4 - std::sys_common::backtrace::_print::h894006fb5c6f3d45
[INFO] [stdout]                                at /rustc/82e1608dfa6e0b5569232559e3d385fea5a93112/library/std/src/sys_common/backtrace.rs:47:5
[INFO] [stdout]    8:     0x562c6ff140e4 - std::sys_common::backtrace::print::h23a2d212c6fff936
[INFO] [stdout]                                at /rustc/82e1608dfa6e0b5569232559e3d385fea5a93112/library/std/src/sys_common/backtrace.rs:34:9
[INFO] [stdout]    9:     0x562c6ff15da7 - std::panicking::default_hook::{{closure}}::h8a1d2ee00185001a
[INFO] [stdout]   10:     0x562c6ff15a93 - std::panicking::default_hook::h6038f2eba384e475
[INFO] [stdout]                                at /rustc/82e1608dfa6e0b5569232559e3d385fea5a93112/library/std/src/panicking.rs:289:9
[INFO] [stdout]   11:     0x562c6fe635a7 - <alloc::boxed::Box<F,A> as core::ops::function::Fn<Args>>::call::h0ad024c9bdc6d768
[INFO] [stdout]                                at /rustc/82e1608dfa6e0b5569232559e3d385fea5a93112/library/alloc/src/boxed.rs:2021:9
[INFO] [stdout]   12:     0x562c6fe635a7 - test::test_main::{{closure}}::h7500b54257359db6
[INFO] [stdout]                                at /rustc/82e1608dfa6e0b5569232559e3d385fea5a93112/library/test/src/lib.rs:138:21
[INFO] [stdout]   13:     0x562c6ff163b8 - <alloc::boxed::Box<F,A> as core::ops::function::Fn<Args>>::call::h1f8f335eaa9cfaee
[INFO] [stdout]                                at /rustc/82e1608dfa6e0b5569232559e3d385fea5a93112/library/alloc/src/boxed.rs:2021:9
[INFO] [stdout]   14:     0x562c6ff163b8 - std::panicking::rust_panic_with_hook::h2b5517d590cab22e
[INFO] [stdout]                                at /rustc/82e1608dfa6e0b5569232559e3d385fea5a93112/library/std/src/panicking.rs:783:13
[INFO] [stdout]   15:     0x562c6ff1610e - std::panicking::begin_panic_handler::{{closure}}::h233112c06e0ef43e
[INFO] [stdout]                                at /rustc/82e1608dfa6e0b5569232559e3d385fea5a93112/library/std/src/panicking.rs:657:13
[INFO] [stdout]   16:     0x562c6ff147c6 - std::sys_common::backtrace::__rust_end_short_backtrace::h6e893f24d7ebbff8
[INFO] [stdout]                                at /rustc/82e1608dfa6e0b5569232559e3d385fea5a93112/library/std/src/sys_common/backtrace.rs:170:18
[INFO] [stdout]   17:     0x562c6ff15e72 - rust_begin_unwind
[INFO] [stdout]                                at /rustc/82e1608dfa6e0b5569232559e3d385fea5a93112/library/std/src/panicking.rs:645:5
[INFO] [stdout]   18:     0x562c6fdced55 - core::panicking::panic_fmt::hbf0e066aabfa482c
[INFO] [stdout]                                at /rustc/82e1608dfa6e0b5569232559e3d385fea5a93112/library/core/src/panicking.rs:72:14
[INFO] [stdout]   19:     0x562c6fec7015 - <ort::G_ORT_LIB as core::ops::deref::Deref>::deref::__static_ref_initialize::{{closure}}::he01d2bf65d5de2be
[INFO] [stdout]                                at /opt/rustwide/cargo-home/registry/src/index.crates.io-6f17d22bba15001f/ort-1.16.3/src/lib.rs:79:74
[INFO] [stdout]   20:     0x562c6fe9fa44 - core::result::Result<T,E>::unwrap_or_else::h01b9d7eb008e6e8f
[INFO] [stdout]                                at /rustc/82e1608dfa6e0b5569232559e3d385fea5a93112/library/core/src/result.rs:1430:23
[INFO] [stdout]   21:     0x562c6fea5063 - <ort::G_ORT_LIB as core::ops::deref::Deref>::deref::__static_ref_initialize::hea4887fa847754fb
[INFO] [stdout]                                at /opt/rustwide/cargo-home/registry/src/index.crates.io-6f17d22bba15001f/ort-1.16.3/src/lib.rs:79:14
[INFO] [stdout]   22:     0x562c6fea5063 - core::ops::function::FnOnce::call_once::h0a049f16d2b0401e
[INFO] [stdout]                                at /rustc/82e1608dfa6e0b5569232559e3d385fea5a93112/library/core/src/ops/function.rs:250:5
[INFO] [stdout]   23:     0x562c6fecfa5b - lazy_static::lazy::Lazy<T>::get::{{closure}}::h64bdb727533226bd
[INFO] [stdout]                                at /opt/rustwide/cargo-home/registry/src/index.crates.io-6f17d22bba15001f/lazy_static-1.4.0/src/inline_lazy.rs:31:29
[INFO] [stdout]   24:     0x562c6fecbd77 - std::sync::once::Once::call_once::{{closure}}::h8bf2c22489042d29
[INFO] [stdout]                                at /rustc/82e1608dfa6e0b5569232559e3d385fea5a93112/library/std/src/sync/once.rs:149:41
[INFO] [stdout]   25:     0x562c6fec36b1 - std::sys_common::once::futex::Once::call::h00380bceae3fb188
[INFO] [stdout]                                at /rustc/82e1608dfa6e0b5569232559e3d385fea5a93112/library/std/src/sys_common/once/futex.rs:124:21
[INFO] [stdout]   26:     0x562c6fecba2f - std::sync::once::Once::call_once::h6677437df038ab22
[INFO] [stdout]                                at /rustc/82e1608dfa6e0b5569232559e3d385fea5a93112/library/std/src/sync/once.rs:149:9
[INFO] [stdout]   27:     0x562c6fec6e2a - lazy_static::lazy::Lazy<T>::get::h1315972b3ee45e23
[INFO] [stdout]                                at /opt/rustwide/cargo-home/registry/src/index.crates.io-6f17d22bba15001f/lazy_static-1.4.0/src/inline_lazy.rs:30:9
[INFO] [stdout]   28:     0x562c6fec6e2a - <ort::G_ORT_LIB as core::ops::deref::Deref>::deref::__stability::h258175dfa950bf40
[INFO] [stdout]                                at /opt/rustwide/cargo-home/registry/src/index.crates.io-6f17d22bba15001f/lazy_static-1.4.0/src/lib.rs:142:21
[INFO] [stdout]   29:     0x562c6fec6e2a - <ort::G_ORT_LIB as core::ops::deref::Deref>::deref::h614db6a583f80363
[INFO] [stdout]                                at /opt/rustwide/cargo-home/registry/src/index.crates.io-6f17d22bba15001f/lazy_static-1.4.0/src/lib.rs:144:17
[INFO] [stdout]   30:     0x562c6fea5637 - <ort::G_ORT_API as core::ops::deref::Deref>::deref::__static_ref_initialize::hd5465f0bc4890296
[INFO] [stdout]                                at /opt/rustwide/cargo-home/registry/src/index.crates.io-6f17d22bba15001f/ort-1.16.3/src/lib.rs:89:17
[INFO] [stdout]   31:     0x562c6fea5637 - core::ops::function::FnOnce::call_once::h6d81725811e71dfb
[INFO] [stdout]                                at /rustc/82e1608dfa6e0b5569232559e3d385fea5a93112/library/core/src/ops/function.rs:250:5
[INFO] [stdout]   32:     0x562c6fecfa1b - lazy_static::lazy::Lazy<T>::get::{{closure}}::h50321c3ead2c14ce
[INFO] [stdout]                                at /opt/rustwide/cargo-home/registry/src/index.crates.io-6f17d22bba15001f/lazy_static-1.4.0/src/inline_lazy.rs:31:29
[INFO] [stdout]   33:     0x562c6fecbdf7 - std::sync::once::Once::call_once::{{closure}}::h9bb14b2226370707
[INFO] [stdout]                                at /rustc/82e1608dfa6e0b5569232559e3d385fea5a93112/library/std/src/sync/once.rs:149:41
[INFO] [stdout]   34:     0x562c6fec42b1 - std::sys_common::once::futex::Once::call::hb5d123d3eb6de261
[INFO] [stdout]                                at /rustc/82e1608dfa6e0b5569232559e3d385fea5a93112/library/std/src/sys_common/once/futex.rs:124:21
[INFO] [stdout]   35:     0x562c6fecb95f - std::sync::once::Once::call_once::h2f1ef8bcda448bb4
[INFO] [stdout]                                at /rustc/82e1608dfa6e0b5569232559e3d385fea5a93112/library/std/src/sync/once.rs:149:9
[INFO] [stdout]   36:     0x562c6fec707a - lazy_static::lazy::Lazy<T>::get::hf8da835352933f84
[INFO] [stdout]                                at /opt/rustwide/cargo-home/registry/src/index.crates.io-6f17d22bba15001f/lazy_static-1.4.0/src/inline_lazy.rs:30:9
[INFO] [stdout]   37:     0x562c6fec707a - <ort::G_ORT_API as core::ops::deref::Deref>::deref::__stability::h72d96a0a33b2f2ad
[INFO] [stdout]                                at /opt/rustwide/cargo-home/registry/src/index.crates.io-6f17d22bba15001f/lazy_static-1.4.0/src/lib.rs:142:21
[INFO] [stdout]   38:     0x562c6fec707a - <ort::G_ORT_API as core::ops::deref::Deref>::deref::h0aad3ca7e44d3304
[INFO] [stdout]                                at /opt/rustwide/cargo-home/registry/src/index.crates.io-6f17d22bba15001f/lazy_static-1.4.0/src/lib.rs:144:17
[INFO] [stdout]   39:     0x562c6fec68a1 - ort::ort::h4c63a59699df0d4b
[INFO] [stdout]                                at /opt/rustwide/cargo-home/registry/src/index.crates.io-6f17d22bba15001f/ort-1.16.3/src/lib.rs:133:20
[INFO] [stdout]   40:     0x562c6febc735 - ort::environment::Environment::create_custom_log_env::h936e2bbc2fe30b24
[INFO] [stdout]                                at /opt/rustwide/cargo-home/registry/src/index.crates.io-6f17d22bba15001f/ort-1.16.3/src/environment.rs:92:39
[INFO] [stdout]   41:     0x562c6febeacb - ort::environment::Environment::new::hfb497ccbff8b39ab
[INFO] [stdout]                                at /opt/rustwide/cargo-home/registry/src/index.crates.io-6f17d22bba15001f/ort-1.16.3/src/environment.rs:153:28
[INFO] [stdout]   42:     0x562c6febf935 - ort::environment::EnvBuilder::build::h2fc724cafc6d023b
[INFO] [stdout]                                at /opt/rustwide/cargo-home/registry/src/index.crates.io-6f17d22bba15001f/ort-1.16.3/src/environment.rs:365:4
[INFO] [stdout]   43:     0x562c6fe13b6e - libtashkeel_base::inference_engine::ort::ORT_ENV::{{closure}}::h4e82228107f032e8
[INFO] [stdout]                                at /opt/rustwide/workdir/src/inference_engine/ort.rs:45:5
[INFO] [stdout]   44:     0x562c6fdfd25e - core::ops::function::FnOnce::call_once::hdf478fcc170dd7bc
[INFO] [stdout]                                at /rustc/82e1608dfa6e0b5569232559e3d385fea5a93112/library/core/src/ops/function.rs:250:5
[INFO] [stdout]   45:     0x562c6fdfce0b - core::ops::function::FnOnce::call_once::h7df1538325970492
[INFO] [stdout]                                at /rustc/82e1608dfa6e0b5569232559e3d385fea5a93112/library/core/src/ops/function.rs:250:5
[INFO] [stdout]   46:     0x562c6fdebc87 - once_cell::sync::Lazy<T,F>::force::{{closure}}::h033af63824debf8c
[INFO] [stdout]                                at /opt/rustwide/cargo-home/registry/src/index.crates.io-6f17d22bba15001f/once_cell-1.19.0/src/lib.rs:1310:28
[INFO] [stdout]   47:     0x562c6fdec1ce - once_cell::sync::OnceCell<T>::get_or_init::{{closure}}::hb5f6f2ab10ea8c3b
[INFO] [stdout]                                at /opt/rustwide/cargo-home/registry/src/index.crates.io-6f17d22bba15001f/once_cell-1.19.0/src/lib.rs:1120:57
[INFO] [stdout]   48:     0x562c6fe1d4f2 - once_cell::imp::OnceCell<T>::initialize::{{closure}}::hf4b8cb6c9e3b588e
[INFO] [stdout]                                at /opt/rustwide/cargo-home/registry/src/index.crates.io-6f17d22bba15001f/once_cell-1.19.0/src/imp_std.rs:72:23
[INFO] [stdout]   49:     0x562c6feee096 - core::ops::function::impls::<impl core::ops::function::FnMut<A> for &mut F>::call_mut::h9bbcd26a69a74460
[INFO] [stdout]                                at /rustc/82e1608dfa6e0b5569232559e3d385fea5a93112/library/core/src/ops/function.rs:294:13
[INFO] [stdout]   50:     0x562c6feef9ad - once_cell::imp::initialize_or_wait::h4206586828d4adbe
[INFO] [stdout]                                at /opt/rustwide/cargo-home/registry/src/index.crates.io-6f17d22bba15001f/once_cell-1.19.0/src/imp_std.rs:196:20
[INFO] [stdout]   51:     0x562c6fe1cc98 - once_cell::imp::OnceCell<T>::initialize::h786a9737ed5f0f84
[INFO] [stdout]                                at /opt/rustwide/cargo-home/registry/src/index.crates.io-6f17d22bba15001f/once_cell-1.19.0/src/imp_std.rs:68:9
[INFO] [stdout]   52:     0x562c6fdec31d - once_cell::sync::OnceCell<T>::get_or_try_init::h0a2d579d0e0fcc5c
[INFO] [stdout]                                at /opt/rustwide/cargo-home/registry/src/index.crates.io-6f17d22bba15001f/once_cell-1.19.0/src/lib.rs:1161:13
[INFO] [stdout]   53:     0x562c6fdebf6d - once_cell::sync::OnceCell<T>::get_or_init::h0d0b4153e5801f40
[INFO] [stdout]                                at /opt/rustwide/cargo-home/registry/src/index.crates.io-6f17d22bba15001f/once_cell-1.19.0/src/lib.rs:1120:19
[INFO] [stdout]   54:     0x562c6fdebb88 - once_cell::sync::Lazy<T,F>::force::h27c946ae7cec5391
[INFO] [stdout]                                at /opt/rustwide/cargo-home/registry/src/index.crates.io-6f17d22bba15001f/once_cell-1.19.0/src/lib.rs:1309:13
[INFO] [stdout]   55:     0x562c6fdea60a - <once_cell::sync::Lazy<T,F> as core::ops::deref::Deref>::deref::h462bcf8b73ad1b20
[INFO] [stdout]                                at /opt/rustwide/cargo-home/registry/src/index.crates.io-6f17d22bba15001f/once_cell-1.19.0/src/lib.rs:1376:13
[INFO] [stdout]   56:     0x562c6fe13c06 - libtashkeel_base::inference_engine::ort::OrtEngineWithModelBytes::from_bytes::ha610c3e3886edc06
[INFO] [stdout]                                at /opt/rustwide/workdir/src/inference_engine/ort.rs:57:43
[INFO] [stdout]   57:     0x562c6fe14129 - libtashkeel_base::inference_engine::ort::OrtEngineWithModelBytes::with_bundled_model::h0906a5a3bb603fe7
[INFO] [stdout]                                at /opt/rustwide/workdir/src/inference_engine/ort.rs:75:9
[INFO] [stdout]   58:     0x562c6fdff88c - libtashkeel_base::inference_engine::create_inference_engine::hecc8d26e84fed31b
[INFO] [stdout]                                at /opt/rustwide/workdir/src/inference_engine/mod.rs:66:26
[INFO] [stdout]   59:     0x562c6fe08c35 - libtashkeel_base::tests::INFERENCE_ENGINE::{{closure}}::h663fd49128232faa
[INFO] [stdout]                                at /opt/rustwide/workdir/src/lib.rs:218:22
[INFO] [stdout]   60:     0x562c6fdfc79e - core::ops::function::FnOnce::call_once::h137d73ea59de65c2
[INFO] [stdout]                                at /rustc/82e1608dfa6e0b5569232559e3d385fea5a93112/library/core/src/ops/function.rs:250:5
[INFO] [stdout]   61:     0x562c6fdfccdb - core::ops::function::FnOnce::call_once::h72bc952cb3686536
[INFO] [stdout]                                at /rustc/82e1608dfa6e0b5569232559e3d385fea5a93112/library/core/src/ops/function.rs:250:5
[INFO] [stdout]   62:     0x562c6fdebe27 - once_cell::sync::Lazy<T,F>::force::{{closure}}::h57ce80fe793f7c85
[INFO] [stdout]                                at /opt/rustwide/cargo-home/registry/src/index.crates.io-6f17d22bba15001f/once_cell-1.19.0/src/lib.rs:1310:28
[INFO] [stdout]   63:     0x562c6fdec15e - once_cell::sync::OnceCell<T>::get_or_init::{{closure}}::h91563fa334973916
[INFO] [stdout]                                at /opt/rustwide/cargo-home/registry/src/index.crates.io-6f17d22bba15001f/once_cell-1.19.0/src/lib.rs:1120:57
[INFO] [stdout]   64:     0x562c6fe1d052 - once_cell::imp::OnceCell<T>::initialize::{{closure}}::h80143d9f8f4fd024
[INFO] [stdout]                                at /opt/rustwide/cargo-home/registry/src/index.crates.io-6f17d22bba15001f/once_cell-1.19.0/src/imp_std.rs:72:23
[INFO] [stdout]   65:     0x562c6feee096 - core::ops::function::impls::<impl core::ops::function::FnMut<A> for &mut F>::call_mut::h9bbcd26a69a74460
[INFO] [stdout]                                at /rustc/82e1608dfa6e0b5569232559e3d385fea5a93112/library/core/src/ops/function.rs:294:13
[INFO] [stdout]   66:     0x562c6feef9ad - once_cell::imp::initialize_or_wait::h4206586828d4adbe
[INFO] [stdout]                                at /opt/rustwide/cargo-home/registry/src/index.crates.io-6f17d22bba15001f/once_cell-1.19.0/src/imp_std.rs:196:20
[INFO] [stdout]   67:     0x562c6fe1cbf0 - once_cell::imp::OnceCell<T>::initialize::h72d2ea5a0b0c24b4
[INFO] [stdout]                                at /opt/rustwide/cargo-home/registry/src/index.crates.io-6f17d22bba15001f/once_cell-1.19.0/src/imp_std.rs:68:9
[INFO] [stdout]   68:     0x562c6fdec47d - once_cell::sync::OnceCell<T>::get_or_try_init::h4f87e27f3f29cde2
[INFO] [stdout]                                at /opt/rustwide/cargo-home/registry/src/index.crates.io-6f17d22bba15001f/once_cell-1.19.0/src/lib.rs:1161:13
[INFO] [stdout]   69:     0x562c6fdebfed - once_cell::sync::OnceCell<T>::get_or_init::hc19090ca13ee18b9
[INFO] [stdout]                                at /opt/rustwide/cargo-home/registry/src/index.crates.io-6f17d22bba15001f/once_cell-1.19.0/src/lib.rs:1120:19
[INFO] [stdout]   70:     0x562c6fdebbc8 - once_cell::sync::Lazy<T,F>::force::h9eab77477e543897
[INFO] [stdout]                                at /opt/rustwide/cargo-home/registry/src/index.crates.io-6f17d22bba15001f/once_cell-1.19.0/src/lib.rs:1309:13
[INFO] [stdout]   71:     0x562c6fdea61a - <once_cell::sync::Lazy<T,F> as core::ops::deref::Deref>::deref::h9bbe2f4a33c30933
[INFO] [stdout]                                at /opt/rustwide/cargo-home/registry/src/index.crates.io-6f17d22bba15001f/once_cell-1.19.0/src/lib.rs:1376:13
[INFO] [stdout]   72:     0x562c6fe095a1 - libtashkeel_base::tests::test_basic_tashkeel::h61a645b19598c30a
[INFO] [stdout]                                at /opt/rustwide/workdir/src/lib.rs:246:39
[INFO] [stdout]   73:     0x562c6fe0950c - libtashkeel_base::tests::test_basic_tashkeel::{{closure}}::h1c8441eea3e3b3c8
[INFO] [stdout]                                at /opt/rustwide/workdir/src/lib.rs:242:33
[INFO] [stdout]   74:     0x562c6fdfd226 - core::ops::function::FnOnce::call_once::hdc240e1b7a70e6f8
[INFO] [stdout]                                at /rustc/82e1608dfa6e0b5569232559e3d385fea5a93112/library/core/src/ops/function.rs:250:5
[INFO] [stdout]   75:     0x562c6fe68bff - core::ops::function::FnOnce::call_once::h2b5d431d5046312d
[INFO] [stdout]                                at /rustc/82e1608dfa6e0b5569232559e3d385fea5a93112/library/core/src/ops/function.rs:250:5
[INFO] [stdout]   76:     0x562c6fe68bff - test::__rust_begin_short_backtrace::h7714669af176e207
[INFO] [stdout]                                at /rustc/82e1608dfa6e0b5569232559e3d385fea5a93112/library/test/src/lib.rs:628:18
[INFO] [stdout]   77:     0x562c6fe67c15 - test::run_test_in_process::{{closure}}::h85218797dcbcec12
[INFO] [stdout]                                at /rustc/82e1608dfa6e0b5569232559e3d385fea5a93112/library/test/src/lib.rs:651:60
[INFO] [stdout]   78:     0x562c6fe67c15 - <core::panic::unwind_safe::AssertUnwindSafe<F> as core::ops::function::FnOnce<()>>::call_once::h76c106ea31c14d7b
[INFO] [stdout]                                at /rustc/82e1608dfa6e0b5569232559e3d385fea5a93112/library/core/src/panic/unwind_safe.rs:272:9
[INFO] [stdout]   79:     0x562c6fe67c15 - std::panicking::try::do_call::h3bd5d0f6620ee946
[INFO] [stdout]                                at /rustc/82e1608dfa6e0b5569232559e3d385fea5a93112/library/std/src/panicking.rs:552:40
[INFO] [stdout]   80:     0x562c6fe67c15 - std::panicking::try::h232e535e4744fe31
[INFO] [stdout]                                at /rustc/82e1608dfa6e0b5569232559e3d385fea5a93112/library/std/src/panicking.rs:516:19
[INFO] [stdout]   81:     0x562c6fe67c15 - std::panic::catch_unwind::h3ce3bd6ca8dbac68
[INFO] [stdout]                                at /rustc/82e1608dfa6e0b5569232559e3d385fea5a93112/library/std/src/panic.rs:142:14
[INFO] [stdout]   82:     0x562c6fe67c15 - test::run_test_in_process::hc97b257c9621286a
[INFO] [stdout]                                at /rustc/82e1608dfa6e0b5569232559e3d385fea5a93112/library/test/src/lib.rs:651:27
[INFO] [stdout]   83:     0x562c6fe67c15 - test::run_test::{{closure}}::h2aa798823a438d38
[INFO] [stdout]                                at /rustc/82e1608dfa6e0b5569232559e3d385fea5a93112/library/test/src/lib.rs:574:43
[INFO] [stdout]   84:     0x562c6fe2fed6 - test::run_test::{{closure}}::h87d231c78fb59832
[INFO] [stdout]                                at /rustc/82e1608dfa6e0b5569232559e3d385fea5a93112/library/test/src/lib.rs:602:41
[INFO] [stdout]   85:     0x562c6fe2fed6 - std::sys_common::backtrace::__rust_begin_short_backtrace::he6df152596625789
[INFO] [stdout]                                at /rustc/82e1608dfa6e0b5569232559e3d385fea5a93112/library/std/src/sys_common/backtrace.rs:154:18
[INFO] [stdout]   86:     0x562c6fe34f87 - std::thread::Builder::spawn_unchecked_::{{closure}}::{{closure}}::ha94be15d1e0acf36
[INFO] [stdout]                                at /rustc/82e1608dfa6e0b5569232559e3d385fea5a93112/library/std/src/thread/mod.rs:529:17
[INFO] [stdout]   87:     0x562c6fe34f87 - <core::panic::unwind_safe::AssertUnwindSafe<F> as core::ops::function::FnOnce<()>>::call_once::h9dc6bd6372f16606
[INFO] [stdout]                                at /rustc/82e1608dfa6e0b5569232559e3d385fea5a93112/library/core/src/panic/unwind_safe.rs:272:9
[INFO] [stdout]   88:     0x562c6fe34f87 - std::panicking::try::do_call::h9057517f80303cd4
[INFO] [stdout]                                at /rustc/82e1608dfa6e0b5569232559e3d385fea5a93112/library/std/src/panicking.rs:552:40
[INFO] [stdout]   89:     0x562c6fe34f87 - std::panicking::try::he3a30b11ee45340c
[INFO] [stdout]                                at /rustc/82e1608dfa6e0b5569232559e3d385fea5a93112/library/std/src/panicking.rs:516:19
[INFO] [stdout]   90:     0x562c6fe34f87 - std::panic::catch_unwind::h410458cfd3528b8b
[INFO] [stdout]                                at /rustc/82e1608dfa6e0b5569232559e3d385fea5a93112/library/std/src/panic.rs:142:14
[INFO] [stdout]   91:     0x562c6fe34f87 - std::thread::Builder::spawn_unchecked_::{{closure}}::h72ac3bdb567b737b
[INFO] [stdout]                                at /rustc/82e1608dfa6e0b5569232559e3d385fea5a93112/library/std/src/thread/mod.rs:528:30
[INFO] [stdout]   92:     0x562c6fe34f87 - core::ops::function::FnOnce::call_once{{vtable.shim}}::h38f34da3654a8344
[INFO] [stdout]                                at /rustc/82e1608dfa6e0b5569232559e3d385fea5a93112/library/core/src/ops/function.rs:250:5
[INFO] [stdout]   93:     0x562c6ff1aec5 - <alloc::boxed::Box<F,A> as core::ops::function::FnOnce<Args>>::call_once::hc7eafaff61e32df9
[INFO] [stdout]                                at /rustc/82e1608dfa6e0b5569232559e3d385fea5a93112/library/alloc/src/boxed.rs:2007:9
[INFO] [stdout]   94:     0x562c6ff1aec5 - <alloc::boxed::Box<F,A> as core::ops::function::FnOnce<Args>>::call_once::h6ba4a5de48dd2304
[INFO] [stdout]                                at /rustc/82e1608dfa6e0b5569232559e3d385fea5a93112/library/alloc/src/boxed.rs:2007:9
[INFO] [stdout]   95:     0x562c6ff1aec5 - std::sys::unix::thread::Thread::new::thread_start::he469335aef763e45
[INFO] [stdout]                                at /rustc/82e1608dfa6e0b5569232559e3d385fea5a93112/library/std/src/sys/unix/thread.rs:108:17
[INFO] [stdout]   96:     0x7fc4441aaac3 - <unknown>
[INFO] [stdout]   97:     0x7fc44423bbf4 - __clone
[INFO] [stdout]   98:                0x0 - <unknown>
[INFO] [stdout] 
[INFO] [stdout] ---- tests::test_taskeen stdout ----
[INFO] [stdout] thread 'tests::test_taskeen' panicked at /opt/rustwide/cargo-home/registry/src/index.crates.io-6f17d22bba15001f/once_cell-1.19.0/src/lib.rs:1311:25:
[INFO] [stdout] Lazy instance has previously been poisoned
[INFO] [stdout] stack backtrace:
[INFO] [stdout]    0:     0x562c6ff142fc - std::backtrace_rs::backtrace::libunwind::trace::ha637c64ce894333a
[INFO] [stdout]                                at /rustc/82e1608dfa6e0b5569232559e3d385fea5a93112/library/std/src/../../backtrace/src/backtrace/libunwind.rs:104:5
[INFO] [stdout]    1:     0x562c6ff142fc - std::backtrace_rs::backtrace::trace_unsynchronized::h47f62dea28e0c88d
[INFO] [stdout]                                at /rustc/82e1608dfa6e0b5569232559e3d385fea5a93112/library/std/src/../../backtrace/src/backtrace/mod.rs:66:5
[INFO] [stdout]    2:     0x562c6ff142fc - std::sys_common::backtrace::_print_fmt::h9eef0abe20ede486
[INFO] [stdout]                                at /rustc/82e1608dfa6e0b5569232559e3d385fea5a93112/library/std/src/sys_common/backtrace.rs:67:5
[INFO] [stdout]    3:     0x562c6ff142fc - <std::sys_common::backtrace::_print::DisplayBacktrace as core::fmt::Display>::fmt::hed7f999df88cc644
[INFO] [stdout]                                at /rustc/82e1608dfa6e0b5569232559e3d385fea5a93112/library/std/src/sys_common/backtrace.rs:44:22
[INFO] [stdout]    4:     0x562c6ff3ef20 - core::fmt::rt::Argument::fmt::h1539a9308b8d058d
[INFO] [stdout]                                at /rustc/82e1608dfa6e0b5569232559e3d385fea5a93112/library/core/src/fmt/rt.rs:142:9
[INFO] [stdout]    5:     0x562c6ff3ef20 - core::fmt::write::h3a39390d8560d9c9
[INFO] [stdout]                                at /rustc/82e1608dfa6e0b5569232559e3d385fea5a93112/library/core/src/fmt/mod.rs:1120:17
[INFO] [stdout]    6:     0x562c6ff11a7f - std::io::Write::write_fmt::h040b369f3a0f9cbc
[INFO] [stdout]                                at /rustc/82e1608dfa6e0b5569232559e3d385fea5a93112/library/std/src/io/mod.rs:1762:15
[INFO] [stdout]    7:     0x562c6ff140e4 - std::sys_common::backtrace::_print::h894006fb5c6f3d45
[INFO] [stdout]                                at /rustc/82e1608dfa6e0b5569232559e3d385fea5a93112/library/std/src/sys_common/backtrace.rs:47:5
[INFO] [stdout]    8:     0x562c6ff140e4 - std::sys_common::backtrace::print::h23a2d212c6fff936
[INFO] [stdout]                                at /rustc/82e1608dfa6e0b5569232559e3d385fea5a93112/library/std/src/sys_common/backtrace.rs:34:9
[INFO] [stdout]    9:     0x562c6ff15da7 - std::panicking::default_hook::{{closure}}::h8a1d2ee00185001a
[INFO] [stdout]   10:     0x562c6ff15a93 - std::panicking::default_hook::h6038f2eba384e475
[INFO] [stdout]                                at /rustc/82e1608dfa6e0b5569232559e3d385fea5a93112/library/std/src/panicking.rs:289:9
[INFO] [stdout]   11:     0x562c6fe635a7 - <alloc::boxed::Box<F,A> as core::ops::function::Fn<Args>>::call::h0ad024c9bdc6d768
[INFO] [stdout]                                at /rustc/82e1608dfa6e0b5569232559e3d385fea5a93112/library/alloc/src/boxed.rs:2021:9
[INFO] [stdout]   12:     0x562c6fe635a7 - test::test_main::{{closure}}::h7500b54257359db6
[INFO] [stdout]                                at /rustc/82e1608dfa6e0b5569232559e3d385fea5a93112/library/test/src/lib.rs:138:21
[INFO] [stdout]   13:     0x562c6ff163b8 - <alloc::boxed::Box<F,A> as core::ops::function::Fn<Args>>::call::h1f8f335eaa9cfaee
[INFO] [stdout]                                at /rustc/82e1608dfa6e0b5569232559e3d385fea5a93112/library/alloc/src/boxed.rs:2021:9
[INFO] [stdout]   14:     0x562c6ff163b8 - std::panicking::rust_panic_with_hook::h2b5517d590cab22e
[INFO] [stdout]                                at /rustc/82e1608dfa6e0b5569232559e3d385fea5a93112/library/std/src/panicking.rs:783:13
[INFO] [stdout]   15:     0x562c6ff160d9 - std::panicking::begin_panic_handler::{{closure}}::h233112c06e0ef43e
[INFO] [stdout]                                at /rustc/82e1608dfa6e0b5569232559e3d385fea5a93112/library/std/src/panicking.rs:649:13
[INFO] [stdout]   16:     0x562c6ff147c6 - std::sys_common::backtrace::__rust_end_short_backtrace::h6e893f24d7ebbff8
[INFO] [stdout]                                at /rustc/82e1608dfa6e0b5569232559e3d385fea5a93112/library/std/src/sys_common/backtrace.rs:170:18
[INFO] [stdout]   17:     0x562c6ff15e72 - rust_begin_unwind
[INFO] [stdout]                                at /rustc/82e1608dfa6e0b5569232559e3d385fea5a93112/library/std/src/panicking.rs:645:5
[INFO] [stdout]   18:     0x562c6fdced55 - core::panicking::panic_fmt::hbf0e066aabfa482c
[INFO] [stdout]                                at /rustc/82e1608dfa6e0b5569232559e3d385fea5a93112/library/core/src/panicking.rs:72:14
[INFO] [stdout]   19:     0x562c6fdebe16 - once_cell::sync::Lazy<T,F>::force::{{closure}}::h57ce80fe793f7c85
[INFO] [stdout]                                at /opt/rustwide/cargo-home/registry/src/index.crates.io-6f17d22bba15001f/once_cell-1.19.0/src/lib.rs:1311:25
[INFO] [stdout]   20:     0x562c6fdec15e - once_cell::sync::OnceCell<T>::get_or_init::{{closure}}::h91563fa334973916
[INFO] [stdout]                                at /opt/rustwide/cargo-home/registry/src/index.crates.io-6f17d22bba15001f/once_cell-1.19.0/src/lib.rs:1120:57
[INFO] [stdout]   21:     0x562c6fe1d052 - once_cell::imp::OnceCell<T>::initialize::{{closure}}::h80143d9f8f4fd024
[INFO] [stdout]                                at /opt/rustwide/cargo-home/registry/src/index.crates.io-6f17d22bba15001f/once_cell-1.19.0/src/imp_std.rs:72:23
[INFO] [stdout]   22:     0x562c6feee096 - core::ops::function::impls::<impl core::ops::function::FnMut<A> for &mut F>::call_mut::h9bbcd26a69a74460
[INFO] [stdout]                                at /rustc/82e1608dfa6e0b5569232559e3d385fea5a93112/library/core/src/ops/function.rs:294:13
[INFO] [stdout]   23:     0x562c6feef9ad - once_cell::imp::initialize_or_wait::h4206586828d4adbe
[INFO] [stdout]                                at /opt/rustwide/cargo-home/registry/src/index.crates.io-6f17d22bba15001f/once_cell-1.19.0/src/imp_std.rs:196:20
[INFO] [stdout]   24:     0x562c6fe1cbf0 - once_cell::imp::OnceCell<T>::initialize::h72d2ea5a0b0c24b4
[INFO] [stdout]                                at /opt/rustwide/cargo-home/registry/src/index.crates.io-6f17d22bba15001f/once_cell-1.19.0/src/imp_std.rs:68:9
[INFO] [stdout]   25:     0x562c6fdec47d - once_cell::sync::OnceCell<T>::get_or_try_init::h4f87e27f3f29cde2
[INFO] [stdout]                                at /opt/rustwide/cargo-home/registry/src/index.crates.io-6f17d22bba15001f/once_cell-1.19.0/src/lib.rs:1161:13
[INFO] [stdout]   26:     0x562c6fdebfed - once_cell::sync::OnceCell<T>::get_or_init::hc19090ca13ee18b9
[INFO] [stdout]                                at /opt/rustwide/cargo-home/registry/src/index.crates.io-6f17d22bba15001f/once_cell-1.19.0/src/lib.rs:1120:19
[INFO] [stdout]   27:     0x562c6fdebbc8 - once_cell::sync::Lazy<T,F>::force::h9eab77477e543897
[INFO] [stdout]                                at /opt/rustwide/cargo-home/registry/src/index.crates.io-6f17d22bba15001f/once_cell-1.19.0/src/lib.rs:1309:13
[INFO] [stdout]   28:     0x562c6fdea61a - <once_cell::sync::Lazy<T,F> as core::ops::deref::Deref>::deref::h9bbe2f4a33c30933
[INFO] [stdout]                                at /opt/rustwide/cargo-home/registry/src/index.crates.io-6f17d22bba15001f/once_cell-1.19.0/src/lib.rs:1376:13
[INFO] [stdout]   29:     0x562c6fe098d9 - libtashkeel_base::tests::test_taskeen::hb2adf254d0face46
[INFO] [stdout]                                at /opt/rustwide/workdir/src/lib.rs:263:39
[INFO] [stdout]   30:     0x562c6fe0986c - libtashkeel_base::tests::test_taskeen::{{closure}}::h770d4f720c3f9f3c
[INFO] [stdout]                                at /opt/rustwide/workdir/src/lib.rs:254:26
[INFO] [stdout]   31:     0x562c6fdfca46 - core::ops::function::FnOnce::call_once::h47f798fb9ead4c89
[INFO] [stdout]                                at /rustc/82e1608dfa6e0b5569232559e3d385fea5a93112/library/core/src/ops/function.rs:250:5
[INFO] [stdout]   32:     0x562c6fe68bff - core::ops::function::FnOnce::call_once::h2b5d431d5046312d
[INFO] [stdout]                                at /rustc/82e1608dfa6e0b5569232559e3d385fea5a93112/library/core/src/ops/function.rs:250:5
[INFO] [stdout]   33:     0x562c6fe68bff - test::__rust_begin_short_backtrace::h7714669af176e207
[INFO] [stdout]                                at /rustc/82e1608dfa6e0b5569232559e3d385fea5a93112/library/test/src/lib.rs:628:18
[INFO] [stdout]   34:     0x562c6fe67c15 - test::run_test_in_process::{{closure}}::h85218797dcbcec12
[INFO] [stdout]                                at /rustc/82e1608dfa6e0b5569232559e3d385fea5a93112/library/test/src/lib.rs:651:60
[INFO] [stdout]   35:     0x562c6fe67c15 - <core::panic::unwind_safe::AssertUnwindSafe<F> as core::ops::function::FnOnce<()>>::call_once::h76c106ea31c14d7b
[INFO] [stdout]                                at /rustc/82e1608dfa6e0b5569232559e3d385fea5a93112/library/core/src/panic/unwind_safe.rs:272:9
[INFO] [stdout]   36:     0x562c6fe67c15 - std::panicking::try::do_call::h3bd5d0f6620ee946
[INFO] [stdout]                                at /rustc/82e1608dfa6e0b5569232559e3d385fea5a93112/library/std/src/panicking.rs:552:40
[INFO] [stdout]   37:     0x562c6fe67c15 - std::panicking::try::h232e535e4744fe31
[INFO] [stdout]                                at /rustc/82e1608dfa6e0b5569232559e3d385fea5a93112/library/std/src/panicking.rs:516:19
[INFO] [stdout]   38:     0x562c6fe67c15 - std::panic::catch_unwind::h3ce3bd6ca8dbac68
[INFO] [stdout]                                at /rustc/82e1608dfa6e0b5569232559e3d385fea5a93112/library/std/src/panic.rs:142:14
[INFO] [stdout]   39:     0x562c6fe67c15 - test::run_test_in_process::hc97b257c9621286a
[INFO] [stdout]                                at /rustc/82e1608dfa6e0b5569232559e3d385fea5a93112/library/test/src/lib.rs:651:27
[INFO] [stdout]   40:     0x562c6fe67c15 - test::run_test::{{closure}}::h2aa798823a438d38
[INFO] [stdout]                                at /rustc/82e1608dfa6e0b5569232559e3d385fea5a93112/library/test/src/lib.rs:574:43
[INFO] [stdout]   41:     0x562c6fe2fed6 - test::run_test::{{closure}}::h87d231c78fb59832
[INFO] [stdout]                                at /rustc/82e1608dfa6e0b5569232559e3d385fea5a93112/library/test/src/lib.rs:602:41
[INFO] [stdout]   42:     0x562c6fe2fed6 - std::sys_common::backtrace::__rust_begin_short_backtrace::he6df152596625789
[INFO] [stdout]                                at /rustc/82e1608dfa6e0b5569232559e3d385fea5a93112/library/std/src/sys_common/backtrace.rs:154:18
[INFO] [stdout]   43:     0x562c6fe34f87 - std::thread::Builder::spawn_unchecked_::{{closure}}::{{closure}}::ha94be15d1e0acf36
[INFO] [stdout]                                at /rustc/82e1608dfa6e0b5569232559e3d385fea5a93112/library/std/src/thread/mod.rs:529:17
[INFO] [stdout]   44:     0x562c6fe34f87 - <core::panic::unwind_safe::AssertUnwindSafe<F> as core::ops::function::FnOnce<()>>::call_once::h9dc6bd6372f16606
[INFO] [stdout]                                at /rustc/82e1608dfa6e0b5569232559e3d385fea5a93112/library/core/src/panic/unwind_safe.rs:272:9
[INFO] [stdout]   45:     0x562c6fe34f87 - std::panicking::try::do_call::h9057517f80303cd4
[INFO] [stdout]                                at /rustc/82e1608dfa6e0b5569232559e3d385fea5a93112/library/std/src/panicking.rs:552:40
[INFO] [stdout]   46:     0x562c6fe34f87 - std::panicking::try::he3a30b11ee45340c
[INFO] [stdout]                                at /rustc/82e1608dfa6e0b5569232559e3d385fea5a93112/library/std/src/panicking.rs:516:19
[INFO] [stdout]   47:     0x562c6fe34f87 - std::panic::catch_unwind::h410458cfd3528b8b
[INFO] [stdout]                                at /rustc/82e1608dfa6e0b5569232559e3d385fea5a93112/library/std/src/panic.rs:142:14
[INFO] [stdout]   48:     0x562c6fe34f87 - std::thread::Builder::spawn_unchecked_::{{closure}}::h72ac3bdb567b737b
[INFO] [stdout]                                at /rustc/82e1608dfa6e0b5569232559e3d385fea5a93112/library/std/src/thread/mod.rs:528:30
[INFO] [stdout]   49:     0x562c6fe34f87 - core::ops::function::FnOnce::call_once{{vtable.shim}}::h38f34da3654a8344
[INFO] [stdout]                                at /rustc/82e1608dfa6e0b5569232559e3d385fea5a93112/library/core/src/ops/function.rs:250:5
[INFO] [stdout]   50:     0x562c6ff1aec5 - <alloc::boxed::Box<F,A> as core::ops::function::FnOnce<Args>>::call_once::hc7eafaff61e32df9
[INFO] [stdout]                                at /rustc/82e1608dfa6e0b5569232559e3d385fea5a93112/library/alloc/src/boxed.rs:2007:9
[INFO] [stdout]   51:     0x562c6ff1aec5 - <alloc::boxed::Box<F,A> as core::ops::function::FnOnce<Args>>::call_once::h6ba4a5de48dd2304
[INFO] [stdout]                                at /rustc/82e1608dfa6e0b5569232559e3d385fea5a93112/library/alloc/src/boxed.rs:2007:9
[INFO] [stdout]   52:     0x562c6ff1aec5 - std::sys::unix::thread::Thread::new::thread_start::he469335aef763e45
[INFO] [stdout]                                at /rustc/82e1608dfa6e0b5569232559e3d385fea5a93112/library/std/src/sys/unix/thread.rs:108:17
[INFO] [stdout]   53:     0x7fc4441aaac3 - <unknown>
[INFO] [stdout]   54:     0x7fc44423bbf4 - __clone
[INFO] [stdout]   55:                0x0 - <unknown>
[INFO] [stdout] 
[INFO] [stdout] 
[INFO] [stdout] failures:
[INFO] [stdout]     tests::test_basic_tashkeel
[INFO] [stdout]     tests::test_taskeen
[INFO] [stdout] 
[INFO] [stdout] test result: FAILED. 2 passed; 2 failed; 0 ignored; 0 measured; 0 filtered out; finished in 0.02s
[INFO] [stdout] 
[INFO] [stderr] error: test failed, to rerun pass `--lib`
[INFO] running `Command { std: "docker" "inspect" "f40de87657f721965202b75fb50e14aa7e41264728625a6e1385f025d3c8ba8b", kill_on_drop: false }`
[INFO] running `Command { std: "docker" "rm" "-f" "f40de87657f721965202b75fb50e14aa7e41264728625a6e1385f025d3c8ba8b", kill_on_drop: false }`
[INFO] [stdout] f40de87657f721965202b75fb50e14aa7e41264728625a6e1385f025d3c8ba8b
