[INFO] fetching crate libreoffice-rs 0.3.3...
[INFO] testing libreoffice-rs-0.3.3 against 1.75.0 for beta-1.76-1
[INFO] extracting crate libreoffice-rs 0.3.3 into /workspace/builds/worker-2-tc1/source
[INFO] validating manifest of crates.io crate libreoffice-rs 0.3.3 on toolchain 1.75.0
[INFO] running `Command { std: CARGO_HOME="/workspace/cargo-home" RUSTUP_HOME="/workspace/rustup-home" "/workspace/cargo-home/bin/cargo" "+1.75.0" "metadata" "--manifest-path" "Cargo.toml" "--no-deps", kill_on_drop: false }`
[INFO] started tweaking crates.io crate libreoffice-rs 0.3.3
[INFO] finished tweaking crates.io crate libreoffice-rs 0.3.3
[INFO] tweaked toml for crates.io crate libreoffice-rs 0.3.3 written to /workspace/builds/worker-2-tc1/source/Cargo.toml
[INFO] running `Command { std: CARGO_HOME="/workspace/cargo-home" RUSTUP_HOME="/workspace/rustup-home" "/workspace/cargo-home/bin/cargo" "+1.75.0" "generate-lockfile" "--manifest-path" "Cargo.toml", kill_on_drop: false }`
[INFO] [stderr]     Updating crates.io index
[INFO] running `Command { std: CARGO_HOME="/workspace/cargo-home" RUSTUP_HOME="/workspace/rustup-home" "/workspace/cargo-home/bin/cargo" "+1.75.0" "fetch" "--manifest-path" "Cargo.toml", kill_on_drop: false }`
[INFO] running `Command { std: "docker" "create" "-v" "/var/lib/crater-agent-workspace/builds/worker-2-tc1/target:/opt/rustwide/target:rw,Z" "-v" "/var/lib/crater-agent-workspace/builds/worker-2-tc1/source:/opt/rustwide/workdir:ro,Z" "-v" "/var/lib/crater-agent-workspace/cargo-home:/opt/rustwide/cargo-home:ro,Z" "-v" "/var/lib/crater-agent-workspace/rustup-home:/opt/rustwide/rustup-home:ro,Z" "-e" "SOURCE_DIR=/opt/rustwide/workdir" "-e" "CARGO_TARGET_DIR=/opt/rustwide/target" "-e" "CARGO_HOME=/opt/rustwide/cargo-home" "-e" "RUSTUP_HOME=/opt/rustwide/rustup-home" "-w" "/opt/rustwide/workdir" "-m" "1610612736" "--user" "0:0" "--network" "none" "ghcr.io/rust-lang/crates-build-env/linux@sha256:2788e3201cd34a07e3172128adcd8b3090168a8e3bcc40d7c032b9dda1df7d1c" "/opt/rustwide/cargo-home/bin/cargo" "+1.75.0" "metadata" "--no-deps" "--format-version=1", kill_on_drop: false }`
[INFO] [stdout] 31c3bef8ea16ef5b5390083f4823099ab32bd47ac4b1351bb69105e60ed9d2a3
[INFO] running `Command { std: "docker" "start" "-a" "31c3bef8ea16ef5b5390083f4823099ab32bd47ac4b1351bb69105e60ed9d2a3", kill_on_drop: false }`
[INFO] running `Command { std: "docker" "inspect" "31c3bef8ea16ef5b5390083f4823099ab32bd47ac4b1351bb69105e60ed9d2a3", kill_on_drop: false }`
[INFO] running `Command { std: "docker" "rm" "-f" "31c3bef8ea16ef5b5390083f4823099ab32bd47ac4b1351bb69105e60ed9d2a3", kill_on_drop: false }`
[INFO] [stdout] 31c3bef8ea16ef5b5390083f4823099ab32bd47ac4b1351bb69105e60ed9d2a3
[INFO] running `Command { std: "docker" "create" "-v" "/var/lib/crater-agent-workspace/builds/worker-2-tc1/target:/opt/rustwide/target:rw,Z" "-v" "/var/lib/crater-agent-workspace/builds/worker-2-tc1/source:/opt/rustwide/workdir:ro,Z" "-v" "/var/lib/crater-agent-workspace/cargo-home:/opt/rustwide/cargo-home:ro,Z" "-v" "/var/lib/crater-agent-workspace/rustup-home:/opt/rustwide/rustup-home:ro,Z" "-e" "SOURCE_DIR=/opt/rustwide/workdir" "-e" "CARGO_TARGET_DIR=/opt/rustwide/target" "-e" "CARGO_INCREMENTAL=0" "-e" "RUST_BACKTRACE=full" "-e" "RUSTFLAGS=--cap-lints=warn" "-e" "RUSTDOCFLAGS=--cap-lints=warn" "-e" "CARGO_HOME=/opt/rustwide/cargo-home" "-e" "RUSTUP_HOME=/opt/rustwide/rustup-home" "-w" "/opt/rustwide/workdir" "-m" "1610612736" "--user" "0:0" "--network" "none" "ghcr.io/rust-lang/crates-build-env/linux@sha256:2788e3201cd34a07e3172128adcd8b3090168a8e3bcc40d7c032b9dda1df7d1c" "/opt/rustwide/cargo-home/bin/cargo" "+1.75.0" "build" "--frozen" "--message-format=json", kill_on_drop: false }`
[INFO] [stdout] f3bffdfaca3647a76feeac30b82d24b664453725b86a4a870e251f3bbc71095e
[INFO] running `Command { std: "docker" "start" "-a" "f3bffdfaca3647a76feeac30b82d24b664453725b86a4a870e251f3bbc71095e", kill_on_drop: false }`
[INFO] [stderr]    Compiling proc-macro2 v1.0.75
[INFO] [stderr]    Compiling glob v0.3.1
[INFO] [stderr]    Compiling rustix v0.38.28
[INFO] [stderr]    Compiling bitflags v2.4.1
[INFO] [stderr]    Compiling cfg-if v1.0.0
[INFO] [stderr]    Compiling minimal-lexical v0.2.1
[INFO] [stderr]    Compiling syn v1.0.109
[INFO] [stderr]    Compiling memchr v2.7.1
[INFO] [stderr]    Compiling linux-raw-sys v0.4.12
[INFO] [stderr]    Compiling regex-syntax v0.8.2
[INFO] [stderr]    Compiling bindgen v0.63.0
[INFO] [stderr]    Compiling home v0.5.9
[INFO] [stderr]    Compiling either v1.9.0
[INFO] [stderr]    Compiling rustc-hash v1.1.0
[INFO] [stderr]    Compiling shlex v1.2.0
[INFO] [stderr]    Compiling lazycell v1.3.0
[INFO] [stderr]    Compiling libloading v0.8.1
[INFO] [stderr]    Compiling log v0.4.20
[INFO] [stderr]    Compiling url v2.5.0
[INFO] [stderr]    Compiling clang-sys v1.7.0
[INFO] [stderr]    Compiling nom v7.1.3
[INFO] [stderr]    Compiling quote v1.0.35
[INFO] [stderr]    Compiling regex-automata v0.4.3
[INFO] [stderr]    Compiling which v4.4.2
[INFO] [stderr]    Compiling cexpr v0.6.0
[INFO] [stderr]    Compiling regex v1.10.2
[INFO] [stderr]    Compiling libreoffice-rs v0.3.3 (/opt/rustwide/workdir)
[INFO] [stdout] warning: `extern` block uses type `u128`, which is not FFI-safe
[INFO] [stdout]  --> /opt/rustwide/target/debug/build/libreoffice-rs-c7cc17d0284aa80c/out/bindings.rs:3:33017
[INFO] [stdout]   |
[INFO] [stdout] 3 | ... __endptr : * mut * mut :: std :: os :: raw :: c_char) -> u128 ; } extern "C" { pub fn strtol (__nptr : * const :: std :: os :: raw ::...
[INFO] [stdout]   |                                                              ^^^^ not FFI-safe
[INFO] [stdout]   |
[INFO] [stdout]   = note: 128-bit integers don't currently have a known stable ABI
[INFO] [stdout]   = note: `#[warn(improper_ctypes)]` on by default
[INFO] [stdout] 
[INFO] [stdout] 
[INFO] [stdout] warning: `extern` block uses type `u128`, which is not FFI-safe
[INFO] [stdout]  --> /opt/rustwide/target/debug/build/libreoffice-rs-c7cc17d0284aa80c/out/bindings.rs:3:50668
[INFO] [stdout]   |
[INFO] [stdout] 3 | ...:: raw :: c_char ; } extern "C" { pub fn qecvt (__value : u128 , __ndigit : :: std :: os :: raw :: c_int , __decpt : * mut :: std :: o...
[INFO] [stdout]   |                                                              ^^^^ not FFI-safe
[INFO] [stdout]   |
[INFO] [stdout]   = note: 128-bit integers don't currently have a known stable ABI
[INFO] [stdout] 
[INFO] [stdout] 
[INFO] [stdout] warning: `extern` block uses type `u128`, which is not FFI-safe
[INFO] [stdout]  --> /opt/rustwide/target/debug/build/libreoffice-rs-c7cc17d0284aa80c/out/bindings.rs:3:50889
[INFO] [stdout]   |
[INFO] [stdout] 3 | ...:: raw :: c_char ; } extern "C" { pub fn qfcvt (__value : u128 , __ndigit : :: std :: os :: raw :: c_int , __decpt : * mut :: std :: o...
[INFO] [stdout]   |                                                              ^^^^ not FFI-safe
[INFO] [stdout]   |
[INFO] [stdout]   = note: 128-bit integers don't currently have a known stable ABI
[INFO] [stdout] 
[INFO] [stdout] 
[INFO] [stdout] warning: `extern` block uses type `u128`, which is not FFI-safe
[INFO] [stdout]  --> /opt/rustwide/target/debug/build/libreoffice-rs-c7cc17d0284aa80c/out/bindings.rs:3:51110
[INFO] [stdout]   |
[INFO] [stdout] 3 | ...:: raw :: c_char ; } extern "C" { pub fn qgcvt (__value : u128 , __ndigit : :: std :: os :: raw :: c_int , __buf : * mut :: std :: os ...
[INFO] [stdout]   |                                                              ^^^^ not FFI-safe
[INFO] [stdout]   |
[INFO] [stdout]   = note: 128-bit integers don't currently have a known stable ABI
[INFO] [stdout] 
[INFO] [stdout] 
[INFO] [stdout] warning: `extern` block uses type `u128`, which is not FFI-safe
[INFO] [stdout]  --> /opt/rustwide/target/debug/build/libreoffice-rs-c7cc17d0284aa80c/out/bindings.rs:3:51838
[INFO] [stdout]   |
[INFO] [stdout] 3 | ...: raw :: c_int ; } extern "C" { pub fn qecvt_r (__value : u128 , __ndigit : :: std :: os :: raw :: c_int , __decpt : * mut :: std :: o...
[INFO] [stdout]   |                                                              ^^^^ not FFI-safe
[INFO] [stdout]   |
[INFO] [stdout]   = note: 128-bit integers don't currently have a known stable ABI
[INFO] [stdout] 
[INFO] [stdout] 
[INFO] [stdout] warning: `extern` block uses type `u128`, which is not FFI-safe
[INFO] [stdout]  --> /opt/rustwide/target/debug/build/libreoffice-rs-c7cc17d0284aa80c/out/bindings.rs:3:52116
[INFO] [stdout]   |
[INFO] [stdout] 3 | ...: raw :: c_int ; } extern "C" { pub fn qfcvt_r (__value : u128 , __ndigit : :: std :: os :: raw :: c_int , __decpt : * mut :: std :: o...
[INFO] [stdout]   |                                                              ^^^^ not FFI-safe
[INFO] [stdout]   |
[INFO] [stdout]   = note: 128-bit integers don't currently have a known stable ABI
[INFO] [stdout] 
[INFO] [stdout] 
[INFO] [stdout] warning: 6 warnings emitted
[INFO] [stdout] 
[INFO] [stdout] 
[INFO] [stderr]     Finished dev [unoptimized + debuginfo] target(s) in 8.58s
[INFO] running `Command { std: "docker" "inspect" "f3bffdfaca3647a76feeac30b82d24b664453725b86a4a870e251f3bbc71095e", kill_on_drop: false }`
[INFO] running `Command { std: "docker" "rm" "-f" "f3bffdfaca3647a76feeac30b82d24b664453725b86a4a870e251f3bbc71095e", kill_on_drop: false }`
[INFO] [stdout] f3bffdfaca3647a76feeac30b82d24b664453725b86a4a870e251f3bbc71095e
[INFO] running `Command { std: "docker" "create" "-v" "/var/lib/crater-agent-workspace/builds/worker-2-tc1/target:/opt/rustwide/target:rw,Z" "-v" "/var/lib/crater-agent-workspace/builds/worker-2-tc1/source:/opt/rustwide/workdir:ro,Z" "-v" "/var/lib/crater-agent-workspace/cargo-home:/opt/rustwide/cargo-home:ro,Z" "-v" "/var/lib/crater-agent-workspace/rustup-home:/opt/rustwide/rustup-home:ro,Z" "-e" "SOURCE_DIR=/opt/rustwide/workdir" "-e" "CARGO_TARGET_DIR=/opt/rustwide/target" "-e" "CARGO_INCREMENTAL=0" "-e" "RUST_BACKTRACE=full" "-e" "RUSTFLAGS=--cap-lints=warn" "-e" "RUSTDOCFLAGS=--cap-lints=warn" "-e" "CARGO_HOME=/opt/rustwide/cargo-home" "-e" "RUSTUP_HOME=/opt/rustwide/rustup-home" "-w" "/opt/rustwide/workdir" "-m" "1610612736" "--user" "0:0" "--network" "none" "ghcr.io/rust-lang/crates-build-env/linux@sha256:2788e3201cd34a07e3172128adcd8b3090168a8e3bcc40d7c032b9dda1df7d1c" "/opt/rustwide/cargo-home/bin/cargo" "+1.75.0" "test" "--frozen" "--no-run" "--message-format=json", kill_on_drop: false }`
[INFO] [stdout] af321b52505bee345e466b581fe0f493a563246bf4392e0022261d8cca8c2183
[INFO] running `Command { std: "docker" "start" "-a" "af321b52505bee345e466b581fe0f493a563246bf4392e0022261d8cca8c2183", kill_on_drop: false }`
[INFO] [stdout] warning: `extern` block uses type `u128`, which is not FFI-safe
[INFO] [stdout]  --> /opt/rustwide/target/debug/build/libreoffice-rs-c7cc17d0284aa80c/out/bindings.rs:3:33017
[INFO] [stdout]   |
[INFO] [stdout] 3 | ... __endptr : * mut * mut :: std :: os :: raw :: c_char) -> u128 ; } extern "C" { pub fn strtol (__nptr : * const :: std :: os :: raw ::...
[INFO] [stdout]   |                                                              ^^^^ not FFI-safe
[INFO] [stdout]   |
[INFO] [stdout]   = note: 128-bit integers don't currently have a known stable ABI
[INFO] [stdout]   = note: `#[warn(improper_ctypes)]` on by default
[INFO] [stdout] 
[INFO] [stdout] 
[INFO] [stdout] warning: `extern` block uses type `u128`, which is not FFI-safe
[INFO] [stdout]  --> /opt/rustwide/target/debug/build/libreoffice-rs-c7cc17d0284aa80c/out/bindings.rs:3:50668
[INFO] [stdout]   |
[INFO] [stdout] 3 | ...:: raw :: c_char ; } extern "C" { pub fn qecvt (__value : u128 , __ndigit : :: std :: os :: raw :: c_int , __decpt : * mut :: std :: o...
[INFO] [stdout]   |                                                              ^^^^ not FFI-safe
[INFO] [stdout]   |
[INFO] [stdout]   = note: 128-bit integers don't currently have a known stable ABI
[INFO] [stdout] 
[INFO] [stdout] 
[INFO] [stdout] warning: `extern` block uses type `u128`, which is not FFI-safe
[INFO] [stdout]  --> /opt/rustwide/target/debug/build/libreoffice-rs-c7cc17d0284aa80c/out/bindings.rs:3:50889
[INFO] [stdout]   |
[INFO] [stdout] 3 | ...:: raw :: c_char ; } extern "C" { pub fn qfcvt (__value : u128 , __ndigit : :: std :: os :: raw :: c_int , __decpt : * mut :: std :: o...
[INFO] [stdout]   |                                                              ^^^^ not FFI-safe
[INFO] [stdout]   |
[INFO] [stdout]   = note: 128-bit integers don't currently have a known stable ABI
[INFO] [stdout] 
[INFO] [stdout] 
[INFO] [stdout] warning: `extern` block uses type `u128`, which is not FFI-safe
[INFO] [stdout]  --> /opt/rustwide/target/debug/build/libreoffice-rs-c7cc17d0284aa80c/out/bindings.rs:3:51110
[INFO] [stdout]   |
[INFO] [stdout] 3 | ...:: raw :: c_char ; } extern "C" { pub fn qgcvt (__value : u128 , __ndigit : :: std :: os :: raw :: c_int , __buf : * mut :: std :: os ...
[INFO] [stdout]   |                                                              ^^^^ not FFI-safe
[INFO] [stdout]   |
[INFO] [stdout]   = note: 128-bit integers don't currently have a known stable ABI
[INFO] [stdout] 
[INFO] [stdout] 
[INFO] [stdout] warning: `extern` block uses type `u128`, which is not FFI-safe
[INFO] [stdout]  --> /opt/rustwide/target/debug/build/libreoffice-rs-c7cc17d0284aa80c/out/bindings.rs:3:51838
[INFO] [stdout]   |
[INFO] [stdout] 3 | ...: raw :: c_int ; } extern "C" { pub fn qecvt_r (__value : u128 , __ndigit : :: std :: os :: raw :: c_int , __decpt : * mut :: std :: o...
[INFO] [stdout]   |                                                              ^^^^ not FFI-safe
[INFO] [stdout]   |
[INFO] [stdout]   = note: 128-bit integers don't currently have a known stable ABI
[INFO] [stdout] 
[INFO] [stdout] 
[INFO] [stdout] warning: `extern` block uses type `u128`, which is not FFI-safe
[INFO] [stdout]  --> /opt/rustwide/target/debug/build/libreoffice-rs-c7cc17d0284aa80c/out/bindings.rs:3:52116
[INFO] [stdout]   |
[INFO] [stdout] 3 | ...: raw :: c_int ; } extern "C" { pub fn qfcvt_r (__value : u128 , __ndigit : :: std :: os :: raw :: c_int , __decpt : * mut :: std :: o...
[INFO] [stdout]   |                                                              ^^^^ not FFI-safe
[INFO] [stdout]   |
[INFO] [stdout]   = note: 128-bit integers don't currently have a known stable ABI
[INFO] [stdout] 
[INFO] [stdout] 
[INFO] [stdout] warning: 6 warnings emitted
[INFO] [stdout] 
[INFO] [stdout] 
[INFO] [stderr]    Compiling libreoffice-rs v0.3.3 (/opt/rustwide/workdir)
[INFO] [stdout] warning: `extern` block uses type `u128`, which is not FFI-safe
[INFO] [stdout]  --> /opt/rustwide/target/debug/build/libreoffice-rs-c7cc17d0284aa80c/out/bindings.rs:3:33017
[INFO] [stdout]   |
[INFO] [stdout] 3 | ... __endptr : * mut * mut :: std :: os :: raw :: c_char) -> u128 ; } extern "C" { pub fn strtol (__nptr : * const :: std :: os :: raw ::...
[INFO] [stdout]   |                                                              ^^^^ not FFI-safe
[INFO] [stdout]   |
[INFO] [stdout]   = note: 128-bit integers don't currently have a known stable ABI
[INFO] [stdout]   = note: `#[warn(improper_ctypes)]` on by default
[INFO] [stdout] 
[INFO] [stdout] 
[INFO] [stdout] warning: `extern` block uses type `u128`, which is not FFI-safe
[INFO] [stdout]  --> /opt/rustwide/target/debug/build/libreoffice-rs-c7cc17d0284aa80c/out/bindings.rs:3:50668
[INFO] [stdout]   |
[INFO] [stdout] 3 | ...:: raw :: c_char ; } extern "C" { pub fn qecvt (__value : u128 , __ndigit : :: std :: os :: raw :: c_int , __decpt : * mut :: std :: o...
[INFO] [stdout]   |                                                              ^^^^ not FFI-safe
[INFO] [stdout]   |
[INFO] [stdout]   = note: 128-bit integers don't currently have a known stable ABI
[INFO] [stdout] 
[INFO] [stdout] 
[INFO] [stdout] warning: `extern` block uses type `u128`, which is not FFI-safe
[INFO] [stdout]  --> /opt/rustwide/target/debug/build/libreoffice-rs-c7cc17d0284aa80c/out/bindings.rs:3:50889
[INFO] [stdout]   |
[INFO] [stdout] 3 | ...:: raw :: c_char ; } extern "C" { pub fn qfcvt (__value : u128 , __ndigit : :: std :: os :: raw :: c_int , __decpt : * mut :: std :: o...
[INFO] [stdout]   |                                                              ^^^^ not FFI-safe
[INFO] [stdout]   |
[INFO] [stdout]   = note: 128-bit integers don't currently have a known stable ABI
[INFO] [stdout] 
[INFO] [stdout] 
[INFO] [stdout] warning: `extern` block uses type `u128`, which is not FFI-safe
[INFO] [stdout]  --> /opt/rustwide/target/debug/build/libreoffice-rs-c7cc17d0284aa80c/out/bindings.rs:3:51110
[INFO] [stdout]   |
[INFO] [stdout] 3 | ...:: raw :: c_char ; } extern "C" { pub fn qgcvt (__value : u128 , __ndigit : :: std :: os :: raw :: c_int , __buf : * mut :: std :: os ...
[INFO] [stdout]   |                                                              ^^^^ not FFI-safe
[INFO] [stdout]   |
[INFO] [stdout]   = note: 128-bit integers don't currently have a known stable ABI
[INFO] [stdout] 
[INFO] [stdout] 
[INFO] [stdout] warning: `extern` block uses type `u128`, which is not FFI-safe
[INFO] [stdout]  --> /opt/rustwide/target/debug/build/libreoffice-rs-c7cc17d0284aa80c/out/bindings.rs:3:51838
[INFO] [stdout]   |
[INFO] [stdout] 3 | ...: raw :: c_int ; } extern "C" { pub fn qecvt_r (__value : u128 , __ndigit : :: std :: os :: raw :: c_int , __decpt : * mut :: std :: o...
[INFO] [stdout]   |                                                              ^^^^ not FFI-safe
[INFO] [stdout]   |
[INFO] [stdout]   = note: 128-bit integers don't currently have a known stable ABI
[INFO] [stdout] 
[INFO] [stdout] 
[INFO] [stdout] warning: `extern` block uses type `u128`, which is not FFI-safe
[INFO] [stdout]  --> /opt/rustwide/target/debug/build/libreoffice-rs-c7cc17d0284aa80c/out/bindings.rs:3:52116
[INFO] [stdout]   |
[INFO] [stdout] 3 | ...: raw :: c_int ; } extern "C" { pub fn qfcvt_r (__value : u128 , __ndigit : :: std :: os :: raw :: c_int , __decpt : * mut :: std :: o...
[INFO] [stdout]   |                                                              ^^^^ not FFI-safe
[INFO] [stdout]   |
[INFO] [stdout]   = note: 128-bit integers don't currently have a known stable ABI
[INFO] [stdout] 
[INFO] [stdout] 
[INFO] [stdout] warning: 6 warnings emitted
[INFO] [stdout] 
[INFO] [stdout] 
[INFO] [stderr]     Finished test [unoptimized + debuginfo] target(s) in 0.29s
[INFO] running `Command { std: "docker" "inspect" "af321b52505bee345e466b581fe0f493a563246bf4392e0022261d8cca8c2183", kill_on_drop: false }`
[INFO] running `Command { std: "docker" "rm" "-f" "af321b52505bee345e466b581fe0f493a563246bf4392e0022261d8cca8c2183", kill_on_drop: false }`
[INFO] [stdout] af321b52505bee345e466b581fe0f493a563246bf4392e0022261d8cca8c2183
[INFO] running `Command { std: "docker" "create" "-v" "/var/lib/crater-agent-workspace/builds/worker-2-tc1/target:/opt/rustwide/target:rw,Z" "-v" "/var/lib/crater-agent-workspace/builds/worker-2-tc1/source:/opt/rustwide/workdir:ro,Z" "-v" "/var/lib/crater-agent-workspace/cargo-home:/opt/rustwide/cargo-home:ro,Z" "-v" "/var/lib/crater-agent-workspace/rustup-home:/opt/rustwide/rustup-home:ro,Z" "-e" "SOURCE_DIR=/opt/rustwide/workdir" "-e" "CARGO_TARGET_DIR=/opt/rustwide/target" "-e" "CARGO_INCREMENTAL=0" "-e" "RUST_BACKTRACE=full" "-e" "RUSTFLAGS=--cap-lints=warn" "-e" "RUSTDOCFLAGS=--cap-lints=warn" "-e" "CARGO_HOME=/opt/rustwide/cargo-home" "-e" "RUSTUP_HOME=/opt/rustwide/rustup-home" "-w" "/opt/rustwide/workdir" "-m" "1610612736" "--user" "0:0" "--network" "none" "ghcr.io/rust-lang/crates-build-env/linux@sha256:2788e3201cd34a07e3172128adcd8b3090168a8e3bcc40d7c032b9dda1df7d1c" "/opt/rustwide/cargo-home/bin/cargo" "+1.75.0" "test" "--frozen", kill_on_drop: false }`
[INFO] [stdout] a3631a067365fabe411184c8fae6cf470e1ab9f83b98c7a203b485be53518dd2
[INFO] running `Command { std: "docker" "start" "-a" "a3631a067365fabe411184c8fae6cf470e1ab9f83b98c7a203b485be53518dd2", kill_on_drop: false }`
[INFO] [stderr] warning: `extern` block uses type `u128`, which is not FFI-safe
[INFO] [stderr]  --> /opt/rustwide/target/debug/build/libreoffice-rs-c7cc17d0284aa80c/out/bindings.rs:3:33017
[INFO] [stderr]   |
[INFO] [stderr] 3 | ... __endptr : * mut * mut :: std :: os :: raw :: c_char) -> u128 ; } extern "C" { pub fn strtol (__nptr : * const :: std :: os :: raw ::...
[INFO] [stderr]   |                                                              ^^^^ not FFI-safe
[INFO] [stderr]   |
[INFO] [stderr]   = note: 128-bit integers don't currently have a known stable ABI
[INFO] [stderr]   = note: `#[warn(improper_ctypes)]` on by default
[INFO] [stderr] 
[INFO] [stderr] warning: `extern` block uses type `u128`, which is not FFI-safe
[INFO] [stderr]  --> /opt/rustwide/target/debug/build/libreoffice-rs-c7cc17d0284aa80c/out/bindings.rs:3:50668
[INFO] [stderr]   |
[INFO] [stderr] 3 | ...:: raw :: c_char ; } extern "C" { pub fn qecvt (__value : u128 , __ndigit : :: std :: os :: raw :: c_int , __decpt : * mut :: std :: o...
[INFO] [stderr]   |                                                              ^^^^ not FFI-safe
[INFO] [stderr]   |
[INFO] [stderr]   = note: 128-bit integers don't currently have a known stable ABI
[INFO] [stderr] 
[INFO] [stderr] warning: `extern` block uses type `u128`, which is not FFI-safe
[INFO] [stderr]  --> /opt/rustwide/target/debug/build/libreoffice-rs-c7cc17d0284aa80c/out/bindings.rs:3:50889
[INFO] [stderr]   |
[INFO] [stderr] 3 | ...:: raw :: c_char ; } extern "C" { pub fn qfcvt (__value : u128 , __ndigit : :: std :: os :: raw :: c_int , __decpt : * mut :: std :: o...
[INFO] [stderr]   |                                                              ^^^^ not FFI-safe
[INFO] [stderr]   |
[INFO] [stderr]   = note: 128-bit integers don't currently have a known stable ABI
[INFO] [stderr] 
[INFO] [stderr] warning: `extern` block uses type `u128`, which is not FFI-safe
[INFO] [stderr]  --> /opt/rustwide/target/debug/build/libreoffice-rs-c7cc17d0284aa80c/out/bindings.rs:3:51110
[INFO] [stderr]   |
[INFO] [stderr] 3 | ...:: raw :: c_char ; } extern "C" { pub fn qgcvt (__value : u128 , __ndigit : :: std :: os :: raw :: c_int , __buf : * mut :: std :: os ...
[INFO] [stderr]   |                                                              ^^^^ not FFI-safe
[INFO] [stderr]   |
[INFO] [stderr]   = note: 128-bit integers don't currently have a known stable ABI
[INFO] [stderr] 
[INFO] [stderr] warning: `extern` block uses type `u128`, which is not FFI-safe
[INFO] [stderr]  --> /opt/rustwide/target/debug/build/libreoffice-rs-c7cc17d0284aa80c/out/bindings.rs:3:51838
[INFO] [stderr]   |
[INFO] [stderr] 3 | ...: raw :: c_int ; } extern "C" { pub fn qecvt_r (__value : u128 , __ndigit : :: std :: os :: raw :: c_int , __decpt : * mut :: std :: o...
[INFO] [stderr]   |                                                              ^^^^ not FFI-safe
[INFO] [stderr]   |
[INFO] [stderr]   = note: 128-bit integers don't currently have a known stable ABI
[INFO] [stderr] 
[INFO] [stderr] warning: `extern` block uses type `u128`, which is not FFI-safe
[INFO] [stderr]  --> /opt/rustwide/target/debug/build/libreoffice-rs-c7cc17d0284aa80c/out/bindings.rs:3:52116
[INFO] [stderr]   |
[INFO] [stderr] 3 | ...: raw :: c_int ; } extern "C" { pub fn qfcvt_r (__value : u128 , __ndigit : :: std :: os :: raw :: c_int , __decpt : * mut :: std :: o...
[INFO] [stderr]   |                                                              ^^^^ not FFI-safe
[INFO] [stderr]   |
[INFO] [stderr]   = note: 128-bit integers don't currently have a known stable ABI
[INFO] [stderr] 
[INFO] [stderr] warning: `libreoffice-rs` (lib) generated 6 warnings
[INFO] [stderr] warning: `libreoffice-rs` (lib test) generated 6 warnings (6 duplicates)
[INFO] [stderr]     Finished test [unoptimized + debuginfo] target(s) in 0.03s
[INFO] [stderr]      Running unittests src/lib.rs (/opt/rustwide/target/debug/deps/libreoffice_rs-1596f980f2589bb4)
[INFO] [stdout] 
[INFO] [stdout] running 0 tests
[INFO] [stdout] 
[INFO] [stdout] test result: ok. 0 passed; 0 failed; 0 ignored; 0 measured; 0 filtered out; finished in 0.00s
[INFO] [stdout] 
[INFO] [stderr]    Doc-tests libreoffice-rs
[INFO] [stdout] 
[INFO] [stdout] running 11 tests
[INFO] [stdout] test src/urls.rs - urls::local_as_abs (line 57) ... ok
[INFO] [stdout] test src/urls.rs - urls::local_into_abs (line 25) ... ok
[INFO] [stdout] test src/urls.rs - urls::remote (line 98) ... ok
[INFO] [stdout] test src/lib.rs - Office::set_document_password (line 277) ... FAILED
[INFO] [stdout] test src/lib.rs - Office::document_load_with (line 397) ... FAILED
[INFO] [stdout] test src/lib.rs - Office::document_load (line 172) ... FAILED
[INFO] [stdout] test src/lib.rs - Office::register_callback (line 118) ... FAILED
[INFO] [stdout] test src/lib.rs - Office::new (line 68) ... FAILED
[INFO] [stdout] test src/lib.rs - Office::unset_document_password (line 336) ... FAILED
[INFO] [stdout] test src/lib.rs - Office::set_optional_features (line 207) ... FAILED
[INFO] [stdout] test src/lib.rs - Document::save_as (line 449) ... FAILED
[INFO] [stdout] 
[INFO] [stdout] failures:
[INFO] [stdout] 
[INFO] [stdout] ---- src/lib.rs - Office::set_document_password (line 277) stdout ----
[INFO] [stdout] Test executable failed (exit status: 1).
[INFO] [stdout] 
[INFO] [stdout] stderr:
[INFO] [stdout] terminate called after throwing an instance of 'com::sun::star::lang::WrappedTargetRuntimeException'
[INFO] [stdout] Unspecified Application Error
[INFO] [stdout] 
[INFO] [stdout] 
[INFO] [stdout] ---- src/lib.rs - Office::document_load_with (line 397) stdout ----
[INFO] [stdout] Test executable failed (exit status: 1).
[INFO] [stdout] 
[INFO] [stdout] stderr:
[INFO] [stdout] terminate called after throwing an instance of 'com::sun::star::lang::WrappedTargetRuntimeException'
[INFO] [stdout] Unspecified Application Error
[INFO] [stdout] 
[INFO] [stdout] 
[INFO] [stdout] ---- src/lib.rs - Office::document_load (line 172) stdout ----
[INFO] [stdout] Test executable failed (exit status: 1).
[INFO] [stdout] 
[INFO] [stdout] stderr:
[INFO] [stdout] terminate called after throwing an instance of 'com::sun::star::lang::WrappedTargetRuntimeException'
[INFO] [stdout] Unspecified Application Error
[INFO] [stdout] 
[INFO] [stdout] 
[INFO] [stdout] ---- src/lib.rs - Office::register_callback (line 118) stdout ----
[INFO] [stdout] Test executable failed (exit status: 1).
[INFO] [stdout] 
[INFO] [stdout] stderr:
[INFO] [stdout] terminate called after throwing an instance of 'com::sun::star::lang::WrappedTargetRuntimeException'
[INFO] [stdout] Unspecified Application Error
[INFO] [stdout] 
[INFO] [stdout] 
[INFO] [stdout] ---- src/lib.rs - Office::new (line 68) stdout ----
[INFO] [stdout] Test executable failed (exit status: 1).
[INFO] [stdout] 
[INFO] [stdout] stderr:
[INFO] [stdout] terminate called after throwing an instance of 'com::sun::star::lang::WrappedTargetRuntimeException'
[INFO] [stdout] Unspecified Application Error
[INFO] [stdout] 
[INFO] [stdout] 
[INFO] [stdout] ---- src/lib.rs - Office::unset_document_password (line 336) stdout ----
[INFO] [stdout] Test executable failed (exit status: 1).
[INFO] [stdout] 
[INFO] [stdout] stderr:
[INFO] [stdout] terminate called after throwing an instance of 'com::sun::star::lang::WrappedTargetRuntimeException'
[INFO] [stdout] Unspecified Application Error
[INFO] [stdout] 
[INFO] [stdout] 
[INFO] [stdout] ---- src/lib.rs - Office::set_optional_features (line 207) stdout ----
[INFO] [stdout] Test executable failed (exit status: 1).
[INFO] [stdout] 
[INFO] [stdout] stderr:
[INFO] [stdout] terminate called after throwing an instance of 'com::sun::star::lang::WrappedTargetRuntimeException'
[INFO] [stdout] Unspecified Application Error
[INFO] [stdout] 
[INFO] [stdout] 
[INFO] [stdout] ---- src/lib.rs - Document::save_as (line 449) stdout ----
[INFO] [stdout] Test executable failed (exit status: 1).
[INFO] [stdout] 
[INFO] [stdout] stderr:
[INFO] [stdout] Error: Error { details: "Unsupported URL <file:///opt/rustwide/workdir/test_data/test.odt>: \"type detection failed\" ./framework/source/loadenv/loadenv.cxx:189" }
[INFO] [stdout] 
[INFO] [stdout] 
[INFO] [stdout] 
[INFO] [stdout] failures:
[INFO] [stdout]     src/lib.rs - Document::save_as (line 449)
[INFO] [stdout]     src/lib.rs - Office::document_load (line 172)
[INFO] [stdout]     src/lib.rs - Office::document_load_with (line 397)
[INFO] [stdout]     src/lib.rs - Office::new (line 68)
[INFO] [stdout]     src/lib.rs - Office::register_callback (line 118)
[INFO] [stdout]     src/lib.rs - Office::set_document_password (line 277)
[INFO] [stdout]     src/lib.rs - Office::set_optional_features (line 207)
[INFO] [stdout]     src/lib.rs - Office::unset_document_password (line 336)
[INFO] [stdout] 
[INFO] [stdout] test result: FAILED. 3 passed; 8 failed; 0 ignored; 0 measured; 0 filtered out; finished in 2.03s
[INFO] [stdout] 
[INFO] [stderr] error: doctest failed, to rerun pass `--doc`
[INFO] running `Command { std: "docker" "inspect" "a3631a067365fabe411184c8fae6cf470e1ab9f83b98c7a203b485be53518dd2", kill_on_drop: false }`
[INFO] running `Command { std: "docker" "rm" "-f" "a3631a067365fabe411184c8fae6cf470e1ab9f83b98c7a203b485be53518dd2", kill_on_drop: false }`
[INFO] [stdout] a3631a067365fabe411184c8fae6cf470e1ab9f83b98c7a203b485be53518dd2
